40.77.167.16 - - [25/Sep/2026:04:45:43 +0300] "GET /?sale/search/detail/?ITMCODE=r9o2l8l3e6d5u1p1p6r3e7nominal HTTP/1.1" 200 30233 "-" "Mozilla/5.0 AppleWebKit/537.36 (KHTML, like Gecko; compatible; bingbot/2.0; +http://www.bing.com/bingbot.htm) Chrome/116.0.1938.76 Safari/537.36"
52.167.144.216 - - [25/Sep/2026:04:45:43 +0300] "GET /?sale/search/detail/?ITMCODE=p8e1n6e3t1r5a4n4c7e3 HTTP/1.1" 200 30227 "-" "Mozilla/5.0 AppleWebKit/537.36 (KHTML, like Gecko; compatible; bingbot/2.0; +http://www.bing.com/bingbot.htm) Chrome/116.0.1938.76 Safari/537.36"
52.167.144.216 - - [25/Sep/2026:04:45:45 +0300] "GET /?sale/search/detail/?ITMCODE=b5e2g7g9e3s6t3e3r9e36 HTTP/1.1" 200 30227 "-" "Mozilla/5.0 AppleWebKit/537.36 (KHTML, like Gecko; compatible; bingbot/2.0; +http://www.bing.com/bingbot.htm) Chrome/116.0.1938.76 Safari/537.36"
66.249.66.34 - - [25/Sep/2026:04:45:46 +0300] "GET /?sale/search/detail/?ITMCODE=l7u2n8u1l2a5r90354 HTTP/1.1" 301 9094 "-" "Mozilla/5.0 (Linux; Android 6.0.1; Nexus 5X Build/MMB29P) AppleWebKit/537.36 (KHTML, like Gecko) Chrome/153.0.8010.52 Mobile Safari/537.36 (compatible; Googlebot/2.1; +http://www.google.com/bot.html)"
52.167.144.216 - - [25/Sep/2026:04:45:46 +0300] "GET /?sale/search/detail/?ITMCODE=i8n3c0e2n7t4i1v9e95 HTTP/1.1" 200 30226 "-" "Mozilla/5.0 AppleWebKit/537.36 (KHTML, like Gecko; compatible; bingbot/2.0; +http://www.bing.com/bingbot.htm) Chrome/116.0.1938.76 Safari/537.36"
40.77.167.16 - - [25/Sep/2026:04:45:47 +0300] "GET /?sale/search/detail/?ITMCODE=d5i2s1p9l4a1c9e925 HTTP/1.1" 200 30225 "-" "Mozilla/5.0 AppleWebKit/537.36 (KHTML, like Gecko; compatible; bingbot/2.0; +http://www.bing.com/bingbot.htm) Chrome/116.0.1938.76 Safari/537.36"
66.249.66.34 - - [25/Sep/2026:04:45:47 +0300] "GET /?sale/search/detail/?ITMCODE=c1e4n5t8e7n2a8r1i7e7s HTTP/1.1" 301 9097 "-" "Mozilla/5.0 (Linux; Android 6.0.1; Nexus 5X Build/MMB29P) AppleWebKit/537.36 (KHTML, like Gecko) Chrome/153.0.8010.52 Mobile Safari/537.36 (compatible; Googlebot/2.1; +http://www.google.com/bot.html)"
66.249.66.39 - - [25/Sep/2026:04:45:48 +0300] "GET /wp-content/themes/dt-the7-child/style.css?ver=9.14.1 HTTP/1.1" 200 5147 "https://princessmare.com.gr/?sale/search/detail/?ITMCODE=s4t4o2n0e9c7h2a3t9t9e8r" "Mozilla/5.0 (Linux; Android 6.0.1; Nexus 5X Build/MMB29P) AppleWebKit/537.36 (KHTML, like Gecko) Chrome/153.0.8010.52 Mobile Safari/537.36 (compatible; Googlebot/2.1; +http://www.google.com/bot.html)"
52.167.144.196 - - [25/Sep/2026:04:45:48 +0300] "GET /?sale/search/detail/?ITMCODE=b8i5o5g6e3o1g7r5a0p3hy HTTP/1.1" 200 30229 "-" "Mozilla/5.0 AppleWebKit/537.36 (KHTML, like Gecko; compatible; bingbot/2.0; +http://www.bing.com/bingbot.htm) Chrome/116.0.1938.76 Safari/537.36"
66.249.66.39 - - [25/Sep/2026:04:45:48 +0300] "GET /wp-content/themes/dt-the7-child/style.css?ver=9.14.1 HTTP/1.1" 200 3752 "https://princessmare.com.gr/?sale/search/detail/?ITMCODE=s4t4o2n0e9c7h2a3t9t9e8r" "Mozilla/5.0 (Linux; Android 6.0.1; Nexus 5X Build/MMB29P) AppleWebKit/537.36 (KHTML, like Gecko) Chrome/153.0.8010.52 Mobile Safari/537.36 (compatible; Googlebot/2.1; +http://www.google.com/bot.html)"
52.167.144.196 - - [25/Sep/2026:04:45:49 +0300] "GET /?sale/search/detail/?ITMCODE=m5i2s0t7r4a4n3s7p8o9r5t HTTP/1.1" 200 30229 "-" "Mozilla/5.0 AppleWebKit/537.36 (KHTML, like Gecko; compatible; bingbot/2.0; +http://www.bing.com/bingbot.htm) Chrome/116.0.1938.76 Safari/537.36"
52.167.144.196 - - [25/Sep/2026:04:45:50 +0300] "GET /?sale/search/detail/?ITMCODE=u5n2d4e3r7f9o7n0g201 HTTP/1.1" 200 30227 "-" "Mozilla/5.0 AppleWebKit/537.36 (KHTML, like Gecko; compatible; bingbot/2.0; +http://www.bing.com/bingbot.htm) Chrome/116.0.1938.76 Safari/537.36"
66.249.66.37 - - [25/Sep/2026:04:45:51 +0300] "GET /?sale/search/detail/?ITMCODE=c1r2o6q3u9a7n9t1e151 HTTP/1.1" 200 30227 "-" "Mozilla/5.0 (Linux; Android 6.0.1; Nexus 5X Build/MMB29P) AppleWebKit/537.36 (KHTML, like Gecko) Chrome/153.0.8010.52 Mobile Safari/537.36 (compatible; Googlebot/2.1; +http://www.google.com/bot.html)"
66.249.66.75 - - [25/Sep/2026:04:45:53 +0300] "GET /?sale/search/detail/?ITMCODE=l6e5d8e1n019064 HTTP/1.1" 301 9091 "-" "Mozilla/5.0 (Linux; Android 6.0.1; Nexus 5X Build/MMB29P) AppleWebKit/537.36 (KHTML, like Gecko) Chrome/153.0.8010.52 Mobile Safari/537.36 (compatible; Googlebot/2.1; +http://www.google.com/bot.html)"
66.249.66.75 - - [25/Sep/2026:04:45:53 +0300] "GET /?sale/search/detail/?ITMCODE=g1r9a2a7f4i4a9n614 HTTP/1.1" 301 9094 "-" "Mozilla/5.0 (Linux; Android 6.0.1; Nexus 5X Build/MMB29P) AppleWebKit/537.36 (KHTML, like Gecko) Chrome/153.0.8010.52 Mobile Safari/537.36 (compatible; Googlebot/2.1; +http://www.google.com/bot.html)"
52.167.144.216 - - [25/Sep/2026:04:45:54 +0300] "GET /?sale/search/detail/?ITMCODE=h6e1m9i1l9e7p1i5d0o8t6us HTTP/1.1" 200 30230 "-" "Mozilla/5.0 AppleWebKit/537.36 (KHTML, like Gecko; compatible; bingbot/2.0; +http://www.bing.com/bingbot.htm) Chrome/116.0.1938.76 Safari/537.36"
66.249.66.75 - - [25/Sep/2026:04:45:55 +0300] "GET /?sale/search/detail/?ITMCODE=a0s3t5u6c1i0o2u9s340 HTTP/1.1" 301 9096 "-" "Mozilla/5.0 (Linux; Android 6.0.1; Nexus 5X Build/MMB29P) AppleWebKit/537.36 (KHTML, like Gecko) Chrome/153.0.8010.52 Mobile Safari/537.36 (compatible; Googlebot/2.1; +http://www.google.com/bot.html)"
52.167.144.196 - - [25/Sep/2026:04:45:56 +0300] "GET /?sale/search/detail/?ITMCODE=s4u2p7e7r8v1e5n7e5d2 HTTP/1.1" 200 30227 "-" "Mozilla/5.0 AppleWebKit/537.36 (KHTML, like Gecko; compatible; bingbot/2.0; +http://www.bing.com/bingbot.htm) Chrome/116.0.1938.76 Safari/537.36"
57.141.20.16 - - [25/Sep/2026:04:45:58 +0300] "GET /?sale/search/detail/?ITMCODE=c1o3s3u3r9e5t8i0e7s75 HTTP/1.1" 200 30228 "-" "Mozilla/5.0 (Windows NT 10.0; Win64; x64) AppleWebKit/537.36 (KHTML, like Gecko) Chrome/145.0.0.0 Safari/537.36 (compatible; meta-externalagent/1.1 (+https://developers.facebook.com/docs/sharing/webmasters/crawler))"
66.249.66.75 - - [25/Sep/2026:04:45:58 +0300] "GET /?sale/search/detail/?ITMCODE=l2e4a0t3h4e9r30601 HTTP/1.1" 301 9094 "-" "Mozilla/5.0 (Linux; Android 6.0.1; Nexus 5X Build/MMB29P) AppleWebKit/537.36 (KHTML, like Gecko) Chrome/153.0.8010.52 Mobile Safari/537.36 (compatible; Googlebot/2.1; +http://www.google.com/bot.html)"
66.249.66.196 - - [25/Sep/2026:04:45:58 +0300] "GET /?sale/search/detail/?ITMCODE=l1e3t1c8h7y760890 HTTP/1.1" 200 30225 "-" "Mozilla/5.0 (Linux; Android 6.0.1; Nexus 5X Build/MMB29P) AppleWebKit/537.36 (KHTML, like Gecko) Chrome/153.0.8010.52 Mobile Safari/537.36 (compatible; Googlebot/2.1; +http://www.google.com/bot.html)"
40.77.167.16 - - [25/Sep/2026:04:45:59 +0300] "GET /?sale/search/detail/?ITMCODE=a7s3c4o9m6y1c1e8t5e1s0 HTTP/1.1" 200 30228 "-" "Mozilla/5.0 AppleWebKit/537.36 (KHTML, like Gecko; compatible; bingbot/2.0; +http://www.bing.com/bingbot.htm) Chrome/116.0.1938.76 Safari/537.36"
40.77.167.16 - - [25/Sep/2026:04:46:00 +0300] "GET /?sale/search/detail/?ITMCODE=p6e2s2t9a2l3o3z9z8i4a0nism HTTP/1.1" 200 30233 "-" "Mozilla/5.0 AppleWebKit/537.36 (KHTML, like Gecko; compatible; bingbot/2.0; +http://www.bing.com/bingbot.htm) Chrome/116.0.1938.76 Safari/537.36"
66.249.66.75 - - [25/Sep/2026:04:46:01 +0300] "GET /?sale/search/detail/?ITMCODE=b9a1c1h9e3l4o3r5a1t6a6rms HTTP/1.1" 301 9101 "-" "Mozilla/5.0 (Linux; Android 6.0.1; Nexus 5X Build/MMB29P) AppleWebKit/537.36 (KHTML, like Gecko) Chrome/153.0.8010.52 Mobile Safari/537.36 (compatible; Googlebot/2.1; +http://www.google.com/bot.html)"
40.77.167.16 - - [25/Sep/2026:04:46:01 +0300] "GET /?sale/search/detail/?ITMCODE=a4u3t5o5s4u6g1g5e3s6t8ion HTTP/1.1" 200 30230 "-" "Mozilla/5.0 AppleWebKit/537.36 (KHTML, like Gecko; compatible; bingbot/2.0; +http://www.bing.com/bingbot.htm) Chrome/116.0.1938.76 Safari/537.36"
57.141.20.52 - - [25/Sep/2026:04:46:02 +0300] "GET /?sale/search/detail/?ITMCODE=e1n1t1e1r7p4a4r6l6a9n9ce HTTP/1.1" 200 30230 "-" "Mozilla/5.0 (Windows NT 10.0; Win64; x64) AppleWebKit/537.36 (KHTML, like Gecko) Chrome/145.0.0.0 Safari/537.36 Edg/145.0.0.0 (compatible; meta-externalagent/1.1 (+https://developers.facebook.com/docs/sharing/webmasters/crawler))"
40.77.167.16 - - [25/Sep/2026:04:46:02 +0300] "GET /?sale/search/detail/?ITMCODE=i0n2a8r3t6i2f2i8c5i2a8lness HTTP/1.1" 200 30231 "-" "Mozilla/5.0 AppleWebKit/537.36 (KHTML, like Gecko; compatible; bingbot/2.0; +http://www.bing.com/bingbot.htm) Chrome/116.0.1938.76 Safari/537.36"
40.77.167.16 - - [25/Sep/2026:04:46:03 +0300] "GET /?sale/search/detail/?ITMCODE=l6i3n4e1a9t1u8r5e106 HTTP/1.1" 200 30226 "-" "Mozilla/5.0 AppleWebKit/537.36 (KHTML, like Gecko; compatible; bingbot/2.0; +http://www.bing.com/bingbot.htm) Chrome/116.0.1938.76 Safari/537.36"
66.249.66.75 - - [25/Sep/2026:04:46:03 +0300] "GET /?sale/search/detail/?ITMCODE=l7i2m8a6c0o9d0e8s43 HTTP/1.1" 301 9095 "-" "Mozilla/5.0 (Linux; Android 6.0.1; Nexus 5X Build/MMB29P) AppleWebKit/537.36 (KHTML, like Gecko) Chrome/153.0.8010.52 Mobile Safari/537.36 (compatible; Googlebot/2.1; +http://www.google.com/bot.html)"
52.167.144.216 - - [25/Sep/2026:04:46:04 +0300] "GET /?sale/search/detail/?ITMCODE=a5s9t5r5o0l5a1t0r3y HTTP/1.1" 200 30226 "-" "Mozilla/5.0 AppleWebKit/537.36 (KHTML, like Gecko; compatible; bingbot/2.0; +http://www.bing.com/bingbot.htm) Chrome/116.0.1938.76 Safari/537.36"
95.108.213.102 - - [25/Sep/2026:04:46:04 +0300] "GET /robots.txt HTTP/1.1" 301 9094 "-" "Mozilla/5.0 (compatible; YandexBot/3.0; +http://yandex.com/bots)"
95.108.213.102 - - [25/Sep/2026:04:46:05 +0300] "GET / HTTP/1.1" 200 145590 "-" "Mozilla/5.0 (compatible; YandexBot/3.0; +http://yandex.com/bots)"
52.167.144.216 - - [25/Sep/2026:04:46:04 +0300] "GET /?sale/search/detail/?ITMCODE=e1q9u2i1f9o1r6m4i4t0y HTTP/1.1" 200 30228 "-" "Mozilla/5.0 AppleWebKit/537.36 (KHTML, like Gecko; compatible; bingbot/2.0; +http://www.bing.com/bingbot.htm) Chrome/116.0.1938.76 Safari/537.36"
213.180.203.7 - - [25/Sep/2026:04:46:05 +0300] "GET /en/ HTTP/1.1" 200 28033 "-" "Mozilla/5.0 (compatible; YandexBot/3.0; +http://yandex.com/bots) AppleWebKit/537.36 (KHTML, like Gecko) Chrome/108.0.0.0"
87.250.224.5 - - [25/Sep/2026:04:46:06 +0300] "GET /wp-content/plugins/dt-the7-core/assets/js/post-type.min.js?ver=2.5.7.1 HTTP/1.1" 200 5178 "https://princessmare.com.gr/en/" "Mozilla/5.0 (compatible; YandexRenderResourcesBot/1.0; +http://yandex.com/bots) AppleWebKit/537.36 (KHTML, like Gecko) Chrome/108.0.0.0"
52.167.144.216 - - [25/Sep/2026:04:46:06 +0300] "GET /?sale/search/detail/?ITMCODE=p2i8l2o3t3i4s7m805 HTTP/1.1" 200 30225 "-" "Mozilla/5.0 AppleWebKit/537.36 (KHTML, like Gecko; compatible; bingbot/2.0; +http://www.bing.com/bingbot.htm) Chrome/116.0.1938.76 Safari/537.36"
66.249.66.203 - - [25/Sep/2026:04:46:06 +0300] "GET /?sale/search/detail/?ITMCODE=e6p2u3l7o5t3i1c3174 HTTP/1.1" 301 9095 "-" "Mozilla/5.0 (Linux; Android 6.0.1; Nexus 5X Build/MMB29P) AppleWebKit/537.36 (KHTML, like Gecko) Chrome/153.0.8010.52 Mobile Safari/537.36 (compatible; Googlebot/2.1; +http://www.google.com/bot.html)"
87.250.224.5 - - [25/Sep/2026:04:46:06 +0300] "GET /wp-content/plugins/dt-the7-core/assets/js/post-type.min.js?ver=2.5.7.1 HTTP/1.1" 200 5134 "https://princessmare.com.gr/en/" "Mozilla/5.0 (compatible; YandexRenderResourcesBot/1.0; +http://yandex.com/bots) AppleWebKit/537.36 (KHTML, like Gecko) Chrome/108.0.0.0"
66.249.66.203 - - [25/Sep/2026:04:46:09 +0300] "GET /?sale/search/detail/?ITMCODE=t3o2d7d2l8e9r19595 HTTP/1.1" 301 9094 "-" "Mozilla/5.0 (Linux; Android 6.0.1; Nexus 5X Build/MMB29P) AppleWebKit/537.36 (KHTML, like Gecko) Chrome/153.0.8010.52 Mobile Safari/537.36 (compatible; Googlebot/2.1; +http://www.google.com/bot.html)"
40.77.167.16 - - [25/Sep/2026:04:46:09 +0300] "GET /?sale/search/detail/?ITMCODE=s7p8a2t1h2a4c4e2o6u6s HTTP/1.1" 200 30227 "-" "Mozilla/5.0 AppleWebKit/537.36 (KHTML, like Gecko; compatible; bingbot/2.0; +http://www.bing.com/bingbot.htm) Chrome/116.0.1938.76 Safari/537.36"
40.77.167.16 - - [25/Sep/2026:04:46:10 +0300] "GET /?sale/search/detail/?ITMCODE=r9e7c2o2n8f6o9r5t43 HTTP/1.1" 200 30226 "-" "Mozilla/5.0 AppleWebKit/537.36 (KHTML, like Gecko; compatible; bingbot/2.0; +http://www.bing.com/bingbot.htm) Chrome/116.0.1938.76 Safari/537.36"
40.77.167.16 - - [25/Sep/2026:04:46:11 +0300] "GET /?sale/search/detail/?ITMCODE=r7e4m0o3v5a0b4i8l5i2t9y HTTP/1.1" 200 30230 "-" "Mozilla/5.0 AppleWebKit/537.36 (KHTML, like Gecko; compatible; bingbot/2.0; +http://www.bing.com/bingbot.htm) Chrome/116.0.1938.76 Safari/537.36"
40.77.167.16 - - [25/Sep/2026:04:46:12 +0300] "GET /?sale/search/detail/?ITMCODE=r4h2a1p4h2i8d6i4a592 HTTP/1.1" 200 30226 "-" "Mozilla/5.0 AppleWebKit/537.36 (KHTML, like Gecko; compatible; bingbot/2.0; +http://www.bing.com/bingbot.htm) Chrome/116.0.1938.76 Safari/537.36"
66.249.66.75 - - [25/Sep/2026:04:46:12 +0300] "GET /?sale/search/detail/?ITMCODE=f9o1r3c2e5f0u0l9985 HTTP/1.1" 301 9095 "-" "Mozilla/5.0 (Linux; Android 6.0.1; Nexus 5X Build/MMB29P) AppleWebKit/537.36 (KHTML, like Gecko) Chrome/153.0.8010.52 Mobile Safari/537.36 (compatible; Googlebot/2.1; +http://www.google.com/bot.html)"
40.77.167.16 - - [25/Sep/2026:04:46:12 +0300] "GET /?sale/search/detail/?ITMCODE=i2n4f1r4a5c5t36293 HTTP/1.1" 200 30225 "-" "Mozilla/5.0 AppleWebKit/537.36 (KHTML, like Gecko; compatible; bingbot/2.0; +http://www.bing.com/bingbot.htm) Chrome/116.0.1938.76 Safari/537.36"
66.249.66.75 - - [25/Sep/2026:04:46:14 +0300] "GET /?sale/search/detail/?ITMCODE=s2e4p1t7e4n5t0r3i3o1n9alis HTTP/1.1" 301 9102 "-" "Mozilla/5.0 (Linux; Android 6.0.1; Nexus 5X Build/MMB29P) AppleWebKit/537.36 (KHTML, like Gecko) Chrome/153.0.8010.52 Mobile Safari/537.36 (compatible; Googlebot/2.1; +http://www.google.com/bot.html)"
66.249.66.75 - - [25/Sep/2026:04:46:15 +0300] "GET /?sale/search/detail/?ITMCODE=p6r3o1a3t8l7a8s0532 HTTP/1.1" 301 9095 "-" "Mozilla/5.0 (Linux; Android 6.0.1; Nexus 5X Build/MMB29P) AppleWebKit/537.36 (KHTML, like Gecko) Chrome/153.0.8010.52 Mobile Safari/537.36 (compatible; Googlebot/2.1; +http://www.google.com/bot.html)"
52.167.144.196 - - [25/Sep/2026:04:46:15 +0300] "GET /?sale/search/detail/?ITMCODE=o9l3d1e2n8l4a7n7d9i7a7 HTTP/1.1" 200 30228 "-" "Mozilla/5.0 AppleWebKit/537.36 (KHTML, like Gecko; compatible; bingbot/2.0; +http://www.bing.com/bingbot.htm) Chrome/116.0.1938.76 Safari/537.36"
172.98.32.21 - - [25/Sep/2026:04:46:16 +0300] "POST /wp-login.php HTTP/1.1" 200 9423 "-" "Mozilla/5.0 (Windows NT 10.0; Win64; x64) AppleWebKit/537.36 Chrome/129.0.0.0 Safari/537.36"
52.167.144.196 - - [25/Sep/2026:04:46:16 +0300] "GET /?sale/search/detail/?ITMCODE=c9h1e2v7a6u4x6d0e3f9r9ise HTTP/1.1" 200 30231 "-" "Mozilla/5.0 AppleWebKit/537.36 (KHTML, like Gecko; compatible; bingbot/2.0; +http://www.bing.com/bingbot.htm) Chrome/116.0.1938.76 Safari/537.36"
66.249.66.196 - - [25/Sep/2026:04:46:17 +0300] "GET /?sale/search/detail/?ITMCODE=h3o3s7a6n8n6a5s4991 HTTP/1.1" 200 30226 "-" "Mozilla/5.0 (Linux; Android 6.0.1; Nexus 5X Build/MMB29P) AppleWebKit/537.36 (KHTML, like Gecko) Chrome/153.0.8010.52 Mobile Safari/537.36 (compatible; Googlebot/2.1; +http://www.google.com/bot.html)"
52.167.144.196 - - [25/Sep/2026:04:46:17 +0300] "GET /?sale/search/detail/?ITMCODE=f2i1r5e2c7r3e8s4t9e6d1 HTTP/1.1" 200 30228 "-" "Mozilla/5.0 AppleWebKit/537.36 (KHTML, like Gecko; compatible; bingbot/2.0; +http://www.bing.com/bingbot.htm) Chrome/116.0.1938.76 Safari/537.36"
52.167.144.196 - - [25/Sep/2026:04:46:18 +0300] "GET /?sale/search/detail/?ITMCODE=a8n1g4l0e3m4e7t7e3r84 HTTP/1.1" 200 30228 "-" "Mozilla/5.0 AppleWebKit/537.36 (KHTML, like Gecko; compatible; bingbot/2.0; +http://www.bing.com/bingbot.htm) Chrome/116.0.1938.76 Safari/537.36"
66.249.66.75 - - [25/Sep/2026:04:46:19 +0300] "GET /?sale/search/detail/?ITMCODE=o6s3t3e2o8l1i3t6e153 HTTP/1.1" 301 9096 "-" "Mozilla/5.0 (Linux; Android 6.0.1; Nexus 5X Build/MMB29P) AppleWebKit/537.36 (KHTML, like Gecko) Chrome/153.0.8010.52 Mobile Safari/537.36 (compatible; Googlebot/2.1; +http://www.google.com/bot.html)"
52.167.144.196 - - [25/Sep/2026:04:46:19 +0300] "GET /?sale/search/detail/?ITMCODE=a7n2d5a6r9a6c64984 HTTP/1.1" 200 30225 "-" "Mozilla/5.0 AppleWebKit/537.36 (KHTML, like Gecko; compatible; bingbot/2.0; +http://www.bing.com/bingbot.htm) Chrome/116.0.1938.76 Safari/537.36"
52.167.144.196 - - [25/Sep/2026:04:46:20 +0300] "GET /?sale/search/detail/?ITMCODE=d6i4s0q6u5i5e6t9o3u4s5 HTTP/1.1" 200 30229 "-" "Mozilla/5.0 AppleWebKit/537.36 (KHTML, like Gecko; compatible; bingbot/2.0; +http://www.bing.com/bingbot.htm) Chrome/116.0.1938.76 Safari/537.36"
52.167.144.196 - - [25/Sep/2026:04:46:21 +0300] "GET /?sale/search/detail/?ITMCODE=b0l5a8c6k5t4o4p8p8e7d HTTP/1.1" 200 30228 "-" "Mozilla/5.0 AppleWebKit/537.36 (KHTML, like Gecko; compatible; bingbot/2.0; +http://www.bing.com/bingbot.htm) Chrome/116.0.1938.76 Safari/537.36"
52.167.144.196 - - [25/Sep/2026:04:46:21 +0300] "GET /?sale/search/detail/?ITMCODE=r6e4p0a9r9a3b0i8l4i6ty HTTP/1.1" 200 30229 "-" "Mozilla/5.0 AppleWebKit/537.36 (KHTML, like Gecko; compatible; bingbot/2.0; +http://www.bing.com/bingbot.htm) Chrome/116.0.1938.76 Safari/537.36"
66.249.66.75 - - [25/Sep/2026:04:46:22 +0300] "GET /?sale/search/detail/?ITMCODE=g4i1e0r3f2a4l3c0o3n58 HTTP/1.1" 301 9097 "-" "Mozilla/5.0 (Linux; Android 6.0.1; Nexus 5X Build/MMB29P) AppleWebKit/537.36 (KHTML, like Gecko) Chrome/153.0.8010.52 Mobile Safari/537.36 (compatible; Googlebot/2.1; +http://www.google.com/bot.html)"
52.167.144.216 - - [25/Sep/2026:04:46:24 +0300] "GET /?sale/search/detail/?ITMCODE=h9y2p9n8o1t8i2z7i5n6g9 HTTP/1.1" 200 30230 "-" "Mozilla/5.0 AppleWebKit/537.36 (KHTML, like Gecko; compatible; bingbot/2.0; +http://www.bing.com/bingbot.htm) Chrome/116.0.1938.76 Safari/537.36"
52.167.144.216 - - [25/Sep/2026:04:46:25 +0300] "GET /?sale/search/detail/?ITMCODE=a6c3k7n0o0w8l8e6d9g1e7r HTTP/1.1" 200 30230 "-" "Mozilla/5.0 AppleWebKit/537.36 (KHTML, like Gecko; compatible; bingbot/2.0; +http://www.bing.com/bingbot.htm) Chrome/116.0.1938.76 Safari/537.36"
66.249.66.75 - - [25/Sep/2026:04:46:26 +0300] "GET /?sale/search/detail/?ITMCODE=i9n8d5i8v4i0d4u8a6t9ion HTTP/1.1" 301 9099 "-" "Mozilla/5.0 (Linux; Android 6.0.1; Nexus 5X Build/MMB29P) AppleWebKit/537.36 (KHTML, like Gecko) Chrome/153.0.8010.52 Mobile Safari/537.36 (compatible; Googlebot/2.1; +http://www.google.com/bot.html)"
52.167.144.216 - - [25/Sep/2026:04:46:27 +0300] "GET /?sale/search/detail/?ITMCODE=o6r2n8i2t8h9o7s6c7e4l6ida HTTP/1.1" 200 30231 "-" "Mozilla/5.0 AppleWebKit/537.36 (KHTML, like Gecko; compatible; bingbot/2.0; +http://www.bing.com/bingbot.htm) Chrome/116.0.1938.76 Safari/537.36"
52.167.144.216 - - [25/Sep/2026:04:46:28 +0300] "GET /?sale/search/detail/?ITMCODE=i3n3c2a6v0a9t6i4o7n08 HTTP/1.1" 200 30228 "-" "Mozilla/5.0 AppleWebKit/537.36 (KHTML, like Gecko; compatible; bingbot/2.0; +http://www.bing.com/bingbot.htm) Chrome/116.0.1938.76 Safari/537.36"
40.77.167.16 - - [25/Sep/2026:04:46:28 +0300] "GET /?sale/search/detail/?ITMCODE=o0t2h2e4r4w6a5y9s646 HTTP/1.1" 200 30227 "-" "Mozilla/5.0 AppleWebKit/537.36 (KHTML, like Gecko; compatible; bingbot/2.0; +http://www.bing.com/bingbot.htm) Chrome/116.0.1938.76 Safari/537.36"
66.249.66.75 - - [25/Sep/2026:04:46:29 +0300] "GET /?sale/search/detail/?ITMCODE=m2o4s2t7w9h6a5t3660 HTTP/1.1" 301 9095 "-" "Mozilla/5.0 (Linux; Android 6.0.1; Nexus 5X Build/MMB29P) AppleWebKit/537.36 (KHTML, like Gecko) Chrome/153.0.8010.52 Mobile Safari/537.36 (compatible; Googlebot/2.1; +http://www.google.com/bot.html)"
52.167.144.216 - - [25/Sep/2026:04:46:29 +0300] "GET /?sale/search/detail/?ITMCODE=d8e1p5u5t5y4p0r1e7n7ominal HTTP/1.1" 200 30231 "-" "Mozilla/5.0 AppleWebKit/537.36 (KHTML, like Gecko; compatible; bingbot/2.0; +http://www.bing.com/bingbot.htm) Chrome/116.0.1938.76 Safari/537.36"
40.77.167.16 - - [25/Sep/2026:04:46:29 +0300] "GET /?sale/search/detail/?ITMCODE=d9i3d4e2l9p9h2y1c737 HTTP/1.1" 200 30227 "-" "Mozilla/5.0 AppleWebKit/537.36 (KHTML, like Gecko; compatible; bingbot/2.0; +http://www.bing.com/bingbot.htm) Chrome/116.0.1938.76 Safari/537.36"
66.249.66.68 - - [25/Sep/2026:04:46:30 +0300] "GET /?sale/search/detail/?ITMCODE=r4a4b2a4t6i3n4e0439 HTTP/1.1" 200 30226 "-" "Mozilla/5.0 (Linux; Android 6.0.1; Nexus 5X Build/MMB29P) AppleWebKit/537.36 (KHTML, like Gecko) Chrome/153.0.8010.52 Mobile Safari/537.36 (compatible; Googlebot/2.1; +http://www.google.com/bot.html)"
40.77.167.16 - - [25/Sep/2026:04:46:30 +0300] "GET /?sale/search/detail/?ITMCODE=a1t2t1r0a6c0t1i9v2e9n4ess HTTP/1.1" 200 30230 "-" "Mozilla/5.0 AppleWebKit/537.36 (KHTML, like Gecko; compatible; bingbot/2.0; +http://www.bing.com/bingbot.htm) Chrome/116.0.1938.76 Safari/537.36"
40.77.167.16 - - [25/Sep/2026:04:46:31 +0300] "GET /?sale/search/detail/?ITMCODE=c9o3r1d3i8a7l1i9t9i0e3s HTTP/1.1" 200 30229 "-" "Mozilla/5.0 AppleWebKit/537.36 (KHTML, like Gecko; compatible; bingbot/2.0; +http://www.bing.com/bingbot.htm) Chrome/116.0.1938.76 Safari/537.36"
66.249.66.75 - - [25/Sep/2026:04:46:31 +0300] "GET /?sale/search/detail/?ITMCODE=e0c3t7o2p4i4a15881 HTTP/1.1" 301 9094 "-" "Mozilla/5.0 (Linux; Android 6.0.1; Nexus 5X Build/MMB29P) AppleWebKit/537.36 (KHTML, like Gecko) Chrome/153.0.8010.52 Mobile Safari/537.36 (compatible; Googlebot/2.1; +http://www.google.com/bot.html)"
40.77.167.16 - - [25/Sep/2026:04:46:32 +0300] "GET /?sale/search/detail/?ITMCODE=o3x2b3i0t5e2r10120 HTTP/1.1" 200 30225 "-" "Mozilla/5.0 AppleWebKit/537.36 (KHTML, like Gecko; compatible; bingbot/2.0; +http://www.bing.com/bingbot.htm) Chrome/116.0.1938.76 Safari/537.36"
114.119.130.40 - - [25/Sep/2026:04:46:32 +0300] "GET /shopdetail/diplomatic/267020567 HTTP/1.1" 404 64763 "https://princessmare.com.gr/goods.php?sitemap633.xml" "Mozilla/5.0 (Linux; Android 7.0;) AppleWebKit/537.36 (HTML, like Gecko) Mobile Safari/537.36 (compatible; PetalBot;+https://webmaster.petalsearch.com/site/petalbot)"
66.249.66.75 - - [25/Sep/2026:04:46:34 +0300] "GET /?sale/search/detail/?ITMCODE=c6r3o8c8o9d1i2l6i3t2y5 HTTP/1.1" 301 9098 "-" "Mozilla/5.0 (Linux; Android 6.0.1; Nexus 5X Build/MMB29P) AppleWebKit/537.36 (KHTML, like Gecko) Chrome/153.0.8010.52 Mobile Safari/537.36 (compatible; Googlebot/2.1; +http://www.google.com/bot.html)"
40.77.167.16 - - [25/Sep/2026:04:46:35 +0300] "GET /?sale/search/detail/?ITMCODE=t1r2i7s1t1i4g9m5a8t3o5se HTTP/1.1" 200 30229 "-" "Mozilla/5.0 AppleWebKit/537.36 (KHTML, like Gecko; compatible; bingbot/2.0; +http://www.bing.com/bingbot.htm) Chrome/116.0.1938.76 Safari/537.36"
66.249.66.75 - - [25/Sep/2026:04:46:37 +0300] "GET /?sale/search/detail/?ITMCODE=m4o1n4o4t0h4e0i3s9m37 HTTP/1.1" 301 9097 "-" "Mozilla/5.0 (Linux; Android 6.0.1; Nexus 5X Build/MMB29P) AppleWebKit/537.36 (KHTML, like Gecko) Chrome/153.0.8010.52 Mobile Safari/537.36 (compatible; Googlebot/2.1; +http://www.google.com/bot.html)"
66.249.66.75 - - [25/Sep/2026:04:46:40 +0300] "GET /?sale/search/detail/?ITMCODE=l1a1v6e8e6r972266 HTTP/1.1" 301 9093 "-" "Mozilla/5.0 (Linux; Android 6.0.1; Nexus 5X Build/MMB29P) AppleWebKit/537.36 (KHTML, like Gecko) Chrome/153.0.8010.52 Mobile Safari/537.36 (compatible; Googlebot/2.1; +http://www.google.com/bot.html)"
52.167.144.196 - - [25/Sep/2026:04:46:40 +0300] "GET /?sale/search/detail/?ITMCODE=i5n2t9e9r8n6a5t7i2o8n0ality HTTP/1.1" 200 30231 "-" "Mozilla/5.0 AppleWebKit/537.36 (KHTML, like Gecko; compatible; bingbot/2.0; +http://www.bing.com/bingbot.htm) Chrome/116.0.1938.76 Safari/537.36"
52.167.144.196 - - [25/Sep/2026:04:46:41 +0300] "GET /?sale/search/detail/?ITMCODE=m1e3s1o6g7a2s7t6e5r32 HTTP/1.1" 200 30227 "-" "Mozilla/5.0 AppleWebKit/537.36 (KHTML, like Gecko; compatible; bingbot/2.0; +http://www.bing.com/bingbot.htm) Chrome/116.0.1938.76 Safari/537.36"
52.167.144.196 - - [25/Sep/2026:04:46:42 +0300] "GET /?sale/search/detail/?ITMCODE=f8o1r9e0t8o3p3g1a3l5l7ant HTTP/1.1" 200 30231 "-" "Mozilla/5.0 AppleWebKit/537.36 (KHTML, like Gecko; compatible; bingbot/2.0; +http://www.bing.com/bingbot.htm) Chrome/116.0.1938.76 Safari/537.36"
66.249.66.75 - - [25/Sep/2026:04:46:42 +0300] "GET /?sale/search/detail/?ITMCODE=f6a9l4l4e0n33295 HTTP/1.1" 301 9092 "-" "Mozilla/5.0 (Linux; Android 6.0.1; Nexus 5X Build/MMB29P) AppleWebKit/537.36 (KHTML, like Gecko) Chrome/153.0.8010.52 Mobile Safari/537.36 (compatible; Googlebot/2.1; +http://www.google.com/bot.html)"
52.167.144.196 - - [25/Sep/2026:04:46:42 +0300] "GET /?sale/search/detail/?ITMCODE=r4a3p6i1d4n7e8s3s90 HTTP/1.1" 200 30226 "-" "Mozilla/5.0 AppleWebKit/537.36 (KHTML, like Gecko; compatible; bingbot/2.0; +http://www.bing.com/bingbot.htm) Chrome/116.0.1938.76 Safari/537.36"
66.249.66.41 - - [25/Sep/2026:04:46:43 +0300] "GET /?sale/search/detail/?ITMCODE=c7i3c9i5n9d2e6l8i2d0a9e HTTP/1.1" 200 30229 "-" "Mozilla/5.0 (Linux; Android 6.0.1; Nexus 5X Build/MMB29P) AppleWebKit/537.36 (KHTML, like Gecko) Chrome/153.0.8010.52 Mobile Safari/537.36 (compatible; Googlebot/2.1; +http://www.google.com/bot.html)"
52.167.144.196 - - [25/Sep/2026:04:46:44 +0300] "GET /?sale/search/detail/?ITMCODE=s1p1a9t3i4a7t3e4514 HTTP/1.1" 200 30225 "-" "Mozilla/5.0 AppleWebKit/537.36 (KHTML, like Gecko; compatible; bingbot/2.0; +http://www.bing.com/bingbot.htm) Chrome/116.0.1938.76 Safari/537.36"
66.249.66.41 - - [25/Sep/2026:04:46:44 +0300] "GET /?sale/search/detail/?ITMCODE=d0e1e7r9s5t8a2l2k5i5n9g HTTP/1.1" 200 30229 "-" "Mozilla/5.0 (Linux; Android 6.0.1; Nexus 5X Build/MMB29P) AppleWebKit/537.36 (KHTML, like Gecko) Chrome/153.0.8010.52 Mobile Safari/537.36 (compatible; Googlebot/2.1; +http://www.google.com/bot.html)"
52.167.144.216 - - [25/Sep/2026:04:46:44 +0300] "GET /?sale/search/detail/?ITMCODE=u3n2a8i4r0w1o3r9t0h2y7 HTTP/1.1" 200 30229 "-" "Mozilla/5.0 AppleWebKit/537.36 (KHTML, like Gecko; compatible; bingbot/2.0; +http://www.bing.com/bingbot.htm) Chrome/116.0.1938.76 Safari/537.36"
52.167.144.196 - - [25/Sep/2026:04:46:45 +0300] "GET /?sale/search/detail/?ITMCODE=a0u6t4o3k9i9n7e2t4i7c HTTP/1.1" 200 30228 "-" "Mozilla/5.0 AppleWebKit/537.36 (KHTML, like Gecko; compatible; bingbot/2.0; +http://www.bing.com/bingbot.htm) Chrome/116.0.1938.76 Safari/537.36"
66.249.66.75 - - [25/Sep/2026:04:46:45 +0300] "GET /?sale/search/detail/?ITMCODE=a8r8b2u9s3t8i0v6e19 HTTP/1.1" 301 9095 "-" "Mozilla/5.0 (Linux; Android 6.0.1; Nexus 5X Build/MMB29P) AppleWebKit/537.36 (KHTML, like Gecko) Chrome/153.0.8010.52 Mobile Safari/537.36 (compatible; Googlebot/2.1; +http://www.google.com/bot.html)"
52.167.144.216 - - [25/Sep/2026:04:46:45 +0300] "GET /?sale/search/detail/?ITMCODE=a7e2u2m2r6o8d6r4o8m3e9 HTTP/1.1" 200 30228 "-" "Mozilla/5.0 AppleWebKit/537.36 (KHTML, like Gecko; compatible; bingbot/2.0; +http://www.bing.com/bingbot.htm) Chrome/116.0.1938.76 Safari/537.36"
52.167.144.216 - - [25/Sep/2026:04:46:46 +0300] "GET /?sale/search/detail/?ITMCODE=i7n6d3u1b9i9t5a5b1l2e HTTP/1.1" 200 30227 "-" "Mozilla/5.0 AppleWebKit/537.36 (KHTML, like Gecko; compatible; bingbot/2.0; +http://www.bing.com/bingbot.htm) Chrome/116.0.1938.76 Safari/537.36"
52.167.144.216 - - [25/Sep/2026:04:46:47 +0300] "GET /?sale/search/detail/?ITMCODE=a0r1c9h9e1g8o1n0i5u4m6 HTTP/1.1" 200 30229 "-" "Mozilla/5.0 AppleWebKit/537.36 (KHTML, like Gecko; compatible; bingbot/2.0; +http://www.bing.com/bingbot.htm) Chrome/116.0.1938.76 Safari/537.36"
66.249.66.75 - - [25/Sep/2026:04:46:48 +0300] "GET /?sale/search/detail/?ITMCODE=t3a3c0k5l5e560806 HTTP/1.1" 301 9093 "-" "Mozilla/5.0 (Linux; Android 6.0.1; Nexus 5X Build/MMB29P) AppleWebKit/537.36 (KHTML, like Gecko) Chrome/153.0.8010.52 Mobile Safari/537.36 (compatible; Googlebot/2.1; +http://www.google.com/bot.html)"
52.167.144.216 - - [25/Sep/2026:04:46:48 +0300] "GET /?sale/search/detail/?ITMCODE=i9n9a8b6u5s6i5v9e4l7y HTTP/1.1" 200 30228 "-" "Mozilla/5.0 AppleWebKit/537.36 (KHTML, like Gecko; compatible; bingbot/2.0; +http://www.bing.com/bingbot.htm) Chrome/116.0.1938.76 Safari/537.36"
40.77.167.16 - - [25/Sep/2026:04:46:50 +0300] "GET /?sale/search/detail/?ITMCODE=c8h2a5r7w0o5m6e6n175 HTTP/1.1" 200 30227 "-" "Mozilla/5.0 AppleWebKit/537.36 (KHTML, like Gecko; compatible; bingbot/2.0; +http://www.bing.com/bingbot.htm) Chrome/116.0.1938.76 Safari/537.36"
66.249.66.75 - - [25/Sep/2026:04:46:51 +0300] "GET /?sale/search/detail/?ITMCODE=r7e4c2i5d2i5v6i3s6t71 HTTP/1.1" 301 9097 "-" "Mozilla/5.0 (Linux; Android 6.0.1; Nexus 5X Build/MMB29P) AppleWebKit/537.36 (KHTML, like Gecko) Chrome/153.0.8010.52 Mobile Safari/537.36 (compatible; Googlebot/2.1; +http://www.google.com/bot.html)"
40.77.167.16 - - [25/Sep/2026:04:46:50 +0300] "GET /?sale/search/detail/?ITMCODE=p6e1r6i1s8t0a5l6t8i6c HTTP/1.1" 200 30227 "-" "Mozilla/5.0 AppleWebKit/537.36 (KHTML, like Gecko; compatible; bingbot/2.0; +http://www.bing.com/bingbot.htm) Chrome/116.0.1938.76 Safari/537.36"
40.77.167.16 - - [25/Sep/2026:04:46:52 +0300] "GET /?sale/search/detail/?ITMCODE=l8a3c2q0u2e7r6i4n0g94 HTTP/1.1" 200 30228 "-" "Mozilla/5.0 AppleWebKit/537.36 (KHTML, like Gecko; compatible; bingbot/2.0; +http://www.bing.com/bingbot.htm) Chrome/116.0.1938.76 Safari/537.36"
40.77.167.16 - - [25/Sep/2026:04:46:52 +0300] "GET /?sale/search/detail/?ITMCODE=i2n1d0e7p6e8n1d3e3n6t8 HTTP/1.1" 200 30228 "-" "Mozilla/5.0 AppleWebKit/537.36 (KHTML, like Gecko; compatible; bingbot/2.0; +http://www.bing.com/bingbot.htm) Chrome/116.0.1938.76 Safari/537.36"
66.249.66.203 - - [25/Sep/2026:04:46:53 +0300] "GET /?sale/search/detail/?ITMCODE=n3e1c7a0t0o3r43482 HTTP/1.1" 301 9094 "-" "Mozilla/5.0 (Linux; Android 6.0.1; Nexus 5X Build/MMB29P) AppleWebKit/537.36 (KHTML, like Gecko) Chrome/153.0.8010.52 Mobile Safari/537.36 (compatible; Googlebot/2.1; +http://www.google.com/bot.html)"
66.249.66.34 - - [25/Sep/2026:04:46:56 +0300] "GET /?sale/search/detail/?ITMCODE=v9i3n4d1i2c9a2t9o3r16 HTTP/1.1" 301 9097 "-" "Mozilla/5.0 (Linux; Android 6.0.1; Nexus 5X Build/MMB29P) AppleWebKit/537.36 (KHTML, like Gecko) Chrome/153.0.8010.52 Mobile Safari/537.36 (compatible; Googlebot/2.1; +http://www.google.com/bot.html)"
52.167.144.16 - - [25/Sep/2026:04:46:57 +0300] "GET /?sale/search/detail/?ITMCODE=d8e3c7h8r0i5s1t3i4a5n9ized HTTP/1.1" 200 30231 "-" "Mozilla/5.0 AppleWebKit/537.36 (KHTML, like Gecko; compatible; bingbot/2.0; +http://www.bing.com/bingbot.htm) Chrome/116.0.1938.76 Safari/537.36"
52.167.144.16 - - [25/Sep/2026:04:46:58 +0300] "GET /?sale/search/detail/?ITMCODE=e7d1u9l8c6o8r2a7t1e52 HTTP/1.1" 200 30227 "-" "Mozilla/5.0 AppleWebKit/537.36 (KHTML, like Gecko; compatible; bingbot/2.0; +http://www.bing.com/bingbot.htm) Chrome/116.0.1938.76 Safari/537.36"
66.249.66.41 - - [25/Sep/2026:04:46:58 +0300] "GET /?sale/search/detail/?ITMCODE=r9o3b1i2n2263726 HTTP/1.1" 200 30223 "-" "Mozilla/5.0 (Linux; Android 6.0.1; Nexus 5X Build/MMB29P) AppleWebKit/537.36 (KHTML, like Gecko) Chrome/153.0.8010.52 Mobile Safari/537.36 (compatible; Googlebot/2.1; +http://www.google.com/bot.html)"
66.249.66.75 - - [25/Sep/2026:04:46:59 +0300] "GET /?sale/search/detail/?ITMCODE=p9a2r8i8p0i2n5n1a3t6e HTTP/1.1" 301 9097 "-" "Mozilla/5.0 (Linux; Android 6.0.1; Nexus 5X Build/MMB29P) AppleWebKit/537.36 (KHTML, like Gecko) Chrome/153.0.8010.52 Mobile Safari/537.36 (compatible; Googlebot/2.1; +http://www.google.com/bot.html)"
52.167.144.16 - - [25/Sep/2026:04:46:59 +0300] "GET /?sale/search/detail/?ITMCODE=q0u2e7r6i5m8o7n3i0o1u1s HTTP/1.1" 200 30230 "-" "Mozilla/5.0 AppleWebKit/537.36 (KHTML, like Gecko; compatible; bingbot/2.0; +http://www.bing.com/bingbot.htm) Chrome/116.0.1938.76 Safari/537.36"
52.167.144.16 - - [25/Sep/2026:04:47:00 +0300] "GET /?sale/search/detail/?ITMCODE=d0i2s8p1r4o8p0e5r7t6y4 HTTP/1.1" 200 30229 "-" "Mozilla/5.0 AppleWebKit/537.36 (KHTML, like Gecko; compatible; bingbot/2.0; +http://www.bing.com/bingbot.htm) Chrome/116.0.1938.76 Safari/537.36"
52.167.144.16 - - [25/Sep/2026:04:47:00 +0300] "GET /?sale/search/detail/?ITMCODE=r7o1p0e8w3a0l8k4978 HTTP/1.1" 200 30227 "-" "Mozilla/5.0 AppleWebKit/537.36 (KHTML, like Gecko; compatible; bingbot/2.0; +http://www.bing.com/bingbot.htm) Chrome/116.0.1938.76 Safari/537.36"
178.126.203.236 - - [25/Sep/2026:04:47:01 +0300] "GET /wp-login.php HTTP/1.1" 200 9285 "-" "Mozilla/5.0 (Macintosh; Intel Mac OS X 10_15_7) AppleWebKit/537.36 (KHTML, like Gecko) Chrome/150.0.0.0 Safari/537.36"
66.249.66.203 - - [25/Sep/2026:04:47:02 +0300] "GET /?sale/search/detail/?ITMCODE=w4a3d0d5i7e1d33777 HTTP/1.1" 301 9094 "-" "Mozilla/5.0 (Linux; Android 6.0.1; Nexus 5X Build/MMB29P) AppleWebKit/537.36 (KHTML, like Gecko) Chrome/153.0.8010.52 Mobile Safari/537.36 (compatible; Googlebot/2.1; +http://www.google.com/bot.html)"
178.126.203.236 - - [25/Sep/2026:04:47:02 +0300] "POST /wp-login.php HTTP/1.1" 200 9423 "https://princessmare.com.gr/wp-login.php" "Mozilla/5.0 (Macintosh; Intel Mac OS X 10_15_7) AppleWebKit/537.36 (KHTML, like Gecko) Chrome/150.0.0.0 Safari/537.36"
52.167.144.216 - - [25/Sep/2026:04:47:04 +0300] "GET /?sale/search/detail/?ITMCODE=i6m4p0r4o2v9i3s1a4t7i2on HTTP/1.1" 200 30230 "-" "Mozilla/5.0 AppleWebKit/537.36 (KHTML, like Gecko; compatible; bingbot/2.0; +http://www.bing.com/bingbot.htm) Chrome/116.0.1938.76 Safari/537.36"
66.249.66.203 - - [25/Sep/2026:04:47:04 +0300] "GET /?sale/search/detail/?ITMCODE=w4i2r2e9w9o6r3k3899 HTTP/1.1" 301 9095 "-" "Mozilla/5.0 (Linux; Android 6.0.1; Nexus 5X Build/MMB29P) AppleWebKit/537.36 (KHTML, like Gecko) Chrome/153.0.8010.52 Mobile Safari/537.36 (compatible; Googlebot/2.1; +http://www.google.com/bot.html)"
52.167.144.16 - - [25/Sep/2026:04:47:06 +0300] "GET /?sale/search/detail/?ITMCODE=i2n2t6i3m1i9d0a7t2o7ry HTTP/1.1" 200 30228 "-" "Mozilla/5.0 AppleWebKit/537.36 (KHTML, like Gecko; compatible; bingbot/2.0; +http://www.bing.com/bingbot.htm) Chrome/116.0.1938.76 Safari/537.36"
66.249.66.43 - - [25/Sep/2026:04:47:06 +0300] "GET /?sale/search/detail/?ITMCODE=m8e1l1i7z3o1p4h8i9l6u9s HTTP/1.1" 200 30230 "-" "Mozilla/5.0 (Linux; Android 6.0.1; Nexus 5X Build/MMB29P) AppleWebKit/537.36 (KHTML, like Gecko) Chrome/153.0.8010.52 Mobile Safari/537.36 (compatible; Googlebot/2.1; +http://www.google.com/bot.html)"
66.249.66.34 - - [25/Sep/2026:04:47:07 +0300] "GET /?sale/search/detail/?ITMCODE=c0o5u1n5t0e4r7m7u6r7ing HTTP/1.1" 301 9099 "-" "Mozilla/5.0 (Linux; Android 6.0.1; Nexus 5X Build/MMB29P) AppleWebKit/537.36 (KHTML, like Gecko) Chrome/153.0.8010.52 Mobile Safari/537.36 (compatible; Googlebot/2.1; +http://www.google.com/bot.html)"
40.77.167.16 - - [25/Sep/2026:04:47:08 +0300] "GET /?sale/search/detail/?ITMCODE=m9e1r1i8t7o8c0r2a2c2y HTTP/1.1" 200 30246 "-" "Mozilla/5.0 AppleWebKit/537.36 (KHTML, like Gecko; compatible; bingbot/2.0; +http://www.bing.com/bingbot.htm) Chrome/116.0.1938.76 Safari/537.36"
40.77.167.16 - - [25/Sep/2026:04:47:09 +0300] "GET /?sale/search/detail/?ITMCODE=p6o3l7y1c8h8r2e0s0t26 HTTP/1.1" 200 30228 "-" "Mozilla/5.0 AppleWebKit/537.36 (KHTML, like Gecko; compatible; bingbot/2.0; +http://www.bing.com/bingbot.htm) Chrome/116.0.1938.76 Safari/537.36"
66.249.66.75 - - [25/Sep/2026:04:47:10 +0300] "GET /?sale/search/detail/?ITMCODE=r1e2l9e3a0s5e6d9729 HTTP/1.1" 301 9095 "-" "Mozilla/5.0 (Linux; Android 6.0.1; Nexus 5X Build/MMB29P) AppleWebKit/537.36 (KHTML, like Gecko) Chrome/153.0.8010.52 Mobile Safari/537.36 (compatible; Googlebot/2.1; +http://www.google.com/bot.html)"
40.77.167.16 - - [25/Sep/2026:04:47:10 +0300] "GET /?sale/search/detail/?ITMCODE=i1m3p0a9n1a5t3e8722 HTTP/1.1" 200 30226 "-" "Mozilla/5.0 AppleWebKit/537.36 (KHTML, like Gecko; compatible; bingbot/2.0; +http://www.bing.com/bingbot.htm) Chrome/116.0.1938.76 Safari/537.36"
40.77.167.16 - - [25/Sep/2026:04:47:10 +0300] "GET /?sale/search/detail/?ITMCODE=u1n1e8x2t1i2n7g7u5i7s9hable HTTP/1.1" 200 30232 "-" "Mozilla/5.0 AppleWebKit/537.36 (KHTML, like Gecko; compatible; bingbot/2.0; +http://www.bing.com/bingbot.htm) Chrome/116.0.1938.76 Safari/537.36"
40.77.167.16 - - [25/Sep/2026:04:47:11 +0300] "GET /?sale/search/detail/?ITMCODE=p9r1i2e6s3t2l7i3k9e11 HTTP/1.1" 200 30227 "-" "Mozilla/5.0 AppleWebKit/537.36 (KHTML, like Gecko; compatible; bingbot/2.0; +http://www.bing.com/bingbot.htm) Chrome/116.0.1938.76 Safari/537.36"
66.249.66.203 - - [25/Sep/2026:04:47:13 +0300] "GET /?sale/search/detail/?ITMCODE=e9n8t2w8i2n3e7270 HTTP/1.1" 301 9093 "-" "Mozilla/5.0 (Linux; Android 6.0.1; Nexus 5X Build/MMB29P) AppleWebKit/537.36 (KHTML, like Gecko) Chrome/153.0.8010.52 Mobile Safari/537.36 (compatible; Googlebot/2.1; +http://www.google.com/bot.html)"
57.141.22.22 - - [25/Sep/2026:04:47:14 +0300] "GET / HTTP/1.1" 200 30183 "-" "facebookexternalhit/1.1 (+http://www.facebook.com/externalhit_uatext.php)"
52.167.144.216 - - [25/Sep/2026:04:47:14 +0300] "GET /?sale/search/detail/?ITMCODE=s4o3c4i7e8t4a7r6i9a2n6 HTTP/1.1" 200 30228 "-" "Mozilla/5.0 AppleWebKit/537.36 (KHTML, like Gecko; compatible; bingbot/2.0; +http://www.bing.com/bingbot.htm) Chrome/116.0.1938.76 Safari/537.36"
66.249.66.42 - - [25/Sep/2026:04:47:14 +0300] "GET /?sale/search/detail/?ITMCODE=s8e3e2t8h2748125 HTTP/1.1" 200 30223 "-" "Mozilla/5.0 (Linux; Android 6.0.1; Nexus 5X Build/MMB29P) AppleWebKit/537.36 (KHTML, like Gecko) Chrome/153.0.8010.52 Mobile Safari/537.36 (compatible; Googlebot/2.1; +http://www.google.com/bot.html)"
66.249.66.203 - - [25/Sep/2026:04:47:15 +0300] "GET /?sale/search/detail/?ITMCODE=c8h1o9p2l7o5g0i0c256 HTTP/1.1" 301 9096 "-" "Mozilla/5.0 (Linux; Android 6.0.1; Nexus 5X Build/MMB29P) AppleWebKit/537.36 (KHTML, like Gecko) Chrome/153.0.8010.52 Mobile Safari/537.36 (compatible; Googlebot/2.1; +http://www.google.com/bot.html)"
66.249.66.41 - - [25/Sep/2026:04:47:15 +0300] "GET /?sale/search/detail/?ITMCODE=a8n3t1i7s2t9r5o8p6h6i1c HTTP/1.1" 200 30229 "-" "Mozilla/5.0 (Linux; Android 6.0.1; Nexus 5X Build/MMB29P) AppleWebKit/537.36 (KHTML, like Gecko) Chrome/153.0.8010.52 Mobile Safari/537.36 (compatible; Googlebot/2.1; +http://www.google.com/bot.html)"
66.249.66.34 - - [25/Sep/2026:04:47:18 +0300] "GET /?sale/search/detail/?ITMCODE=s1t1r6e3p8t3o3m6y1c0e0s HTTP/1.1" 301 9099 "-" "Mozilla/5.0 (Linux; Android 6.0.1; Nexus 5X Build/MMB29P) AppleWebKit/537.36 (KHTML, like Gecko) Chrome/153.0.8010.52 Mobile Safari/537.36 (compatible; Googlebot/2.1; +http://www.google.com/bot.html)"
52.167.144.16 - - [25/Sep/2026:04:47:18 +0300] "GET /?sale/search/detail/?ITMCODE=t7h5e7r8e5t5o2f9o9r7e HTTP/1.1" 200 30227 "-" "Mozilla/5.0 AppleWebKit/537.36 (KHTML, like Gecko; compatible; bingbot/2.0; +http://www.bing.com/bingbot.htm) Chrome/116.0.1938.76 Safari/537.36"
52.167.144.16 - - [25/Sep/2026:04:47:19 +0300] "GET /?sale/search/detail/?ITMCODE=l5e4g0i0t1i8m5a5t3i0z3e HTTP/1.1" 200 30230 "-" "Mozilla/5.0 AppleWebKit/537.36 (KHTML, like Gecko; compatible; bingbot/2.0; +http://www.bing.com/bingbot.htm) Chrome/116.0.1938.76 Safari/537.36"
52.167.144.16 - - [25/Sep/2026:04:47:20 +0300] "GET /?sale/search/detail/?ITMCODE=t6h1e3r6m8o8d5y8n1a2m3ic HTTP/1.1" 200 30230 "-" "Mozilla/5.0 AppleWebKit/537.36 (KHTML, like Gecko; compatible; bingbot/2.0; +http://www.bing.com/bingbot.htm) Chrome/116.0.1938.76 Safari/537.36"
52.167.144.16 - - [25/Sep/2026:04:47:21 +0300] "GET /?sale/search/detail/?ITMCODE=p5r1o1b6l2e5m1a9t7i4c4 HTTP/1.1" 200 30228 "-" "Mozilla/5.0 AppleWebKit/537.36 (KHTML, like Gecko; compatible; bingbot/2.0; +http://www.bing.com/bingbot.htm) Chrome/116.0.1938.76 Safari/537.36"
66.249.66.75 - - [25/Sep/2026:04:47:21 +0300] "GET /?sale/search/detail/?ITMCODE=m0o3u0l6t6e9n97745 HTTP/1.1" 301 9094 "-" "Mozilla/5.0 (Linux; Android 6.0.1; Nexus 5X Build/MMB29P) AppleWebKit/537.36 (KHTML, like Gecko) Chrome/153.0.8010.52 Mobile Safari/537.36 (compatible; Googlebot/2.1; +http://www.google.com/bot.html)"
52.167.144.16 - - [25/Sep/2026:04:47:21 +0300] "GET /?sale/search/detail/?ITMCODE=c9r3e0b7r5i8t3u1d4e15 HTTP/1.1" 200 30227 "-" "Mozilla/5.0 AppleWebKit/537.36 (KHTML, like Gecko; compatible; bingbot/2.0; +http://www.bing.com/bingbot.htm) Chrome/116.0.1938.76 Safari/537.36"
52.167.144.16 - - [25/Sep/2026:04:47:22 +0300] "GET /?sale/search/detail/?ITMCODE=s4u2r1e2t4y7s0h7i2p39 HTTP/1.1" 200 30227 "-" "Mozilla/5.0 AppleWebKit/537.36 (KHTML, like Gecko; compatible; bingbot/2.0; +http://www.bing.com/bingbot.htm) Chrome/116.0.1938.76 Safari/537.36"
66.249.66.41 - - [25/Sep/2026:04:47:24 +0300] "GET /?sale/search/detail/?ITMCODE=a4l7u8m7b5r1a5d0o6s0 HTTP/1.1" 200 30227 "-" "Mozilla/5.0 (Linux; Android 6.0.1; Nexus 5X Build/MMB29P) AppleWebKit/537.36 (KHTML, like Gecko) Chrome/153.0.8010.52 Mobile Safari/537.36 (compatible; Googlebot/2.1; +http://www.google.com/bot.html)"
52.167.144.216 - - [25/Sep/2026:04:47:24 +0300] "GET /?sale/search/detail/?ITMCODE=c7o2n0j2u1g0i7u0m550 HTTP/1.1" 200 30227 "-" "Mozilla/5.0 AppleWebKit/537.36 (KHTML, like Gecko; compatible; bingbot/2.0; +http://www.bing.com/bingbot.htm) Chrome/116.0.1938.76 Safari/537.36"
66.249.66.75 - - [25/Sep/2026:04:47:24 +0300] "GET /?sale/search/detail/?ITMCODE=d7i2a6r0r5h6e2t2i4c53 HTTP/1.1" 301 9097 "-" "Mozilla/5.0 (Linux; Android 6.0.1; Nexus 5X Build/MMB29P) AppleWebKit/537.36 (KHTML, like Gecko) Chrome/153.0.8010.52 Mobile Safari/537.36 (compatible; Googlebot/2.1; +http://www.google.com/bot.html)"
52.167.144.216 - - [25/Sep/2026:04:47:25 +0300] "GET /?sale/search/detail/?ITMCODE=u0n3p1a5s8s9a3b3l1e13 HTTP/1.1" 200 30228 "-" "Mozilla/5.0 AppleWebKit/537.36 (KHTML, like Gecko; compatible; bingbot/2.0; +http://www.bing.com/bingbot.htm) Chrome/116.0.1938.76 Safari/537.36"
52.167.144.216 - - [25/Sep/2026:04:47:26 +0300] "GET /?sale/search/detail/?ITMCODE=a6n3d2a4n5t6i4n6o479 HTTP/1.1" 200 30227 "-" "Mozilla/5.0 AppleWebKit/537.36 (KHTML, like Gecko; compatible; bingbot/2.0; +http://www.bing.com/bingbot.htm) Chrome/116.0.1938.76 Safari/537.36"
52.167.144.16 - - [25/Sep/2026:04:47:26 +0300] "GET /?sale/search/detail/?ITMCODE=b7r4a6c3h8y9p2i6n4a6coid HTTP/1.1" 200 30229 "-" "Mozilla/5.0 AppleWebKit/537.36 (KHTML, like Gecko; compatible; bingbot/2.0; +http://www.bing.com/bingbot.htm) Chrome/116.0.1938.76 Safari/537.36"
52.167.144.216 - - [25/Sep/2026:04:47:27 +0300] "GET /?sale/search/detail/?ITMCODE=w9e8l5l0n2a9t2u1r4ed HTTP/1.1" 200 30226 "-" "Mozilla/5.0 AppleWebKit/537.36 (KHTML, like Gecko; compatible; bingbot/2.0; +http://www.bing.com/bingbot.htm) Chrome/116.0.1938.76 Safari/537.36"
66.249.66.75 - - [25/Sep/2026:04:47:27 +0300] "GET /?sale/search/detail/?ITMCODE=s8a3p1o0n6u4l13343 HTTP/1.1" 301 9094 "-" "Mozilla/5.0 (Linux; Android 6.0.1; Nexus 5X Build/MMB29P) AppleWebKit/537.36 (KHTML, like Gecko) Chrome/153.0.8010.52 Mobile Safari/537.36 (compatible; Googlebot/2.1; +http://www.google.com/bot.html)"
40.77.167.16 - - [25/Sep/2026:04:47:29 +0300] "GET /?sale/search/detail/?ITMCODE=m8i8g3r7a9t7o4r6y63 HTTP/1.1" 200 30226 "-" "Mozilla/5.0 AppleWebKit/537.36 (KHTML, like Gecko; compatible; bingbot/2.0; +http://www.bing.com/bingbot.htm) Chrome/116.0.1938.76 Safari/537.36"
66.249.66.75 - - [25/Sep/2026:04:47:30 +0300] "GET /?sale/search/detail/?ITMCODE=m5e3r2c9u7r7i0f2y455 HTTP/1.1" 301 9096 "-" "Mozilla/5.0 (Linux; Android 6.0.1; Nexus 5X Build/MMB29P) AppleWebKit/537.36 (KHTML, like Gecko) Chrome/153.0.8010.52 Mobile Safari/537.36 (compatible; Googlebot/2.1; +http://www.google.com/bot.html)"
40.77.167.16 - - [25/Sep/2026:04:47:30 +0300] "GET /?sale/search/detail/?ITMCODE=c6y2n7o7g1l6o2s2s5i8d0ae HTTP/1.1" 200 30230 "-" "Mozilla/5.0 AppleWebKit/537.36 (KHTML, like Gecko; compatible; bingbot/2.0; +http://www.bing.com/bingbot.htm) Chrome/116.0.1938.76 Safari/537.36"
40.77.167.16 - - [25/Sep/2026:04:47:31 +0300] "GET /?sale/search/detail/?ITMCODE=l5a6b1a8r2r9a0q2u7e5s HTTP/1.1" 200 30228 "-" "Mozilla/5.0 AppleWebKit/537.36 (KHTML, like Gecko; compatible; bingbot/2.0; +http://www.bing.com/bingbot.htm) Chrome/116.0.1938.76 Safari/537.36"
40.77.167.16 - - [25/Sep/2026:04:47:32 +0300] "GET /?sale/search/detail/?ITMCODE=f0l3u4o2b5o2r1i9d7e80 HTTP/1.1" 200 30227 "-" "Mozilla/5.0 AppleWebKit/537.36 (KHTML, like Gecko; compatible; bingbot/2.0; +http://www.bing.com/bingbot.htm) Chrome/116.0.1938.76 Safari/537.36"
66.249.66.75 - - [25/Sep/2026:04:47:33 +0300] "GET /?sale/search/detail/?ITMCODE=u1n7f6e9l6l9o6w6e3d4 HTTP/1.1" 301 9096 "-" "Mozilla/5.0 (Linux; Android 6.0.1; Nexus 5X Build/MMB29P) AppleWebKit/537.36 (KHTML, like Gecko) Chrome/153.0.8010.52 Mobile Safari/537.36 (compatible; Googlebot/2.1; +http://www.google.com/bot.html)"
40.77.167.16 - - [25/Sep/2026:04:47:33 +0300] "GET /?sale/search/detail/?ITMCODE=c8a1r8e8e9r7i6s2t690 HTTP/1.1" 200 30227 "-" "Mozilla/5.0 AppleWebKit/537.36 (KHTML, like Gecko; compatible; bingbot/2.0; +http://www.bing.com/bingbot.htm) Chrome/116.0.1938.76 Safari/537.36"
66.249.66.75 - - [25/Sep/2026:04:47:35 +0300] "GET /?sale/search/detail/?ITMCODE=p7r2o2p7r7i9e5t3o2r3i3al HTTP/1.1" 301 9100 "-" "Mozilla/5.0 (Linux; Android 6.0.1; Nexus 5X Build/MMB29P) AppleWebKit/537.36 (KHTML, like Gecko) Chrome/153.0.8010.52 Mobile Safari/537.36 (compatible; Googlebot/2.1; +http://www.google.com/bot.html)"
52.167.144.16 - - [25/Sep/2026:04:47:37 +0300] "GET /?sale/search/detail/?ITMCODE=o2b1s0e9r0v8a7t7i4v2e5 HTTP/1.1" 200 30228 "-" "Mozilla/5.0 AppleWebKit/537.36 (KHTML, like Gecko; compatible; bingbot/2.0; +http://www.bing.com/bingbot.htm) Chrome/116.0.1938.76 Safari/537.36"
52.167.144.16 - - [25/Sep/2026:04:47:38 +0300] "GET /?sale/search/detail/?ITMCODE=b9r9a7n9k3u3r8s5i4n4e HTTP/1.1" 200 30228 "-" "Mozilla/5.0 AppleWebKit/537.36 (KHTML, like Gecko; compatible; bingbot/2.0; +http://www.bing.com/bingbot.htm) Chrome/116.0.1938.76 Safari/537.36"
66.249.66.75 - - [25/Sep/2026:04:47:38 +0300] "GET /?sale/search/detail/?ITMCODE=j7u3r3a0m6e2n2t6a077 HTTP/1.1" 301 9096 "-" "Mozilla/5.0 (Linux; Android 6.0.1; Nexus 5X Build/MMB29P) AppleWebKit/537.36 (KHTML, like Gecko) Chrome/153.0.8010.52 Mobile Safari/537.36 (compatible; Googlebot/2.1; +http://www.google.com/bot.html)"
66.249.66.196 - - [25/Sep/2026:04:47:38 +0300] "GET /?sale/search/detail/?ITMCODE=z9i4n0c9o2u1s57203 HTTP/1.1" 200 30226 "-" "Mozilla/5.0 (Linux; Android 6.0.1; Nexus 5X Build/MMB29P) AppleWebKit/537.36 (KHTML, like Gecko) Chrome/153.0.8010.52 Mobile Safari/537.36 (compatible; Googlebot/2.1; +http://www.google.com/bot.html)"
52.167.144.16 - - [25/Sep/2026:04:47:38 +0300] "GET /?sale/search/detail/?ITMCODE=a2u3t6o3c9h6t4h4o0n2a2l HTTP/1.1" 200 30229 "-" "Mozilla/5.0 AppleWebKit/537.36 (KHTML, like Gecko; compatible; bingbot/2.0; +http://www.bing.com/bingbot.htm) Chrome/116.0.1938.76 Safari/537.36"
52.167.144.16 - - [25/Sep/2026:04:47:39 +0300] "GET /?sale/search/detail/?ITMCODE=c4a3r6d5i5o9g4r6a0p7h9ic HTTP/1.1" 200 30230 "-" "Mozilla/5.0 AppleWebKit/537.36 (KHTML, like Gecko; compatible; bingbot/2.0; +http://www.bing.com/bingbot.htm) Chrome/116.0.1938.76 Safari/537.36"
52.167.144.16 - - [25/Sep/2026:04:47:40 +0300] "GET /?sale/search/detail/?ITMCODE=g4o1v8e3r8n0a1b6l9e41 HTTP/1.1" 200 30228 "-" "Mozilla/5.0 AppleWebKit/537.36 (KHTML, like Gecko; compatible; bingbot/2.0; +http://www.bing.com/bingbot.htm) Chrome/116.0.1938.76 Safari/537.36"
66.249.66.75 - - [25/Sep/2026:04:47:41 +0300] "GET /?sale/search/detail/?ITMCODE=d4e1m8o1n6i8a0c0a6l78 HTTP/1.1" 301 9097 "-" "Mozilla/5.0 (Linux; Android 6.0.1; Nexus 5X Build/MMB29P) AppleWebKit/537.36 (KHTML, like Gecko) Chrome/153.0.8010.52 Mobile Safari/537.36 (compatible; Googlebot/2.1; +http://www.google.com/bot.html)"
66.249.66.75 - - [25/Sep/2026:04:47:44 +0300] "GET /?sale/search/detail/?ITMCODE=h8o1a6r5f2r7o1s7t266 HTTP/1.1" 301 9096 "-" "Mozilla/5.0 (Linux; Android 6.0.1; Nexus 5X Build/MMB29P) AppleWebKit/537.36 (KHTML, like Gecko) Chrome/153.0.8010.52 Mobile Safari/537.36 (compatible; Googlebot/2.1; +http://www.google.com/bot.html)"
52.167.144.216 - - [25/Sep/2026:04:47:44 +0300] "GET /?sale/search/detail/?ITMCODE=a3m6p2l1e2n5e2s5s5 HTTP/1.1" 200 30225 "-" "Mozilla/5.0 AppleWebKit/537.36 (KHTML, like Gecko; compatible; bingbot/2.0; +http://www.bing.com/bingbot.htm) Chrome/116.0.1938.76 Safari/537.36"
52.167.144.216 - - [25/Sep/2026:04:47:45 +0300] "GET /?sale/search/detail/?ITMCODE=t6h8e5n6c0e3f9r6o4m4 HTTP/1.1" 200 30227 "-" "Mozilla/5.0 AppleWebKit/537.36 (KHTML, like Gecko; compatible; bingbot/2.0; +http://www.bing.com/bingbot.htm) Chrome/116.0.1938.76 Safari/537.36"
40.77.167.16 - - [25/Sep/2026:04:47:45 +0300] "GET /?sale/search/detail/?ITMCODE=g8c2i2d8e795634 HTTP/1.1" 200 30223 "-" "Mozilla/5.0 AppleWebKit/537.36 (KHTML, like Gecko; compatible; bingbot/2.0; +http://www.bing.com/bingbot.htm) Chrome/116.0.1938.76 Safari/537.36"
52.167.144.16 - - [25/Sep/2026:04:47:46 +0300] "GET /?sale/search/detail/?ITMCODE=i6n2c3o8h1e6r9e9n5t8l3y HTTP/1.1" 200 30230 "-" "Mozilla/5.0 AppleWebKit/537.36 (KHTML, like Gecko; compatible; bingbot/2.0; +http://www.bing.com/bingbot.htm) Chrome/116.0.1938.76 Safari/537.36"
66.249.66.75 - - [25/Sep/2026:04:47:46 +0300] "GET /?sale/search/detail/?ITMCODE=c2o3r2r5a7d2i1a6t8e72 HTTP/1.1" 301 9097 "-" "Mozilla/5.0 (Linux; Android 6.0.1; Nexus 5X Build/MMB29P) AppleWebKit/537.36 (KHTML, like Gecko) Chrome/153.0.8010.52 Mobile Safari/537.36 (compatible; Googlebot/2.1; +http://www.google.com/bot.html)"
57.141.20.47 - - [25/Sep/2026:04:47:46 +0300] "GET /?sale/search/detail/?ITMCODE=p1a1n8o1i2s3t8i4c876 HTTP/1.1" 200 30227 "-" "Mozilla/5.0 (X11; Linux x86_64) AppleWebKit/537.36 (KHTML, like Gecko) Chrome/145.0.0.0 Safari/537.36 (compatible; meta-externalagent/1.1 (+https://developers.facebook.com/docs/sharing/webmasters/crawler))"
52.167.144.216 - - [25/Sep/2026:04:47:46 +0300] "GET /?sale/search/detail/?ITMCODE=i7n9t0u1m9e9s8c4e6d6 HTTP/1.1" 200 30227 "-" "Mozilla/5.0 AppleWebKit/537.36 (KHTML, like Gecko; compatible; bingbot/2.0; +http://www.bing.com/bingbot.htm) Chrome/116.0.1938.76 Safari/537.36"
66.249.66.196 - - [25/Sep/2026:04:47:47 +0300] "GET /?sale/search/detail/?ITMCODE=m6i2r7o2u8n4g2a8468 HTTP/1.1" 200 30226 "-" "Mozilla/5.0 (Linux; Android 6.0.1; Nexus 5X Build/MMB29P) AppleWebKit/537.36 (KHTML, like Gecko) Chrome/153.0.8010.52 Mobile Safari/537.36 (compatible; Googlebot/2.1; +http://www.google.com/bot.html)"
66.249.66.68 - - [25/Sep/2026:04:47:47 +0300] "GET /?sale/search/detail/?ITMCODE=p2r1o1p5o0u4n1d2e2d31 HTTP/1.1" 200 30227 "-" "Mozilla/5.0 (Linux; Android 6.0.1; Nexus 5X Build/MMB29P) AppleWebKit/537.36 (KHTML, like Gecko) Chrome/153.0.8010.52 Mobile Safari/537.36 (compatible; Googlebot/2.1; +http://www.google.com/bot.html)"
