1.75.153.56 - - [25/Sep/2026:04:16:10 +0300] "GET /wp-content/plugins/contact-form-7/includes/css/styles.css?ver=5.4.1 HTTP/2.0" 200 825 "https://princessmare.com.gr/?sale/search/detail/?ITMCODE=s4p1h7e2r7i6c5a0l3l6y4" "Mozilla/5.0 (Windows NT 10.0; Win64; x64) AppleWebKit/537.36 (KHTML, like Gecko) Chrome/153.0.0.0 Safari/537.36"
1.75.153.56 - - [25/Sep/2026:04:16:10 +0300] "GET /wp-content/themes/dt-the7/css/main.min.css?ver=9.14.1 HTTP/2.0" 200 38598 "https://princessmare.com.gr/?sale/search/detail/?ITMCODE=s4p1h7e2r7i6c5a0l3l6y4" "Mozilla/5.0 (Windows NT 10.0; Win64; x64) AppleWebKit/537.36 (KHTML, like Gecko) Chrome/153.0.0.0 Safari/537.36"
1.75.153.56 - - [25/Sep/2026:04:16:11 +0300] "GET /wp-content/plugins/js_composer/assets/css/js_composer.min.css?ver=6.6.0.1 HTTP/2.0" 200 40480 "https://princessmare.com.gr/?sale/search/detail/?ITMCODE=s4p1h7e2r7i6c5a0l3l6y4" "Mozilla/5.0 (Windows NT 10.0; Win64; x64) AppleWebKit/537.36 (KHTML, like Gecko) Chrome/153.0.0.0 Safari/537.36"
1.75.153.56 - - [25/Sep/2026:04:16:11 +0300] "GET /wp-content/plugins/cookie-notice/css/front.min.css?ver=6.9.4 HTTP/2.0" 200 1018 "https://princessmare.com.gr/?sale/search/detail/?ITMCODE=s4p1h7e2r7i6c5a0l3l6y4" "Mozilla/5.0 (Windows NT 10.0; Win64; x64) AppleWebKit/537.36 (KHTML, like Gecko) Chrome/153.0.0.0 Safari/537.36"
1.75.153.56 - - [25/Sep/2026:04:16:11 +0300] "GET /wp-content/themes/dt-the7/fonts/icomoon-the7-font/icomoon-the7-font.min.css?ver=9.14.1 HTTP/2.0" 200 2438 "https://princessmare.com.gr/?sale/search/detail/?ITMCODE=s4p1h7e2r7i6c5a0l3l6y4" "Mozilla/5.0 (Windows NT 10.0; Win64; x64) AppleWebKit/537.36 (KHTML, like Gecko) Chrome/153.0.0.0 Safari/537.36"
1.75.153.56 - - [25/Sep/2026:04:16:11 +0300] "GET /wp-content/themes/dt-the7/fonts/FontAwesome/css/all.min.css?ver=9.14.1 HTTP/2.0" 200 12348 "https://princessmare.com.gr/?sale/search/detail/?ITMCODE=s4p1h7e2r7i6c5a0l3l6y4" "Mozilla/5.0 (Windows NT 10.0; Win64; x64) AppleWebKit/537.36 (KHTML, like Gecko) Chrome/153.0.0.0 Safari/537.36"
1.75.153.56 - - [25/Sep/2026:04:16:11 +0300] "GET /wp-content/themes/dt-the7/css/wpbakery.min.css?ver=9.14.1 HTTP/2.0" 200 4094 "https://princessmare.com.gr/?sale/search/detail/?ITMCODE=s4p1h7e2r7i6c5a0l3l6y4" "Mozilla/5.0 (Windows NT 10.0; Win64; x64) AppleWebKit/537.36 (KHTML, like Gecko) Chrome/153.0.0.0 Safari/537.36"
1.75.153.56 - - [25/Sep/2026:04:16:11 +0300] "GET /wp-content/uploads/the7-css/css-vars.css?ver=a11134ae5739 HTTP/2.0" 200 4027 "https://princessmare.com.gr/?sale/search/detail/?ITMCODE=s4p1h7e2r7i6c5a0l3l6y4" "Mozilla/5.0 (Windows NT 10.0; Win64; x64) AppleWebKit/537.36 (KHTML, like Gecko) Chrome/153.0.0.0 Safari/537.36"
1.75.153.56 - - [25/Sep/2026:04:16:11 +0300] "GET /wp-content/themes/dt-the7/fonts/FontAwesome/back-compat.min.css?ver=9.14.1 HTTP/2.0" 200 3916 "https://princessmare.com.gr/?sale/search/detail/?ITMCODE=s4p1h7e2r7i6c5a0l3l6y4" "Mozilla/5.0 (Windows NT 10.0; Win64; x64) AppleWebKit/537.36 (KHTML, like Gecko) Chrome/153.0.0.0 Safari/537.36"
1.75.153.56 - - [25/Sep/2026:04:16:11 +0300] "GET /wp-content/plugins/dt-the7-core/assets/css/post-type.min.css?ver=2.5.7.1 HTTP/2.0" 200 5952 "https://princessmare.com.gr/?sale/search/detail/?ITMCODE=s4p1h7e2r7i6c5a0l3l6y4" "Mozilla/5.0 (Windows NT 10.0; Win64; x64) AppleWebKit/537.36 (KHTML, like Gecko) Chrome/153.0.0.0 Safari/537.36"
1.75.153.56 - - [25/Sep/2026:04:16:11 +0300] "GET /wp-includes/js/jquery/jquery.min.js?ver=3.7.1 HTTP/2.0" 200 29597 "https://princessmare.com.gr/?sale/search/detail/?ITMCODE=s4p1h7e2r7i6c5a0l3l6y4" "Mozilla/5.0 (Windows NT 10.0; Win64; x64) AppleWebKit/537.36 (KHTML, like Gecko) Chrome/153.0.0.0 Safari/537.36"
1.75.153.56 - - [25/Sep/2026:04:16:11 +0300] "GET /wp-content/themes/dt-the7/lib/custom-scrollbar/custom-scrollbar.min.css?ver=9.14.1 HTTP/2.0" 200 1362 "https://princessmare.com.gr/?sale/search/detail/?ITMCODE=s4p1h7e2r7i6c5a0l3l6y4" "Mozilla/5.0 (Windows NT 10.0; Win64; x64) AppleWebKit/537.36 (KHTML, like Gecko) Chrome/153.0.0.0 Safari/537.36"
1.75.153.56 - - [25/Sep/2026:04:16:11 +0300] "GET /wp-content/uploads/the7-css/custom.css?ver=a11134ae5739 HTTP/2.0" 200 29336 "https://princessmare.com.gr/?sale/search/detail/?ITMCODE=s4p1h7e2r7i6c5a0l3l6y4" "Mozilla/5.0 (Windows NT 10.0; Win64; x64) AppleWebKit/537.36 (KHTML, like Gecko) Chrome/153.0.0.0 Safari/537.36"
1.75.153.56 - - [25/Sep/2026:04:16:11 +0300] "GET /wp-content/themes/dt-the7-child/style.css?ver=9.14.1 HTTP/2.0" 200 3740 "https://princessmare.com.gr/?sale/search/detail/?ITMCODE=s4p1h7e2r7i6c5a0l3l6y4" "Mozilla/5.0 (Windows NT 10.0; Win64; x64) AppleWebKit/537.36 (KHTML, like Gecko) Chrome/153.0.0.0 Safari/537.36"
1.75.153.56 - - [25/Sep/2026:04:16:11 +0300] "GET /wp-content/uploads/the7-css/media.css?ver=a11134ae5739 HTTP/2.0" 200 9599 "https://princessmare.com.gr/?sale/search/detail/?ITMCODE=s4p1h7e2r7i6c5a0l3l6y4" "Mozilla/5.0 (Windows NT 10.0; Win64; x64) AppleWebKit/537.36 (KHTML, like Gecko) Chrome/153.0.0.0 Safari/537.36"
1.75.153.56 - - [25/Sep/2026:04:16:11 +0300] "GET /wp-content/uploads/the7-css/mega-menu.css?ver=a11134ae5739 HTTP/2.0" 200 2723 "https://princessmare.com.gr/?sale/search/detail/?ITMCODE=s4p1h7e2r7i6c5a0l3l6y4" "Mozilla/5.0 (Windows NT 10.0; Win64; x64) AppleWebKit/537.36 (KHTML, like Gecko) Chrome/153.0.0.0 Safari/537.36"
1.75.153.56 - - [25/Sep/2026:04:16:11 +0300] "GET /wp-content/uploads/the7-css/post-type-dynamic.css?ver=a11134ae5739 HTTP/2.0" 200 1226 "https://princessmare.com.gr/?sale/search/detail/?ITMCODE=s4p1h7e2r7i6c5a0l3l6y4" "Mozilla/5.0 (Windows NT 10.0; Win64; x64) AppleWebKit/537.36 (KHTML, like Gecko) Chrome/153.0.0.0 Safari/537.36"
1.75.153.56 - - [25/Sep/2026:04:16:11 +0300] "GET /wp-content/uploads/the7-css/the7-elements-albums-portfolio.css?ver=a11134ae5739 HTTP/2.0" 200 2483 "https://princessmare.com.gr/?sale/search/detail/?ITMCODE=s4p1h7e2r7i6c5a0l3l6y4" "Mozilla/5.0 (Windows NT 10.0; Win64; x64) AppleWebKit/537.36 (KHTML, like Gecko) Chrome/153.0.0.0 Safari/537.36"
1.75.153.56 - - [25/Sep/2026:04:16:11 +0300] "GET /wp-content/plugins/Ultimate_VC_Addons/assets/min-css/style.min.css?ver=3.19.10 HTTP/2.0" 200 2577 "https://princessmare.com.gr/?sale/search/detail/?ITMCODE=s4p1h7e2r7i6c5a0l3l6y4" "Mozilla/5.0 (Windows NT 10.0; Win64; x64) AppleWebKit/537.36 (KHTML, like Gecko) Chrome/153.0.0.0 Safari/537.36"
1.75.153.56 - - [25/Sep/2026:04:16:11 +0300] "GET /wp-includes/js/jquery/jquery-migrate.min.js?ver=3.4.1 HTTP/2.0" 200 4677 "https://princessmare.com.gr/?sale/search/detail/?ITMCODE=s4p1h7e2r7i6c5a0l3l6y4" "Mozilla/5.0 (Windows NT 10.0; Win64; x64) AppleWebKit/537.36 (KHTML, like Gecko) Chrome/153.0.0.0 Safari/537.36"
1.75.153.56 - - [25/Sep/2026:04:16:11 +0300] "GET /wp-content/plugins/revslider/public/assets/css/rs6.css?ver=6.5.3 HTTP/2.0" 200 11655 "https://princessmare.com.gr/?sale/search/detail/?ITMCODE=s4p1h7e2r7i6c5a0l3l6y4" "Mozilla/5.0 (Windows NT 10.0; Win64; x64) AppleWebKit/537.36 (KHTML, like Gecko) Chrome/153.0.0.0 Safari/537.36"
1.75.153.56 - - [25/Sep/2026:04:16:11 +0300] "GET /wp-content/plugins/Ultimate_VC_Addons/assets/min-css/background-style.min.css?ver=3.19.10 HTTP/2.0" 200 1635 "https://princessmare.com.gr/?sale/search/detail/?ITMCODE=s4p1h7e2r7i6c5a0l3l6y4" "Mozilla/5.0 (Windows NT 10.0; Win64; x64) AppleWebKit/537.36 (KHTML, like Gecko) Chrome/153.0.0.0 Safari/537.36"
1.75.153.56 - - [25/Sep/2026:04:16:11 +0300] "GET /wp-content/themes/dt-the7/js/above-the-fold.min.js?ver=9.14.1 HTTP/2.0" 200 3311 "https://princessmare.com.gr/?sale/search/detail/?ITMCODE=s4p1h7e2r7i6c5a0l3l6y4" "Mozilla/5.0 (Windows NT 10.0; Win64; x64) AppleWebKit/537.36 (KHTML, like Gecko) Chrome/153.0.0.0 Safari/537.36"
1.75.153.56 - - [25/Sep/2026:04:16:11 +0300] "GET /wp-content/plugins/Ultimate_VC_Addons/assets/min-js/ultimate-params.min.js?ver=3.19.10 HTTP/2.0" 200 455 "https://princessmare.com.gr/?sale/search/detail/?ITMCODE=s4p1h7e2r7i6c5a0l3l6y4" "Mozilla/5.0 (Windows NT 10.0; Win64; x64) AppleWebKit/537.36 (KHTML, like Gecko) Chrome/153.0.0.0 Safari/537.36"
1.75.153.56 - - [25/Sep/2026:04:16:11 +0300] "GET /wp-content/plugins/revslider/public/assets/fonts/revicons/revicons.woff?5510888 HTTP/2.0" 200 7536 "https://princessmare.com.gr/?sale/search/detail/?ITMCODE=s4p1h7e2r7i6c5a0l3l6y4" "Mozilla/5.0 (Windows NT 10.0; Win64; x64) AppleWebKit/537.36 (KHTML, like Gecko) Chrome/153.0.0.0 Safari/537.36"
1.75.153.56 - - [25/Sep/2026:04:16:11 +0300] "GET /wp-content/uploads/2021/07/logo.png HTTP/2.0" 200 4649 "https://princessmare.com.gr/?sale/search/detail/?ITMCODE=s4p1h7e2r7i6c5a0l3l6y4" "Mozilla/5.0 (Windows NT 10.0; Win64; x64) AppleWebKit/537.36 (KHTML, like Gecko) Chrome/153.0.0.0 Safari/537.36"
1.75.153.56 - - [25/Sep/2026:04:16:11 +0300] "GET /wp-content/themes/dt-the7-child/fonts/PalatinoLinotype/PalatinoLinotype-Roman.woff HTTP/2.0" 200 292252 "https://princessmare.com.gr/wp-content/themes/dt-the7-child/style.css?ver=9.14.1" "Mozilla/5.0 (Windows NT 10.0; Win64; x64) AppleWebKit/537.36 (KHTML, like Gecko) Chrome/153.0.0.0 Safari/537.36"
1.75.153.56 - - [25/Sep/2026:04:16:11 +0300] "GET /wp-content/plugins/revslider/public/assets/fonts/revicons/revicons.woff?5510888 HTTP/1.1" 200 5173 "https://princessmare.com.gr/?sale/search/detail/?ITMCODE=s4p1h7e2r7i6c5a0l3l6y4" "Mozilla/5.0 (Windows NT 10.0; Win64; x64) AppleWebKit/537.36 (KHTML, like Gecko) Chrome/153.0.0.0 Safari/537.36"
52.167.144.197 - - [25/Sep/2026:04:16:10 +0300] "GET /?sale/search/detail/?ITMCODE=t6r2a0b4u9087749 HTTP/1.1" 200 30224 "-" "Mozilla/5.0 AppleWebKit/537.36 (KHTML, like Gecko; compatible; bingbot/2.0; +http://www.bing.com/bingbot.htm) Chrome/116.0.1938.76 Safari/537.36"
1.75.153.56 - - [25/Sep/2026:04:16:11 +0300] "GET /wp-content/uploads/2021/07/logo.png HTTP/1.1" 200 5142 "https://princessmare.com.gr/?sale/search/detail/?ITMCODE=s4p1h7e2r7i6c5a0l3l6y4" "Mozilla/5.0 (Windows NT 10.0; Win64; x64) AppleWebKit/537.36 (KHTML, like Gecko) Chrome/153.0.0.0 Safari/537.36"
1.75.153.56 - - [25/Sep/2026:04:16:11 +0300] "GET /wp-content/themes/dt-the7-child/fonts/PalatinoLinotype/PalatinoLinotype-Roman.woff HTTP/1.1" 200 5184 "https://princessmare.com.gr/wp-content/themes/dt-the7-child/style.css?ver=9.14.1" "Mozilla/5.0 (Windows NT 10.0; Win64; x64) AppleWebKit/537.36 (KHTML, like Gecko) Chrome/153.0.0.0 Safari/537.36"
1.75.153.56 - - [25/Sep/2026:04:16:11 +0300] "GET /wp-content/uploads/2021/07/logo-colored.png HTTP/1.1" 200 5150 "https://princessmare.com.gr/?sale/search/detail/?ITMCODE=s4p1h7e2r7i6c5a0l3l6y4" "Mozilla/5.0 (Windows NT 10.0; Win64; x64) AppleWebKit/537.36 (KHTML, like Gecko) Chrome/153.0.0.0 Safari/537.36"
1.75.153.56 - - [25/Sep/2026:04:16:11 +0300] "GET /wp-content/plugins/revslider/public/assets/assets/dummy.png HTTP/1.1" 200 5221 "https://princessmare.com.gr/?sale/search/detail/?ITMCODE=s4p1h7e2r7i6c5a0l3l6y4" "Mozilla/5.0 (Windows NT 10.0; Win64; x64) AppleWebKit/537.36 (KHTML, like Gecko) Chrome/153.0.0.0 Safari/537.36"
1.75.153.56 - - [25/Sep/2026:04:16:11 +0300] "GET /wp-content/themes/dt-the7/js/main.min.js?ver=9.14.1 HTTP/1.1" 200 5160 "https://princessmare.com.gr/?sale/search/detail/?ITMCODE=s4p1h7e2r7i6c5a0l3l6y4" "Mozilla/5.0 (Windows NT 10.0; Win64; x64) AppleWebKit/537.36 (KHTML, like Gecko) Chrome/153.0.0.0 Safari/537.36"
1.75.153.56 - - [25/Sep/2026:04:16:11 +0300] "GET /wp-includes/js/dist/vendor/wp-polyfill.min.js?ver=3.15.0 HTTP/1.1" 200 5165 "https://princessmare.com.gr/?sale/search/detail/?ITMCODE=s4p1h7e2r7i6c5a0l3l6y4" "Mozilla/5.0 (Windows NT 10.0; Win64; x64) AppleWebKit/537.36 (KHTML, like Gecko) Chrome/153.0.0.0 Safari/537.36"
1.75.153.56 - - [25/Sep/2026:04:16:12 +0300] "GET /wp-content/themes/dt-the7/fonts/icomoon-the7-font/icomoon-the7-font.ttf?wi57p5 HTTP/1.1" 200 5172 "https://princessmare.com.gr/wp-content/themes/dt-the7/fonts/icomoon-the7-font/icomoon-the7-font.min.css?ver=9.14.1" "Mozilla/5.0 (Windows NT 10.0; Win64; x64) AppleWebKit/537.36 (KHTML, like Gecko) Chrome/153.0.0.0 Safari/537.36"
1.75.153.56 - - [25/Sep/2026:04:16:12 +0300] "GET /wp-content/plugins/contact-form-7/includes/js/index.js?ver=5.4.1 HTTP/1.1" 200 5174 "https://princessmare.com.gr/?sale/search/detail/?ITMCODE=s4p1h7e2r7i6c5a0l3l6y4" "Mozilla/5.0 (Windows NT 10.0; Win64; x64) AppleWebKit/537.36 (KHTML, like Gecko) Chrome/153.0.0.0 Safari/537.36"
1.75.153.56 - - [25/Sep/2026:04:16:12 +0300] "GET /wp-content/themes/dt-the7/lib/jquery-mousewheel/jquery-mousewheel.min.js?ver=9.14.1 HTTP/1.1" 200 5192 "https://princessmare.com.gr/?sale/search/detail/?ITMCODE=s4p1h7e2r7i6c5a0l3l6y4" "Mozilla/5.0 (Windows NT 10.0; Win64; x64) AppleWebKit/537.36 (KHTML, like Gecko) Chrome/153.0.0.0 Safari/537.36"
1.75.153.56 - - [25/Sep/2026:04:16:12 +0300] "GET /wp-content/themes/dt-the7/lib/custom-scrollbar/custom-scrollbar.min.js?ver=9.14.1 HTTP/1.1" 200 5190 "https://princessmare.com.gr/?sale/search/detail/?ITMCODE=s4p1h7e2r7i6c5a0l3l6y4" "Mozilla/5.0 (Windows NT 10.0; Win64; x64) AppleWebKit/537.36 (KHTML, like Gecko) Chrome/153.0.0.0 Safari/537.36"
1.75.153.56 - - [25/Sep/2026:04:16:12 +0300] "GET /wp-content/plugins/dt-the7-core/assets/js/post-type.min.js?ver=2.5.7.1 HTTP/1.1" 200 5178 "https://princessmare.com.gr/?sale/search/detail/?ITMCODE=s4p1h7e2r7i6c5a0l3l6y4" "Mozilla/5.0 (Windows NT 10.0; Win64; x64) AppleWebKit/537.36 (KHTML, like Gecko) Chrome/153.0.0.0 Safari/537.36"
52.167.144.197 - - [25/Sep/2026:04:16:11 +0300] "GET /?sale/search/detail/?ITMCODE=g7r3a0m8m5a6t9i7c0a1s3ter HTTP/1.1" 200 30231 "-" "Mozilla/5.0 AppleWebKit/537.36 (KHTML, like Gecko; compatible; bingbot/2.0; +http://www.bing.com/bingbot.htm) Chrome/116.0.1938.76 Safari/537.36"
1.75.153.56 - - [25/Sep/2026:04:16:12 +0300] "GET /wp-content/plugins/js_composer/assets/js/dist/js_composer_front.min.js?ver=6.6.0.1 HTTP/1.1" 200 5190 "https://princessmare.com.gr/?sale/search/detail/?ITMCODE=s4p1h7e2r7i6c5a0l3l6y4" "Mozilla/5.0 (Windows NT 10.0; Win64; x64) AppleWebKit/537.36 (KHTML, like Gecko) Chrome/153.0.0.0 Safari/537.36"
1.75.153.56 - - [25/Sep/2026:04:16:12 +0300] "GET /wp-content/plugins/Ultimate_VC_Addons/assets/min-js/jquery-appear.min.js?ver=3.19.10 HTTP/1.1" 200 5192 "https://princessmare.com.gr/?sale/search/detail/?ITMCODE=s4p1h7e2r7i6c5a0l3l6y4" "Mozilla/5.0 (Windows NT 10.0; Win64; x64) AppleWebKit/537.36 (KHTML, like Gecko) Chrome/153.0.0.0 Safari/537.36"
1.75.153.56 - - [25/Sep/2026:04:16:12 +0300] "GET /wp-content/plugins/Ultimate_VC_Addons/assets/min-js/ultimate_bg.min.js?ver=3.19.10 HTTP/1.1" 200 5190 "https://princessmare.com.gr/?sale/search/detail/?ITMCODE=s4p1h7e2r7i6c5a0l3l6y4" "Mozilla/5.0 (Windows NT 10.0; Win64; x64) AppleWebKit/537.36 (KHTML, like Gecko) Chrome/153.0.0.0 Safari/537.36"
1.75.153.56 - - [25/Sep/2026:04:16:12 +0300] "GET /wp-content/plugins/Ultimate_VC_Addons/assets/min-js/custom.min.js?ver=3.19.10 HTTP/1.1" 200 5185 "https://princessmare.com.gr/?sale/search/detail/?ITMCODE=s4p1h7e2r7i6c5a0l3l6y4" "Mozilla/5.0 (Windows NT 10.0; Win64; x64) AppleWebKit/537.36 (KHTML, like Gecko) Chrome/153.0.0.0 Safari/537.36"
1.75.153.56 - - [25/Sep/2026:04:16:12 +0300] "GET /wp-content/plugins/revslider/public/assets/js/rbtools.min.js?ver=6.5.3 HTTP/1.1" 200 5180 "https://princessmare.com.gr/?sale/search/detail/?ITMCODE=s4p1h7e2r7i6c5a0l3l6y4" "Mozilla/5.0 (Windows NT 10.0; Win64; x64) AppleWebKit/537.36 (KHTML, like Gecko) Chrome/153.0.0.0 Safari/537.36"
1.75.153.56 - - [25/Sep/2026:04:16:12 +0300] "GET /wp-content/plugins/revslider/public/assets/js/rs6.min.js?ver=6.5.3 HTTP/1.1" 200 5176 "https://princessmare.com.gr/?sale/search/detail/?ITMCODE=s4p1h7e2r7i6c5a0l3l6y4" "Mozilla/5.0 (Windows NT 10.0; Win64; x64) AppleWebKit/537.36 (KHTML, like Gecko) Chrome/153.0.0.0 Safari/537.36"
1.75.153.56 - - [25/Sep/2026:04:16:12 +0300] "GET /wp-content/uploads/2021/07/naxos-map-outline.jpg HTTP/1.1" 200 5156 "https://princessmare.com.gr/wp-content/themes/dt-the7-child/style.css?ver=9.14.1" "Mozilla/5.0 (Windows NT 10.0; Win64; x64) AppleWebKit/537.36 (KHTML, like Gecko) Chrome/153.0.0.0 Safari/537.36"
1.75.153.56 - - [25/Sep/2026:04:16:12 +0300] "GET /wp-content/uploads/2021/07/logo-colored.png HTTP/2.0" 200 4778 "https://princessmare.com.gr/?sale/search/detail/?ITMCODE=s4p1h7e2r7i6c5a0l3l6y4" "Mozilla/5.0 (Windows NT 10.0; Win64; x64) AppleWebKit/537.36 (KHTML, like Gecko) Chrome/153.0.0.0 Safari/537.36"
1.75.153.56 - - [25/Sep/2026:04:16:12 +0300] "GET /wp-content/themes/dt-the7/js/main.min.js?ver=9.14.1 HTTP/2.0" 200 77415 "https://princessmare.com.gr/?sale/search/detail/?ITMCODE=s4p1h7e2r7i6c5a0l3l6y4" "Mozilla/5.0 (Windows NT 10.0; Win64; x64) AppleWebKit/537.36 (KHTML, like Gecko) Chrome/153.0.0.0 Safari/537.36"
1.75.153.56 - - [25/Sep/2026:04:16:12 +0300] "GET /wp-includes/js/dist/vendor/wp-polyfill.min.js?ver=3.15.0 HTTP/2.0" 200 11503 "https://princessmare.com.gr/?sale/search/detail/?ITMCODE=s4p1h7e2r7i6c5a0l3l6y4" "Mozilla/5.0 (Windows NT 10.0; Win64; x64) AppleWebKit/537.36 (KHTML, like Gecko) Chrome/153.0.0.0 Safari/537.36"
1.75.153.56 - - [25/Sep/2026:04:16:12 +0300] "GET /wp-content/themes/dt-the7/fonts/icomoon-the7-font/icomoon-the7-font.ttf?wi57p5 HTTP/2.0" 200 48020 "https://princessmare.com.gr/wp-content/themes/dt-the7/fonts/icomoon-the7-font/icomoon-the7-font.min.css?ver=9.14.1" "Mozilla/5.0 (Windows NT 10.0; Win64; x64) AppleWebKit/537.36 (KHTML, like Gecko) Chrome/153.0.0.0 Safari/537.36"
1.75.153.56 - - [25/Sep/2026:04:16:12 +0300] "GET /wp-content/plugins/contact-form-7/includes/js/index.js?ver=5.4.1 HTTP/2.0" 200 3772 "https://princessmare.com.gr/?sale/search/detail/?ITMCODE=s4p1h7e2r7i6c5a0l3l6y4" "Mozilla/5.0 (Windows NT 10.0; Win64; x64) AppleWebKit/537.36 (KHTML, like Gecko) Chrome/153.0.0.0 Safari/537.36"
1.75.153.56 - - [25/Sep/2026:04:16:12 +0300] "GET /wp-content/themes/dt-the7/lib/jquery-mousewheel/jquery-mousewheel.min.js?ver=9.14.1 HTTP/2.0" 200 1037 "https://princessmare.com.gr/?sale/search/detail/?ITMCODE=s4p1h7e2r7i6c5a0l3l6y4" "Mozilla/5.0 (Windows NT 10.0; Win64; x64) AppleWebKit/537.36 (KHTML, like Gecko) Chrome/153.0.0.0 Safari/537.36"
1.75.153.56 - - [25/Sep/2026:04:16:12 +0300] "GET /wp-content/themes/dt-the7/lib/custom-scrollbar/custom-scrollbar.min.js?ver=9.14.1 HTTP/2.0" 200 11382 "https://princessmare.com.gr/?sale/search/detail/?ITMCODE=s4p1h7e2r7i6c5a0l3l6y4" "Mozilla/5.0 (Windows NT 10.0; Win64; x64) AppleWebKit/537.36 (KHTML, like Gecko) Chrome/153.0.0.0 Safari/537.36"
1.75.153.56 - - [25/Sep/2026:04:16:12 +0300] "GET /wp-content/plugins/dt-the7-core/assets/js/post-type.min.js?ver=2.5.7.1 HTTP/2.0" 200 4685 "https://princessmare.com.gr/?sale/search/detail/?ITMCODE=s4p1h7e2r7i6c5a0l3l6y4" "Mozilla/5.0 (Windows NT 10.0; Win64; x64) AppleWebKit/537.36 (KHTML, like Gecko) Chrome/153.0.0.0 Safari/537.36"
1.75.153.56 - - [25/Sep/2026:04:16:12 +0300] "GET /wp-content/plugins/js_composer/assets/js/dist/js_composer_front.min.js?ver=6.6.0.1 HTTP/2.0" 200 5540 "https://princessmare.com.gr/?sale/search/detail/?ITMCODE=s4p1h7e2r7i6c5a0l3l6y4" "Mozilla/5.0 (Windows NT 10.0; Win64; x64) AppleWebKit/537.36 (KHTML, like Gecko) Chrome/153.0.0.0 Safari/537.36"
1.75.153.56 - - [25/Sep/2026:04:16:12 +0300] "GET /wp-content/plugins/Ultimate_VC_Addons/assets/min-js/jquery-appear.min.js?ver=3.19.10 HTTP/2.0" 200 576 "https://princessmare.com.gr/?sale/search/detail/?ITMCODE=s4p1h7e2r7i6c5a0l3l6y4" "Mozilla/5.0 (Windows NT 10.0; Win64; x64) AppleWebKit/537.36 (KHTML, like Gecko) Chrome/153.0.0.0 Safari/537.36"
1.75.153.56 - - [25/Sep/2026:04:16:12 +0300] "GET /wp-content/plugins/Ultimate_VC_Addons/assets/min-js/ultimate_bg.min.js?ver=3.19.10 HTTP/2.0" 200 8657 "https://princessmare.com.gr/?sale/search/detail/?ITMCODE=s4p1h7e2r7i6c5a0l3l6y4" "Mozilla/5.0 (Windows NT 10.0; Win64; x64) AppleWebKit/537.36 (KHTML, like Gecko) Chrome/153.0.0.0 Safari/537.36"
1.75.153.56 - - [25/Sep/2026:04:16:12 +0300] "GET /wp-content/plugins/Ultimate_VC_Addons/assets/min-js/custom.min.js?ver=3.19.10 HTTP/2.0" 200 4443 "https://princessmare.com.gr/?sale/search/detail/?ITMCODE=s4p1h7e2r7i6c5a0l3l6y4" "Mozilla/5.0 (Windows NT 10.0; Win64; x64) AppleWebKit/537.36 (KHTML, like Gecko) Chrome/153.0.0.0 Safari/537.36"
1.75.153.56 - - [25/Sep/2026:04:16:12 +0300] "GET /wp-content/plugins/revslider/public/assets/js/rbtools.min.js?ver=6.5.3 HTTP/2.0" 200 45281 "https://princessmare.com.gr/?sale/search/detail/?ITMCODE=s4p1h7e2r7i6c5a0l3l6y4" "Mozilla/5.0 (Windows NT 10.0; Win64; x64) AppleWebKit/537.36 (KHTML, like Gecko) Chrome/153.0.0.0 Safari/537.36"
1.75.153.56 - - [25/Sep/2026:04:16:12 +0300] "GET /wp-content/plugins/revslider/public/assets/js/rs6.min.js?ver=6.5.3 HTTP/2.0" 200 90133 "https://princessmare.com.gr/?sale/search/detail/?ITMCODE=s4p1h7e2r7i6c5a0l3l6y4" "Mozilla/5.0 (Windows NT 10.0; Win64; x64) AppleWebKit/537.36 (KHTML, like Gecko) Chrome/153.0.0.0 Safari/537.36"
1.75.153.56 - - [25/Sep/2026:04:16:12 +0300] "GET /wp-content/uploads/2021/07/naxos-map-outline.jpg HTTP/2.0" 200 12701 "https://princessmare.com.gr/wp-content/themes/dt-the7-child/style.css?ver=9.14.1" "Mozilla/5.0 (Windows NT 10.0; Win64; x64) AppleWebKit/537.36 (KHTML, like Gecko) Chrome/153.0.0.0 Safari/537.36"
1.75.153.56 - - [25/Sep/2026:04:16:13 +0300] "GET /wp-content/uploads/2021/07/naxos-image-contact-new.jpg?id=2086 HTTP/2.0" 200 130847 "https://princessmare.com.gr/?sale/search/detail/?ITMCODE=s4p1h7e2r7i6c5a0l3l6y4" "Mozilla/5.0 (Windows NT 10.0; Win64; x64) AppleWebKit/537.36 (KHTML, like Gecko) Chrome/153.0.0.0 Safari/537.36"
1.75.153.56 - - [25/Sep/2026:04:16:13 +0300] "GET /wp-content/uploads/2021/07/genral-services-bg.jpg HTTP/2.0" 200 31955 "https://princessmare.com.gr/?sale/search/detail/?ITMCODE=s4p1h7e2r7i6c5a0l3l6y4" "Mozilla/5.0 (Windows NT 10.0; Win64; x64) AppleWebKit/537.36 (KHTML, like Gecko) Chrome/153.0.0.0 Safari/537.36"
1.75.153.56 - - [25/Sep/2026:04:16:13 +0300] "GET /wp-content/uploads/2021/07/background-rooms.jpg HTTP/2.0" 200 17688 "https://princessmare.com.gr/?sale/search/detail/?ITMCODE=s4p1h7e2r7i6c5a0l3l6y4" "Mozilla/5.0 (Windows NT 10.0; Win64; x64) AppleWebKit/537.36 (KHTML, like Gecko) Chrome/153.0.0.0 Safari/537.36"
1.75.153.56 - - [25/Sep/2026:04:16:13 +0300] "GET /wp-content/uploads/2021/07/rent-a-car-bg-new.jpg HTTP/2.0" 200 110796 "https://princessmare.com.gr/?sale/search/detail/?ITMCODE=s4p1h7e2r7i6c5a0l3l6y4" "Mozilla/5.0 (Windows NT 10.0; Win64; x64) AppleWebKit/537.36 (KHTML, like Gecko) Chrome/153.0.0.0 Safari/537.36"
1.75.153.56 - - [25/Sep/2026:04:16:13 +0300] "GET /wp-content/uploads/2021/07/testimonials-bg.jpg HTTP/2.0" 200 14395 "https://princessmare.com.gr/?sale/search/detail/?ITMCODE=s4p1h7e2r7i6c5a0l3l6y4" "Mozilla/5.0 (Windows NT 10.0; Win64; x64) AppleWebKit/537.36 (KHTML, like Gecko) Chrome/153.0.0.0 Safari/537.36"
1.75.153.56 - - [25/Sep/2026:04:16:13 +0300] "GET /wp-content/uploads/2021/07/naxos-image-contact-new.jpg?id=2086 HTTP/1.1" 200 5162 "https://princessmare.com.gr/?sale/search/detail/?ITMCODE=s4p1h7e2r7i6c5a0l3l6y4" "Mozilla/5.0 (Windows NT 10.0; Win64; x64) AppleWebKit/537.36 (KHTML, like Gecko) Chrome/153.0.0.0 Safari/537.36"
1.75.153.56 - - [25/Sep/2026:04:16:13 +0300] "GET /wp-content/uploads/2021/07/facebook-static.png HTTP/1.1" 200 5603 "https://princessmare.com.gr/wp-content/themes/dt-the7-child/style.css?ver=9.14.1" "Mozilla/5.0 (Windows NT 10.0; Win64; x64) AppleWebKit/537.36 (KHTML, like Gecko) Chrome/153.0.0.0 Safari/537.36"
1.75.153.56 - - [25/Sep/2026:04:16:13 +0300] "GET /wp-content/uploads/2021/07/instagram-static.png HTTP/1.1" 200 5665 "https://princessmare.com.gr/wp-content/themes/dt-the7-child/style.css?ver=9.14.1" "Mozilla/5.0 (Windows NT 10.0; Win64; x64) AppleWebKit/537.36 (KHTML, like Gecko) Chrome/153.0.0.0 Safari/537.36"
1.75.153.56 - - [25/Sep/2026:04:16:13 +0300] "GET /wp-content/uploads/2021/07/genral-services-bg.jpg HTTP/1.1" 200 5157 "https://princessmare.com.gr/?sale/search/detail/?ITMCODE=s4p1h7e2r7i6c5a0l3l6y4" "Mozilla/5.0 (Windows NT 10.0; Win64; x64) AppleWebKit/537.36 (KHTML, like Gecko) Chrome/153.0.0.0 Safari/537.36"
1.75.153.56 - - [25/Sep/2026:04:16:13 +0300] "GET /wp-content/uploads/2021/07/background-rooms.jpg HTTP/1.1" 200 5155 "https://princessmare.com.gr/?sale/search/detail/?ITMCODE=s4p1h7e2r7i6c5a0l3l6y4" "Mozilla/5.0 (Windows NT 10.0; Win64; x64) AppleWebKit/537.36 (KHTML, like Gecko) Chrome/153.0.0.0 Safari/537.36"
66.249.66.33 - - [25/Sep/2026:04:16:12 +0300] "GET /?sale/search/detail/?ITMCODE=m2a5l1a6t2e24080 HTTP/1.1" 301 9092 "-" "Mozilla/5.0 (Linux; Android 6.0.1; Nexus 5X Build/MMB29P) AppleWebKit/537.36 (KHTML, like Gecko) Chrome/153.0.8010.52 Mobile Safari/537.36 (compatible; Googlebot/2.1; +http://www.google.com/bot.html)"
1.75.153.56 - - [25/Sep/2026:04:16:13 +0300] "GET /wp-content/uploads/2021/07/rent-a-car-bg-new.jpg HTTP/1.1" 200 5156 "https://princessmare.com.gr/?sale/search/detail/?ITMCODE=s4p1h7e2r7i6c5a0l3l6y4" "Mozilla/5.0 (Windows NT 10.0; Win64; x64) AppleWebKit/537.36 (KHTML, like Gecko) Chrome/153.0.0.0 Safari/537.36"
1.75.153.56 - - [25/Sep/2026:04:16:13 +0300] "GET /wp-content/uploads/2021/07/testimonials-bg.jpg HTTP/1.1" 200 5154 "https://princessmare.com.gr/?sale/search/detail/?ITMCODE=s4p1h7e2r7i6c5a0l3l6y4" "Mozilla/5.0 (Windows NT 10.0; Win64; x64) AppleWebKit/537.36 (KHTML, like Gecko) Chrome/153.0.0.0 Safari/537.36"
1.75.153.56 - - [25/Sep/2026:04:16:13 +0300] "GET /favicon.ico HTTP/1.1" 301 9094 "https://princessmare.com.gr/?sale/search/detail/?ITMCODE=s4p1h7e2r7i6c5a0l3l6y4" "Mozilla/5.0 (Windows NT 10.0; Win64; x64) AppleWebKit/537.36 (KHTML, like Gecko) Chrome/153.0.0.0 Safari/537.36"
1.75.153.56 - - [25/Sep/2026:04:16:14 +0300] "GET / HTTP/1.1" 200 29909 "https://princessmare.com.gr/?sale/search/detail/?ITMCODE=s4p1h7e2r7i6c5a0l3l6y4" "Mozilla/5.0 (Windows NT 10.0; Win64; x64) AppleWebKit/537.36 (KHTML, like Gecko) Chrome/153.0.0.0 Safari/537.36"
66.249.66.203 - - [25/Sep/2026:04:16:15 +0300] "GET /?sale/search/detail/?ITMCODE=h5a4s0t0i1n9g66800 HTTP/1.1" 301 9094 "-" "Mozilla/5.0 (Linux; Android 6.0.1; Nexus 5X Build/MMB29P) AppleWebKit/537.36 (KHTML, like Gecko) Chrome/153.0.8010.52 Mobile Safari/537.36 (compatible; Googlebot/2.1; +http://www.google.com/bot.html)"
52.167.144.211 - - [25/Sep/2026:04:16:16 +0300] "GET /?sale/search/detail/?ITMCODE=c1o1n8t6i0n4u1a6l818 HTTP/1.1" 200 30227 "-" "Mozilla/5.0 AppleWebKit/537.36 (KHTML, like Gecko; compatible; bingbot/2.0; +http://www.bing.com/bingbot.htm) Chrome/116.0.1938.76 Safari/537.36"
57.141.20.56 - - [25/Sep/2026:04:16:16 +0300] "GET /?sale/search/detail/?ITMCODE=c1i2b2o3r0i2a66313 HTTP/1.1" 200 30225 "-" "Mozilla/5.0 (Windows NT 10.0; Win64; x64) AppleWebKit/537.36 (KHTML, like Gecko) Chrome/145.0.0.0 Safari/537.36 (compatible; meta-externalagent/1.1 (+https://developers.facebook.com/docs/sharing/webmasters/crawler))"
52.167.144.211 - - [25/Sep/2026:04:16:17 +0300] "GET /?sale/search/detail/?ITMCODE=c3a7n7d7e5s9c9e2n4t HTTP/1.1" 200 30226 "-" "Mozilla/5.0 AppleWebKit/537.36 (KHTML, like Gecko; compatible; bingbot/2.0; +http://www.bing.com/bingbot.htm) Chrome/116.0.1938.76 Safari/537.36"
52.167.144.211 - - [25/Sep/2026:04:16:18 +0300] "GET /?sale/search/detail/?ITMCODE=d4u1o2d3e4c5a9h5e1d1r9al HTTP/1.1" 200 30229 "-" "Mozilla/5.0 AppleWebKit/537.36 (KHTML, like Gecko; compatible; bingbot/2.0; +http://www.bing.com/bingbot.htm) Chrome/116.0.1938.76 Safari/537.36"
66.249.66.40 - - [25/Sep/2026:04:16:18 +0300] "GET /?sale/search/detail/?ITMCODE=r4u1s2s9o5p5h8i9l3i4s9m HTTP/1.1" 200 30229 "-" "Mozilla/5.0 (Linux; Android 6.0.1; Nexus 5X Build/MMB29P) AppleWebKit/537.36 (KHTML, like Gecko) Chrome/153.0.8010.52 Mobile Safari/537.36 (compatible; Googlebot/2.1; +http://www.google.com/bot.html)"
52.167.144.211 - - [25/Sep/2026:04:16:19 +0300] "GET /?sale/search/detail/?ITMCODE=i4n8t4e5n8d1i2m2e4nt HTTP/1.1" 200 30227 "-" "Mozilla/5.0 AppleWebKit/537.36 (KHTML, like Gecko; compatible; bingbot/2.0; +http://www.bing.com/bingbot.htm) Chrome/116.0.1938.76 Safari/537.36"
52.167.144.211 - - [25/Sep/2026:04:16:20 +0300] "GET /?sale/search/detail/?ITMCODE=p5o6l0y6m2e8r6i1z3e8 HTTP/1.1" 200 30228 "-" "Mozilla/5.0 AppleWebKit/537.36 (KHTML, like Gecko; compatible; bingbot/2.0; +http://www.bing.com/bingbot.htm) Chrome/116.0.1938.76 Safari/537.36"
66.249.66.203 - - [25/Sep/2026:04:16:21 +0300] "GET /?sale/search/detail/?ITMCODE=p2e3r4c7e9i6v5e4837 HTTP/1.1" 301 9095 "-" "Mozilla/5.0 (Linux; Android 6.0.1; Nexus 5X Build/MMB29P) AppleWebKit/537.36 (KHTML, like Gecko) Chrome/153.0.8010.52 Mobile Safari/537.36 (compatible; Googlebot/2.1; +http://www.google.com/bot.html)"
52.167.144.211 - - [25/Sep/2026:04:16:22 +0300] "GET /?sale/search/detail/?ITMCODE=m5a8r6g9e489857 HTTP/1.1" 200 30223 "-" "Mozilla/5.0 AppleWebKit/537.36 (KHTML, like Gecko; compatible; bingbot/2.0; +http://www.bing.com/bingbot.htm) Chrome/116.0.1938.76 Safari/537.36"
52.167.144.211 - - [25/Sep/2026:04:16:23 +0300] "GET /?sale/search/detail/?ITMCODE=v0i5g9n7e9t7t2e4r23 HTTP/1.1" 200 30226 "-" "Mozilla/5.0 AppleWebKit/537.36 (KHTML, like Gecko; compatible; bingbot/2.0; +http://www.bing.com/bingbot.htm) Chrome/116.0.1938.76 Safari/537.36"
66.249.66.203 - - [25/Sep/2026:04:16:24 +0300] "GET /?sale/search/detail/?ITMCODE=a1b1e1a7r3571330 HTTP/1.1" 301 9092 "-" "Mozilla/5.0 (Linux; Android 6.0.1; Nexus 5X Build/MMB29P) AppleWebKit/537.36 (KHTML, like Gecko) Chrome/153.0.8010.52 Mobile Safari/537.36 (compatible; Googlebot/2.1; +http://www.google.com/bot.html)"
52.167.144.211 - - [25/Sep/2026:04:16:24 +0300] "GET /?sale/search/detail/?ITMCODE=s5u4b0e3q7u3a7l0195 HTTP/1.1" 200 30227 "-" "Mozilla/5.0 AppleWebKit/537.36 (KHTML, like Gecko; compatible; bingbot/2.0; +http://www.bing.com/bingbot.htm) Chrome/116.0.1938.76 Safari/537.36"
52.167.144.211 - - [25/Sep/2026:04:16:25 +0300] "GET /?sale/search/detail/?ITMCODE=i6m3p4u2l5s8i4v8e4n2e3ss HTTP/1.1" 200 30230 "-" "Mozilla/5.0 AppleWebKit/537.36 (KHTML, like Gecko; compatible; bingbot/2.0; +http://www.bing.com/bingbot.htm) Chrome/116.0.1938.76 Safari/537.36"
66.249.66.33 - - [25/Sep/2026:04:16:26 +0300] "GET /?sale/search/detail/?ITMCODE=a0l2l3h4a5i5l94904 HTTP/1.1" 301 9094 "-" "Mozilla/5.0 (Linux; Android 6.0.1; Nexus 5X Build/MMB29P) AppleWebKit/537.36 (KHTML, like Gecko) Chrome/153.0.8010.52 Mobile Safari/537.36 (compatible; Googlebot/2.1; +http://www.google.com/bot.html)"
52.167.144.183 - - [25/Sep/2026:04:16:27 +0300] "GET /?sale/search/detail/?ITMCODE=b4i1t4a5k7e482645 HTTP/1.1" 200 30225 "-" "Mozilla/5.0 AppleWebKit/537.36 (KHTML, like Gecko; compatible; bingbot/2.0; +http://www.bing.com/bingbot.htm) Chrome/116.0.1938.76 Safari/537.36"
66.249.66.40 - - [25/Sep/2026:04:16:27 +0300] "GET /?sale/search/detail/?ITMCODE=b0u1g4i0a064172 HTTP/1.1" 200 30223 "-" "Mozilla/5.0 (Linux; Android 6.0.1; Nexus 5X Build/MMB29P) AppleWebKit/537.36 (KHTML, like Gecko) Chrome/153.0.8010.52 Mobile Safari/537.36 (compatible; Googlebot/2.1; +http://www.google.com/bot.html)"
52.167.144.183 - - [25/Sep/2026:04:16:28 +0300] "GET /?sale/search/detail/?ITMCODE=p9l2y2e4r9073512 HTTP/1.1" 200 30223 "-" "Mozilla/5.0 AppleWebKit/537.36 (KHTML, like Gecko; compatible; bingbot/2.0; +http://www.bing.com/bingbot.htm) Chrome/116.0.1938.76 Safari/537.36"
66.249.66.40 - - [25/Sep/2026:04:16:28 +0300] "GET /?sale/search/detail/?ITMCODE=s9a2u6l6a9r3i1s5131 HTTP/1.1" 200 30225 "-" "Mozilla/5.0 (Linux; Android 6.0.1; Nexus 5X Build/MMB29P) AppleWebKit/537.36 (KHTML, like Gecko) Chrome/153.0.8010.52 Mobile Safari/537.36 (compatible; Googlebot/2.1; +http://www.google.com/bot.html)"
66.249.66.33 - - [25/Sep/2026:04:16:29 +0300] "GET /?sale/search/detail/?ITMCODE=s9p4u1r8r5i0a1l3380 HTTP/1.1" 301 9095 "-" "Mozilla/5.0 (Linux; Android 6.0.1; Nexus 5X Build/MMB29P) AppleWebKit/537.36 (KHTML, like Gecko) Chrome/153.0.8010.52 Mobile Safari/537.36 (compatible; Googlebot/2.1; +http://www.google.com/bot.html)"
52.167.144.183 - - [25/Sep/2026:04:16:29 +0300] "GET /?sale/search/detail/?ITMCODE=m1u2c0k7r8a6k8e1587 HTTP/1.1" 200 30227 "-" "Mozilla/5.0 AppleWebKit/537.36 (KHTML, like Gecko; compatible; bingbot/2.0; +http://www.bing.com/bingbot.htm) Chrome/116.0.1938.76 Safari/537.36"
66.249.66.40 - - [25/Sep/2026:04:16:29 +0300] "GET /shopdetail/opt/036000350 HTTP/1.1" 404 64763 "-" "Mozilla/5.0 (Linux; Android 6.0.1; Nexus 5X Build/MMB29P) AppleWebKit/537.36 (KHTML, like Gecko) Chrome/153.0.8010.52 Mobile Safari/537.36 (compatible; Googlebot/2.1; +http://www.google.com/bot.html)"
52.167.144.183 - - [25/Sep/2026:04:16:30 +0300] "GET /?sale/search/detail/?ITMCODE=m1o1m5e8n4t4a09719 HTTP/1.1" 200 30225 "-" "Mozilla/5.0 AppleWebKit/537.36 (KHTML, like Gecko; compatible; bingbot/2.0; +http://www.bing.com/bingbot.htm) Chrome/116.0.1938.76 Safari/537.36"
66.249.66.40 - - [25/Sep/2026:04:16:30 +0300] "GET /?r=021000348 HTTP/1.1" 200 30193 "-" "Mozilla/5.0 (Linux; Android 6.0.1; Nexus 5X Build/MMB29P) AppleWebKit/537.36 (KHTML, like Gecko) Chrome/153.0.8010.52 Mobile Safari/537.36 (compatible; Googlebot/2.1; +http://www.google.com/bot.html)"
52.167.144.183 - - [25/Sep/2026:04:16:30 +0300] "GET /?sale/search/detail/?ITMCODE=e6r1u3c3a6e136828 HTTP/1.1" 200 30224 "-" "Mozilla/5.0 AppleWebKit/537.36 (KHTML, like Gecko; compatible; bingbot/2.0; +http://www.bing.com/bingbot.htm) Chrome/116.0.1938.76 Safari/537.36"
66.249.66.33 - - [25/Sep/2026:04:16:32 +0300] "GET /?sale/search/detail/?ITMCODE=l8e2v2a8n2t7i3n0e154 HTTP/1.1" 301 9096 "-" "Mozilla/5.0 (Linux; Android 6.0.1; Nexus 5X Build/MMB29P) AppleWebKit/537.36 (KHTML, like Gecko) Chrome/153.0.8010.52 Mobile Safari/537.36 (compatible; Googlebot/2.1; +http://www.google.com/bot.html)"
66.249.66.33 - - [25/Sep/2026:04:16:34 +0300] "GET /?sale/search/detail/?ITMCODE=j5a2c5u0l7a5t3o2r050 HTTP/1.1" 301 9096 "-" "Mozilla/5.0 (Linux; Android 6.0.1; Nexus 5X Build/MMB29P) AppleWebKit/537.36 (KHTML, like Gecko) Chrome/153.0.8010.52 Mobile Safari/537.36 (compatible; Googlebot/2.1; +http://www.google.com/bot.html)"
66.249.66.75 - - [25/Sep/2026:04:16:36 +0300] "GET /?sale/search/detail/?ITMCODE=t9a3i3l1b6l4o7c0k505 HTTP/1.1" 301 9096 "-" "Mozilla/5.0 (Linux; Android 6.0.1; Nexus 5X Build/MMB29P) AppleWebKit/537.36 (KHTML, like Gecko) Chrome/153.0.8010.52 Mobile Safari/537.36 (compatible; Googlebot/2.1; +http://www.google.com/bot.html)"
66.249.66.75 - - [25/Sep/2026:04:16:37 +0300] "GET /?sale/search/detail/?ITMCODE=h5a1e3m8a9t5o1c2r4y9a7l HTTP/1.1" 301 9099 "-" "Mozilla/5.0 (Linux; Android 6.0.1; Nexus 5X Build/MMB29P) AppleWebKit/537.36 (KHTML, like Gecko) Chrome/153.0.8010.52 Mobile Safari/537.36 (compatible; Googlebot/2.1; +http://www.google.com/bot.html)"
52.167.144.197 - - [25/Sep/2026:04:16:40 +0300] "GET /?sale/search/detail/?ITMCODE=d6i3s8t4r7a9i2n6a2b1l8e HTTP/1.1" 200 30229 "-" "Mozilla/5.0 AppleWebKit/537.36 (KHTML, like Gecko; compatible; bingbot/2.0; +http://www.bing.com/bingbot.htm) Chrome/116.0.1938.76 Safari/537.36"
66.249.66.75 - - [25/Sep/2026:04:16:40 +0300] "GET /?sale/search/detail/?ITMCODE=b0a9d4g0e3l5e5s5s51 HTTP/1.1" 301 9095 "-" "Mozilla/5.0 (Linux; Android 6.0.1; Nexus 5X Build/MMB29P) AppleWebKit/537.36 (KHTML, like Gecko) Chrome/153.0.8010.52 Mobile Safari/537.36 (compatible; Googlebot/2.1; +http://www.google.com/bot.html)"
52.167.144.197 - - [25/Sep/2026:04:16:42 +0300] "GET /?sale/search/detail/?ITMCODE=s9u2b3a3h6d8a0r3889 HTTP/1.1" 200 30226 "-" "Mozilla/5.0 AppleWebKit/537.36 (KHTML, like Gecko; compatible; bingbot/2.0; +http://www.bing.com/bingbot.htm) Chrome/116.0.1938.76 Safari/537.36"
66.249.66.75 - - [25/Sep/2026:04:16:43 +0300] "GET /?sale/search/detail/?ITMCODE=c4h5a0l2y6b3i3t8e90 HTTP/1.1" 301 9095 "-" "Mozilla/5.0 (Linux; Android 6.0.1; Nexus 5X Build/MMB29P) AppleWebKit/537.36 (KHTML, like Gecko) Chrome/153.0.8010.52 Mobile Safari/537.36 (compatible; Googlebot/2.1; +http://www.google.com/bot.html)"
52.167.144.183 - - [25/Sep/2026:04:16:43 +0300] "GET /?sale/search/detail/?ITMCODE=m3e2l7a9n0c4h7o1l6i6s6t HTTP/1.1" 200 30229 "-" "Mozilla/5.0 AppleWebKit/537.36 (KHTML, like Gecko; compatible; bingbot/2.0; +http://www.bing.com/bingbot.htm) Chrome/116.0.1938.76 Safari/537.36"
66.249.66.32 - - [25/Sep/2026:04:16:43 +0300] "GET /?sale/search/detail/?ITMCODE=v6a1r4i6c9o0l5o8r3e8d2 HTTP/1.1" 200 30228 "-" "Mozilla/5.0 (Linux; Android 6.0.1; Nexus 5X Build/MMB29P) AppleWebKit/537.36 (KHTML, like Gecko) Chrome/153.0.8010.52 Mobile Safari/537.36 (compatible; Googlebot/2.1; +http://www.google.com/bot.html)"
52.167.144.183 - - [25/Sep/2026:04:16:44 +0300] "GET /?sale/search/detail/?ITMCODE=a0n4n7u8l5l2a8b3l8e5 HTTP/1.1" 200 30227 "-" "Mozilla/5.0 AppleWebKit/537.36 (KHTML, like Gecko; compatible; bingbot/2.0; +http://www.bing.com/bingbot.htm) Chrome/116.0.1938.76 Safari/537.36"
52.167.144.197 - - [25/Sep/2026:04:16:44 +0300] "GET /?sale/search/detail/?ITMCODE=t8e9l6h5a5r7m7o1n1i4c HTTP/1.1" 200 30228 "-" "Mozilla/5.0 AppleWebKit/537.36 (KHTML, like Gecko; compatible; bingbot/2.0; +http://www.bing.com/bingbot.htm) Chrome/116.0.1938.76 Safari/537.36"
66.249.66.75 - - [25/Sep/2026:04:16:45 +0300] "GET /?sale/search/detail/?ITMCODE=g6a1g8a1t8e460767 HTTP/1.1" 301 9093 "-" "Mozilla/5.0 (Linux; Android 6.0.1; Nexus 5X Build/MMB29P) AppleWebKit/537.36 (KHTML, like Gecko) Chrome/153.0.8010.52 Mobile Safari/537.36 (compatible; Googlebot/2.1; +http://www.google.com/bot.html)"
52.167.144.183 - - [25/Sep/2026:04:16:45 +0300] "GET /?sale/search/detail/?ITMCODE=s4c3o7o6p3e3d77321 HTTP/1.1" 200 30225 "-" "Mozilla/5.0 AppleWebKit/537.36 (KHTML, like Gecko; compatible; bingbot/2.0; +http://www.bing.com/bingbot.htm) Chrome/116.0.1938.76 Safari/537.36"
66.249.66.75 - - [25/Sep/2026:04:16:45 +0300] "GET /?sale/search/detail/?ITMCODE=u4s1h1e9r6e9d83543 HTTP/1.1" 301 9094 "-" "Mozilla/5.0 (Linux; Android 6.0.1; Nexus 5X Build/MMB29P) AppleWebKit/537.36 (KHTML, like Gecko) Chrome/153.0.8010.52 Mobile Safari/537.36 (compatible; Googlebot/2.1; +http://www.google.com/bot.html)"
52.167.144.183 - - [25/Sep/2026:04:16:46 +0300] "GET /?sale/search/detail/?ITMCODE=o7u3t1w4a8r8d9d5e1v4e3loping HTTP/1.1" 200 30233 "-" "Mozilla/5.0 AppleWebKit/537.36 (KHTML, like Gecko; compatible; bingbot/2.0; +http://www.bing.com/bingbot.htm) Chrome/116.0.1938.76 Safari/537.36"
52.167.144.183 - - [25/Sep/2026:04:16:46 +0300] "GET /?sale/search/detail/?ITMCODE=i3r6r5e1f4r5a6g9a8b3le HTTP/1.1" 200 30228 "-" "Mozilla/5.0 AppleWebKit/537.36 (KHTML, like Gecko; compatible; bingbot/2.0; +http://www.bing.com/bingbot.htm) Chrome/116.0.1938.76 Safari/537.36"
52.167.144.197 - - [25/Sep/2026:04:16:47 +0300] "GET /?sale/search/detail/?ITMCODE=g6u2l7p4h21814 HTTP/1.1" 200 30222 "-" "Mozilla/5.0 AppleWebKit/537.36 (KHTML, like Gecko; compatible; bingbot/2.0; +http://www.bing.com/bingbot.htm) Chrome/116.0.1938.76 Safari/537.36"
52.167.144.183 - - [25/Sep/2026:04:16:47 +0300] "GET /?sale/search/detail/?ITMCODE=p5r2o6s9p7e1r6o1u0s5n1ess HTTP/1.1" 200 30230 "-" "Mozilla/5.0 AppleWebKit/537.36 (KHTML, like Gecko; compatible; bingbot/2.0; +http://www.bing.com/bingbot.htm) Chrome/116.0.1938.76 Safari/537.36"
66.249.66.75 - - [25/Sep/2026:04:16:48 +0300] "GET /?sale/search/detail/?ITMCODE=m9o3r7e6l9l4e02858 HTTP/1.1" 301 9094 "-" "Mozilla/5.0 (Linux; Android 6.0.1; Nexus 5X Build/MMB29P) AppleWebKit/537.36 (KHTML, like Gecko) Chrome/153.0.8010.52 Mobile Safari/537.36 (compatible; Googlebot/2.1; +http://www.google.com/bot.html)"
52.167.144.183 - - [25/Sep/2026:04:16:48 +0300] "GET /?sale/search/detail/?ITMCODE=t6e2n1s9i9b9i7l1i8t2y0 HTTP/1.1" 200 30228 "-" "Mozilla/5.0 AppleWebKit/537.36 (KHTML, like Gecko; compatible; bingbot/2.0; +http://www.bing.com/bingbot.htm) Chrome/116.0.1938.76 Safari/537.36"
52.167.144.183 - - [25/Sep/2026:04:16:49 +0300] "GET /?sale/search/detail/?ITMCODE=w5r3i2e7r9765680 HTTP/1.1" 200 30224 "-" "Mozilla/5.0 AppleWebKit/537.36 (KHTML, like Gecko; compatible; bingbot/2.0; +http://www.bing.com/bingbot.htm) Chrome/116.0.1938.76 Safari/537.36"
66.249.66.75 - - [25/Sep/2026:04:16:51 +0300] "GET /?sale/search/detail/?ITMCODE=c9e1l3a9t6u5r2e5483 HTTP/1.1" 301 9095 "-" "Mozilla/5.0 (Linux; Android 6.0.1; Nexus 5X Build/MMB29P) AppleWebKit/537.36 (KHTML, like Gecko) Chrome/153.0.8010.52 Mobile Safari/537.36 (compatible; Googlebot/2.1; +http://www.google.com/bot.html)"
66.249.66.68 - - [25/Sep/2026:04:16:53 +0300] "GET /wp-content/uploads/the7-css/css-vars.css?ver=a11134ae5739 HTTP/1.1" 200 5146 "https://princessmare.com.gr/?sale/search/detail/?ITMCODE=v6a1r4i6c9o0l5o8r3e8d2" "Mozilla/5.0 (Linux; Android 6.0.1; Nexus 5X Build/MMB29P) AppleWebKit/537.36 (KHTML, like Gecko) Chrome/153.0.8010.52 Mobile Safari/537.36 (compatible; Googlebot/2.1; +http://www.google.com/bot.html)"
66.249.66.196 - - [25/Sep/2026:04:16:53 +0300] "GET /wp-content/themes/dt-the7-child/style.css?ver=9.14.1 HTTP/1.1" 200 5147 "https://princessmare.com.gr/?sale/search/detail/?ITMCODE=m5a6r2a4b1o5u9t884" "Mozilla/5.0 (Linux; Android 6.0.1; Nexus 5X Build/MMB29P) AppleWebKit/537.36 (KHTML, like Gecko) Chrome/153.0.8010.52 Mobile Safari/537.36 (compatible; Googlebot/2.1; +http://www.google.com/bot.html)"
66.249.66.68 - - [25/Sep/2026:04:16:53 +0300] "GET /wp-content/uploads/the7-css/css-vars.css?ver=a11134ae5739 HTTP/1.1" 200 4039 "https://princessmare.com.gr/?sale/search/detail/?ITMCODE=v6a1r4i6c9o0l5o8r3e8d2" "Mozilla/5.0 (Linux; Android 6.0.1; Nexus 5X Build/MMB29P) AppleWebKit/537.36 (KHTML, like Gecko) Chrome/153.0.8010.52 Mobile Safari/537.36 (compatible; Googlebot/2.1; +http://www.google.com/bot.html)"
66.249.66.196 - - [25/Sep/2026:04:16:53 +0300] "GET /wp-content/themes/dt-the7-child/style.css?ver=9.14.1 HTTP/1.1" 200 3752 "https://princessmare.com.gr/?sale/search/detail/?ITMCODE=m5a6r2a4b1o5u9t884" "Mozilla/5.0 (Linux; Android 6.0.1; Nexus 5X Build/MMB29P) AppleWebKit/537.36 (KHTML, like Gecko) Chrome/153.0.8010.52 Mobile Safari/537.36 (compatible; Googlebot/2.1; +http://www.google.com/bot.html)"
66.249.66.75 - - [25/Sep/2026:04:16:54 +0300] "GET /?sale/search/detail/?ITMCODE=a1c2e4p5h9a8l5a3776 HTTP/1.1" 301 9095 "-" "Mozilla/5.0 (Linux; Android 6.0.1; Nexus 5X Build/MMB29P) AppleWebKit/537.36 (KHTML, like Gecko) Chrome/153.0.8010.52 Mobile Safari/537.36 (compatible; Googlebot/2.1; +http://www.google.com/bot.html)"
66.249.66.75 - - [25/Sep/2026:04:16:56 +0300] "GET /?sale/search/detail/?ITMCODE=d9e2c0o5r1t5i2c7a8t4o1r HTTP/1.1" 301 9099 "-" "Mozilla/5.0 (Linux; Android 6.0.1; Nexus 5X Build/MMB29P) AppleWebKit/537.36 (KHTML, like Gecko) Chrome/153.0.8010.52 Mobile Safari/537.36 (compatible; Googlebot/2.1; +http://www.google.com/bot.html)"
66.249.66.32 - - [25/Sep/2026:04:16:56 +0300] "GET /?sale/search/detail/?ITMCODE=a7b1o8o9n5649007 HTTP/1.1" 200 30224 "-" "Mozilla/5.0 (Linux; Android 6.0.1; Nexus 5X Build/MMB29P) AppleWebKit/537.36 (KHTML, like Gecko) Chrome/153.0.8010.52 Mobile Safari/537.36 (compatible; Googlebot/2.1; +http://www.google.com/bot.html)"
66.249.66.196 - - [25/Sep/2026:04:16:57 +0300] "GET /?sale/search/detail/?ITMCODE=o2v3e2r4e7x7e2r5t217 HTTP/1.1" 200 30226 "-" "Mozilla/5.0 (Linux; Android 6.0.1; Nexus 5X Build/MMB29P) AppleWebKit/537.36 (KHTML, like Gecko) Chrome/153.0.8010.52 Mobile Safari/537.36 (compatible; Googlebot/2.1; +http://www.google.com/bot.html)"
66.249.66.75 - - [25/Sep/2026:04:16:59 +0300] "GET /?sale/search/detail/?ITMCODE=m2o3l4l5y1m1a2w8k975 HTTP/1.1" 301 9096 "-" "Mozilla/5.0 (Linux; Android 6.0.1; Nexus 5X Build/MMB29P) AppleWebKit/537.36 (KHTML, like Gecko) Chrome/153.0.8010.52 Mobile Safari/537.36 (compatible; Googlebot/2.1; +http://www.google.com/bot.html)"
66.249.66.68 - - [25/Sep/2026:04:17:01 +0300] "GET /wp-content/plugins/Ultimate_VC_Addons/assets/min-js/jquery-appear.min.js?ver=3.19.10 HTTP/1.1" 200 5192 "https://princessmare.com.gr/?sale/search/detail/?ITMCODE=a7b1o8o9n5649007" "Mozilla/5.0 (Linux; Android 6.0.1; Nexus 5X Build/MMB29P) AppleWebKit/537.36 (KHTML, like Gecko) Chrome/153.0.8010.52 Mobile Safari/537.36 (compatible; Googlebot/2.1; +http://www.google.com/bot.html)"
57.141.20.39 - - [25/Sep/2026:04:17:00 +0300] "GET /?sale/search/detail/?ITMCODE=s1c3a8l0e5b6e2a7m648 HTTP/1.1" 200 30227 "-" "Mozilla/5.0 (Windows NT 10.0; Win64; x64) AppleWebKit/537.36 (KHTML, like Gecko) Chrome/145.0.0.0 Safari/537.36 (compatible; meta-externalagent/1.1 (+https://developers.facebook.com/docs/sharing/webmasters/crawler))"
66.249.66.68 - - [25/Sep/2026:04:17:01 +0300] "GET /wp-content/plugins/Ultimate_VC_Addons/assets/min-js/jquery-appear.min.js?ver=3.19.10 HTTP/1.1" 200 588 "https://princessmare.com.gr/?sale/search/detail/?ITMCODE=a7b1o8o9n5649007" "Mozilla/5.0 (Linux; Android 6.0.1; Nexus 5X Build/MMB29P) AppleWebKit/537.36 (KHTML, like Gecko) Chrome/153.0.8010.52 Mobile Safari/537.36 (compatible; Googlebot/2.1; +http://www.google.com/bot.html)"
66.249.66.75 - - [25/Sep/2026:04:17:02 +0300] "GET /?sale/search/detail/?ITMCODE=m7e1p8h7i5l2a22731 HTTP/1.1" 301 9094 "-" "Mozilla/5.0 (Linux; Android 6.0.1; Nexus 5X Build/MMB29P) AppleWebKit/537.36 (KHTML, like Gecko) Chrome/153.0.8010.52 Mobile Safari/537.36 (compatible; Googlebot/2.1; +http://www.google.com/bot.html)"
66.249.66.75 - - [25/Sep/2026:04:17:06 +0300] "GET /?sale/search/detail/?ITMCODE=i0n2t9e7r1c2e0p5t1i8n3g HTTP/1.1" 301 9099 "-" "Mozilla/5.0 (Linux; Android 6.0.1; Nexus 5X Build/MMB29P) AppleWebKit/537.36 (KHTML, like Gecko) Chrome/153.0.8010.52 Mobile Safari/537.36 (compatible; Googlebot/2.1; +http://www.google.com/bot.html)"
66.249.66.75 - - [25/Sep/2026:04:17:10 +0300] "GET /?sale/search/detail/?ITMCODE=w8h7i4t0e5b8l3a3z3e0 HTTP/1.1" 301 9096 "-" "Mozilla/5.0 (Linux; Android 6.0.1; Nexus 5X Build/MMB29P) AppleWebKit/537.36 (KHTML, like Gecko) Chrome/153.0.8010.52 Mobile Safari/537.36 (compatible; Googlebot/2.1; +http://www.google.com/bot.html)"
52.167.144.197 - - [25/Sep/2026:04:17:10 +0300] "GET /?sale/search/detail/?ITMCODE=s8h2a7b7b1i5e7s0t900 HTTP/1.1" 200 30227 "-" "Mozilla/5.0 AppleWebKit/537.36 (KHTML, like Gecko; compatible; bingbot/2.0; +http://www.bing.com/bingbot.htm) Chrome/116.0.1938.76 Safari/537.36"
66.249.66.196 - - [25/Sep/2026:04:17:11 +0300] "GET /?sale/search/detail/?ITMCODE=s0q1u0a3m7o8z3y5g7o3m5atic HTTP/1.1" 200 30233 "-" "Mozilla/5.0 (Linux; Android 6.0.1; Nexus 5X Build/MMB29P) AppleWebKit/537.36 (KHTML, like Gecko) Chrome/153.0.8010.52 Mobile Safari/537.36 (compatible; Googlebot/2.1; +http://www.google.com/bot.html)"
52.167.144.197 - - [25/Sep/2026:04:17:12 +0300] "GET /?sale/search/detail/?ITMCODE=s0e3l5f3i4n4v3o1l3u9t5ion HTTP/1.1" 200 30230 "-" "Mozilla/5.0 AppleWebKit/537.36 (KHTML, like Gecko; compatible; bingbot/2.0; +http://www.bing.com/bingbot.htm) Chrome/116.0.1938.76 Safari/537.36"
66.249.66.75 - - [25/Sep/2026:04:17:14 +0300] "GET /?sale/search/detail/?ITMCODE=b3o1n1b1o5n109545 HTTP/1.1" 301 9093 "-" "Mozilla/5.0 (Linux; Android 6.0.1; Nexus 5X Build/MMB29P) AppleWebKit/537.36 (KHTML, like Gecko) Chrome/153.0.8010.52 Mobile Safari/537.36 (compatible; Googlebot/2.1; +http://www.google.com/bot.html)"
57.141.20.3 - - [25/Sep/2026:04:17:14 +0300] "GET /?sale/search/detail/?ITMCODE=s1u2l0t8a9n2r8y8897 HTTP/1.1" 200 30225 "-" "Mozilla/5.0 (Windows NT 10.0; Win64; x64) AppleWebKit/537.36 (KHTML, like Gecko) Chrome/145.0.0.0 Safari/537.36 (compatible; meta-externalagent/1.1 (+https://developers.facebook.com/docs/sharing/webmasters/crawler))"
52.167.144.197 - - [25/Sep/2026:04:17:14 +0300] "GET /?sale/search/detail/?ITMCODE=c1o4m1f3o3r0t0e7r717 HTTP/1.1" 200 30226 "-" "Mozilla/5.0 AppleWebKit/537.36 (KHTML, like Gecko; compatible; bingbot/2.0; +http://www.bing.com/bingbot.htm) Chrome/116.0.1938.76 Safari/537.36"
52.167.144.197 - - [25/Sep/2026:04:17:17 +0300] "GET /?sale/search/detail/?ITMCODE=h7u1s7s7a2r393244 HTTP/1.1" 200 30224 "-" "Mozilla/5.0 AppleWebKit/537.36 (KHTML, like Gecko; compatible; bingbot/2.0; +http://www.bing.com/bingbot.htm) Chrome/116.0.1938.76 Safari/537.36"
52.167.144.197 - - [25/Sep/2026:04:17:19 +0300] "GET /?sale/search/detail/?ITMCODE=g9a2u9d1e8d654630 HTTP/1.1" 200 30224 "-" "Mozilla/5.0 AppleWebKit/537.36 (KHTML, like Gecko; compatible; bingbot/2.0; +http://www.bing.com/bingbot.htm) Chrome/116.0.1938.76 Safari/537.36"
66.249.66.75 - - [25/Sep/2026:04:17:20 +0300] "GET /?sale/search/detail/?ITMCODE=c6r2y4p0t8o0c6a6r5y0a2 HTTP/1.1" 301 9098 "-" "Mozilla/5.0 (Linux; Android 6.0.1; Nexus 5X Build/MMB29P) AppleWebKit/537.36 (KHTML, like Gecko) Chrome/153.0.8010.52 Mobile Safari/537.36 (compatible; Googlebot/2.1; +http://www.google.com/bot.html)"
52.167.144.211 - - [25/Sep/2026:04:17:20 +0300] "GET /?sale/search/detail/?ITMCODE=d6i3s3p5e1n0c0e3508 HTTP/1.1" 200 30226 "-" "Mozilla/5.0 AppleWebKit/537.36 (KHTML, like Gecko; compatible; bingbot/2.0; +http://www.bing.com/bingbot.htm) Chrome/116.0.1938.76 Safari/537.36"
52.167.144.211 - - [25/Sep/2026:04:17:21 +0300] "GET /?sale/search/detail/?ITMCODE=m3o1t0t6o3e5d09785 HTTP/1.1" 200 30225 "-" "Mozilla/5.0 AppleWebKit/537.36 (KHTML, like Gecko; compatible; bingbot/2.0; +http://www.bing.com/bingbot.htm) Chrome/116.0.1938.76 Safari/537.36"
52.167.144.197 - - [25/Sep/2026:04:17:22 +0300] "GET /?sale/search/detail/?ITMCODE=p1r2e6f1a9t4o1r7y122 HTTP/1.1" 200 30226 "-" "Mozilla/5.0 AppleWebKit/537.36 (KHTML, like Gecko; compatible; bingbot/2.0; +http://www.bing.com/bingbot.htm) Chrome/116.0.1938.76 Safari/537.36"
52.167.144.211 - - [25/Sep/2026:04:17:22 +0300] "GET /?sale/search/detail/?ITMCODE=t4r2i8s7a6c0c9h6a8r7i6de HTTP/1.1" 200 30230 "-" "Mozilla/5.0 AppleWebKit/537.36 (KHTML, like Gecko; compatible; bingbot/2.0; +http://www.bing.com/bingbot.htm) Chrome/116.0.1938.76 Safari/537.36"
66.249.66.75 - - [25/Sep/2026:04:17:23 +0300] "GET /?sale/search/detail/?ITMCODE=b0u2l7k3y2511109 HTTP/1.1" 301 9092 "-" "Mozilla/5.0 (Linux; Android 6.0.1; Nexus 5X Build/MMB29P) AppleWebKit/537.36 (KHTML, like Gecko) Chrome/153.0.8010.52 Mobile Safari/537.36 (compatible; Googlebot/2.1; +http://www.google.com/bot.html)"
52.167.144.211 - - [25/Sep/2026:04:17:23 +0300] "GET /?sale/search/detail/?ITMCODE=a3n3d0r5e9n3i5d8590 HTTP/1.1" 200 30226 "-" "Mozilla/5.0 AppleWebKit/537.36 (KHTML, like Gecko; compatible; bingbot/2.0; +http://www.bing.com/bingbot.htm) Chrome/116.0.1938.76 Safari/537.36"
