52.167.144.166 - - [25/Sep/2026:04:50:05 +0300] "GET /?sale/search/detail/?ITMCODE=w8e4l1l2w8i8l9l1e3r42 HTTP/1.1" 301 9097 "-" "Mozilla/5.0 AppleWebKit/537.36 (KHTML, like Gecko; compatible; bingbot/2.0; +http://www.bing.com/bingbot.htm) Chrome/116.0.1938.76 Safari/537.36"
66.249.66.204 - - [25/Sep/2026:04:50:05 +0300] "GET /?sale/search/detail/?ITMCODE=v6a3s1e7s9h0a7p7e6d89 HTTP/1.1" 301 9097 "-" "Mozilla/5.0 (Linux; Android 6.0.1; Nexus 5X Build/MMB29P) AppleWebKit/537.36 (KHTML, like Gecko) Chrome/153.0.8010.52 Mobile Safari/537.36 (compatible; Googlebot/2.1; +http://www.google.com/bot.html)"
52.167.144.216 - - [25/Sep/2026:04:50:05 +0300] "GET /?sale/search/detail/?ITMCODE=w2h3e2y4f9a6c6e7d193 HTTP/1.1" 200 30227 "-" "Mozilla/5.0 AppleWebKit/537.36 (KHTML, like Gecko; compatible; bingbot/2.0; +http://www.bing.com/bingbot.htm) Chrome/116.0.1938.76 Safari/537.36"
66.249.66.200 - - [25/Sep/2026:04:50:06 +0300] "GET /?sale/search/detail/?ITMCODE=b4e4s0o0r9t022003 HTTP/1.1" 200 30224 "-" "Mozilla/5.0 (Linux; Android 6.0.1; Nexus 5X Build/MMB29P) AppleWebKit/537.36 (KHTML, like Gecko) Chrome/153.0.8010.52 Mobile Safari/537.36 (compatible; Googlebot/2.1; +http://www.google.com/bot.html)"
52.167.144.216 - - [25/Sep/2026:04:50:06 +0300] "GET /?sale/search/detail/?ITMCODE=g7a1b6l2e0108747 HTTP/1.1" 200 30223 "-" "Mozilla/5.0 AppleWebKit/537.36 (KHTML, like Gecko; compatible; bingbot/2.0; +http://www.bing.com/bingbot.htm) Chrome/116.0.1938.76 Safari/537.36"
52.167.144.16 - - [25/Sep/2026:04:50:07 +0300] "GET /?sale/search/detail/?ITMCODE=t8e7n2a2c5y09487 HTTP/1.1" 200 30224 "-" "Mozilla/5.0 AppleWebKit/537.36 (KHTML, like Gecko; compatible; bingbot/2.0; +http://www.bing.com/bingbot.htm) Chrome/116.0.1938.76 Safari/537.36"
52.167.144.216 - - [25/Sep/2026:04:50:07 +0300] "GET /?sale/search/detail/?ITMCODE=l6a5r0v8a300956 HTTP/1.1" 200 30223 "-" "Mozilla/5.0 AppleWebKit/537.36 (KHTML, like Gecko; compatible; bingbot/2.0; +http://www.bing.com/bingbot.htm) Chrome/116.0.1938.76 Safari/537.36"
40.77.167.30 - - [25/Sep/2026:04:50:07 +0300] "GET /?sale/search/detail/?ITMCODE=s9o4r0b4i7t3i9o8n532 HTTP/1.1" 301 9096 "-" "Mozilla/5.0 AppleWebKit/537.36 (KHTML, like Gecko; compatible; bingbot/2.0; +http://www.bing.com/bingbot.htm) Chrome/116.0.1938.76 Safari/537.36"
40.77.167.30 - - [25/Sep/2026:04:50:08 +0300] "GET /?sale/search/detail/?ITMCODE=a5p1e2r9i9t6i4v5e939 HTTP/1.1" 301 9096 "-" "Mozilla/5.0 AppleWebKit/537.36 (KHTML, like Gecko; compatible; bingbot/2.0; +http://www.bing.com/bingbot.htm) Chrome/116.0.1938.76 Safari/537.36"
52.167.144.216 - - [25/Sep/2026:04:50:08 +0300] "GET /?sale/search/detail/?ITMCODE=c0o3r3d3e7l8l6e4581 HTTP/1.1" 200 30226 "-" "Mozilla/5.0 AppleWebKit/537.36 (KHTML, like Gecko; compatible; bingbot/2.0; +http://www.bing.com/bingbot.htm) Chrome/116.0.1938.76 Safari/537.36"
40.77.167.30 - - [25/Sep/2026:04:50:08 +0300] "GET /?sale/search/detail/?ITMCODE=m1a7n3i4f9e5s9t5a4b8le HTTP/1.1" 301 9098 "-" "Mozilla/5.0 AppleWebKit/537.36 (KHTML, like Gecko; compatible; bingbot/2.0; +http://www.bing.com/bingbot.htm) Chrome/116.0.1938.76 Safari/537.36"
66.249.66.204 - - [25/Sep/2026:04:50:09 +0300] "GET /?sale/search/detail/?ITMCODE=o6n3o9m4o4m2a9n0c6y34 HTTP/1.1" 301 9097 "-" "Mozilla/5.0 (Linux; Android 6.0.1; Nexus 5X Build/MMB29P) AppleWebKit/537.36 (KHTML, like Gecko) Chrome/153.0.8010.52 Mobile Safari/537.36 (compatible; Googlebot/2.1; +http://www.google.com/bot.html)"
52.167.144.216 - - [25/Sep/2026:04:50:09 +0300] "GET /?sale/search/detail/?ITMCODE=a3n1n4o1d0a4t2e3d554 HTTP/1.1" 200 30226 "-" "Mozilla/5.0 AppleWebKit/537.36 (KHTML, like Gecko; compatible; bingbot/2.0; +http://www.bing.com/bingbot.htm) Chrome/116.0.1938.76 Safari/537.36"
52.167.144.216 - - [25/Sep/2026:04:50:10 +0300] "GET /?sale/search/detail/?ITMCODE=b4l9e4a7r8e9y2e5d3n8ess HTTP/1.1" 200 30229 "-" "Mozilla/5.0 AppleWebKit/537.36 (KHTML, like Gecko; compatible; bingbot/2.0; +http://www.bing.com/bingbot.htm) Chrome/116.0.1938.76 Safari/537.36"
52.167.144.216 - - [25/Sep/2026:04:50:10 +0300] "GET /?sale/search/detail/?ITMCODE=h6u2g7u2e6n6o3t1i6s6m3 HTTP/1.1" 200 30228 "-" "Mozilla/5.0 AppleWebKit/537.36 (KHTML, like Gecko; compatible; bingbot/2.0; +http://www.bing.com/bingbot.htm) Chrome/116.0.1938.76 Safari/537.36"
52.167.144.216 - - [25/Sep/2026:04:50:11 +0300] "GET /?sale/search/detail/?ITMCODE=p1o8t2i8c5h0o4m5a9n1ie HTTP/1.1" 200 30228 "-" "Mozilla/5.0 AppleWebKit/537.36 (KHTML, like Gecko; compatible; bingbot/2.0; +http://www.bing.com/bingbot.htm) Chrome/116.0.1938.76 Safari/537.36"
40.77.167.16 - - [25/Sep/2026:04:50:13 +0300] "GET /?sale/search/detail/?ITMCODE=s0a2b8e9l0l9a75525 HTTP/1.1" 200 30225 "-" "Mozilla/5.0 AppleWebKit/537.36 (KHTML, like Gecko; compatible; bingbot/2.0; +http://www.bing.com/bingbot.htm) Chrome/116.0.1938.76 Safari/537.36"
66.249.67.37 - - [25/Sep/2026:04:50:14 +0300] "GET /?sale/search/detail/?ITMCODE=g1l3a3s3s4b3l6o4w3e5r HTTP/1.1" 301 9097 "-" "Mozilla/5.0 (Linux; Android 6.0.1; Nexus 5X Build/MMB29P) AppleWebKit/537.36 (KHTML, like Gecko) Chrome/153.0.8010.52 Mobile Safari/537.36 (compatible; Googlebot/2.1; +http://www.google.com/bot.html)"
40.77.167.16 - - [25/Sep/2026:04:50:14 +0300] "GET /?sale/search/detail/?ITMCODE=c6i1r8c5u1m9v2e8s1t52 HTTP/1.1" 200 30228 "-" "Mozilla/5.0 AppleWebKit/537.36 (KHTML, like Gecko; compatible; bingbot/2.0; +http://www.bing.com/bingbot.htm) Chrome/116.0.1938.76 Safari/537.36"
52.167.144.216 - - [25/Sep/2026:04:50:15 +0300] "GET /?sale/search/detail/?ITMCODE=p2i3e8c9e2750904 HTTP/1.1" 200 30224 "-" "Mozilla/5.0 AppleWebKit/537.36 (KHTML, like Gecko; compatible; bingbot/2.0; +http://www.bing.com/bingbot.htm) Chrome/116.0.1938.76 Safari/537.36"
40.77.167.16 - - [25/Sep/2026:04:50:15 +0300] "GET /?sale/search/detail/?ITMCODE=h1o1r2n1e6t770959 HTTP/1.1" 200 30224 "-" "Mozilla/5.0 AppleWebKit/537.36 (KHTML, like Gecko; compatible; bingbot/2.0; +http://www.bing.com/bingbot.htm) Chrome/116.0.1938.76 Safari/537.36"
217.178.61.195 - - [25/Sep/2026:04:50:15 +0300] "GET /?sale/search/detail/?ITMCODE=m1i2s1o8b9s6e9r4v9e3r6 HTTP/1.1" 200 30811 "https://www.google.com/" "Mozilla/5.0 (Windows NT 10.0; Win64; x64) AppleWebKit/537.36 (KHTML, like Gecko) Chrome/154.0.0.0 Safari/537.36"
40.77.167.16 - - [25/Sep/2026:04:50:16 +0300] "GET /?sale/search/detail/?ITMCODE=c7a3r7o0u9s0e9l010 HTTP/1.1" 200 30225 "-" "Mozilla/5.0 AppleWebKit/537.36 (KHTML, like Gecko; compatible; bingbot/2.0; +http://www.bing.com/bingbot.htm) Chrome/116.0.1938.76 Safari/537.36"
217.178.61.195 - - [25/Sep/2026:04:50:16 +0300] "GET /wp-content/plugins/contact-form-7/includes/css/styles.css?ver=5.4.1 HTTP/1.1" 200 5163 "https://princessmare.com.gr/?sale/search/detail/?ITMCODE=m1i2s1o8b9s6e9r4v9e3r6" "Mozilla/5.0 (Windows NT 10.0; Win64; x64) AppleWebKit/537.36 (KHTML, like Gecko) Chrome/154.0.0.0 Safari/537.36"
217.178.61.195 - - [25/Sep/2026:04:50:16 +0300] "GET /wp-content/plugins/cookie-notice/css/front.min.css?ver=6.9.4 HTTP/1.1" 200 5156 "https://princessmare.com.gr/?sale/search/detail/?ITMCODE=m1i2s1o8b9s6e9r4v9e3r6" "Mozilla/5.0 (Windows NT 10.0; Win64; x64) AppleWebKit/537.36 (KHTML, like Gecko) Chrome/154.0.0.0 Safari/537.36"
217.178.61.195 - - [25/Sep/2026:04:50:16 +0300] "GET /wp-content/plugins/js_composer/assets/css/js_composer.min.css?ver=6.6.0.1 HTTP/1.1" 200 5167 "https://princessmare.com.gr/?sale/search/detail/?ITMCODE=m1i2s1o8b9s6e9r4v9e3r6" "Mozilla/5.0 (Windows NT 10.0; Win64; x64) AppleWebKit/537.36 (KHTML, like Gecko) Chrome/154.0.0.0 Safari/537.36"
217.178.61.195 - - [25/Sep/2026:04:50:16 +0300] "GET /wp-content/themes/dt-the7/css/main.min.css?ver=9.14.1 HTTP/1.1" 200 5148 "https://princessmare.com.gr/?sale/search/detail/?ITMCODE=m1i2s1o8b9s6e9r4v9e3r6" "Mozilla/5.0 (Windows NT 10.0; Win64; x64) AppleWebKit/537.36 (KHTML, like Gecko) Chrome/154.0.0.0 Safari/537.36"
217.178.61.195 - - [25/Sep/2026:04:50:16 +0300] "GET /wp-content/themes/dt-the7/fonts/icomoon-the7-font/icomoon-the7-font.min.css?ver=9.14.1 HTTP/1.1" 200 5181 "https://princessmare.com.gr/?sale/search/detail/?ITMCODE=m1i2s1o8b9s6e9r4v9e3r6" "Mozilla/5.0 (Windows NT 10.0; Win64; x64) AppleWebKit/537.36 (KHTML, like Gecko) Chrome/154.0.0.0 Safari/537.36"
217.178.61.195 - - [25/Sep/2026:04:50:16 +0300] "GET /wp-content/themes/dt-the7/fonts/FontAwesome/back-compat.min.css?ver=9.14.1 HTTP/1.1" 200 5169 "https://princessmare.com.gr/?sale/search/detail/?ITMCODE=m1i2s1o8b9s6e9r4v9e3r6" "Mozilla/5.0 (Windows NT 10.0; Win64; x64) AppleWebKit/537.36 (KHTML, like Gecko) Chrome/154.0.0.0 Safari/537.36"
217.178.61.195 - - [25/Sep/2026:04:50:16 +0300] "GET /wp-content/themes/dt-the7/fonts/FontAwesome/css/all.min.css?ver=9.14.1 HTTP/1.1" 200 5165 "https://princessmare.com.gr/?sale/search/detail/?ITMCODE=m1i2s1o8b9s6e9r4v9e3r6" "Mozilla/5.0 (Windows NT 10.0; Win64; x64) AppleWebKit/537.36 (KHTML, like Gecko) Chrome/154.0.0.0 Safari/537.36"
217.178.61.195 - - [25/Sep/2026:04:50:16 +0300] "GET /wp-content/uploads/the7-css/css-vars.css?ver=a11134ae5739 HTTP/1.1" 200 5146 "https://princessmare.com.gr/?sale/search/detail/?ITMCODE=m1i2s1o8b9s6e9r4v9e3r6" "Mozilla/5.0 (Windows NT 10.0; Win64; x64) AppleWebKit/537.36 (KHTML, like Gecko) Chrome/154.0.0.0 Safari/537.36"
217.178.61.195 - - [25/Sep/2026:04:50:16 +0300] "GET /wp-content/plugins/dt-the7-core/assets/css/post-type.min.css?ver=2.5.7.1 HTTP/1.1" 200 5166 "https://princessmare.com.gr/?sale/search/detail/?ITMCODE=m1i2s1o8b9s6e9r4v9e3r6" "Mozilla/5.0 (Windows NT 10.0; Win64; x64) AppleWebKit/537.36 (KHTML, like Gecko) Chrome/154.0.0.0 Safari/537.36"
217.178.61.195 - - [25/Sep/2026:04:50:16 +0300] "GET /wp-content/themes/dt-the7/lib/custom-scrollbar/custom-scrollbar.min.css?ver=9.14.1 HTTP/1.1" 200 5177 "https://princessmare.com.gr/?sale/search/detail/?ITMCODE=m1i2s1o8b9s6e9r4v9e3r6" "Mozilla/5.0 (Windows NT 10.0; Win64; x64) AppleWebKit/537.36 (KHTML, like Gecko) Chrome/154.0.0.0 Safari/537.36"
217.178.61.195 - - [25/Sep/2026:04:50:16 +0300] "GET /wp-content/themes/dt-the7/css/wpbakery.min.css?ver=9.14.1 HTTP/1.1" 200 5152 "https://princessmare.com.gr/?sale/search/detail/?ITMCODE=m1i2s1o8b9s6e9r4v9e3r6" "Mozilla/5.0 (Windows NT 10.0; Win64; x64) AppleWebKit/537.36 (KHTML, like Gecko) Chrome/154.0.0.0 Safari/537.36"
217.178.61.195 - - [25/Sep/2026:04:50:16 +0300] "GET /wp-content/plugins/Ultimate_VC_Addons/assets/min-js/ultimate-params.min.js?ver=3.19.10 HTTP/1.1" 200 5194 "https://princessmare.com.gr/?sale/search/detail/?ITMCODE=m1i2s1o8b9s6e9r4v9e3r6" "Mozilla/5.0 (Windows NT 10.0; Win64; x64) AppleWebKit/537.36 (KHTML, like Gecko) Chrome/154.0.0.0 Safari/537.36"
217.178.61.195 - - [25/Sep/2026:04:50:16 +0300] "GET /wp-content/plugins/revslider/public/assets/css/rs6.css?ver=6.5.3 HTTP/1.1" 200 5160 "https://princessmare.com.gr/?sale/search/detail/?ITMCODE=m1i2s1o8b9s6e9r4v9e3r6" "Mozilla/5.0 (Windows NT 10.0; Win64; x64) AppleWebKit/537.36 (KHTML, like Gecko) Chrome/154.0.0.0 Safari/537.36"
217.178.61.195 - - [25/Sep/2026:04:50:16 +0300] "GET /wp-content/uploads/2021/07/logo-colored.png HTTP/1.1" 200 5150 "https://princessmare.com.gr/?sale/search/detail/?ITMCODE=m1i2s1o8b9s6e9r4v9e3r6" "Mozilla/5.0 (Windows NT 10.0; Win64; x64) AppleWebKit/537.36 (KHTML, like Gecko) Chrome/154.0.0.0 Safari/537.36"
217.178.61.195 - - [25/Sep/2026:04:50:16 +0300] "GET /wp-content/uploads/the7-css/post-type-dynamic.css?ver=a11134ae5739 HTTP/1.1" 200 5155 "https://princessmare.com.gr/?sale/search/detail/?ITMCODE=m1i2s1o8b9s6e9r4v9e3r6" "Mozilla/5.0 (Windows NT 10.0; Win64; x64) AppleWebKit/537.36 (KHTML, like Gecko) Chrome/154.0.0.0 Safari/537.36"
217.178.61.195 - - [25/Sep/2026:04:50:16 +0300] "GET /wp-content/uploads/the7-css/mega-menu.css?ver=a11134ae5739 HTTP/1.1" 200 5147 "https://princessmare.com.gr/?sale/search/detail/?ITMCODE=m1i2s1o8b9s6e9r4v9e3r6" "Mozilla/5.0 (Windows NT 10.0; Win64; x64) AppleWebKit/537.36 (KHTML, like Gecko) Chrome/154.0.0.0 Safari/537.36"
217.178.61.195 - - [25/Sep/2026:04:50:16 +0300] "GET /wp-content/plugins/revslider/public/assets/fonts/revicons/revicons.woff?5510888 HTTP/1.1" 200 5173 "https://princessmare.com.gr/?sale/search/detail/?ITMCODE=m1i2s1o8b9s6e9r4v9e3r6" "Mozilla/5.0 (Windows NT 10.0; Win64; x64) AppleWebKit/537.36 (KHTML, like Gecko) Chrome/154.0.0.0 Safari/537.36"
217.178.61.195 - - [25/Sep/2026:04:50:16 +0300] "GET /wp-content/themes/dt-the7/js/above-the-fold.min.js?ver=9.14.1 HTTP/1.1" 200 5170 "https://princessmare.com.gr/?sale/search/detail/?ITMCODE=m1i2s1o8b9s6e9r4v9e3r6" "Mozilla/5.0 (Windows NT 10.0; Win64; x64) AppleWebKit/537.36 (KHTML, like Gecko) Chrome/154.0.0.0 Safari/537.36"
217.178.61.195 - - [25/Sep/2026:04:50:16 +0300] "GET /wp-includes/js/jquery/jquery-migrate.min.js?ver=3.4.1 HTTP/1.1" 200 5163 "https://princessmare.com.gr/?sale/search/detail/?ITMCODE=m1i2s1o8b9s6e9r4v9e3r6" "Mozilla/5.0 (Windows NT 10.0; Win64; x64) AppleWebKit/537.36 (KHTML, like Gecko) Chrome/154.0.0.0 Safari/537.36"
217.178.61.195 - - [25/Sep/2026:04:50:16 +0300] "GET /wp-includes/js/jquery/jquery.min.js?ver=3.7.1 HTTP/1.1" 200 5155 "https://princessmare.com.gr/?sale/search/detail/?ITMCODE=m1i2s1o8b9s6e9r4v9e3r6" "Mozilla/5.0 (Windows NT 10.0; Win64; x64) AppleWebKit/537.36 (KHTML, like Gecko) Chrome/154.0.0.0 Safari/537.36"
217.178.61.195 - - [25/Sep/2026:04:50:16 +0300] "GET /wp-content/uploads/2021/07/logo.png HTTP/1.1" 200 5142 "https://princessmare.com.gr/?sale/search/detail/?ITMCODE=m1i2s1o8b9s6e9r4v9e3r6" "Mozilla/5.0 (Windows NT 10.0; Win64; x64) AppleWebKit/537.36 (KHTML, like Gecko) Chrome/154.0.0.0 Safari/537.36"
217.178.61.195 - - [25/Sep/2026:04:50:16 +0300] "GET /wp-content/uploads/the7-css/media.css?ver=a11134ae5739 HTTP/1.1" 200 5143 "https://princessmare.com.gr/?sale/search/detail/?ITMCODE=m1i2s1o8b9s6e9r4v9e3r6" "Mozilla/5.0 (Windows NT 10.0; Win64; x64) AppleWebKit/537.36 (KHTML, like Gecko) Chrome/154.0.0.0 Safari/537.36"
217.178.61.195 - - [25/Sep/2026:04:50:16 +0300] "GET /wp-content/uploads/the7-css/the7-elements-albums-portfolio.css?ver=a11134ae5739 HTTP/1.1" 200 5168 "https://princessmare.com.gr/?sale/search/detail/?ITMCODE=m1i2s1o8b9s6e9r4v9e3r6" "Mozilla/5.0 (Windows NT 10.0; Win64; x64) AppleWebKit/537.36 (KHTML, like Gecko) Chrome/154.0.0.0 Safari/537.36"
217.178.61.195 - - [25/Sep/2026:04:50:16 +0300] "GET /wp-content/themes/dt-the7-child/style.css?ver=9.14.1 HTTP/1.1" 200 5147 "https://princessmare.com.gr/?sale/search/detail/?ITMCODE=m1i2s1o8b9s6e9r4v9e3r6" "Mozilla/5.0 (Windows NT 10.0; Win64; x64) AppleWebKit/537.36 (KHTML, like Gecko) Chrome/154.0.0.0 Safari/537.36"
217.178.61.195 - - [25/Sep/2026:04:50:16 +0300] "GET /wp-includes/js/dist/vendor/wp-polyfill.min.js?ver=3.15.0 HTTP/1.1" 200 5165 "https://princessmare.com.gr/?sale/search/detail/?ITMCODE=m1i2s1o8b9s6e9r4v9e3r6" "Mozilla/5.0 (Windows NT 10.0; Win64; x64) AppleWebKit/537.36 (KHTML, like Gecko) Chrome/154.0.0.0 Safari/537.36"
217.178.61.195 - - [25/Sep/2026:04:50:16 +0300] "GET /wp-content/themes/dt-the7/js/main.min.js?ver=9.14.1 HTTP/1.1" 200 5160 "https://princessmare.com.gr/?sale/search/detail/?ITMCODE=m1i2s1o8b9s6e9r4v9e3r6" "Mozilla/5.0 (Windows NT 10.0; Win64; x64) AppleWebKit/537.36 (KHTML, like Gecko) Chrome/154.0.0.0 Safari/537.36"
217.178.61.195 - - [25/Sep/2026:04:50:16 +0300] "GET /wp-content/themes/dt-the7/lib/jquery-mousewheel/jquery-mousewheel.min.js?ver=9.14.1 HTTP/1.1" 200 5192 "https://princessmare.com.gr/?sale/search/detail/?ITMCODE=m1i2s1o8b9s6e9r4v9e3r6" "Mozilla/5.0 (Windows NT 10.0; Win64; x64) AppleWebKit/537.36 (KHTML, like Gecko) Chrome/154.0.0.0 Safari/537.36"
217.178.61.195 - - [25/Sep/2026:04:50:16 +0300] "GET /wp-content/plugins/dt-the7-core/assets/js/post-type.min.js?ver=2.5.7.1 HTTP/1.1" 200 5178 "https://princessmare.com.gr/?sale/search/detail/?ITMCODE=m1i2s1o8b9s6e9r4v9e3r6" "Mozilla/5.0 (Windows NT 10.0; Win64; x64) AppleWebKit/537.36 (KHTML, like Gecko) Chrome/154.0.0.0 Safari/537.36"
217.178.61.195 - - [25/Sep/2026:04:50:16 +0300] "GET /wp-content/plugins/Ultimate_VC_Addons/assets/min-js/ultimate_bg.min.js?ver=3.19.10 HTTP/1.1" 200 5190 "https://princessmare.com.gr/?sale/search/detail/?ITMCODE=m1i2s1o8b9s6e9r4v9e3r6" "Mozilla/5.0 (Windows NT 10.0; Win64; x64) AppleWebKit/537.36 (KHTML, like Gecko) Chrome/154.0.0.0 Safari/537.36"
217.178.61.195 - - [25/Sep/2026:04:50:16 +0300] "GET /wp-content/plugins/contact-form-7/includes/js/index.js?ver=5.4.1 HTTP/1.1" 200 5174 "https://princessmare.com.gr/?sale/search/detail/?ITMCODE=m1i2s1o8b9s6e9r4v9e3r6" "Mozilla/5.0 (Windows NT 10.0; Win64; x64) AppleWebKit/537.36 (KHTML, like Gecko) Chrome/154.0.0.0 Safari/537.36"
217.178.61.195 - - [25/Sep/2026:04:50:16 +0300] "GET /wp-content/plugins/revslider/public/assets/assets/dummy.png HTTP/1.1" 200 5221 "https://princessmare.com.gr/?sale/search/detail/?ITMCODE=m1i2s1o8b9s6e9r4v9e3r6" "Mozilla/5.0 (Windows NT 10.0; Win64; x64) AppleWebKit/537.36 (KHTML, like Gecko) Chrome/154.0.0.0 Safari/537.36"
217.178.61.195 - - [25/Sep/2026:04:50:16 +0300] "GET /wp-content/plugins/Ultimate_VC_Addons/assets/min-css/style.min.css?ver=3.19.10 HTTP/1.1" 200 5172 "https://princessmare.com.gr/?sale/search/detail/?ITMCODE=m1i2s1o8b9s6e9r4v9e3r6" "Mozilla/5.0 (Windows NT 10.0; Win64; x64) AppleWebKit/537.36 (KHTML, like Gecko) Chrome/154.0.0.0 Safari/537.36"
217.178.61.195 - - [25/Sep/2026:04:50:16 +0300] "GET /wp-content/plugins/js_composer/assets/js/dist/js_composer_front.min.js?ver=6.6.0.1 HTTP/1.1" 200 5190 "https://princessmare.com.gr/?sale/search/detail/?ITMCODE=m1i2s1o8b9s6e9r4v9e3r6" "Mozilla/5.0 (Windows NT 10.0; Win64; x64) AppleWebKit/537.36 (KHTML, like Gecko) Chrome/154.0.0.0 Safari/537.36"
217.178.61.195 - - [25/Sep/2026:04:50:16 +0300] "GET /wp-content/plugins/Ultimate_VC_Addons/assets/min-js/jquery-appear.min.js?ver=3.19.10 HTTP/1.1" 200 5192 "https://princessmare.com.gr/?sale/search/detail/?ITMCODE=m1i2s1o8b9s6e9r4v9e3r6" "Mozilla/5.0 (Windows NT 10.0; Win64; x64) AppleWebKit/537.36 (KHTML, like Gecko) Chrome/154.0.0.0 Safari/537.36"
217.178.61.195 - - [25/Sep/2026:04:50:16 +0300] "GET /wp-content/plugins/Ultimate_VC_Addons/assets/min-css/background-style.min.css?ver=3.19.10 HTTP/1.1" 200 5183 "https://princessmare.com.gr/?sale/search/detail/?ITMCODE=m1i2s1o8b9s6e9r4v9e3r6" "Mozilla/5.0 (Windows NT 10.0; Win64; x64) AppleWebKit/537.36 (KHTML, like Gecko) Chrome/154.0.0.0 Safari/537.36"
217.178.61.195 - - [25/Sep/2026:04:50:16 +0300] "GET /wp-content/plugins/revslider/public/assets/js/rs6.min.js?ver=6.5.3 HTTP/1.1" 200 5176 "https://princessmare.com.gr/?sale/search/detail/?ITMCODE=m1i2s1o8b9s6e9r4v9e3r6" "Mozilla/5.0 (Windows NT 10.0; Win64; x64) AppleWebKit/537.36 (KHTML, like Gecko) Chrome/154.0.0.0 Safari/537.36"
217.178.61.195 - - [25/Sep/2026:04:50:16 +0300] "GET /wp-content/plugins/cookie-notice/js/front.min.js?ver=2.1.0 HTTP/1.1" 200 5168 "https://princessmare.com.gr/?sale/search/detail/?ITMCODE=m1i2s1o8b9s6e9r4v9e3r6" "Mozilla/5.0 (Windows NT 10.0; Win64; x64) AppleWebKit/537.36 (KHTML, like Gecko) Chrome/154.0.0.0 Safari/537.36"
217.178.61.195 - - [25/Sep/2026:04:50:16 +0300] "GET /wp-content/plugins/Ultimate_VC_Addons/assets/min-js/custom.min.js?ver=3.19.10 HTTP/1.1" 200 5185 "https://princessmare.com.gr/?sale/search/detail/?ITMCODE=m1i2s1o8b9s6e9r4v9e3r6" "Mozilla/5.0 (Windows NT 10.0; Win64; x64) AppleWebKit/537.36 (KHTML, like Gecko) Chrome/154.0.0.0 Safari/537.36"
217.178.61.195 - - [25/Sep/2026:04:50:16 +0300] "GET /wp-content/plugins/revslider/public/assets/js/rbtools.min.js?ver=6.5.3 HTTP/1.1" 200 5180 "https://princessmare.com.gr/?sale/search/detail/?ITMCODE=m1i2s1o8b9s6e9r4v9e3r6" "Mozilla/5.0 (Windows NT 10.0; Win64; x64) AppleWebKit/537.36 (KHTML, like Gecko) Chrome/154.0.0.0 Safari/537.36"
217.178.61.195 - - [25/Sep/2026:04:50:16 +0300] "GET /wp-content/themes/dt-the7/lib/custom-scrollbar/custom-scrollbar.min.js?ver=9.14.1 HTTP/1.1" 200 5190 "https://princessmare.com.gr/?sale/search/detail/?ITMCODE=m1i2s1o8b9s6e9r4v9e3r6" "Mozilla/5.0 (Windows NT 10.0; Win64; x64) AppleWebKit/537.36 (KHTML, like Gecko) Chrome/154.0.0.0 Safari/537.36"
217.178.61.195 - - [25/Sep/2026:04:50:16 +0300] "GET /wp-content/uploads/the7-css/custom.css?ver=a11134ae5739 HTTP/1.1" 200 5144 "https://princessmare.com.gr/?sale/search/detail/?ITMCODE=m1i2s1o8b9s6e9r4v9e3r6" "Mozilla/5.0 (Windows NT 10.0; Win64; x64) AppleWebKit/537.36 (KHTML, like Gecko) Chrome/154.0.0.0 Safari/537.36"
217.178.61.195 - - [25/Sep/2026:04:50:16 +0300] "GET /wp-content/plugins/contact-form-7/includes/css/styles.css?ver=5.4.1 HTTP/2.0" 200 825 "https://princessmare.com.gr/?sale/search/detail/?ITMCODE=m1i2s1o8b9s6e9r4v9e3r6" "Mozilla/5.0 (Windows NT 10.0; Win64; x64) AppleWebKit/537.36 (KHTML, like Gecko) Chrome/154.0.0.0 Safari/537.36"
217.178.61.195 - - [25/Sep/2026:04:50:16 +0300] "GET /wp-content/plugins/cookie-notice/css/front.min.css?ver=6.9.4 HTTP/2.0" 200 1018 "https://princessmare.com.gr/?sale/search/detail/?ITMCODE=m1i2s1o8b9s6e9r4v9e3r6" "Mozilla/5.0 (Windows NT 10.0; Win64; x64) AppleWebKit/537.36 (KHTML, like Gecko) Chrome/154.0.0.0 Safari/537.36"
217.178.61.195 - - [25/Sep/2026:04:50:16 +0300] "GET /wp-content/plugins/js_composer/assets/css/js_composer.min.css?ver=6.6.0.1 HTTP/2.0" 200 40480 "https://princessmare.com.gr/?sale/search/detail/?ITMCODE=m1i2s1o8b9s6e9r4v9e3r6" "Mozilla/5.0 (Windows NT 10.0; Win64; x64) AppleWebKit/537.36 (KHTML, like Gecko) Chrome/154.0.0.0 Safari/537.36"
217.178.61.195 - - [25/Sep/2026:04:50:17 +0300] "GET /wp-content/themes/dt-the7/css/main.min.css?ver=9.14.1 HTTP/2.0" 200 38598 "https://princessmare.com.gr/?sale/search/detail/?ITMCODE=m1i2s1o8b9s6e9r4v9e3r6" "Mozilla/5.0 (Windows NT 10.0; Win64; x64) AppleWebKit/537.36 (KHTML, like Gecko) Chrome/154.0.0.0 Safari/537.36"
217.178.61.195 - - [25/Sep/2026:04:50:17 +0300] "GET /wp-content/themes/dt-the7/fonts/icomoon-the7-font/icomoon-the7-font.min.css?ver=9.14.1 HTTP/2.0" 200 2438 "https://princessmare.com.gr/?sale/search/detail/?ITMCODE=m1i2s1o8b9s6e9r4v9e3r6" "Mozilla/5.0 (Windows NT 10.0; Win64; x64) AppleWebKit/537.36 (KHTML, like Gecko) Chrome/154.0.0.0 Safari/537.36"
217.178.61.195 - - [25/Sep/2026:04:50:17 +0300] "GET /wp-content/themes/dt-the7/fonts/FontAwesome/back-compat.min.css?ver=9.14.1 HTTP/2.0" 200 3916 "https://princessmare.com.gr/?sale/search/detail/?ITMCODE=m1i2s1o8b9s6e9r4v9e3r6" "Mozilla/5.0 (Windows NT 10.0; Win64; x64) AppleWebKit/537.36 (KHTML, like Gecko) Chrome/154.0.0.0 Safari/537.36"
217.178.61.195 - - [25/Sep/2026:04:50:17 +0300] "GET /wp-content/themes/dt-the7/fonts/FontAwesome/css/all.min.css?ver=9.14.1 HTTP/2.0" 200 12348 "https://princessmare.com.gr/?sale/search/detail/?ITMCODE=m1i2s1o8b9s6e9r4v9e3r6" "Mozilla/5.0 (Windows NT 10.0; Win64; x64) AppleWebKit/537.36 (KHTML, like Gecko) Chrome/154.0.0.0 Safari/537.36"
217.178.61.195 - - [25/Sep/2026:04:50:17 +0300] "GET /wp-content/uploads/the7-css/css-vars.css?ver=a11134ae5739 HTTP/2.0" 200 4027 "https://princessmare.com.gr/?sale/search/detail/?ITMCODE=m1i2s1o8b9s6e9r4v9e3r6" "Mozilla/5.0 (Windows NT 10.0; Win64; x64) AppleWebKit/537.36 (KHTML, like Gecko) Chrome/154.0.0.0 Safari/537.36"
217.178.61.195 - - [25/Sep/2026:04:50:17 +0300] "GET /wp-content/plugins/dt-the7-core/assets/css/post-type.min.css?ver=2.5.7.1 HTTP/2.0" 200 5952 "https://princessmare.com.gr/?sale/search/detail/?ITMCODE=m1i2s1o8b9s6e9r4v9e3r6" "Mozilla/5.0 (Windows NT 10.0; Win64; x64) AppleWebKit/537.36 (KHTML, like Gecko) Chrome/154.0.0.0 Safari/537.36"
217.178.61.195 - - [25/Sep/2026:04:50:17 +0300] "GET /wp-content/themes/dt-the7/lib/custom-scrollbar/custom-scrollbar.min.css?ver=9.14.1 HTTP/2.0" 200 1362 "https://princessmare.com.gr/?sale/search/detail/?ITMCODE=m1i2s1o8b9s6e9r4v9e3r6" "Mozilla/5.0 (Windows NT 10.0; Win64; x64) AppleWebKit/537.36 (KHTML, like Gecko) Chrome/154.0.0.0 Safari/537.36"
217.178.61.195 - - [25/Sep/2026:04:50:17 +0300] "GET /wp-content/themes/dt-the7/css/wpbakery.min.css?ver=9.14.1 HTTP/2.0" 200 4094 "https://princessmare.com.gr/?sale/search/detail/?ITMCODE=m1i2s1o8b9s6e9r4v9e3r6" "Mozilla/5.0 (Windows NT 10.0; Win64; x64) AppleWebKit/537.36 (KHTML, like Gecko) Chrome/154.0.0.0 Safari/537.36"
217.178.61.195 - - [25/Sep/2026:04:50:17 +0300] "GET /wp-content/uploads/the7-css/custom.css?ver=a11134ae5739 HTTP/2.0" 200 29336 "https://princessmare.com.gr/?sale/search/detail/?ITMCODE=m1i2s1o8b9s6e9r4v9e3r6" "Mozilla/5.0 (Windows NT 10.0; Win64; x64) AppleWebKit/537.36 (KHTML, like Gecko) Chrome/154.0.0.0 Safari/537.36"
217.178.61.195 - - [25/Sep/2026:04:50:17 +0300] "GET /wp-content/uploads/the7-css/media.css?ver=a11134ae5739 HTTP/2.0" 200 9599 "https://princessmare.com.gr/?sale/search/detail/?ITMCODE=m1i2s1o8b9s6e9r4v9e3r6" "Mozilla/5.0 (Windows NT 10.0; Win64; x64) AppleWebKit/537.36 (KHTML, like Gecko) Chrome/154.0.0.0 Safari/537.36"
217.178.61.195 - - [25/Sep/2026:04:50:17 +0300] "GET /wp-content/uploads/the7-css/mega-menu.css?ver=a11134ae5739 HTTP/2.0" 200 2723 "https://princessmare.com.gr/?sale/search/detail/?ITMCODE=m1i2s1o8b9s6e9r4v9e3r6" "Mozilla/5.0 (Windows NT 10.0; Win64; x64) AppleWebKit/537.36 (KHTML, like Gecko) Chrome/154.0.0.0 Safari/537.36"
217.178.61.195 - - [25/Sep/2026:04:50:17 +0300] "GET /wp-content/uploads/the7-css/the7-elements-albums-portfolio.css?ver=a11134ae5739 HTTP/2.0" 200 2483 "https://princessmare.com.gr/?sale/search/detail/?ITMCODE=m1i2s1o8b9s6e9r4v9e3r6" "Mozilla/5.0 (Windows NT 10.0; Win64; x64) AppleWebKit/537.36 (KHTML, like Gecko) Chrome/154.0.0.0 Safari/537.36"
217.178.61.195 - - [25/Sep/2026:04:50:17 +0300] "GET /wp-content/uploads/the7-css/post-type-dynamic.css?ver=a11134ae5739 HTTP/2.0" 200 1226 "https://princessmare.com.gr/?sale/search/detail/?ITMCODE=m1i2s1o8b9s6e9r4v9e3r6" "Mozilla/5.0 (Windows NT 10.0; Win64; x64) AppleWebKit/537.36 (KHTML, like Gecko) Chrome/154.0.0.0 Safari/537.36"
217.178.61.195 - - [25/Sep/2026:04:50:17 +0300] "GET /wp-content/themes/dt-the7-child/style.css?ver=9.14.1 HTTP/2.0" 200 3740 "https://princessmare.com.gr/?sale/search/detail/?ITMCODE=m1i2s1o8b9s6e9r4v9e3r6" "Mozilla/5.0 (Windows NT 10.0; Win64; x64) AppleWebKit/537.36 (KHTML, like Gecko) Chrome/154.0.0.0 Safari/537.36"
217.178.61.195 - - [25/Sep/2026:04:50:17 +0300] "GET /wp-content/plugins/Ultimate_VC_Addons/assets/min-css/style.min.css?ver=3.19.10 HTTP/2.0" 200 2577 "https://princessmare.com.gr/?sale/search/detail/?ITMCODE=m1i2s1o8b9s6e9r4v9e3r6" "Mozilla/5.0 (Windows NT 10.0; Win64; x64) AppleWebKit/537.36 (KHTML, like Gecko) Chrome/154.0.0.0 Safari/537.36"
217.178.61.195 - - [25/Sep/2026:04:50:17 +0300] "GET /wp-content/plugins/Ultimate_VC_Addons/assets/min-css/background-style.min.css?ver=3.19.10 HTTP/2.0" 200 1635 "https://princessmare.com.gr/?sale/search/detail/?ITMCODE=m1i2s1o8b9s6e9r4v9e3r6" "Mozilla/5.0 (Windows NT 10.0; Win64; x64) AppleWebKit/537.36 (KHTML, like Gecko) Chrome/154.0.0.0 Safari/537.36"
217.178.61.195 - - [25/Sep/2026:04:50:17 +0300] "GET /wp-content/plugins/revslider/public/assets/css/rs6.css?ver=6.5.3 HTTP/2.0" 200 11655 "https://princessmare.com.gr/?sale/search/detail/?ITMCODE=m1i2s1o8b9s6e9r4v9e3r6" "Mozilla/5.0 (Windows NT 10.0; Win64; x64) AppleWebKit/537.36 (KHTML, like Gecko) Chrome/154.0.0.0 Safari/537.36"
217.178.61.195 - - [25/Sep/2026:04:50:17 +0300] "GET /wp-includes/js/jquery/jquery.min.js?ver=3.7.1 HTTP/2.0" 200 29597 "https://princessmare.com.gr/?sale/search/detail/?ITMCODE=m1i2s1o8b9s6e9r4v9e3r6" "Mozilla/5.0 (Windows NT 10.0; Win64; x64) AppleWebKit/537.36 (KHTML, like Gecko) Chrome/154.0.0.0 Safari/537.36"
217.178.61.195 - - [25/Sep/2026:04:50:17 +0300] "GET /wp-includes/js/jquery/jquery-migrate.min.js?ver=3.4.1 HTTP/2.0" 200 4677 "https://princessmare.com.gr/?sale/search/detail/?ITMCODE=m1i2s1o8b9s6e9r4v9e3r6" "Mozilla/5.0 (Windows NT 10.0; Win64; x64) AppleWebKit/537.36 (KHTML, like Gecko) Chrome/154.0.0.0 Safari/537.36"
217.178.61.195 - - [25/Sep/2026:04:50:17 +0300] "GET /wp-content/themes/dt-the7/js/above-the-fold.min.js?ver=9.14.1 HTTP/2.0" 200 3311 "https://princessmare.com.gr/?sale/search/detail/?ITMCODE=m1i2s1o8b9s6e9r4v9e3r6" "Mozilla/5.0 (Windows NT 10.0; Win64; x64) AppleWebKit/537.36 (KHTML, like Gecko) Chrome/154.0.0.0 Safari/537.36"
217.178.61.195 - - [25/Sep/2026:04:50:17 +0300] "GET /wp-content/plugins/Ultimate_VC_Addons/assets/min-js/ultimate-params.min.js?ver=3.19.10 HTTP/2.0" 200 455 "https://princessmare.com.gr/?sale/search/detail/?ITMCODE=m1i2s1o8b9s6e9r4v9e3r6" "Mozilla/5.0 (Windows NT 10.0; Win64; x64) AppleWebKit/537.36 (KHTML, like Gecko) Chrome/154.0.0.0 Safari/537.36"
217.178.61.195 - - [25/Sep/2026:04:50:17 +0300] "GET /wp-content/plugins/revslider/public/assets/fonts/revicons/revicons.woff?5510888 HTTP/2.0" 200 7536 "https://princessmare.com.gr/?sale/search/detail/?ITMCODE=m1i2s1o8b9s6e9r4v9e3r6" "Mozilla/5.0 (Windows NT 10.0; Win64; x64) AppleWebKit/537.36 (KHTML, like Gecko) Chrome/154.0.0.0 Safari/537.36"
217.178.61.195 - - [25/Sep/2026:04:50:17 +0300] "GET /wp-content/uploads/2021/07/logo.png HTTP/2.0" 200 4649 "https://princessmare.com.gr/?sale/search/detail/?ITMCODE=m1i2s1o8b9s6e9r4v9e3r6" "Mozilla/5.0 (Windows NT 10.0; Win64; x64) AppleWebKit/537.36 (KHTML, like Gecko) Chrome/154.0.0.0 Safari/537.36"
217.178.61.195 - - [25/Sep/2026:04:50:17 +0300] "GET /wp-content/uploads/2021/07/logo-colored.png HTTP/2.0" 200 4778 "https://princessmare.com.gr/?sale/search/detail/?ITMCODE=m1i2s1o8b9s6e9r4v9e3r6" "Mozilla/5.0 (Windows NT 10.0; Win64; x64) AppleWebKit/537.36 (KHTML, like Gecko) Chrome/154.0.0.0 Safari/537.36"
217.178.61.195 - - [25/Sep/2026:04:50:17 +0300] "GET /wp-content/themes/dt-the7/js/main.min.js?ver=9.14.1 HTTP/2.0" 200 77415 "https://princessmare.com.gr/?sale/search/detail/?ITMCODE=m1i2s1o8b9s6e9r4v9e3r6" "Mozilla/5.0 (Windows NT 10.0; Win64; x64) AppleWebKit/537.36 (KHTML, like Gecko) Chrome/154.0.0.0 Safari/537.36"
217.178.61.195 - - [25/Sep/2026:04:50:17 +0300] "GET /wp-includes/js/dist/vendor/wp-polyfill.min.js?ver=3.15.0 HTTP/2.0" 200 11503 "https://princessmare.com.gr/?sale/search/detail/?ITMCODE=m1i2s1o8b9s6e9r4v9e3r6" "Mozilla/5.0 (Windows NT 10.0; Win64; x64) AppleWebKit/537.36 (KHTML, like Gecko) Chrome/154.0.0.0 Safari/537.36"
217.178.61.195 - - [25/Sep/2026:04:50:17 +0300] "GET /wp-content/plugins/contact-form-7/includes/js/index.js?ver=5.4.1 HTTP/2.0" 200 3772 "https://princessmare.com.gr/?sale/search/detail/?ITMCODE=m1i2s1o8b9s6e9r4v9e3r6" "Mozilla/5.0 (Windows NT 10.0; Win64; x64) AppleWebKit/537.36 (KHTML, like Gecko) Chrome/154.0.0.0 Safari/537.36"
217.178.61.195 - - [25/Sep/2026:04:50:17 +0300] "GET /wp-content/themes/dt-the7/lib/jquery-mousewheel/jquery-mousewheel.min.js?ver=9.14.1 HTTP/2.0" 200 1037 "https://princessmare.com.gr/?sale/search/detail/?ITMCODE=m1i2s1o8b9s6e9r4v9e3r6" "Mozilla/5.0 (Windows NT 10.0; Win64; x64) AppleWebKit/537.36 (KHTML, like Gecko) Chrome/154.0.0.0 Safari/537.36"
217.178.61.195 - - [25/Sep/2026:04:50:17 +0300] "GET /wp-content/themes/dt-the7/lib/custom-scrollbar/custom-scrollbar.min.js?ver=9.14.1 HTTP/2.0" 200 11382 "https://princessmare.com.gr/?sale/search/detail/?ITMCODE=m1i2s1o8b9s6e9r4v9e3r6" "Mozilla/5.0 (Windows NT 10.0; Win64; x64) AppleWebKit/537.36 (KHTML, like Gecko) Chrome/154.0.0.0 Safari/537.36"
217.178.61.195 - - [25/Sep/2026:04:50:17 +0300] "GET /wp-content/plugins/dt-the7-core/assets/js/post-type.min.js?ver=2.5.7.1 HTTP/2.0" 200 4685 "https://princessmare.com.gr/?sale/search/detail/?ITMCODE=m1i2s1o8b9s6e9r4v9e3r6" "Mozilla/5.0 (Windows NT 10.0; Win64; x64) AppleWebKit/537.36 (KHTML, like Gecko) Chrome/154.0.0.0 Safari/537.36"
217.178.61.195 - - [25/Sep/2026:04:50:17 +0300] "GET /wp-content/plugins/js_composer/assets/js/dist/js_composer_front.min.js?ver=6.6.0.1 HTTP/2.0" 200 5540 "https://princessmare.com.gr/?sale/search/detail/?ITMCODE=m1i2s1o8b9s6e9r4v9e3r6" "Mozilla/5.0 (Windows NT 10.0; Win64; x64) AppleWebKit/537.36 (KHTML, like Gecko) Chrome/154.0.0.0 Safari/537.36"
217.178.61.195 - - [25/Sep/2026:04:50:17 +0300] "GET /wp-content/plugins/Ultimate_VC_Addons/assets/min-js/jquery-appear.min.js?ver=3.19.10 HTTP/2.0" 200 576 "https://princessmare.com.gr/?sale/search/detail/?ITMCODE=m1i2s1o8b9s6e9r4v9e3r6" "Mozilla/5.0 (Windows NT 10.0; Win64; x64) AppleWebKit/537.36 (KHTML, like Gecko) Chrome/154.0.0.0 Safari/537.36"
217.178.61.195 - - [25/Sep/2026:04:50:17 +0300] "GET /wp-content/plugins/Ultimate_VC_Addons/assets/min-js/ultimate_bg.min.js?ver=3.19.10 HTTP/2.0" 200 8657 "https://princessmare.com.gr/?sale/search/detail/?ITMCODE=m1i2s1o8b9s6e9r4v9e3r6" "Mozilla/5.0 (Windows NT 10.0; Win64; x64) AppleWebKit/537.36 (KHTML, like Gecko) Chrome/154.0.0.0 Safari/537.36"
217.178.61.195 - - [25/Sep/2026:04:50:17 +0300] "GET /wp-content/plugins/Ultimate_VC_Addons/assets/min-js/custom.min.js?ver=3.19.10 HTTP/2.0" 200 4443 "https://princessmare.com.gr/?sale/search/detail/?ITMCODE=m1i2s1o8b9s6e9r4v9e3r6" "Mozilla/5.0 (Windows NT 10.0; Win64; x64) AppleWebKit/537.36 (KHTML, like Gecko) Chrome/154.0.0.0 Safari/537.36"
217.178.61.195 - - [25/Sep/2026:04:50:17 +0300] "GET /wp-content/plugins/cookie-notice/js/front.min.js?ver=2.1.0 HTTP/2.0" 200 1788 "https://princessmare.com.gr/?sale/search/detail/?ITMCODE=m1i2s1o8b9s6e9r4v9e3r6" "Mozilla/5.0 (Windows NT 10.0; Win64; x64) AppleWebKit/537.36 (KHTML, like Gecko) Chrome/154.0.0.0 Safari/537.36"
217.178.61.195 - - [25/Sep/2026:04:50:17 +0300] "GET /wp-content/plugins/revslider/public/assets/js/rbtools.min.js?ver=6.5.3 HTTP/2.0" 200 45281 "https://princessmare.com.gr/?sale/search/detail/?ITMCODE=m1i2s1o8b9s6e9r4v9e3r6" "Mozilla/5.0 (Windows NT 10.0; Win64; x64) AppleWebKit/537.36 (KHTML, like Gecko) Chrome/154.0.0.0 Safari/537.36"
217.178.61.195 - - [25/Sep/2026:04:50:17 +0300] "GET /wp-content/plugins/revslider/public/assets/js/rs6.min.js?ver=6.5.3 HTTP/2.0" 200 90133 "https://princessmare.com.gr/?sale/search/detail/?ITMCODE=m1i2s1o8b9s6e9r4v9e3r6" "Mozilla/5.0 (Windows NT 10.0; Win64; x64) AppleWebKit/537.36 (KHTML, like Gecko) Chrome/154.0.0.0 Safari/537.36"
217.178.61.195 - - [25/Sep/2026:04:50:17 +0300] "GET /wp-content/themes/dt-the7-child/fonts/PalatinoLinotype/PalatinoLinotype-Roman.woff HTTP/2.0" 200 292252 "https://princessmare.com.gr/wp-content/themes/dt-the7-child/style.css?ver=9.14.1" "Mozilla/5.0 (Windows NT 10.0; Win64; x64) AppleWebKit/537.36 (KHTML, like Gecko) Chrome/154.0.0.0 Safari/537.36"
217.178.61.195 - - [25/Sep/2026:04:50:17 +0300] "GET /wp-content/themes/dt-the7/fonts/icomoon-the7-font/icomoon-the7-font.ttf?wi57p5 HTTP/2.0" 200 48020 "https://princessmare.com.gr/wp-content/themes/dt-the7/fonts/icomoon-the7-font/icomoon-the7-font.min.css?ver=9.14.1" "Mozilla/5.0 (Windows NT 10.0; Win64; x64) AppleWebKit/537.36 (KHTML, like Gecko) Chrome/154.0.0.0 Safari/537.36"
217.178.61.195 - - [25/Sep/2026:04:50:17 +0300] "GET /wp-content/uploads/2021/07/naxos-map-outline.jpg HTTP/2.0" 200 12701 "https://princessmare.com.gr/wp-content/themes/dt-the7-child/style.css?ver=9.14.1" "Mozilla/5.0 (Windows NT 10.0; Win64; x64) AppleWebKit/537.36 (KHTML, like Gecko) Chrome/154.0.0.0 Safari/537.36"
217.178.61.195 - - [25/Sep/2026:04:50:17 +0300] "GET /wp-content/uploads/2021/07/naxos-image-contact-new.jpg?id=2086 HTTP/2.0" 200 130847 "https://princessmare.com.gr/?sale/search/detail/?ITMCODE=m1i2s1o8b9s6e9r4v9e3r6" "Mozilla/5.0 (Windows NT 10.0; Win64; x64) AppleWebKit/537.36 (KHTML, like Gecko) Chrome/154.0.0.0 Safari/537.36"
40.77.167.16 - - [25/Sep/2026:04:50:17 +0300] "GET /?sale/search/detail/?ITMCODE=d1e1a8d7h2e6a4d5183 HTTP/1.1" 200 30226 "-" "Mozilla/5.0 AppleWebKit/537.36 (KHTML, like Gecko; compatible; bingbot/2.0; +http://www.bing.com/bingbot.htm) Chrome/116.0.1938.76 Safari/537.36"
217.178.61.195 - - [25/Sep/2026:04:50:17 +0300] "GET /wp-content/themes/dt-the7-child/fonts/PalatinoLinotype/PalatinoLinotype-Roman.woff HTTP/1.1" 200 5184 "https://princessmare.com.gr/wp-content/themes/dt-the7-child/style.css?ver=9.14.1" "Mozilla/5.0 (Windows NT 10.0; Win64; x64) AppleWebKit/537.36 (KHTML, like Gecko) Chrome/154.0.0.0 Safari/537.36"
217.178.61.195 - - [25/Sep/2026:04:50:17 +0300] "GET /wp-content/themes/dt-the7/fonts/icomoon-the7-font/icomoon-the7-font.ttf?wi57p5 HTTP/1.1" 200 5172 "https://princessmare.com.gr/wp-content/themes/dt-the7/fonts/icomoon-the7-font/icomoon-the7-font.min.css?ver=9.14.1" "Mozilla/5.0 (Windows NT 10.0; Win64; x64) AppleWebKit/537.36 (KHTML, like Gecko) Chrome/154.0.0.0 Safari/537.36"
217.178.61.195 - - [25/Sep/2026:04:50:17 +0300] "GET /wp-content/uploads/2021/07/naxos-map-outline.jpg HTTP/1.1" 200 5156 "https://princessmare.com.gr/wp-content/themes/dt-the7-child/style.css?ver=9.14.1" "Mozilla/5.0 (Windows NT 10.0; Win64; x64) AppleWebKit/537.36 (KHTML, like Gecko) Chrome/154.0.0.0 Safari/537.36"
217.178.61.195 - - [25/Sep/2026:04:50:17 +0300] "GET /wp-content/uploads/2021/07/naxos-image-contact-new.jpg?id=2086 HTTP/1.1" 200 5162 "https://princessmare.com.gr/?sale/search/detail/?ITMCODE=m1i2s1o8b9s6e9r4v9e3r6" "Mozilla/5.0 (Windows NT 10.0; Win64; x64) AppleWebKit/537.36 (KHTML, like Gecko) Chrome/154.0.0.0 Safari/537.36"
217.178.61.195 - - [25/Sep/2026:04:50:17 +0300] "GET /wp-content/uploads/2021/07/facebook-static.png HTTP/1.1" 200 5603 "https://princessmare.com.gr/wp-content/themes/dt-the7-child/style.css?ver=9.14.1" "Mozilla/5.0 (Windows NT 10.0; Win64; x64) AppleWebKit/537.36 (KHTML, like Gecko) Chrome/154.0.0.0 Safari/537.36"
217.178.61.195 - - [25/Sep/2026:04:50:17 +0300] "GET /wp-content/uploads/2021/07/instagram-static.png HTTP/1.1" 200 5665 "https://princessmare.com.gr/wp-content/themes/dt-the7-child/style.css?ver=9.14.1" "Mozilla/5.0 (Windows NT 10.0; Win64; x64) AppleWebKit/537.36 (KHTML, like Gecko) Chrome/154.0.0.0 Safari/537.36"
217.178.61.195 - - [25/Sep/2026:04:50:18 +0300] "GET /wp-content/uploads/2021/07/genral-services-bg.jpg HTTP/1.1" 200 5157 "https://princessmare.com.gr/?sale/search/detail/?ITMCODE=m1i2s1o8b9s6e9r4v9e3r6" "Mozilla/5.0 (Windows NT 10.0; Win64; x64) AppleWebKit/537.36 (KHTML, like Gecko) Chrome/154.0.0.0 Safari/537.36"
217.178.61.195 - - [25/Sep/2026:04:50:18 +0300] "GET /wp-content/uploads/2021/07/background-rooms.jpg HTTP/1.1" 200 5155 "https://princessmare.com.gr/?sale/search/detail/?ITMCODE=m1i2s1o8b9s6e9r4v9e3r6" "Mozilla/5.0 (Windows NT 10.0; Win64; x64) AppleWebKit/537.36 (KHTML, like Gecko) Chrome/154.0.0.0 Safari/537.36"
217.178.61.195 - - [25/Sep/2026:04:50:18 +0300] "GET /wp-content/uploads/2021/07/rent-a-car-bg-new.jpg HTTP/1.1" 200 5156 "https://princessmare.com.gr/?sale/search/detail/?ITMCODE=m1i2s1o8b9s6e9r4v9e3r6" "Mozilla/5.0 (Windows NT 10.0; Win64; x64) AppleWebKit/537.36 (KHTML, like Gecko) Chrome/154.0.0.0 Safari/537.36"
217.178.61.195 - - [25/Sep/2026:04:50:18 +0300] "GET /wp-content/uploads/2021/07/testimonials-bg.jpg HTTP/1.1" 200 5154 "https://princessmare.com.gr/?sale/search/detail/?ITMCODE=m1i2s1o8b9s6e9r4v9e3r6" "Mozilla/5.0 (Windows NT 10.0; Win64; x64) AppleWebKit/537.36 (KHTML, like Gecko) Chrome/154.0.0.0 Safari/537.36"
40.77.167.16 - - [25/Sep/2026:04:50:17 +0300] "GET /?sale/search/detail/?ITMCODE=l7o8w1b0a3l1l9997 HTTP/1.1" 200 30224 "-" "Mozilla/5.0 AppleWebKit/537.36 (KHTML, like Gecko; compatible; bingbot/2.0; +http://www.bing.com/bingbot.htm) Chrome/116.0.1938.76 Safari/537.36"
66.249.66.75 - - [25/Sep/2026:04:50:18 +0300] "GET /?sale/search/detail/?ITMCODE=a5t3h7a4r9v1a6v0e1d8a9 HTTP/1.1" 301 9098 "-" "Mozilla/5.0 (Linux; Android 6.0.1; Nexus 5X Build/MMB29P) AppleWebKit/537.36 (KHTML, like Gecko) Chrome/153.0.8010.52 Mobile Safari/537.36 (compatible; Googlebot/2.1; +http://www.google.com/bot.html)"
40.77.167.16 - - [25/Sep/2026:04:50:18 +0300] "GET /?sale/search/detail/?ITMCODE=d6e2s9p6o7t46557 HTTP/1.1" 200 30223 "-" "Mozilla/5.0 AppleWebKit/537.36 (KHTML, like Gecko; compatible; bingbot/2.0; +http://www.bing.com/bingbot.htm) Chrome/116.0.1938.76 Safari/537.36"
217.178.61.195 - - [25/Sep/2026:04:50:18 +0300] "GET /wp-content/uploads/2021/07/genral-services-bg.jpg HTTP/2.0" 200 31955 "https://princessmare.com.gr/?sale/search/detail/?ITMCODE=m1i2s1o8b9s6e9r4v9e3r6" "Mozilla/5.0 (Windows NT 10.0; Win64; x64) AppleWebKit/537.36 (KHTML, like Gecko) Chrome/154.0.0.0 Safari/537.36"
217.178.61.195 - - [25/Sep/2026:04:50:18 +0300] "GET /wp-content/uploads/2021/07/background-rooms.jpg HTTP/2.0" 200 17688 "https://princessmare.com.gr/?sale/search/detail/?ITMCODE=m1i2s1o8b9s6e9r4v9e3r6" "Mozilla/5.0 (Windows NT 10.0; Win64; x64) AppleWebKit/537.36 (KHTML, like Gecko) Chrome/154.0.0.0 Safari/537.36"
217.178.61.195 - - [25/Sep/2026:04:50:18 +0300] "GET /wp-content/uploads/2021/07/rent-a-car-bg-new.jpg HTTP/2.0" 200 110796 "https://princessmare.com.gr/?sale/search/detail/?ITMCODE=m1i2s1o8b9s6e9r4v9e3r6" "Mozilla/5.0 (Windows NT 10.0; Win64; x64) AppleWebKit/537.36 (KHTML, like Gecko) Chrome/154.0.0.0 Safari/537.36"
217.178.61.195 - - [25/Sep/2026:04:50:18 +0300] "GET /wp-content/uploads/2021/07/testimonials-bg.jpg HTTP/2.0" 200 14395 "https://princessmare.com.gr/?sale/search/detail/?ITMCODE=m1i2s1o8b9s6e9r4v9e3r6" "Mozilla/5.0 (Windows NT 10.0; Win64; x64) AppleWebKit/537.36 (KHTML, like Gecko) Chrome/154.0.0.0 Safari/537.36"
66.249.66.69 - - [25/Sep/2026:04:50:19 +0300] "GET /?sale/search/detail/?ITMCODE=s6l3o5a9m4410891 HTTP/1.1" 200 30223 "-" "Mozilla/5.0 (Linux; Android 6.0.1; Nexus 5X Build/MMB29P) AppleWebKit/537.36 (KHTML, like Gecko) Chrome/153.0.8010.52 Mobile Safari/537.36 (compatible; Googlebot/2.1; +http://www.google.com/bot.html)"
40.77.167.16 - - [25/Sep/2026:04:50:19 +0300] "GET /?sale/search/detail/?ITMCODE=a5b3s5i8n6t8h7i7i090 HTTP/1.1" 200 30227 "-" "Mozilla/5.0 AppleWebKit/537.36 (KHTML, like Gecko; compatible; bingbot/2.0; +http://www.bing.com/bingbot.htm) Chrome/116.0.1938.76 Safari/537.36"
217.178.61.195 - - [25/Sep/2026:04:50:20 +0300] "GET /favicon.ico HTTP/1.1" 301 9094 "https://princessmare.com.gr/?sale/search/detail/?ITMCODE=m1i2s1o8b9s6e9r4v9e3r6" "Mozilla/5.0 (Windows NT 10.0; Win64; x64) AppleWebKit/537.36 (KHTML, like Gecko) Chrome/154.0.0.0 Safari/537.36"
40.77.167.16 - - [25/Sep/2026:04:50:20 +0300] "GET /?sale/search/detail/?ITMCODE=a1x6i0o7m608874 HTTP/1.1" 200 30223 "-" "Mozilla/5.0 AppleWebKit/537.36 (KHTML, like Gecko; compatible; bingbot/2.0; +http://www.bing.com/bingbot.htm) Chrome/116.0.1938.76 Safari/537.36"
217.178.61.195 - - [25/Sep/2026:04:50:21 +0300] "GET / HTTP/1.1" 200 29909 "https://princessmare.com.gr/?sale/search/detail/?ITMCODE=m1i2s1o8b9s6e9r4v9e3r6" "Mozilla/5.0 (Windows NT 10.0; Win64; x64) AppleWebKit/537.36 (KHTML, like Gecko) Chrome/154.0.0.0 Safari/537.36"
40.77.167.16 - - [25/Sep/2026:04:50:21 +0300] "GET /?sale/search/detail/?ITMCODE=a7m7e4s7l3a2n0466 HTTP/1.1" 200 30224 "-" "Mozilla/5.0 AppleWebKit/537.36 (KHTML, like Gecko; compatible; bingbot/2.0; +http://www.bing.com/bingbot.htm) Chrome/116.0.1938.76 Safari/537.36"
66.249.66.75 - - [25/Sep/2026:04:50:21 +0300] "GET /?sale/search/detail/?ITMCODE=m1u7l9l6e9t2s5829 HTTP/1.1" 301 9093 "-" "Mozilla/5.0 (Linux; Android 6.0.1; Nexus 5X Build/MMB29P) AppleWebKit/537.36 (KHTML, like Gecko) Chrome/153.0.8010.52 Mobile Safari/537.36 (compatible; Googlebot/2.1; +http://www.google.com/bot.html)"
40.77.167.16 - - [25/Sep/2026:04:50:22 +0300] "GET /?sale/search/detail/?ITMCODE=s2o7l0i6p4e5d6e097 HTTP/1.1" 200 30225 "-" "Mozilla/5.0 AppleWebKit/537.36 (KHTML, like Gecko; compatible; bingbot/2.0; +http://www.bing.com/bingbot.htm) Chrome/116.0.1938.76 Safari/537.36"
66.249.66.75 - - [25/Sep/2026:04:50:22 +0300] "GET /?sale/search/detail/?ITMCODE=c0o2n5t0e8r7m1i6n4a5n2t HTTP/1.1" 301 9099 "-" "Mozilla/5.0 (Linux; Android 6.0.1; Nexus 5X Build/MMB29P) AppleWebKit/537.36 (KHTML, like Gecko) Chrome/153.0.8010.52 Mobile Safari/537.36 (compatible; Googlebot/2.1; +http://www.google.com/bot.html)"
43.130.67.6 - - [25/Sep/2026:04:50:23 +0300] "GET /en/search/feed/rss2/ HTTP/1.1" 404 57165 "-" "Mozilla/5.0 (iPhone; CPU iPhone OS 13_2_3 like Mac OS X) AppleWebKit/605.1.15 (KHTML, like Gecko) Version/13.0.3 Mobile/15E148 Safari/604.1"
40.77.167.16 - - [25/Sep/2026:04:50:23 +0300] "GET /?sale/search/detail/?ITMCODE=c0o3m4p1a1s8s1i9o3n27 HTTP/1.1" 200 30227 "-" "Mozilla/5.0 AppleWebKit/537.36 (KHTML, like Gecko; compatible; bingbot/2.0; +http://www.bing.com/bingbot.htm) Chrome/116.0.1938.76 Safari/537.36"
217.178.61.195 - - [25/Sep/2026:04:50:24 +0300] "POST /?sale/search/detail/?ITMCODE=m1i2s1o8b9s6e9r4v9e3r6 HTTP/1.1" 200 30818 "https://princessmare.com.gr/?sale/search/detail/?ITMCODE=m1i2s1o8b9s6e9r4v9e3r6" "Mozilla/5.0 (Windows NT 10.0; Win64; x64) AppleWebKit/537.36 (KHTML, like Gecko) Chrome/154.0.0.0 Safari/537.36"
217.178.61.195 - - [25/Sep/2026:04:50:25 +0300] "GET /wp-content/plugins/revslider/public/assets/fonts/revicons/revicons.woff?5510888 HTTP/1.1" 200 5173 "https://princessmare.com.gr/?sale/search/detail/?ITMCODE=m1i2s1o8b9s6e9r4v9e3r6" "Mozilla/5.0 (Windows NT 10.0; Win64; x64) AppleWebKit/537.36 (KHTML, like Gecko) Chrome/154.0.0.0 Safari/537.36"
66.249.66.68 - - [25/Sep/2026:04:50:25 +0300] "GET /wp-content/themes/dt-the7/fonts/FontAwesome/css/all.min.css?ver=9.14.1 HTTP/1.1" 200 5165 "https://princessmare.com.gr/?sale/search/detail/?ITMCODE=b4e4s0o0r9t022003" "Mozilla/5.0 (Linux; Android 6.0.1; Nexus 5X Build/MMB29P) AppleWebKit/537.36 (KHTML, like Gecko) Chrome/153.0.8010.52 Mobile Safari/537.36 (compatible; Googlebot/2.1; +http://www.google.com/bot.html)"
40.77.167.16 - - [25/Sep/2026:04:50:25 +0300] "GET /?sale/search/detail/?ITMCODE=a2c1e5t2a9b7l3e1834 HTTP/1.1" 200 30226 "-" "Mozilla/5.0 AppleWebKit/537.36 (KHTML, like Gecko; compatible; bingbot/2.0; +http://www.bing.com/bingbot.htm) Chrome/116.0.1938.76 Safari/537.36"
217.178.61.195 - - [25/Sep/2026:04:50:25 +0300] "GET /favicon.ico HTTP/1.1" 301 9094 "https://princessmare.com.gr/?sale/search/detail/?ITMCODE=m1i2s1o8b9s6e9r4v9e3r6" "Mozilla/5.0 (Windows NT 10.0; Win64; x64) AppleWebKit/537.36 (KHTML, like Gecko) Chrome/154.0.0.0 Safari/537.36"
217.178.61.195 - - [25/Sep/2026:04:50:25 +0300] "GET /wp-content/plugins/revslider/public/assets/fonts/revicons/revicons.woff?5510888 HTTP/2.0" 304 0 "https://princessmare.com.gr/?sale/search/detail/?ITMCODE=m1i2s1o8b9s6e9r4v9e3r6" "Mozilla/5.0 (Windows NT 10.0; Win64; x64) AppleWebKit/537.36 (KHTML, like Gecko) Chrome/154.0.0.0 Safari/537.36"
66.249.66.68 - - [25/Sep/2026:04:50:25 +0300] "GET /wp-content/themes/dt-the7/fonts/FontAwesome/css/all.min.css?ver=9.14.1 HTTP/1.1" 200 12361 "https://princessmare.com.gr/?sale/search/detail/?ITMCODE=b4e4s0o0r9t022003" "Mozilla/5.0 (Linux; Android 6.0.1; Nexus 5X Build/MMB29P) AppleWebKit/537.36 (KHTML, like Gecko) Chrome/153.0.8010.52 Mobile Safari/537.36 (compatible; Googlebot/2.1; +http://www.google.com/bot.html)"
217.178.61.195 - - [25/Sep/2026:04:50:26 +0300] "GET / HTTP/1.1" 200 29909 "https://princessmare.com.gr/?sale/search/detail/?ITMCODE=m1i2s1o8b9s6e9r4v9e3r6" "Mozilla/5.0 (Windows NT 10.0; Win64; x64) AppleWebKit/537.36 (KHTML, like Gecko) Chrome/154.0.0.0 Safari/537.36"
40.77.167.16 - - [25/Sep/2026:04:50:26 +0300] "GET /?sale/search/detail/?ITMCODE=d8i2n5o8c2e9r7a5s555 HTTP/1.1" 200 30227 "-" "Mozilla/5.0 AppleWebKit/537.36 (KHTML, like Gecko; compatible; bingbot/2.0; +http://www.bing.com/bingbot.htm) Chrome/116.0.1938.76 Safari/537.36"
40.77.167.16 - - [25/Sep/2026:04:50:27 +0300] "GET /?sale/search/detail/?ITMCODE=c2h1o0u0l5e299403 HTTP/1.1" 200 30224 "-" "Mozilla/5.0 AppleWebKit/537.36 (KHTML, like Gecko; compatible; bingbot/2.0; +http://www.bing.com/bingbot.htm) Chrome/116.0.1938.76 Safari/537.36"
66.249.66.75 - - [25/Sep/2026:04:50:28 +0300] "GET /?sale/search/detail/?ITMCODE=p9a1r9s8i4m4o3n6i7o0u4sness HTTP/1.1" 301 9103 "-" "Mozilla/5.0 (Linux; Android 6.0.1; Nexus 5X Build/MMB29P) AppleWebKit/537.36 (KHTML, like Gecko) Chrome/153.0.8010.52 Mobile Safari/537.36 (compatible; Googlebot/2.1; +http://www.google.com/bot.html)"
40.77.167.16 - - [25/Sep/2026:04:50:28 +0300] "GET /?sale/search/detail/?ITMCODE=p5a4r3t3i7a7l5i4s6m1 HTTP/1.1" 200 30226 "-" "Mozilla/5.0 AppleWebKit/537.36 (KHTML, like Gecko; compatible; bingbot/2.0; +http://www.bing.com/bingbot.htm) Chrome/116.0.1938.76 Safari/537.36"
66.249.66.75 - - [25/Sep/2026:04:50:30 +0300] "GET /?sale/search/detail/?ITMCODE=s4e2c9l8u4d2e5d0n5e5s9s HTTP/1.1" 301 9099 "-" "Mozilla/5.0 (Linux; Android 6.0.1; Nexus 5X Build/MMB29P) AppleWebKit/537.36 (KHTML, like Gecko) Chrome/153.0.8010.52 Mobile Safari/537.36 (compatible; Googlebot/2.1; +http://www.google.com/bot.html)"
52.167.144.16 - - [25/Sep/2026:04:50:30 +0300] "GET /?sale/search/detail/?ITMCODE=h8o3m2a1r2i5d2a0e51 HTTP/1.1" 200 30225 "-" "Mozilla/5.0 AppleWebKit/537.36 (KHTML, like Gecko; compatible; bingbot/2.0; +http://www.bing.com/bingbot.htm) Chrome/116.0.1938.76 Safari/537.36"
66.249.66.203 - - [25/Sep/2026:04:50:30 +0300] "GET /?sale/search/detail/?ITMCODE=c3y4c0l2o9i2d92891 HTTP/1.1" 301 9094 "-" "Mozilla/5.0 (Linux; Android 6.0.1; Nexus 5X Build/MMB29P) AppleWebKit/537.36 (KHTML, like Gecko) Chrome/153.0.8010.52 Mobile Safari/537.36 (compatible; Googlebot/2.1; +http://www.google.com/bot.html)"
217.178.61.195 - - [25/Sep/2026:04:50:30 +0300] "GET /favicon.ico HTTP/1.1" 301 9029 "https://princessmare.com.gr/?sale/search/detail/?ITMCODE=m1i2s1o8b9s6e9r4v9e3r6" "Mozilla/5.0 (Windows NT 10.0; Win64; x64) AppleWebKit/537.36 (KHTML, like Gecko) Chrome/154.0.0.0 Safari/537.36"
52.167.144.16 - - [25/Sep/2026:04:50:31 +0300] "GET /?sale/search/detail/?ITMCODE=y8e4a6r9e2n2d0714 HTTP/1.1" 200 30224 "-" "Mozilla/5.0 AppleWebKit/537.36 (KHTML, like Gecko; compatible; bingbot/2.0; +http://www.bing.com/bingbot.htm) Chrome/116.0.1938.76 Safari/537.36"
52.167.144.16 - - [25/Sep/2026:04:50:31 +0300] "GET /?sale/search/detail/?ITMCODE=t9o2c1c9a3t3e9l8l3a11 HTTP/1.1" 200 30227 "-" "Mozilla/5.0 AppleWebKit/537.36 (KHTML, like Gecko; compatible; bingbot/2.0; +http://www.bing.com/bingbot.htm) Chrome/116.0.1938.76 Safari/537.36"
52.167.144.16 - - [25/Sep/2026:04:50:32 +0300] "GET /?sale/search/detail/?ITMCODE=c1a4n0o2p6u2s01294 HTTP/1.1" 200 30225 "-" "Mozilla/5.0 AppleWebKit/537.36 (KHTML, like Gecko; compatible; bingbot/2.0; +http://www.bing.com/bingbot.htm) Chrome/116.0.1938.76 Safari/537.36"
