66.249.66.75 - - [25/Sep/2026:04:14:42 +0300] "GET /?sale/search/detail/?ITMCODE=c1e1t1r0a7r5i3a722 HTTP/1.1" 301 9094 "-" "Mozilla/5.0 (Linux; Android 6.0.1; Nexus 5X Build/MMB29P) AppleWebKit/537.36 (KHTML, like Gecko) Chrome/153.0.8010.52 Mobile Safari/537.36 (compatible; Googlebot/2.1; +http://www.google.com/bot.html)"
52.167.144.211 - - [25/Sep/2026:04:14:42 +0300] "GET /?sale/search/detail/?ITMCODE=a1d8j5e7c6t3i0o5n89 HTTP/1.1" 200 30226 "-" "Mozilla/5.0 AppleWebKit/537.36 (KHTML, like Gecko; compatible; bingbot/2.0; +http://www.bing.com/bingbot.htm) Chrome/116.0.1938.76 Safari/537.36"
52.167.144.211 - - [25/Sep/2026:04:14:43 +0300] "GET /?sale/search/detail/?ITMCODE=g7r1a3d6u9a5l7n9e4s7s3 HTTP/1.1" 200 30228 "-" "Mozilla/5.0 AppleWebKit/537.36 (KHTML, like Gecko; compatible; bingbot/2.0; +http://www.bing.com/bingbot.htm) Chrome/116.0.1938.76 Safari/537.36"
66.249.66.40 - - [25/Sep/2026:04:14:44 +0300] "GET /?sale/search/detail/?ITMCODE=m5a6r2a4b1o5u9t884 HTTP/1.1" 200 30225 "-" "Mozilla/5.0 (Linux; Android 6.0.1; Nexus 5X Build/MMB29P) AppleWebKit/537.36 (KHTML, like Gecko) Chrome/153.0.8010.52 Mobile Safari/537.36 (compatible; Googlebot/2.1; +http://www.google.com/bot.html)"
66.249.66.40 - - [25/Sep/2026:04:14:45 +0300] "GET /?sale/search/detail/?ITMCODE=h0u3m0i9d0139101 HTTP/1.1" 200 30223 "-" "Mozilla/5.0 (Linux; Android 6.0.1; Nexus 5X Build/MMB29P) AppleWebKit/537.36 (KHTML, like Gecko) Chrome/153.0.8010.52 Mobile Safari/537.36 (compatible; Googlebot/2.1; +http://www.google.com/bot.html)"
52.167.144.211 - - [25/Sep/2026:04:14:46 +0300] "GET /?sale/search/detail/?ITMCODE=b3i2r1t7h6p6l4a4c6e43 HTTP/1.1" 200 30228 "-" "Mozilla/5.0 AppleWebKit/537.36 (KHTML, like Gecko; compatible; bingbot/2.0; +http://www.bing.com/bingbot.htm) Chrome/116.0.1938.76 Safari/537.36"
52.167.144.211 - - [25/Sep/2026:04:14:47 +0300] "GET /?sale/search/detail/?ITMCODE=i9d1i0o7g0r3a2p7h9i7cal HTTP/1.1" 200 30229 "-" "Mozilla/5.0 AppleWebKit/537.36 (KHTML, like Gecko; compatible; bingbot/2.0; +http://www.bing.com/bingbot.htm) Chrome/116.0.1938.76 Safari/537.36"
66.249.66.75 - - [25/Sep/2026:04:14:47 +0300] "GET /?sale/search/detail/?ITMCODE=r3o2m2m3a7n2y51996 HTTP/1.1" 301 9094 "-" "Mozilla/5.0 (Linux; Android 6.0.1; Nexus 5X Build/MMB29P) AppleWebKit/537.36 (KHTML, like Gecko) Chrome/153.0.8010.52 Mobile Safari/537.36 (compatible; Googlebot/2.1; +http://www.google.com/bot.html)"
66.249.66.40 - - [25/Sep/2026:04:14:52 +0300] "GET /?sale/search/detail/?ITMCODE=l9a3c9k6e1d987319 HTTP/1.1" 200 30225 "-" "Mozilla/5.0 (Linux; Android 6.0.1; Nexus 5X Build/MMB29P) AppleWebKit/537.36 (KHTML, like Gecko) Chrome/153.0.8010.52 Mobile Safari/537.36 (compatible; Googlebot/2.1; +http://www.google.com/bot.html)"
66.249.66.40 - - [25/Sep/2026:04:14:52 +0300] "GET /?sale/search/detail/?ITMCODE=p9r2e0i4n6d7e9s6i6g0n4ate HTTP/1.1" 200 30231 "-" "Mozilla/5.0 (Linux; Android 6.0.1; Nexus 5X Build/MMB29P) AppleWebKit/537.36 (KHTML, like Gecko) Chrome/153.0.8010.52 Mobile Safari/537.36 (compatible; Googlebot/2.1; +http://www.google.com/bot.html)"
52.167.144.197 - - [25/Sep/2026:04:14:52 +0300] "GET /?sale/search/detail/?ITMCODE=l2o2w5d9o0w4n2652 HTTP/1.1" 200 30224 "-" "Mozilla/5.0 AppleWebKit/537.36 (KHTML, like Gecko; compatible; bingbot/2.0; +http://www.bing.com/bingbot.htm) Chrome/116.0.1938.76 Safari/537.36"
66.249.66.35 - - [25/Sep/2026:04:14:53 +0300] "GET /?sale/search/detail/?ITMCODE=a7f3f1e1c4t7i3n2g399 HTTP/1.1" 301 9096 "-" "Mozilla/5.0 (Linux; Android 6.0.1; Nexus 5X Build/MMB29P) AppleWebKit/537.36 (KHTML, like Gecko) Chrome/153.0.8010.52 Mobile Safari/537.36 (compatible; Googlebot/2.1; +http://www.google.com/bot.html)"
52.167.144.197 - - [25/Sep/2026:04:14:53 +0300] "GET /?sale/search/detail/?ITMCODE=n4o1v0e8m7b8e7r325 HTTP/1.1" 200 30225 "-" "Mozilla/5.0 AppleWebKit/537.36 (KHTML, like Gecko; compatible; bingbot/2.0; +http://www.bing.com/bingbot.htm) Chrome/116.0.1938.76 Safari/537.36"
52.167.144.197 - - [25/Sep/2026:04:14:54 +0300] "GET /?sale/search/detail/?ITMCODE=s4e2l6f8d6e2f0e6n8s4ive HTTP/1.1" 200 30229 "-" "Mozilla/5.0 AppleWebKit/537.36 (KHTML, like Gecko; compatible; bingbot/2.0; +http://www.bing.com/bingbot.htm) Chrome/116.0.1938.76 Safari/537.36"
52.167.144.197 - - [25/Sep/2026:04:14:55 +0300] "GET /?sale/search/detail/?ITMCODE=f6o3c5i2m3e6t2e9r200 HTTP/1.1" 200 30226 "-" "Mozilla/5.0 AppleWebKit/537.36 (KHTML, like Gecko; compatible; bingbot/2.0; +http://www.bing.com/bingbot.htm) Chrome/116.0.1938.76 Safari/537.36"
52.167.144.197 - - [25/Sep/2026:04:14:56 +0300] "GET /?sale/search/detail/?ITMCODE=e1c2t2y5p2o3g4r7a2p0h5y HTTP/1.1" 200 30229 "-" "Mozilla/5.0 AppleWebKit/537.36 (KHTML, like Gecko; compatible; bingbot/2.0; +http://www.bing.com/bingbot.htm) Chrome/116.0.1938.76 Safari/537.36"
52.167.144.183 - - [25/Sep/2026:04:14:57 +0300] "GET /?sale/search/detail/?ITMCODE=h9a3c2k9e6r070863 HTTP/1.1" 200 30225 "-" "Mozilla/5.0 AppleWebKit/537.36 (KHTML, like Gecko; compatible; bingbot/2.0; +http://www.bing.com/bingbot.htm) Chrome/116.0.1938.76 Safari/537.36"
52.167.144.183 - - [25/Sep/2026:04:14:58 +0300] "GET /?sale/search/detail/?ITMCODE=t8o1n4g7u0e8l7e9t506 HTTP/1.1" 200 30227 "-" "Mozilla/5.0 AppleWebKit/537.36 (KHTML, like Gecko; compatible; bingbot/2.0; +http://www.bing.com/bingbot.htm) Chrome/116.0.1938.76 Safari/537.36"
66.249.66.34 - - [25/Sep/2026:04:14:59 +0300] "GET /?sale/search/detail/?ITMCODE=g5i1r5d6l6e7s69370 HTTP/1.1" 301 9094 "-" "Mozilla/5.0 (Linux; Android 6.0.1; Nexus 5X Build/MMB29P) AppleWebKit/537.36 (KHTML, like Gecko) Chrome/153.0.8010.52 Mobile Safari/537.36 (compatible; Googlebot/2.1; +http://www.google.com/bot.html)"
52.167.144.183 - - [25/Sep/2026:04:14:59 +0300] "GET /?sale/search/detail/?ITMCODE=a7n9t7i8a3b7o5r8t2i0onist HTTP/1.1" 200 30230 "-" "Mozilla/5.0 AppleWebKit/537.36 (KHTML, like Gecko; compatible; bingbot/2.0; +http://www.bing.com/bingbot.htm) Chrome/116.0.1938.76 Safari/537.36"
52.167.144.183 - - [25/Sep/2026:04:15:00 +0300] "GET /?sale/search/detail/?ITMCODE=b8r1u1s4h0y373855 HTTP/1.1" 200 30225 "-" "Mozilla/5.0 AppleWebKit/537.36 (KHTML, like Gecko; compatible; bingbot/2.0; +http://www.bing.com/bingbot.htm) Chrome/116.0.1938.76 Safari/537.36"
66.249.66.40 - - [25/Sep/2026:04:15:01 +0300] "GET /wp-content/plugins/contact-form-7/includes/css/styles.css?ver=5.4.1 HTTP/1.1" 200 5163 "https://princessmare.com.gr/?h=031000192" "Mozilla/5.0 (Linux; Android 6.0.1; Nexus 5X Build/MMB29P) AppleWebKit/537.36 (KHTML, like Gecko) Chrome/153.0.8010.52 Mobile Safari/537.36 (compatible; Googlebot/2.1; +http://www.google.com/bot.html)"
57.141.20.65 - - [25/Sep/2026:04:15:01 +0300] "GET /?sale/search/detail/?ITMCODE=e1v3a6p3o2r4a1t6e2d71 HTTP/1.1" 200 30227 "-" "Mozilla/5.0 (X11; Linux x86_64) AppleWebKit/537.36 (KHTML, like Gecko) Chrome/145.0.0.0 Safari/537.36 (compatible; meta-externalagent/1.1 (+https://developers.facebook.com/docs/sharing/webmasters/crawler))"
52.167.144.183 - - [25/Sep/2026:04:15:01 +0300] "GET /?sale/search/detail/?ITMCODE=f0r2i8g4h5t714842 HTTP/1.1" 200 30224 "-" "Mozilla/5.0 AppleWebKit/537.36 (KHTML, like Gecko; compatible; bingbot/2.0; +http://www.bing.com/bingbot.htm) Chrome/116.0.1938.76 Safari/537.36"
66.249.66.40 - - [25/Sep/2026:04:15:01 +0300] "GET /wp-content/plugins/contact-form-7/includes/css/styles.css?ver=5.4.1 HTTP/1.1" 200 837 "https://princessmare.com.gr/?h=031000192" "Mozilla/5.0 (Linux; Android 6.0.1; Nexus 5X Build/MMB29P) AppleWebKit/537.36 (KHTML, like Gecko) Chrome/153.0.8010.52 Mobile Safari/537.36 (compatible; Googlebot/2.1; +http://www.google.com/bot.html)"
66.249.66.42 - - [25/Sep/2026:04:15:02 +0300] "GET /wp-content/themes/dt-the7/fonts/FontAwesome/back-compat.min.css?ver=9.14.1 HTTP/1.1" 200 3928 "https://princessmare.com.gr/?sale/search/detail/?ITMCODE=p9r2e0i4n6d7e9s6i6g0n4ate" "Mozilla/5.0 (Linux; Android 6.0.1; Nexus 5X Build/MMB29P) AppleWebKit/537.36 (KHTML, like Gecko) Chrome/153.0.8010.52 Mobile Safari/537.36 (compatible; Googlebot/2.1; +http://www.google.com/bot.html)"
66.249.66.42 - - [25/Sep/2026:04:15:02 +0300] "GET /wp-content/themes/dt-the7/fonts/FontAwesome/back-compat.min.css?ver=9.14.1 HTTP/1.1" 200 5169 "https://princessmare.com.gr/?sale/search/detail/?ITMCODE=p9r2e0i4n6d7e9s6i6g0n4ate" "Mozilla/5.0 (Linux; Android 6.0.1; Nexus 5X Build/MMB29P) AppleWebKit/537.36 (KHTML, like Gecko) Chrome/153.0.8010.52 Mobile Safari/537.36 (compatible; Googlebot/2.1; +http://www.google.com/bot.html)"
52.167.144.183 - - [25/Sep/2026:04:15:02 +0300] "GET /?sale/search/detail/?ITMCODE=p3s5e8u9d7o0b5a4c8t5eria HTTP/1.1" 200 30230 "-" "Mozilla/5.0 AppleWebKit/537.36 (KHTML, like Gecko; compatible; bingbot/2.0; +http://www.bing.com/bingbot.htm) Chrome/116.0.1938.76 Safari/537.36"
66.249.66.33 - - [25/Sep/2026:04:15:03 +0300] "GET /wp-content/plugins/contact-form-7/includes/css/styles.css?ver=5.4.1 HTTP/1.1" 200 5163 "https://princessmare.com.gr/?sale/search/detail/?ITMCODE=p9r2e0i4n6d7e9s6i6g0n4ate" "Mozilla/5.0 (Linux; Android 6.0.1; Nexus 5X Build/MMB29P) AppleWebKit/537.36 (KHTML, like Gecko) Chrome/153.0.8010.52 Mobile Safari/537.36 (compatible; Googlebot/2.1; +http://www.google.com/bot.html)"
52.167.144.183 - - [25/Sep/2026:04:15:03 +0300] "GET /?sale/search/detail/?ITMCODE=s4w2a1y6f5u4l22575 HTTP/1.1" 200 30225 "-" "Mozilla/5.0 AppleWebKit/537.36 (KHTML, like Gecko; compatible; bingbot/2.0; +http://www.bing.com/bingbot.htm) Chrome/116.0.1938.76 Safari/537.36"
66.249.66.33 - - [25/Sep/2026:04:15:03 +0300] "GET /wp-content/plugins/contact-form-7/includes/css/styles.css?ver=5.4.1 HTTP/1.1" 200 837 "https://princessmare.com.gr/?sale/search/detail/?ITMCODE=p9r2e0i4n6d7e9s6i6g0n4ate" "Mozilla/5.0 (Linux; Android 6.0.1; Nexus 5X Build/MMB29P) AppleWebKit/537.36 (KHTML, like Gecko) Chrome/153.0.8010.52 Mobile Safari/537.36 (compatible; Googlebot/2.1; +http://www.google.com/bot.html)"
52.167.144.183 - - [25/Sep/2026:04:15:04 +0300] "GET /?sale/search/detail/?ITMCODE=b8i2d2i0g0i7t7a2t2e11 HTTP/1.1" 200 30227 "-" "Mozilla/5.0 AppleWebKit/537.36 (KHTML, like Gecko; compatible; bingbot/2.0; +http://www.bing.com/bingbot.htm) Chrome/116.0.1938.76 Safari/537.36"
52.167.144.183 - - [25/Sep/2026:04:15:05 +0300] "GET /?sale/search/detail/?ITMCODE=d2e6v7i1l1i7s6h4l7y7 HTTP/1.1" 200 30227 "-" "Mozilla/5.0 AppleWebKit/537.36 (KHTML, like Gecko; compatible; bingbot/2.0; +http://www.bing.com/bingbot.htm) Chrome/116.0.1938.76 Safari/537.36"
66.249.66.33 - - [25/Sep/2026:04:15:06 +0300] "GET /?sale/search/detail/?ITMCODE=e6m7p8a9i8s1t7i1c98 HTTP/1.1" 301 9095 "-" "Mozilla/5.0 (Linux; Android 6.0.1; Nexus 5X Build/MMB29P) AppleWebKit/537.36 (KHTML, like Gecko) Chrome/153.0.8010.52 Mobile Safari/537.36 (compatible; Googlebot/2.1; +http://www.google.com/bot.html)"
52.167.144.211 - - [25/Sep/2026:04:15:06 +0300] "GET /?sale/search/detail/?ITMCODE=r1e1p0l6e7a3d2e5r70 HTTP/1.1" 200 30225 "-" "Mozilla/5.0 AppleWebKit/537.36 (KHTML, like Gecko; compatible; bingbot/2.0; +http://www.bing.com/bingbot.htm) Chrome/116.0.1938.76 Safari/537.36"
66.249.66.41 - - [25/Sep/2026:04:15:07 +0300] "GET /?sale/search/detail/?ITMCODE=s5u1p0e6r3v6i8s8e782 HTTP/1.1" 200 30227 "-" "Mozilla/5.0 (Linux; Android 6.0.1; Nexus 5X Build/MMB29P) AppleWebKit/537.36 (KHTML, like Gecko) Chrome/153.0.8010.52 Mobile Safari/537.36 (compatible; Googlebot/2.1; +http://www.google.com/bot.html)"
52.167.144.211 - - [25/Sep/2026:04:15:07 +0300] "GET /?sale/search/detail/?ITMCODE=c2o8n0c7h5o7m0e2t4r7y HTTP/1.1" 200 30228 "-" "Mozilla/5.0 AppleWebKit/537.36 (KHTML, like Gecko; compatible; bingbot/2.0; +http://www.bing.com/bingbot.htm) Chrome/116.0.1938.76 Safari/537.36"
66.249.66.33 - - [25/Sep/2026:04:15:08 +0300] "GET /?sale/search/detail/?ITMCODE=n0o1t1a1r8i8e6s4674 HTTP/1.1" 301 9095 "-" "Mozilla/5.0 (Linux; Android 6.0.1; Nexus 5X Build/MMB29P) AppleWebKit/537.36 (KHTML, like Gecko) Chrome/153.0.8010.52 Mobile Safari/537.36 (compatible; Googlebot/2.1; +http://www.google.com/bot.html)"
52.167.144.211 - - [25/Sep/2026:04:15:08 +0300] "GET /?sale/search/detail/?ITMCODE=a9n2g5l1o7s4a1x0o3n08 HTTP/1.1" 200 30228 "-" "Mozilla/5.0 AppleWebKit/537.36 (KHTML, like Gecko; compatible; bingbot/2.0; +http://www.bing.com/bingbot.htm) Chrome/116.0.1938.76 Safari/537.36"
66.249.66.35 - - [25/Sep/2026:04:15:09 +0300] "GET /?sale/search/detail/?ITMCODE=n2i2l5o5t7i4c1u9s593 HTTP/1.1" 301 9096 "-" "Mozilla/5.0 (Linux; Android 6.0.1; Nexus 5X Build/MMB29P) AppleWebKit/537.36 (KHTML, like Gecko) Chrome/153.0.8010.52 Mobile Safari/537.36 (compatible; Googlebot/2.1; +http://www.google.com/bot.html)"
52.167.144.211 - - [25/Sep/2026:04:15:09 +0300] "GET /?sale/search/detail/?ITMCODE=h3y4d2r4o4s6u5l0p3h5u6ric HTTP/1.1" 200 30231 "-" "Mozilla/5.0 AppleWebKit/537.36 (KHTML, like Gecko; compatible; bingbot/2.0; +http://www.bing.com/bingbot.htm) Chrome/116.0.1938.76 Safari/537.36"
66.249.66.40 - - [25/Sep/2026:04:15:10 +0300] "GET /wp-content/uploads/the7-css/css-vars.css?ver=a11134ae5739 HTTP/1.1" 200 5146 "https://princessmare.com.gr/?sale/search/detail/?ITMCODE=m8o5n2o6p5o7l0i9z6e4d" "Mozilla/5.0 (Linux; Android 6.0.1; Nexus 5X Build/MMB29P) AppleWebKit/537.36 (KHTML, like Gecko) Chrome/153.0.8010.52 Mobile Safari/537.36 (compatible; Googlebot/2.1; +http://www.google.com/bot.html)"
52.167.144.211 - - [25/Sep/2026:04:15:10 +0300] "GET /?sale/search/detail/?ITMCODE=m8i8t1h6r9a8i9c077 HTTP/1.1" 200 30225 "-" "Mozilla/5.0 AppleWebKit/537.36 (KHTML, like Gecko; compatible; bingbot/2.0; +http://www.bing.com/bingbot.htm) Chrome/116.0.1938.76 Safari/537.36"
52.167.144.211 - - [25/Sep/2026:04:15:10 +0300] "GET /?sale/search/detail/?ITMCODE=p4r1e6b3r1o4n7c9h4i3a8l HTTP/1.1" 200 30229 "-" "Mozilla/5.0 AppleWebKit/537.36 (KHTML, like Gecko; compatible; bingbot/2.0; +http://www.bing.com/bingbot.htm) Chrome/116.0.1938.76 Safari/537.36"
66.249.66.40 - - [25/Sep/2026:04:15:10 +0300] "GET /wp-content/uploads/the7-css/css-vars.css?ver=a11134ae5739 HTTP/1.1" 200 4039 "https://princessmare.com.gr/?sale/search/detail/?ITMCODE=m8o5n2o6p5o7l0i9z6e4d" "Mozilla/5.0 (Linux; Android 6.0.1; Nexus 5X Build/MMB29P) AppleWebKit/537.36 (KHTML, like Gecko) Chrome/153.0.8010.52 Mobile Safari/537.36 (compatible; Googlebot/2.1; +http://www.google.com/bot.html)"
66.249.66.40 - - [25/Sep/2026:04:15:14 +0300] "GET /?sale/search/detail/?ITMCODE=c4y2c1l0a5d4e5s228 HTTP/1.1" 200 30225 "-" "Mozilla/5.0 (Linux; Android 6.0.1; Nexus 5X Build/MMB29P) AppleWebKit/537.36 (KHTML, like Gecko) Chrome/153.0.8010.52 Mobile Safari/537.36 (compatible; Googlebot/2.1; +http://www.google.com/bot.html)"
66.249.66.34 - - [25/Sep/2026:04:15:15 +0300] "GET /?sale/search/detail/?ITMCODE=c8h2o4u2l0e749477 HTTP/1.1" 301 9093 "-" "Mozilla/5.0 (Linux; Android 6.0.1; Nexus 5X Build/MMB29P) AppleWebKit/537.36 (KHTML, like Gecko) Chrome/153.0.8010.52 Mobile Safari/537.36 (compatible; Googlebot/2.1; +http://www.google.com/bot.html)"
52.167.144.183 - - [25/Sep/2026:04:15:16 +0300] "GET /?sale/search/detail/?ITMCODE=e1f1f6e4c2t2u2o0u9s8l6y HTTP/1.1" 200 30229 "-" "Mozilla/5.0 AppleWebKit/537.36 (KHTML, like Gecko; compatible; bingbot/2.0; +http://www.bing.com/bingbot.htm) Chrome/116.0.1938.76 Safari/537.36"
52.167.144.183 - - [25/Sep/2026:04:15:17 +0300] "GET /?sale/search/detail/?ITMCODE=v7a3l0e4r2i7a5n2a247 HTTP/1.1" 200 30226 "-" "Mozilla/5.0 AppleWebKit/537.36 (KHTML, like Gecko; compatible; bingbot/2.0; +http://www.bing.com/bingbot.htm) Chrome/116.0.1938.76 Safari/537.36"
52.167.144.183 - - [25/Sep/2026:04:15:18 +0300] "GET /?sale/search/detail/?ITMCODE=w5i2c0k9e9r644746 HTTP/1.1" 200 30225 "-" "Mozilla/5.0 AppleWebKit/537.36 (KHTML, like Gecko; compatible; bingbot/2.0; +http://www.bing.com/bingbot.htm) Chrome/116.0.1938.76 Safari/537.36"
52.167.144.183 - - [25/Sep/2026:04:15:19 +0300] "GET /?sale/search/detail/?ITMCODE=n4a8u9g7h2t7i5e9s3t0 HTTP/1.1" 200 30227 "-" "Mozilla/5.0 AppleWebKit/537.36 (KHTML, like Gecko; compatible; bingbot/2.0; +http://www.bing.com/bingbot.htm) Chrome/116.0.1938.76 Safari/537.36"
52.167.144.183 - - [25/Sep/2026:04:15:20 +0300] "GET /?sale/search/detail/?ITMCODE=m9o3n2s0t9r6o3u7s4l8y0 HTTP/1.1" 200 30229 "-" "Mozilla/5.0 AppleWebKit/537.36 (KHTML, like Gecko; compatible; bingbot/2.0; +http://www.bing.com/bingbot.htm) Chrome/116.0.1938.76 Safari/537.36"
52.167.144.183 - - [25/Sep/2026:04:15:21 +0300] "GET /?sale/search/detail/?ITMCODE=p7a2r5a4c7e2n7t1e4s6i7s HTTP/1.1" 200 30229 "-" "Mozilla/5.0 AppleWebKit/537.36 (KHTML, like Gecko; compatible; bingbot/2.0; +http://www.bing.com/bingbot.htm) Chrome/116.0.1938.76 Safari/537.36"
66.249.66.75 - - [25/Sep/2026:04:15:21 +0300] "GET /?sale/search/detail/?ITMCODE=a6b2h4a0l2678997 HTTP/1.1" 301 9092 "-" "Mozilla/5.0 (Linux; Android 6.0.1; Nexus 5X Build/MMB29P) AppleWebKit/537.36 (KHTML, like Gecko) Chrome/153.0.8010.52 Mobile Safari/537.36 (compatible; Googlebot/2.1; +http://www.google.com/bot.html)"
52.167.144.183 - - [25/Sep/2026:04:15:22 +0300] "GET /?sale/search/detail/?ITMCODE=p4l7e3u8r3o2b1r4a3c3hia HTTP/1.1" 200 30229 "-" "Mozilla/5.0 AppleWebKit/537.36 (KHTML, like Gecko; compatible; bingbot/2.0; +http://www.bing.com/bingbot.htm) Chrome/116.0.1938.76 Safari/537.36"
52.167.144.183 - - [25/Sep/2026:04:15:23 +0300] "GET /?sale/search/detail/?ITMCODE=b2e3t5h5o1u8g5h0t674 HTTP/1.1" 200 30227 "-" "Mozilla/5.0 AppleWebKit/537.36 (KHTML, like Gecko; compatible; bingbot/2.0; +http://www.bing.com/bingbot.htm) Chrome/116.0.1938.76 Safari/537.36"
52.167.144.183 - - [25/Sep/2026:04:15:23 +0300] "GET /?sale/search/detail/?ITMCODE=t1y1c3h0o0n2i7c0842 HTTP/1.1" 200 30226 "-" "Mozilla/5.0 AppleWebKit/537.36 (KHTML, like Gecko; compatible; bingbot/2.0; +http://www.bing.com/bingbot.htm) Chrome/116.0.1938.76 Safari/537.36"
52.167.144.183 - - [25/Sep/2026:04:15:23 +0300] "GET /?sale/search/detail/?ITMCODE=t2h2e9r7m0o7e1l5e6c8t4ricity HTTP/1.1" 200 30232 "-" "Mozilla/5.0 AppleWebKit/537.36 (KHTML, like Gecko; compatible; bingbot/2.0; +http://www.bing.com/bingbot.htm) Chrome/116.0.1938.76 Safari/537.36"
52.167.144.183 - - [25/Sep/2026:04:15:24 +0300] "GET /?sale/search/detail/?ITMCODE=h5u1r7r3i8e1d6l7y760 HTTP/1.1" 200 30227 "-" "Mozilla/5.0 AppleWebKit/537.36 (KHTML, like Gecko; compatible; bingbot/2.0; +http://www.bing.com/bingbot.htm) Chrome/116.0.1938.76 Safari/537.36"
66.249.66.75 - - [25/Sep/2026:04:15:27 +0300] "GET /?sale/search/detail/?ITMCODE=p0r1a4a8m2307651 HTTP/1.1" 301 9092 "-" "Mozilla/5.0 (Linux; Android 6.0.1; Nexus 5X Build/MMB29P) AppleWebKit/537.36 (KHTML, like Gecko) Chrome/153.0.8010.52 Mobile Safari/537.36 (compatible; Googlebot/2.1; +http://www.google.com/bot.html)"
52.167.144.211 - - [25/Sep/2026:04:15:26 +0300] "GET /?sale/search/detail/?ITMCODE=n8a2t5u1r1a2l8i7z5e8d5 HTTP/1.1" 200 30229 "-" "Mozilla/5.0 AppleWebKit/537.36 (KHTML, like Gecko; compatible; bingbot/2.0; +http://www.bing.com/bingbot.htm) Chrome/116.0.1938.76 Safari/537.36"
66.249.66.196 - - [25/Sep/2026:04:15:27 +0300] "GET /?sale/search/detail/?ITMCODE=i5m4p3r1e7c6a7t1i7n7g HTTP/1.1" 200 30228 "-" "Mozilla/5.0 (Linux; Android 6.0.1; Nexus 5X Build/MMB29P) AppleWebKit/537.36 (KHTML, like Gecko) Chrome/153.0.8010.52 Mobile Safari/537.36 (compatible; Googlebot/2.1; +http://www.google.com/bot.html)"
52.167.144.211 - - [25/Sep/2026:04:15:27 +0300] "GET /?sale/search/detail/?ITMCODE=i0n3f0l3a6m8e71535 HTTP/1.1" 200 30225 "-" "Mozilla/5.0 AppleWebKit/537.36 (KHTML, like Gecko; compatible; bingbot/2.0; +http://www.bing.com/bingbot.htm) Chrome/116.0.1938.76 Safari/537.36"
52.167.144.211 - - [25/Sep/2026:04:15:28 +0300] "GET /?sale/search/detail/?ITMCODE=e8x3a6l7t0a3t0i8o4n39 HTTP/1.1" 200 30228 "-" "Mozilla/5.0 AppleWebKit/537.36 (KHTML, like Gecko; compatible; bingbot/2.0; +http://www.bing.com/bingbot.htm) Chrome/116.0.1938.76 Safari/537.36"
66.249.66.68 - - [25/Sep/2026:04:15:29 +0300] "GET /?sale/search/detail/?ITMCODE=d6i2t3t8o1s948174 HTTP/1.1" 200 30224 "-" "Mozilla/5.0 (Linux; Android 6.0.1; Nexus 5X Build/MMB29P) AppleWebKit/537.36 (KHTML, like Gecko) Chrome/153.0.8010.52 Mobile Safari/537.36 (compatible; Googlebot/2.1; +http://www.google.com/bot.html)"
52.167.144.211 - - [25/Sep/2026:04:15:30 +0300] "GET /?sale/search/detail/?ITMCODE=j2a2n4u4s3h8e5a6d4e5d8 HTTP/1.1" 200 30229 "-" "Mozilla/5.0 AppleWebKit/537.36 (KHTML, like Gecko; compatible; bingbot/2.0; +http://www.bing.com/bingbot.htm) Chrome/116.0.1938.76 Safari/537.36"
52.167.144.211 - - [25/Sep/2026:04:15:30 +0300] "GET /?sale/search/detail/?ITMCODE=s5u2r9e8t9y9s9h6i4p88 HTTP/1.1" 200 30228 "-" "Mozilla/5.0 AppleWebKit/537.36 (KHTML, like Gecko; compatible; bingbot/2.0; +http://www.bing.com/bingbot.htm) Chrome/116.0.1938.76 Safari/537.36"
52.167.144.211 - - [25/Sep/2026:04:15:31 +0300] "GET /?sale/search/detail/?ITMCODE=e8l1e4g8a6n9s49341 HTTP/1.1" 200 30225 "-" "Mozilla/5.0 AppleWebKit/537.36 (KHTML, like Gecko; compatible; bingbot/2.0; +http://www.bing.com/bingbot.htm) Chrome/116.0.1938.76 Safari/537.36"
52.167.144.211 - - [25/Sep/2026:04:15:32 +0300] "GET /?sale/search/detail/?ITMCODE=p1l1a9g5i1o9c6e7p4h0a5lic HTTP/1.1" 200 30231 "-" "Mozilla/5.0 AppleWebKit/537.36 (KHTML, like Gecko; compatible; bingbot/2.0; +http://www.bing.com/bingbot.htm) Chrome/116.0.1938.76 Safari/537.36"
66.249.66.75 - - [25/Sep/2026:04:15:32 +0300] "GET /?sale/search/detail/?ITMCODE=v7a1g0a5r2y725522 HTTP/1.1" 301 9093 "-" "Mozilla/5.0 (Linux; Android 6.0.1; Nexus 5X Build/MMB29P) AppleWebKit/537.36 (KHTML, like Gecko) Chrome/153.0.8010.52 Mobile Safari/537.36 (compatible; Googlebot/2.1; +http://www.google.com/bot.html)"
66.249.66.75 - - [25/Sep/2026:04:15:33 +0300] "GET /?sale/search/detail/?ITMCODE=o9m3e4g2o9i5d34364 HTTP/1.1" 301 9094 "-" "Mozilla/5.0 (Linux; Android 6.0.1; Nexus 5X Build/MMB29P) AppleWebKit/537.36 (KHTML, like Gecko) Chrome/153.0.8010.52 Mobile Safari/537.36 (compatible; Googlebot/2.1; +http://www.google.com/bot.html)"
52.167.144.211 - - [25/Sep/2026:04:15:32 +0300] "GET /?sale/search/detail/?ITMCODE=p7o3l8a0r5i7m9e9t3e3r6 HTTP/1.1" 200 30228 "-" "Mozilla/5.0 AppleWebKit/537.36 (KHTML, like Gecko; compatible; bingbot/2.0; +http://www.bing.com/bingbot.htm) Chrome/116.0.1938.76 Safari/537.36"
66.249.66.196 - - [25/Sep/2026:04:15:34 +0300] "GET /?sale/search/detail/?ITMCODE=b2r3a5i3l0l7e45892 HTTP/1.1" 200 30225 "-" "Mozilla/5.0 (Linux; Android 6.0.1; Nexus 5X Build/MMB29P) AppleWebKit/537.36 (KHTML, like Gecko) Chrome/153.0.8010.52 Mobile Safari/537.36 (compatible; Googlebot/2.1; +http://www.google.com/bot.html)"
66.249.66.75 - - [25/Sep/2026:04:15:35 +0300] "GET /?sale/search/detail/?ITMCODE=m6i3l2l0i6o7n1a8i1r5e2 HTTP/1.1" 301 9098 "-" "Mozilla/5.0 (Linux; Android 6.0.1; Nexus 5X Build/MMB29P) AppleWebKit/537.36 (KHTML, like Gecko) Chrome/153.0.8010.52 Mobile Safari/537.36 (compatible; Googlebot/2.1; +http://www.google.com/bot.html)"
52.167.144.183 - - [25/Sep/2026:04:15:36 +0300] "GET /?sale/search/detail/?ITMCODE=x8y3l8o7p5h5a5g0o8u7s9 HTTP/1.1" 200 30229 "-" "Mozilla/5.0 AppleWebKit/537.36 (KHTML, like Gecko; compatible; bingbot/2.0; +http://www.bing.com/bingbot.htm) Chrome/116.0.1938.76 Safari/537.36"
52.167.144.183 - - [25/Sep/2026:04:15:36 +0300] "GET /?sale/search/detail/?ITMCODE=m8e3s9o3c0e6p3h5a4l2ous HTTP/1.1" 200 30229 "-" "Mozilla/5.0 AppleWebKit/537.36 (KHTML, like Gecko; compatible; bingbot/2.0; +http://www.bing.com/bingbot.htm) Chrome/116.0.1938.76 Safari/537.36"
66.249.66.68 - - [25/Sep/2026:04:15:38 +0300] "GET /wp-content/plugins/Ultimate_VC_Addons/assets/min-css/background-style.min.css?ver=3.19.10 HTTP/1.1" 200 5183 "https://princessmare.com.gr/?sale/search/detail/?ITMCODE=d6i2t3t8o1s948174" "Mozilla/5.0 (Linux; Android 6.0.1; Nexus 5X Build/MMB29P) AppleWebKit/537.36 (KHTML, like Gecko) Chrome/153.0.8010.52 Mobile Safari/537.36 (compatible; Googlebot/2.1; +http://www.google.com/bot.html)"
66.249.66.75 - - [25/Sep/2026:04:15:37 +0300] "GET /?sale/search/detail/?ITMCODE=c4i1r1c4u0m9f5l9e2c4t5ing HTTP/1.1" 301 9101 "-" "Mozilla/5.0 (Linux; Android 6.0.1; Nexus 5X Build/MMB29P) AppleWebKit/537.36 (KHTML, like Gecko) Chrome/153.0.8010.52 Mobile Safari/537.36 (compatible; Googlebot/2.1; +http://www.google.com/bot.html)"
52.167.144.183 - - [25/Sep/2026:04:15:37 +0300] "GET /?sale/search/detail/?ITMCODE=g0r5e8e4n2r5o8o2m37 HTTP/1.1" 200 30226 "-" "Mozilla/5.0 AppleWebKit/537.36 (KHTML, like Gecko; compatible; bingbot/2.0; +http://www.bing.com/bingbot.htm) Chrome/116.0.1938.76 Safari/537.36"
66.249.66.68 - - [25/Sep/2026:04:15:38 +0300] "GET /wp-content/themes/dt-the7/css/main.min.css?ver=9.14.1 HTTP/1.1" 200 5148 "https://princessmare.com.gr/?sale/search/detail/?ITMCODE=i0r3o9n1e4467243" "Mozilla/5.0 (Linux; Android 6.0.1; Nexus 5X Build/MMB29P) AppleWebKit/537.36 (KHTML, like Gecko) Chrome/153.0.8010.52 Mobile Safari/537.36 (compatible; Googlebot/2.1; +http://www.google.com/bot.html)"
52.167.144.183 - - [25/Sep/2026:04:15:38 +0300] "GET /?sale/search/detail/?ITMCODE=i8m3m8o9d5e9r7a5t0e2n7ess HTTP/1.1" 200 30231 "-" "Mozilla/5.0 AppleWebKit/537.36 (KHTML, like Gecko; compatible; bingbot/2.0; +http://www.bing.com/bingbot.htm) Chrome/116.0.1938.76 Safari/537.36"
66.249.66.68 - - [25/Sep/2026:04:15:38 +0300] "GET /wp-content/plugins/Ultimate_VC_Addons/assets/min-css/background-style.min.css?ver=3.19.10 HTTP/1.1" 200 1647 "https://princessmare.com.gr/?sale/search/detail/?ITMCODE=d6i2t3t8o1s948174" "Mozilla/5.0 (Linux; Android 6.0.1; Nexus 5X Build/MMB29P) AppleWebKit/537.36 (KHTML, like Gecko) Chrome/153.0.8010.52 Mobile Safari/537.36 (compatible; Googlebot/2.1; +http://www.google.com/bot.html)"
66.249.66.68 - - [25/Sep/2026:04:15:38 +0300] "GET /wp-content/themes/dt-the7/css/main.min.css?ver=9.14.1 HTTP/1.1" 200 38611 "https://princessmare.com.gr/?sale/search/detail/?ITMCODE=i0r3o9n1e4467243" "Mozilla/5.0 (Linux; Android 6.0.1; Nexus 5X Build/MMB29P) AppleWebKit/537.36 (KHTML, like Gecko) Chrome/153.0.8010.52 Mobile Safari/537.36 (compatible; Googlebot/2.1; +http://www.google.com/bot.html)"
66.249.66.68 - - [25/Sep/2026:04:15:39 +0300] "GET /?sale/search/detail/?ITMCODE=d4i1a8s7p6o7r7e8644 HTTP/1.1" 200 30226 "-" "Mozilla/5.0 (Linux; Android 6.0.1; Nexus 5X Build/MMB29P) AppleWebKit/537.36 (KHTML, like Gecko) Chrome/153.0.8010.52 Mobile Safari/537.36 (compatible; Googlebot/2.1; +http://www.google.com/bot.html)"
66.249.66.75 - - [25/Sep/2026:04:15:40 +0300] "GET /?sale/search/detail/?ITMCODE=d0e2s2u7e9t4u8d3e939 HTTP/1.1" 301 9096 "-" "Mozilla/5.0 (Linux; Android 6.0.1; Nexus 5X Build/MMB29P) AppleWebKit/537.36 (KHTML, like Gecko) Chrome/153.0.8010.52 Mobile Safari/537.36 (compatible; Googlebot/2.1; +http://www.google.com/bot.html)"
52.167.144.211 - - [25/Sep/2026:04:15:41 +0300] "GET /?sale/search/detail/?ITMCODE=a8c3c7e4p0t4a7t2i9o4n0 HTTP/1.1" 200 30229 "-" "Mozilla/5.0 AppleWebKit/537.36 (KHTML, like Gecko; compatible; bingbot/2.0; +http://www.bing.com/bingbot.htm) Chrome/116.0.1938.76 Safari/537.36"
52.167.144.211 - - [25/Sep/2026:04:15:42 +0300] "GET /?sale/search/detail/?ITMCODE=a2c1q9u6i1t6t8a6l928 HTTP/1.1" 200 30227 "-" "Mozilla/5.0 AppleWebKit/537.36 (KHTML, like Gecko; compatible; bingbot/2.0; +http://www.bing.com/bingbot.htm) Chrome/116.0.1938.76 Safari/537.36"
52.167.144.211 - - [25/Sep/2026:04:15:43 +0300] "GET /?sale/search/detail/?ITMCODE=h2a2e0m8a1d4r8o5m7e2t1ry HTTP/1.1" 200 30230 "-" "Mozilla/5.0 AppleWebKit/537.36 (KHTML, like Gecko; compatible; bingbot/2.0; +http://www.bing.com/bingbot.htm) Chrome/116.0.1938.76 Safari/537.36"
66.249.66.75 - - [25/Sep/2026:04:15:43 +0300] "GET /?sale/search/detail/?ITMCODE=s3p3i9n0d4l3y79951 HTTP/1.1" 301 9094 "-" "Mozilla/5.0 (Linux; Android 6.0.1; Nexus 5X Build/MMB29P) AppleWebKit/537.36 (KHTML, like Gecko) Chrome/153.0.8010.52 Mobile Safari/537.36 (compatible; Googlebot/2.1; +http://www.google.com/bot.html)"
52.167.144.211 - - [25/Sep/2026:04:15:43 +0300] "GET /?sale/search/detail/?ITMCODE=b8o3t4a9n9o8l9o3g6e5r HTTP/1.1" 200 30228 "-" "Mozilla/5.0 AppleWebKit/537.36 (KHTML, like Gecko; compatible; bingbot/2.0; +http://www.bing.com/bingbot.htm) Chrome/116.0.1938.76 Safari/537.36"
52.167.144.211 - - [25/Sep/2026:04:15:44 +0300] "GET /?sale/search/detail/?ITMCODE=e8x1p1l5e2t9i0v6e0l3y9 HTTP/1.1" 200 30229 "-" "Mozilla/5.0 AppleWebKit/537.36 (KHTML, like Gecko; compatible; bingbot/2.0; +http://www.bing.com/bingbot.htm) Chrome/116.0.1938.76 Safari/537.36"
66.249.66.75 - - [25/Sep/2026:04:15:46 +0300] "GET /?sale/search/detail/?ITMCODE=r8e2m2e3m6b9r6a8n3c7e3r HTTP/1.1" 301 9099 "-" "Mozilla/5.0 (Linux; Android 6.0.1; Nexus 5X Build/MMB29P) AppleWebKit/537.36 (KHTML, like Gecko) Chrome/153.0.8010.52 Mobile Safari/537.36 (compatible; Googlebot/2.1; +http://www.google.com/bot.html)"
66.249.66.196 - - [25/Sep/2026:04:15:46 +0300] "GET /?sale/search/detail/?ITMCODE=s2i2l5u3r6e642590 HTTP/1.1" 200 30224 "-" "Mozilla/5.0 (Linux; Android 6.0.1; Nexus 5X Build/MMB29P) AppleWebKit/537.36 (KHTML, like Gecko) Chrome/153.0.8010.52 Mobile Safari/537.36 (compatible; Googlebot/2.1; +http://www.google.com/bot.html)"
52.167.144.197 - - [25/Sep/2026:04:15:46 +0300] "GET /?sale/search/detail/?ITMCODE=t2r8a1y4t4r6i9p700 HTTP/1.1" 200 30225 "-" "Mozilla/5.0 AppleWebKit/537.36 (KHTML, like Gecko; compatible; bingbot/2.0; +http://www.bing.com/bingbot.htm) Chrome/116.0.1938.76 Safari/537.36"
52.167.144.197 - - [25/Sep/2026:04:15:47 +0300] "GET /?sale/search/detail/?ITMCODE=c3e1r6c0o3s4p0o6r3e3l4la HTTP/1.1" 200 30230 "-" "Mozilla/5.0 AppleWebKit/537.36 (KHTML, like Gecko; compatible; bingbot/2.0; +http://www.bing.com/bingbot.htm) Chrome/116.0.1938.76 Safari/537.36"
52.167.144.197 - - [25/Sep/2026:04:15:48 +0300] "GET /?sale/search/detail/?ITMCODE=c9e3s8t7o1i2d2e9a018 HTTP/1.1" 200 30226 "-" "Mozilla/5.0 AppleWebKit/537.36 (KHTML, like Gecko; compatible; bingbot/2.0; +http://www.bing.com/bingbot.htm) Chrome/116.0.1938.76 Safari/537.36"
66.249.66.75 - - [25/Sep/2026:04:15:48 +0300] "GET /?sale/search/detail/?ITMCODE=c6u3r7l5e4w126555 HTTP/1.1" 301 9093 "-" "Mozilla/5.0 (Linux; Android 6.0.1; Nexus 5X Build/MMB29P) AppleWebKit/537.36 (KHTML, like Gecko) Chrome/153.0.8010.52 Mobile Safari/537.36 (compatible; Googlebot/2.1; +http://www.google.com/bot.html)"
52.167.144.197 - - [25/Sep/2026:04:15:49 +0300] "GET /?sale/search/detail/?ITMCODE=i9m2p6r4o9v2i0s1a8t4r4ice HTTP/1.1" 200 30231 "-" "Mozilla/5.0 AppleWebKit/537.36 (KHTML, like Gecko; compatible; bingbot/2.0; +http://www.bing.com/bingbot.htm) Chrome/116.0.1938.76 Safari/537.36"
52.167.144.197 - - [25/Sep/2026:04:15:50 +0300] "GET /?sale/search/detail/?ITMCODE=c1o8n9f9e4r6v5a3c0e5ous HTTP/1.1" 200 30230 "-" "Mozilla/5.0 AppleWebKit/537.36 (KHTML, like Gecko; compatible; bingbot/2.0; +http://www.bing.com/bingbot.htm) Chrome/116.0.1938.76 Safari/537.36"
52.167.144.197 - - [25/Sep/2026:04:15:50 +0300] "GET /?sale/search/detail/?ITMCODE=f4l2u0v8i0o7g5r5a4p2h2 HTTP/1.1" 200 30229 "-" "Mozilla/5.0 AppleWebKit/537.36 (KHTML, like Gecko; compatible; bingbot/2.0; +http://www.bing.com/bingbot.htm) Chrome/116.0.1938.76 Safari/537.36"
66.249.66.75 - - [25/Sep/2026:04:15:51 +0300] "GET /?sale/search/detail/?ITMCODE=b5l1u6n0g2i9n2g5860 HTTP/1.1" 301 9095 "-" "Mozilla/5.0 (Linux; Android 6.0.1; Nexus 5X Build/MMB29P) AppleWebKit/537.36 (KHTML, like Gecko) Chrome/153.0.8010.52 Mobile Safari/537.36 (compatible; Googlebot/2.1; +http://www.google.com/bot.html)"
52.167.144.211 - - [25/Sep/2026:04:15:51 +0300] "GET /?sale/search/detail/?ITMCODE=i7n2r6a6i8l5e1d5190 HTTP/1.1" 200 30226 "-" "Mozilla/5.0 AppleWebKit/537.36 (KHTML, like Gecko; compatible; bingbot/2.0; +http://www.bing.com/bingbot.htm) Chrome/116.0.1938.76 Safari/537.36"
52.167.144.197 - - [25/Sep/2026:04:15:51 +0300] "GET /?sale/search/detail/?ITMCODE=a0r2t2e0r2i0o7t6o1m8y7 HTTP/1.1" 200 30227 "-" "Mozilla/5.0 AppleWebKit/537.36 (KHTML, like Gecko; compatible; bingbot/2.0; +http://www.bing.com/bingbot.htm) Chrome/116.0.1938.76 Safari/537.36"
57.141.20.62 - - [25/Sep/2026:04:15:52 +0300] "GET /?sale/search/detail/?ITMCODE=m1e1t7e2d3809037 HTTP/1.1" 200 30223 "-" "Mozilla/5.0 (Windows NT 10.0; Win64; x64) AppleWebKit/537.36 (KHTML, like Gecko) Chrome/145.0.0.0 Safari/537.36 (compatible; meta-externalagent/1.1 (+https://developers.facebook.com/docs/sharing/webmasters/crawler))"
52.167.144.197 - - [25/Sep/2026:04:15:52 +0300] "GET /?sale/search/detail/?ITMCODE=s5p2h0a2e8r9o4p8s0i8d1ales HTTP/1.1" 200 30231 "-" "Mozilla/5.0 AppleWebKit/537.36 (KHTML, like Gecko; compatible; bingbot/2.0; +http://www.bing.com/bingbot.htm) Chrome/116.0.1938.76 Safari/537.36"
52.167.144.197 - - [25/Sep/2026:04:15:53 +0300] "GET /?sale/search/detail/?ITMCODE=i8n1t5e8r2d1e2p9e5n0d2ent HTTP/1.1" 200 30230 "-" "Mozilla/5.0 AppleWebKit/537.36 (KHTML, like Gecko; compatible; bingbot/2.0; +http://www.bing.com/bingbot.htm) Chrome/116.0.1938.76 Safari/537.36"
52.167.144.183 - - [25/Sep/2026:04:15:53 +0300] "GET /?sale/search/detail/?ITMCODE=c1h2e9c8k8e0r8b6e9r8r0y HTTP/1.1" 200 30229 "-" "Mozilla/5.0 AppleWebKit/537.36 (KHTML, like Gecko; compatible; bingbot/2.0; +http://www.bing.com/bingbot.htm) Chrome/116.0.1938.76 Safari/537.36"
66.249.66.75 - - [25/Sep/2026:04:15:54 +0300] "GET /?sale/search/detail/?ITMCODE=m5n7a3u4g1h5t1442 HTTP/1.1" 301 9093 "-" "Mozilla/5.0 (Linux; Android 6.0.1; Nexus 5X Build/MMB29P) AppleWebKit/537.36 (KHTML, like Gecko) Chrome/153.0.8010.52 Mobile Safari/537.36 (compatible; Googlebot/2.1; +http://www.google.com/bot.html)"
52.167.144.197 - - [25/Sep/2026:04:15:54 +0300] "GET /?sale/search/detail/?ITMCODE=w9e4l1t5a6n3s3c1h2a4u3ungen HTTP/1.1" 200 30233 "-" "Mozilla/5.0 AppleWebKit/537.36 (KHTML, like Gecko; compatible; bingbot/2.0; +http://www.bing.com/bingbot.htm) Chrome/116.0.1938.76 Safari/537.36"
52.167.144.197 - - [25/Sep/2026:04:15:55 +0300] "GET /?sale/search/detail/?ITMCODE=s4i2m6p3e3r5e2d9350 HTTP/1.1" 200 30226 "-" "Mozilla/5.0 AppleWebKit/537.36 (KHTML, like Gecko; compatible; bingbot/2.0; +http://www.bing.com/bingbot.htm) Chrome/116.0.1938.76 Safari/537.36"
52.167.144.197 - - [25/Sep/2026:04:15:56 +0300] "GET /?sale/search/detail/?ITMCODE=d1e2e9p8w9a1t1e1r149 HTTP/1.1" 200 30226 "-" "Mozilla/5.0 AppleWebKit/537.36 (KHTML, like Gecko; compatible; bingbot/2.0; +http://www.bing.com/bingbot.htm) Chrome/116.0.1938.76 Safari/537.36"
66.249.66.75 - - [25/Sep/2026:04:15:57 +0300] "GET /?sale/search/detail/?ITMCODE=w8e3i1g9h4t9i7n5g99 HTTP/1.1" 301 9095 "-" "Mozilla/5.0 (Linux; Android 6.0.1; Nexus 5X Build/MMB29P) AppleWebKit/537.36 (KHTML, like Gecko) Chrome/153.0.8010.52 Mobile Safari/537.36 (compatible; Googlebot/2.1; +http://www.google.com/bot.html)"
52.167.144.197 - - [25/Sep/2026:04:15:56 +0300] "GET /?sale/search/detail/?ITMCODE=i0n7t1e6r6m4u9r2e07 HTTP/1.1" 200 30226 "-" "Mozilla/5.0 AppleWebKit/537.36 (KHTML, like Gecko; compatible; bingbot/2.0; +http://www.bing.com/bingbot.htm) Chrome/116.0.1938.76 Safari/537.36"
52.167.144.197 - - [25/Sep/2026:04:15:57 +0300] "GET /?sale/search/detail/?ITMCODE=s7t7e1e4n4b7o4k882 HTTP/1.1" 200 30225 "-" "Mozilla/5.0 AppleWebKit/537.36 (KHTML, like Gecko; compatible; bingbot/2.0; +http://www.bing.com/bingbot.htm) Chrome/116.0.1938.76 Safari/537.36"
52.167.144.197 - - [25/Sep/2026:04:15:58 +0300] "GET /?sale/search/detail/?ITMCODE=p1a2r2a2m2a7l4e6i3c54 HTTP/1.1" 200 30227 "-" "Mozilla/5.0 AppleWebKit/537.36 (KHTML, like Gecko; compatible; bingbot/2.0; +http://www.bing.com/bingbot.htm) Chrome/116.0.1938.76 Safari/537.36"
57.141.20.51 - - [25/Sep/2026:04:15:58 +0300] "GET /?sale/search/detail/?ITMCODE=f1i2n7g4e0r8p1a2i6n7t3 HTTP/1.1" 200 30228 "-" "Mozilla/5.0 (Macintosh; Intel Mac OS X 10_15_7) AppleWebKit/537.36 (KHTML, like Gecko) Chrome/145.0.0.0 Safari/537.36 (compatible; meta-externalagent/1.1 (+https://developers.facebook.com/docs/sharing/webmasters/crawler))"
52.167.144.197 - - [25/Sep/2026:04:15:59 +0300] "GET /?sale/search/detail/?ITMCODE=i7m3p8e9r4f4e6c3t5i1o7n HTTP/1.1" 200 30229 "-" "Mozilla/5.0 AppleWebKit/537.36 (KHTML, like Gecko; compatible; bingbot/2.0; +http://www.bing.com/bingbot.htm) Chrome/116.0.1938.76 Safari/537.36"
66.249.66.75 - - [25/Sep/2026:04:15:59 +0300] "GET /?sale/search/detail/?ITMCODE=s6p2o4l0i9a4t3i8v9e4 HTTP/1.1" 301 9096 "-" "Mozilla/5.0 (Linux; Android 6.0.1; Nexus 5X Build/MMB29P) AppleWebKit/537.36 (KHTML, like Gecko) Chrome/153.0.8010.52 Mobile Safari/537.36 (compatible; Googlebot/2.1; +http://www.google.com/bot.html)"
52.167.144.197 - - [25/Sep/2026:04:16:00 +0300] "GET /?sale/search/detail/?ITMCODE=l5a4s0c1i1v4i7o0u6s38 HTTP/1.1" 200 30228 "-" "Mozilla/5.0 AppleWebKit/537.36 (KHTML, like Gecko; compatible; bingbot/2.0; +http://www.bing.com/bingbot.htm) Chrome/116.0.1938.76 Safari/537.36"
52.167.144.197 - - [25/Sep/2026:04:16:01 +0300] "GET /?sale/search/detail/?ITMCODE=a4r1c6h5e7t9y8p3i8c2a9l HTTP/1.1" 200 30230 "-" "Mozilla/5.0 AppleWebKit/537.36 (KHTML, like Gecko; compatible; bingbot/2.0; +http://www.bing.com/bingbot.htm) Chrome/116.0.1938.76 Safari/537.36"
66.249.66.42 - - [25/Sep/2026:04:16:01 +0300] "GET /?sale/search/detail/?ITMCODE=e4x9o8t2i0c6a3417 HTTP/1.1" 200 30224 "-" "Mozilla/5.0 (Linux; Android 6.0.1; Nexus 5X Build/MMB29P) AppleWebKit/537.36 (KHTML, like Gecko) Chrome/153.0.8010.52 Mobile Safari/537.36 (compatible; Googlebot/2.1; +http://www.google.com/bot.html)"
66.249.66.41 - - [25/Sep/2026:04:16:01 +0300] "GET /?sale/search/detail/?ITMCODE=a3d1j8u8t1a2g2e9215 HTTP/1.1" 200 30226 "-" "Mozilla/5.0 (Linux; Android 6.0.1; Nexus 5X Build/MMB29P) AppleWebKit/537.36 (KHTML, like Gecko) Chrome/153.0.8010.52 Mobile Safari/537.36 (compatible; Googlebot/2.1; +http://www.google.com/bot.html)"
52.167.144.197 - - [25/Sep/2026:04:16:02 +0300] "GET /?sale/search/detail/?ITMCODE=p2o1r5t2m8a5n6t2e0a4u4 HTTP/1.1" 200 30228 "-" "Mozilla/5.0 AppleWebKit/537.36 (KHTML, like Gecko; compatible; bingbot/2.0; +http://www.bing.com/bingbot.htm) Chrome/116.0.1938.76 Safari/537.36"
52.167.144.197 - - [25/Sep/2026:04:16:03 +0300] "GET /?sale/search/detail/?ITMCODE=p3r1e1g8n1a5n6t6l9y17 HTTP/1.1" 200 30228 "-" "Mozilla/5.0 AppleWebKit/537.36 (KHTML, like Gecko; compatible; bingbot/2.0; +http://www.bing.com/bingbot.htm) Chrome/116.0.1938.76 Safari/537.36"
66.249.66.75 - - [25/Sep/2026:04:16:03 +0300] "GET /?sale/search/detail/?ITMCODE=d3i1s3p2l3i3c4e1n7c1e5 HTTP/1.1" 301 9098 "-" "Mozilla/5.0 (Linux; Android 6.0.1; Nexus 5X Build/MMB29P) AppleWebKit/537.36 (KHTML, like Gecko) Chrome/153.0.8010.52 Mobile Safari/537.36 (compatible; Googlebot/2.1; +http://www.google.com/bot.html)"
52.167.144.197 - - [25/Sep/2026:04:16:04 +0300] "GET /?sale/search/detail/?ITMCODE=a8l2t3e1r6n8a0c7y440 HTTP/1.1" 200 30227 "-" "Mozilla/5.0 AppleWebKit/537.36 (KHTML, like Gecko; compatible; bingbot/2.0; +http://www.bing.com/bingbot.htm) Chrome/116.0.1938.76 Safari/537.36"
52.167.144.197 - - [25/Sep/2026:04:16:04 +0300] "GET /?sale/search/detail/?ITMCODE=f3a2b8r5i0c0a9t7e7d10 HTTP/1.1" 200 30228 "-" "Mozilla/5.0 AppleWebKit/537.36 (KHTML, like Gecko; compatible; bingbot/2.0; +http://www.bing.com/bingbot.htm) Chrome/116.0.1938.76 Safari/537.36"
52.167.144.197 - - [25/Sep/2026:04:16:05 +0300] "GET /?sale/search/detail/?ITMCODE=p0a7r8a7b3o5l2o8i0d3 HTTP/1.1" 200 30227 "-" "Mozilla/5.0 AppleWebKit/537.36 (KHTML, like Gecko; compatible; bingbot/2.0; +http://www.bing.com/bingbot.htm) Chrome/116.0.1938.76 Safari/537.36"
66.249.66.75 - - [25/Sep/2026:04:16:06 +0300] "GET /?sale/search/detail/?ITMCODE=p1o5p7u7l2o8u1s5n3e5ss HTTP/1.1" 301 9098 "-" "Mozilla/5.0 (Linux; Android 6.0.1; Nexus 5X Build/MMB29P) AppleWebKit/537.36 (KHTML, like Gecko) Chrome/153.0.8010.52 Mobile Safari/537.36 (compatible; Googlebot/2.1; +http://www.google.com/bot.html)"
52.167.144.197 - - [25/Sep/2026:04:16:06 +0300] "GET /?sale/search/detail/?ITMCODE=a7s2c7o7c1a3r0p4o8u7s7 HTTP/1.1" 200 30228 "-" "Mozilla/5.0 AppleWebKit/537.36 (KHTML, like Gecko; compatible; bingbot/2.0; +http://www.bing.com/bingbot.htm) Chrome/116.0.1938.76 Safari/537.36"
1.75.153.56 - - [25/Sep/2026:04:16:07 +0300] "GET /?sale/search/detail/?ITMCODE=s4p1h7e2r7i6c5a0l3l6y4 HTTP/1.1" 301 9098 "https://search.yahoo.co.jp/" "Mozilla/5.0 (Windows NT 10.0; Win64; x64) AppleWebKit/537.36 (KHTML, like Gecko) Chrome/153.0.0.0 Safari/537.36"
52.167.144.197 - - [25/Sep/2026:04:16:07 +0300] "GET /?sale/search/detail/?ITMCODE=v0e2n3o6s9e333324 HTTP/1.1" 200 30223 "-" "Mozilla/5.0 AppleWebKit/537.36 (KHTML, like Gecko; compatible; bingbot/2.0; +http://www.bing.com/bingbot.htm) Chrome/116.0.1938.76 Safari/537.36"
1.75.153.56 - - [25/Sep/2026:04:16:08 +0300] "GET /?sale/search/detail/?ITMCODE=s4p1h7e2r7i6c5a0l3l6y4 HTTP/1.1" 200 30811 "https://search.yahoo.co.jp/" "Mozilla/5.0 (Windows NT 10.0; Win64; x64) AppleWebKit/537.36 (KHTML, like Gecko) Chrome/153.0.0.0 Safari/537.36"
52.167.144.197 - - [25/Sep/2026:04:16:08 +0300] "GET /?sale/search/detail/?ITMCODE=i8n2s4t8a7n0t4a7n0e2i2ty HTTP/1.1" 200 30228 "-" "Mozilla/5.0 AppleWebKit/537.36 (KHTML, like Gecko; compatible; bingbot/2.0; +http://www.bing.com/bingbot.htm) Chrome/116.0.1938.76 Safari/537.36"
1.75.153.56 - - [25/Sep/2026:04:16:09 +0300] "GET /?sale/search/detail/?ITMCODE=s4p1h7e2r7i6c5a0l3l6y4 HTTP/1.1" 301 9098 "https://search.yahoo.co.jp/" "Mozilla/5.0 (Windows NT 10.0; Win64; x64) AppleWebKit/537.36 (KHTML, like Gecko) Chrome/153.0.0.0 Safari/537.36"
52.167.144.197 - - [25/Sep/2026:04:16:09 +0300] "GET /?sale/search/detail/?ITMCODE=o9f6f0b4r5o0a6d0w4a1y HTTP/1.1" 200 30228 "-" "Mozilla/5.0 AppleWebKit/537.36 (KHTML, like Gecko; compatible; bingbot/2.0; +http://www.bing.com/bingbot.htm) Chrome/116.0.1938.76 Safari/537.36"
1.75.153.56 - - [25/Sep/2026:04:16:09 +0300] "GET /?sale/search/detail/?ITMCODE=s4p1h7e2r7i6c5a0l3l6y4 HTTP/1.1" 200 30811 "https://search.yahoo.co.jp/" "Mozilla/5.0 (Windows NT 10.0; Win64; x64) AppleWebKit/537.36 (KHTML, like Gecko) Chrome/153.0.0.0 Safari/537.36"
52.167.144.197 - - [25/Sep/2026:04:16:10 +0300] "GET /?sale/search/detail/?ITMCODE=c8o2n4v8e0x8o0c2o6n5v8ex HTTP/1.1" 200 30230 "-" "Mozilla/5.0 AppleWebKit/537.36 (KHTML, like Gecko; compatible; bingbot/2.0; +http://www.bing.com/bingbot.htm) Chrome/116.0.1938.76 Safari/537.36"
1.75.153.56 - - [25/Sep/2026:04:16:10 +0300] "GET /wp-content/plugins/contact-form-7/includes/css/styles.css?ver=5.4.1 HTTP/1.1" 200 5163 "https://princessmare.com.gr/?sale/search/detail/?ITMCODE=s4p1h7e2r7i6c5a0l3l6y4" "Mozilla/5.0 (Windows NT 10.0; Win64; x64) AppleWebKit/537.36 (KHTML, like Gecko) Chrome/153.0.0.0 Safari/537.36"
1.75.153.56 - - [25/Sep/2026:04:16:10 +0300] "GET /wp-content/themes/dt-the7/css/main.min.css?ver=9.14.1 HTTP/1.1" 200 5148 "https://princessmare.com.gr/?sale/search/detail/?ITMCODE=s4p1h7e2r7i6c5a0l3l6y4" "Mozilla/5.0 (Windows NT 10.0; Win64; x64) AppleWebKit/537.36 (KHTML, like Gecko) Chrome/153.0.0.0 Safari/537.36"
1.75.153.56 - - [25/Sep/2026:04:16:10 +0300] "GET /wp-content/plugins/js_composer/assets/css/js_composer.min.css?ver=6.6.0.1 HTTP/1.1" 200 5167 "https://princessmare.com.gr/?sale/search/detail/?ITMCODE=s4p1h7e2r7i6c5a0l3l6y4" "Mozilla/5.0 (Windows NT 10.0; Win64; x64) AppleWebKit/537.36 (KHTML, like Gecko) Chrome/153.0.0.0 Safari/537.36"
1.75.153.56 - - [25/Sep/2026:04:16:10 +0300] "GET /wp-content/plugins/cookie-notice/css/front.min.css?ver=6.9.4 HTTP/1.1" 200 5156 "https://princessmare.com.gr/?sale/search/detail/?ITMCODE=s4p1h7e2r7i6c5a0l3l6y4" "Mozilla/5.0 (Windows NT 10.0; Win64; x64) AppleWebKit/537.36 (KHTML, like Gecko) Chrome/153.0.0.0 Safari/537.36"
1.75.153.56 - - [25/Sep/2026:04:16:10 +0300] "GET /wp-content/themes/dt-the7/fonts/icomoon-the7-font/icomoon-the7-font.min.css?ver=9.14.1 HTTP/1.1" 200 5181 "https://princessmare.com.gr/?sale/search/detail/?ITMCODE=s4p1h7e2r7i6c5a0l3l6y4" "Mozilla/5.0 (Windows NT 10.0; Win64; x64) AppleWebKit/537.36 (KHTML, like Gecko) Chrome/153.0.0.0 Safari/537.36"
1.75.153.56 - - [25/Sep/2026:04:16:10 +0300] "GET /wp-content/themes/dt-the7/fonts/FontAwesome/css/all.min.css?ver=9.14.1 HTTP/1.1" 200 5165 "https://princessmare.com.gr/?sale/search/detail/?ITMCODE=s4p1h7e2r7i6c5a0l3l6y4" "Mozilla/5.0 (Windows NT 10.0; Win64; x64) AppleWebKit/537.36 (KHTML, like Gecko) Chrome/153.0.0.0 Safari/537.36"
1.75.153.56 - - [25/Sep/2026:04:16:10 +0300] "GET /wp-content/themes/dt-the7/fonts/FontAwesome/back-compat.min.css?ver=9.14.1 HTTP/1.1" 200 5169 "https://princessmare.com.gr/?sale/search/detail/?ITMCODE=s4p1h7e2r7i6c5a0l3l6y4" "Mozilla/5.0 (Windows NT 10.0; Win64; x64) AppleWebKit/537.36 (KHTML, like Gecko) Chrome/153.0.0.0 Safari/537.36"
1.75.153.56 - - [25/Sep/2026:04:16:10 +0300] "GET /wp-content/themes/dt-the7/css/wpbakery.min.css?ver=9.14.1 HTTP/1.1" 200 5152 "https://princessmare.com.gr/?sale/search/detail/?ITMCODE=s4p1h7e2r7i6c5a0l3l6y4" "Mozilla/5.0 (Windows NT 10.0; Win64; x64) AppleWebKit/537.36 (KHTML, like Gecko) Chrome/153.0.0.0 Safari/537.36"
1.75.153.56 - - [25/Sep/2026:04:16:10 +0300] "GET /wp-content/plugins/dt-the7-core/assets/css/post-type.min.css?ver=2.5.7.1 HTTP/1.1" 200 5166 "https://princessmare.com.gr/?sale/search/detail/?ITMCODE=s4p1h7e2r7i6c5a0l3l6y4" "Mozilla/5.0 (Windows NT 10.0; Win64; x64) AppleWebKit/537.36 (KHTML, like Gecko) Chrome/153.0.0.0 Safari/537.36"
1.75.153.56 - - [25/Sep/2026:04:16:10 +0300] "GET /wp-content/uploads/the7-css/css-vars.css?ver=a11134ae5739 HTTP/1.1" 200 5146 "https://princessmare.com.gr/?sale/search/detail/?ITMCODE=s4p1h7e2r7i6c5a0l3l6y4" "Mozilla/5.0 (Windows NT 10.0; Win64; x64) AppleWebKit/537.36 (KHTML, like Gecko) Chrome/153.0.0.0 Safari/537.36"
1.75.153.56 - - [25/Sep/2026:04:16:10 +0300] "GET /wp-content/themes/dt-the7/lib/custom-scrollbar/custom-scrollbar.min.css?ver=9.14.1 HTTP/1.1" 200 5177 "https://princessmare.com.gr/?sale/search/detail/?ITMCODE=s4p1h7e2r7i6c5a0l3l6y4" "Mozilla/5.0 (Windows NT 10.0; Win64; x64) AppleWebKit/537.36 (KHTML, like Gecko) Chrome/153.0.0.0 Safari/537.36"
1.75.153.56 - - [25/Sep/2026:04:16:10 +0300] "GET /wp-content/uploads/the7-css/custom.css?ver=a11134ae5739 HTTP/1.1" 200 5144 "https://princessmare.com.gr/?sale/search/detail/?ITMCODE=s4p1h7e2r7i6c5a0l3l6y4" "Mozilla/5.0 (Windows NT 10.0; Win64; x64) AppleWebKit/537.36 (KHTML, like Gecko) Chrome/153.0.0.0 Safari/537.36"
1.75.153.56 - - [25/Sep/2026:04:16:10 +0300] "GET /wp-includes/js/jquery/jquery.min.js?ver=3.7.1 HTTP/1.1" 200 5155 "https://princessmare.com.gr/?sale/search/detail/?ITMCODE=s4p1h7e2r7i6c5a0l3l6y4" "Mozilla/5.0 (Windows NT 10.0; Win64; x64) AppleWebKit/537.36 (KHTML, like Gecko) Chrome/153.0.0.0 Safari/537.36"
1.75.153.56 - - [25/Sep/2026:04:16:10 +0300] "GET /wp-content/themes/dt-the7-child/style.css?ver=9.14.1 HTTP/1.1" 200 5147 "https://princessmare.com.gr/?sale/search/detail/?ITMCODE=s4p1h7e2r7i6c5a0l3l6y4" "Mozilla/5.0 (Windows NT 10.0; Win64; x64) AppleWebKit/537.36 (KHTML, like Gecko) Chrome/153.0.0.0 Safari/537.36"
1.75.153.56 - - [25/Sep/2026:04:16:10 +0300] "GET /wp-content/uploads/the7-css/media.css?ver=a11134ae5739 HTTP/1.1" 200 5143 "https://princessmare.com.gr/?sale/search/detail/?ITMCODE=s4p1h7e2r7i6c5a0l3l6y4" "Mozilla/5.0 (Windows NT 10.0; Win64; x64) AppleWebKit/537.36 (KHTML, like Gecko) Chrome/153.0.0.0 Safari/537.36"
1.75.153.56 - - [25/Sep/2026:04:16:10 +0300] "GET /wp-content/uploads/the7-css/mega-menu.css?ver=a11134ae5739 HTTP/1.1" 200 5147 "https://princessmare.com.gr/?sale/search/detail/?ITMCODE=s4p1h7e2r7i6c5a0l3l6y4" "Mozilla/5.0 (Windows NT 10.0; Win64; x64) AppleWebKit/537.36 (KHTML, like Gecko) Chrome/153.0.0.0 Safari/537.36"
1.75.153.56 - - [25/Sep/2026:04:16:10 +0300] "GET /wp-content/uploads/the7-css/post-type-dynamic.css?ver=a11134ae5739 HTTP/1.1" 200 5155 "https://princessmare.com.gr/?sale/search/detail/?ITMCODE=s4p1h7e2r7i6c5a0l3l6y4" "Mozilla/5.0 (Windows NT 10.0; Win64; x64) AppleWebKit/537.36 (KHTML, like Gecko) Chrome/153.0.0.0 Safari/537.36"
1.75.153.56 - - [25/Sep/2026:04:16:10 +0300] "GET /wp-content/uploads/the7-css/the7-elements-albums-portfolio.css?ver=a11134ae5739 HTTP/1.1" 200 5168 "https://princessmare.com.gr/?sale/search/detail/?ITMCODE=s4p1h7e2r7i6c5a0l3l6y4" "Mozilla/5.0 (Windows NT 10.0; Win64; x64) AppleWebKit/537.36 (KHTML, like Gecko) Chrome/153.0.0.0 Safari/537.36"
1.75.153.56 - - [25/Sep/2026:04:16:10 +0300] "GET /wp-content/plugins/Ultimate_VC_Addons/assets/min-css/style.min.css?ver=3.19.10 HTTP/1.1" 200 5172 "https://princessmare.com.gr/?sale/search/detail/?ITMCODE=s4p1h7e2r7i6c5a0l3l6y4" "Mozilla/5.0 (Windows NT 10.0; Win64; x64) AppleWebKit/537.36 (KHTML, like Gecko) Chrome/153.0.0.0 Safari/537.36"
1.75.153.56 - - [25/Sep/2026:04:16:10 +0300] "GET /wp-includes/js/jquery/jquery-migrate.min.js?ver=3.4.1 HTTP/1.1" 200 5163 "https://princessmare.com.gr/?sale/search/detail/?ITMCODE=s4p1h7e2r7i6c5a0l3l6y4" "Mozilla/5.0 (Windows NT 10.0; Win64; x64) AppleWebKit/537.36 (KHTML, like Gecko) Chrome/153.0.0.0 Safari/537.36"
1.75.153.56 - - [25/Sep/2026:04:16:10 +0300] "GET /wp-content/plugins/Ultimate_VC_Addons/assets/min-css/background-style.min.css?ver=3.19.10 HTTP/1.1" 200 5183 "https://princessmare.com.gr/?sale/search/detail/?ITMCODE=s4p1h7e2r7i6c5a0l3l6y4" "Mozilla/5.0 (Windows NT 10.0; Win64; x64) AppleWebKit/537.36 (KHTML, like Gecko) Chrome/153.0.0.0 Safari/537.36"
1.75.153.56 - - [25/Sep/2026:04:16:10 +0300] "GET /wp-content/plugins/revslider/public/assets/css/rs6.css?ver=6.5.3 HTTP/1.1" 200 5160 "https://princessmare.com.gr/?sale/search/detail/?ITMCODE=s4p1h7e2r7i6c5a0l3l6y4" "Mozilla/5.0 (Windows NT 10.0; Win64; x64) AppleWebKit/537.36 (KHTML, like Gecko) Chrome/153.0.0.0 Safari/537.36"
1.75.153.56 - - [25/Sep/2026:04:16:10 +0300] "GET /wp-content/themes/dt-the7/js/above-the-fold.min.js?ver=9.14.1 HTTP/1.1" 200 5170 "https://princessmare.com.gr/?sale/search/detail/?ITMCODE=s4p1h7e2r7i6c5a0l3l6y4" "Mozilla/5.0 (Windows NT 10.0; Win64; x64) AppleWebKit/537.36 (KHTML, like Gecko) Chrome/153.0.0.0 Safari/537.36"
1.75.153.56 - - [25/Sep/2026:04:16:10 +0300] "GET /wp-content/plugins/Ultimate_VC_Addons/assets/min-js/ultimate-params.min.js?ver=3.19.10 HTTP/1.1" 200 5194 "https://princessmare.com.gr/?sale/search/detail/?ITMCODE=s4p1h7e2r7i6c5a0l3l6y4" "Mozilla/5.0 (Windows NT 10.0; Win64; x64) AppleWebKit/537.36 (KHTML, like Gecko) Chrome/153.0.0.0 Safari/537.36"
