File: /var/www/vhosts/princessmare.com.gr/logs/access_ssl_log.webstat
66.249.66.75 - - [25/Sep/2026:04:11:13 +0300] "GET /?sale/search/detail/?ITMCODE=c9o4l4o3n8i8a8l5i1s4t HTTP/1.1" 301 9097 "-" "Mozilla/5.0 (Linux; Android 6.0.1; Nexus 5X Build/MMB29P) AppleWebKit/537.36 (KHTML, like Gecko) Chrome/153.0.8010.52 Mobile Safari/537.36 (compatible; Googlebot/2.1; +http://www.google.com/bot.html)"
66.249.66.75 - - [25/Sep/2026:04:11:17 +0300] "GET /?sale/search/detail/?ITMCODE=g2a4m0e8s6175285 HTTP/1.1" 301 9092 "-" "Mozilla/5.0 (Linux; Android 6.0.1; Nexus 5X Build/MMB29P) AppleWebKit/537.36 (KHTML, like Gecko) Chrome/153.0.8010.52 Mobile Safari/537.36 (compatible; Googlebot/2.1; +http://www.google.com/bot.html)"
52.167.144.183 - - [25/Sep/2026:04:11:17 +0300] "GET /?sale/search/detail/?ITMCODE=p2o2u4n3d6c6a5k7e232 HTTP/1.1" 200 30227 "-" "Mozilla/5.0 AppleWebKit/537.36 (KHTML, like Gecko; compatible; bingbot/2.0; +http://www.bing.com/bingbot.htm) Chrome/116.0.1938.76 Safari/537.36"
52.167.144.216 - - [25/Sep/2026:04:11:17 +0300] "GET /?sale/search/detail/?ITMCODE=f1l1o0u5t9e2r65265 HTTP/1.1" 301 9094 "-" "Mozilla/5.0 AppleWebKit/537.36 (KHTML, like Gecko; compatible; bingbot/2.0; +http://www.bing.com/bingbot.htm) Chrome/116.0.1938.76 Safari/537.36"
52.167.144.216 - - [25/Sep/2026:04:11:18 +0300] "GET /?sale/search/detail/?ITMCODE=d9e3t3h1r5o9n8e7r877 HTTP/1.1" 301 9096 "-" "Mozilla/5.0 AppleWebKit/537.36 (KHTML, like Gecko; compatible; bingbot/2.0; +http://www.bing.com/bingbot.htm) Chrome/116.0.1938.76 Safari/537.36"
52.167.144.183 - - [25/Sep/2026:04:11:18 +0300] "GET /?sale/search/detail/?ITMCODE=w0r1a9t6h1f2u9l1840 HTTP/1.1" 200 30226 "-" "Mozilla/5.0 AppleWebKit/537.36 (KHTML, like Gecko; compatible; bingbot/2.0; +http://www.bing.com/bingbot.htm) Chrome/116.0.1938.76 Safari/537.36"
52.167.144.216 - - [25/Sep/2026:04:11:18 +0300] "GET /?sale/search/detail/?ITMCODE=a7v2e4n0o0r874537 HTTP/1.1" 301 9093 "-" "Mozilla/5.0 AppleWebKit/537.36 (KHTML, like Gecko; compatible; bingbot/2.0; +http://www.bing.com/bingbot.htm) Chrome/116.0.1938.76 Safari/537.36"
52.167.144.216 - - [25/Sep/2026:04:11:19 +0300] "GET /?sale/search/detail/?ITMCODE=f5u1l2i5g3i6n3o5u8s59 HTTP/1.1" 301 9097 "-" "Mozilla/5.0 AppleWebKit/537.36 (KHTML, like Gecko; compatible; bingbot/2.0; +http://www.bing.com/bingbot.htm) Chrome/116.0.1938.76 Safari/537.36"
66.249.66.41 - - [25/Sep/2026:04:11:18 +0300] "GET /?sale/search/detail/?ITMCODE=m8o5n2o6p5o7l0i9z6e4d HTTP/1.1" 200 30228 "-" "Mozilla/5.0 (Linux; Android 6.0.1; Nexus 5X Build/MMB29P) AppleWebKit/537.36 (KHTML, like Gecko) Chrome/153.0.8010.52 Mobile Safari/537.36 (compatible; Googlebot/2.1; +http://www.google.com/bot.html)"
52.167.144.216 - - [25/Sep/2026:04:11:19 +0300] "GET /?sale/search/detail/?ITMCODE=v1o3l7a4c4i2o5u4s088 HTTP/1.1" 301 9096 "-" "Mozilla/5.0 AppleWebKit/537.36 (KHTML, like Gecko; compatible; bingbot/2.0; +http://www.bing.com/bingbot.htm) Chrome/116.0.1938.76 Safari/537.36"
52.167.144.216 - - [25/Sep/2026:04:11:20 +0300] "GET /?sale/search/detail/?ITMCODE=c2e4n0t1r6a7l3i1z6a2t8ion HTTP/1.1" 301 9101 "-" "Mozilla/5.0 AppleWebKit/537.36 (KHTML, like Gecko; compatible; bingbot/2.0; +http://www.bing.com/bingbot.htm) Chrome/116.0.1938.76 Safari/537.36"
52.167.144.183 - - [25/Sep/2026:04:11:20 +0300] "GET /?sale/search/detail/?ITMCODE=a2f3f8i3r6m137360 HTTP/1.1" 200 30224 "-" "Mozilla/5.0 AppleWebKit/537.36 (KHTML, like Gecko; compatible; bingbot/2.0; +http://www.bing.com/bingbot.htm) Chrome/116.0.1938.76 Safari/537.36"
52.167.144.183 - - [25/Sep/2026:04:11:21 +0300] "GET /?sale/search/detail/?ITMCODE=e5n3c1h7y3m6a38578 HTTP/1.1" 200 30226 "-" "Mozilla/5.0 AppleWebKit/537.36 (KHTML, like Gecko; compatible; bingbot/2.0; +http://www.bing.com/bingbot.htm) Chrome/116.0.1938.76 Safari/537.36"
52.167.144.183 - - [25/Sep/2026:04:11:22 +0300] "GET /?sale/search/detail/?ITMCODE=t8e7r7r0i3c6o6l3a8e0 HTTP/1.1" 200 30227 "-" "Mozilla/5.0 AppleWebKit/537.36 (KHTML, like Gecko; compatible; bingbot/2.0; +http://www.bing.com/bingbot.htm) Chrome/116.0.1938.76 Safari/537.36"
66.249.66.75 - - [25/Sep/2026:04:11:23 +0300] "GET /?sale/search/detail/?ITMCODE=d6e2r7i8v6a1t5i2o5n5 HTTP/1.1" 301 9096 "-" "Mozilla/5.0 (Linux; Android 6.0.1; Nexus 5X Build/MMB29P) AppleWebKit/537.36 (KHTML, like Gecko) Chrome/153.0.8010.52 Mobile Safari/537.36 (compatible; Googlebot/2.1; +http://www.google.com/bot.html)"
66.249.66.75 - - [25/Sep/2026:04:11:23 +0300] "GET /?sale/search/detail/?ITMCODE=p5i6e4d4o9u5c2h1e96 HTTP/1.1" 301 9095 "-" "Mozilla/5.0 (Linux; Android 6.0.1; Nexus 5X Build/MMB29P) AppleWebKit/537.36 (KHTML, like Gecko) Chrome/153.0.8010.52 Mobile Safari/537.36 (compatible; Googlebot/2.1; +http://www.google.com/bot.html)"
66.249.66.75 - - [25/Sep/2026:04:11:24 +0300] "GET /?sale/search/detail/?ITMCODE=e5l1e3c6t8r7o2n9i1c34 HTTP/1.1" 301 9097 "-" "Mozilla/5.0 (Linux; Android 6.0.1; Nexus 5X Build/MMB29P) AppleWebKit/537.36 (KHTML, like Gecko) Chrome/153.0.8010.52 Mobile Safari/537.36 (compatible; Googlebot/2.1; +http://www.google.com/bot.html)"
66.249.66.75 - - [25/Sep/2026:04:11:25 +0300] "GET /?sale/search/detail/?ITMCODE=r3h2o6m6b7o3h4e7d0r1i4c HTTP/1.1" 301 9099 "-" "Mozilla/5.0 (Linux; Android 6.0.1; Nexus 5X Build/MMB29P) AppleWebKit/537.36 (KHTML, like Gecko) Chrome/153.0.8010.52 Mobile Safari/537.36 (compatible; Googlebot/2.1; +http://www.google.com/bot.html)"
52.167.144.233 - - [25/Sep/2026:04:11:27 +0300] "GET /?sale/search/detail/?ITMCODE=b0u2c7k9b2a3s6k1e6t16 HTTP/1.1" 200 30228 "-" "Mozilla/5.0 AppleWebKit/537.36 (KHTML, like Gecko; compatible; bingbot/2.0; +http://www.bing.com/bingbot.htm) Chrome/116.0.1938.76 Safari/537.36"
52.167.144.233 - - [25/Sep/2026:04:11:27 +0300] "GET /?sale/search/detail/?ITMCODE=p7a2n5d9e0m2o6n8i5u2m2 HTTP/1.1" 200 30228 "-" "Mozilla/5.0 AppleWebKit/537.36 (KHTML, like Gecko; compatible; bingbot/2.0; +http://www.bing.com/bingbot.htm) Chrome/116.0.1938.76 Safari/537.36"
52.167.144.233 - - [25/Sep/2026:04:11:28 +0300] "GET /?sale/search/detail/?ITMCODE=s3t1e9r5i1l1i4t1y851 HTTP/1.1" 200 30226 "-" "Mozilla/5.0 AppleWebKit/537.36 (KHTML, like Gecko; compatible; bingbot/2.0; +http://www.bing.com/bingbot.htm) Chrome/116.0.1938.76 Safari/537.36"
52.167.144.233 - - [25/Sep/2026:04:11:29 +0300] "GET /?sale/search/detail/?ITMCODE=h5o1l9c3u6s919086 HTTP/1.1" 200 30224 "-" "Mozilla/5.0 AppleWebKit/537.36 (KHTML, like Gecko; compatible; bingbot/2.0; +http://www.bing.com/bingbot.htm) Chrome/116.0.1938.76 Safari/537.36"
52.167.144.233 - - [25/Sep/2026:04:11:30 +0300] "GET /?sale/search/detail/?ITMCODE=s0a3n3d3l9o6t9417 HTTP/1.1" 200 30224 "-" "Mozilla/5.0 AppleWebKit/537.36 (KHTML, like Gecko; compatible; bingbot/2.0; +http://www.bing.com/bingbot.htm) Chrome/116.0.1938.76 Safari/537.36"
52.167.144.233 - - [25/Sep/2026:04:11:30 +0300] "GET /?sale/search/detail/?ITMCODE=e0p2i1p6h1o9r2a4656 HTTP/1.1" 200 30226 "-" "Mozilla/5.0 AppleWebKit/537.36 (KHTML, like Gecko; compatible; bingbot/2.0; +http://www.bing.com/bingbot.htm) Chrome/116.0.1938.76 Safari/537.36"
66.249.66.75 - - [25/Sep/2026:04:11:31 +0300] "GET /?sale/search/detail/?ITMCODE=m7a3r4j2o7r6a6m8821 HTTP/1.1" 301 9095 "-" "Mozilla/5.0 (Linux; Android 6.0.1; Nexus 5X Build/MMB29P) AppleWebKit/537.36 (KHTML, like Gecko) Chrome/153.0.8010.52 Mobile Safari/537.36 (compatible; Googlebot/2.1; +http://www.google.com/bot.html)"
52.167.144.233 - - [25/Sep/2026:04:11:31 +0300] "GET /?sale/search/detail/?ITMCODE=b2u2f7f9i5n3g590 HTTP/1.1" 200 30224 "-" "Mozilla/5.0 AppleWebKit/537.36 (KHTML, like Gecko; compatible; bingbot/2.0; +http://www.bing.com/bingbot.htm) Chrome/116.0.1938.76 Safari/537.36"
40.77.167.68 - - [25/Sep/2026:04:11:32 +0300] "GET /?sale/search/detail/?ITMCODE=h5u1m8u8l0u6s88518 HTTP/1.1" 301 9094 "-" "Mozilla/5.0 AppleWebKit/537.36 (KHTML, like Gecko; compatible; bingbot/2.0; +http://www.bing.com/bingbot.htm) Chrome/116.0.1938.76 Safari/537.36"
66.249.66.40 - - [25/Sep/2026:04:11:32 +0300] "GET /?sale/search/detail/?ITMCODE=b5e3n0t1i0n0g60437 HTTP/1.1" 200 30225 "-" "Mozilla/5.0 (Linux; Android 6.0.1; Nexus 5X Build/MMB29P) AppleWebKit/537.36 (KHTML, like Gecko) Chrome/153.0.8010.52 Mobile Safari/537.36 (compatible; Googlebot/2.1; +http://www.google.com/bot.html)"
52.167.144.233 - - [25/Sep/2026:04:11:32 +0300] "GET /?sale/search/detail/?ITMCODE=d1r3o4w9n4e9r74739 HTTP/1.1" 200 30225 "-" "Mozilla/5.0 AppleWebKit/537.36 (KHTML, like Gecko; compatible; bingbot/2.0; +http://www.bing.com/bingbot.htm) Chrome/116.0.1938.76 Safari/537.36"
40.77.167.68 - - [25/Sep/2026:04:11:32 +0300] "GET /?sale/search/detail/?ITMCODE=e6x1p4e1c1t402504 HTTP/1.1" 301 9093 "-" "Mozilla/5.0 AppleWebKit/537.36 (KHTML, like Gecko; compatible; bingbot/2.0; +http://www.bing.com/bingbot.htm) Chrome/116.0.1938.76 Safari/537.36"
40.77.167.68 - - [25/Sep/2026:04:11:33 +0300] "GET /?sale/search/detail/?ITMCODE=n1o3n1t5e6n0u0r4e458 HTTP/1.1" 301 9096 "-" "Mozilla/5.0 AppleWebKit/537.36 (KHTML, like Gecko; compatible; bingbot/2.0; +http://www.bing.com/bingbot.htm) Chrome/116.0.1938.76 Safari/537.36"
52.167.144.233 - - [25/Sep/2026:04:11:33 +0300] "GET /?sale/search/detail/?ITMCODE=s9u2n1n7i1a2h75126 HTTP/1.1" 200 30225 "-" "Mozilla/5.0 AppleWebKit/537.36 (KHTML, like Gecko; compatible; bingbot/2.0; +http://www.bing.com/bingbot.htm) Chrome/116.0.1938.76 Safari/537.36"
52.167.144.233 - - [25/Sep/2026:04:11:34 +0300] "GET /?sale/search/detail/?ITMCODE=t4o2q3u5e925922 HTTP/1.1" 200 30223 "-" "Mozilla/5.0 AppleWebKit/537.36 (KHTML, like Gecko; compatible; bingbot/2.0; +http://www.bing.com/bingbot.htm) Chrome/116.0.1938.76 Safari/537.36"
52.167.144.233 - - [25/Sep/2026:04:11:35 +0300] "GET /?sale/search/detail/?ITMCODE=t0r3i3g8l7y2p3h9i3c86 HTTP/1.1" 200 30228 "-" "Mozilla/5.0 AppleWebKit/537.36 (KHTML, like Gecko; compatible; bingbot/2.0; +http://www.bing.com/bingbot.htm) Chrome/116.0.1938.76 Safari/537.36"
52.167.144.233 - - [25/Sep/2026:04:11:36 +0300] "GET /?sale/search/detail/?ITMCODE=b3e3r7y3c8i2d7a1e688 HTTP/1.1" 200 30227 "-" "Mozilla/5.0 AppleWebKit/537.36 (KHTML, like Gecko; compatible; bingbot/2.0; +http://www.bing.com/bingbot.htm) Chrome/116.0.1938.76 Safari/537.36"
66.249.66.75 - - [25/Sep/2026:04:11:36 +0300] "GET /?sale/search/detail/?ITMCODE=u3n2p3r9a5y3e7d3937 HTTP/1.1" 301 9114 "-" "Mozilla/5.0 (Linux; Android 6.0.1; Nexus 5X Build/MMB29P) AppleWebKit/537.36 (KHTML, like Gecko) Chrome/153.0.8010.52 Mobile Safari/537.36 (compatible; Googlebot/2.1; +http://www.google.com/bot.html)"
52.167.144.233 - - [25/Sep/2026:04:11:37 +0300] "GET /?sale/search/detail/?ITMCODE=d9i2s5c7u5s3e5s0606 HTTP/1.1" 200 30226 "-" "Mozilla/5.0 AppleWebKit/537.36 (KHTML, like Gecko; compatible; bingbot/2.0; +http://www.bing.com/bingbot.htm) Chrome/116.0.1938.76 Safari/537.36"
52.167.144.233 - - [25/Sep/2026:04:11:37 +0300] "GET /?sale/search/detail/?ITMCODE=r9e4s0t7r6i8c3t6254 HTTP/1.1" 200 30226 "-" "Mozilla/5.0 AppleWebKit/537.36 (KHTML, like Gecko; compatible; bingbot/2.0; +http://www.bing.com/bingbot.htm) Chrome/116.0.1938.76 Safari/537.36"
52.167.144.233 - - [25/Sep/2026:04:11:38 +0300] "GET /?sale/search/detail/?ITMCODE=a8n4o7r3e9x7i9g7e5nic HTTP/1.1" 200 30228 "-" "Mozilla/5.0 AppleWebKit/537.36 (KHTML, like Gecko; compatible; bingbot/2.0; +http://www.bing.com/bingbot.htm) Chrome/116.0.1938.76 Safari/537.36"
66.249.66.40 - - [25/Sep/2026:04:11:39 +0300] "GET /?sale/search/detail/?ITMCODE=b1r2i6s4t4l7e0g6r6a2s3s HTTP/1.1" 200 30229 "-" "Mozilla/5.0 (Linux; Android 6.0.1; Nexus 5X Build/MMB29P) AppleWebKit/537.36 (KHTML, like Gecko) Chrome/153.0.8010.52 Mobile Safari/537.36 (compatible; Googlebot/2.1; +http://www.google.com/bot.html)"
52.167.144.233 - - [25/Sep/2026:04:11:39 +0300] "GET /?sale/search/detail/?ITMCODE=d1i2c7r9u7r6u2s9039 HTTP/1.1" 200 30226 "-" "Mozilla/5.0 AppleWebKit/537.36 (KHTML, like Gecko; compatible; bingbot/2.0; +http://www.bing.com/bingbot.htm) Chrome/116.0.1938.76 Safari/537.36"
52.167.144.233 - - [25/Sep/2026:04:11:40 +0300] "GET /?sale/search/detail/?ITMCODE=a6n3t5i7p0o0d1e5a2n1 HTTP/1.1" 200 30226 "-" "Mozilla/5.0 AppleWebKit/537.36 (KHTML, like Gecko; compatible; bingbot/2.0; +http://www.bing.com/bingbot.htm) Chrome/116.0.1938.76 Safari/537.36"
52.167.144.233 - - [25/Sep/2026:04:11:41 +0300] "GET /?sale/search/detail/?ITMCODE=l7e6g9i3t5i6m9i8z0e7d HTTP/1.1" 200 30228 "-" "Mozilla/5.0 AppleWebKit/537.36 (KHTML, like Gecko; compatible; bingbot/2.0; +http://www.bing.com/bingbot.htm) Chrome/116.0.1938.76 Safari/537.36"
66.249.66.75 - - [25/Sep/2026:04:11:42 +0300] "GET /?sale/search/detail/?ITMCODE=k0i4n1d5e9r578505 HTTP/1.1" 301 9093 "-" "Mozilla/5.0 (Linux; Android 6.0.1; Nexus 5X Build/MMB29P) AppleWebKit/537.36 (KHTML, like Gecko) Chrome/153.0.8010.52 Mobile Safari/537.36 (compatible; Googlebot/2.1; +http://www.google.com/bot.html)"
52.167.144.233 - - [25/Sep/2026:04:11:42 +0300] "GET /?sale/search/detail/?ITMCODE=s7p9e9r2m066081 HTTP/1.1" 200 30223 "-" "Mozilla/5.0 AppleWebKit/537.36 (KHTML, like Gecko; compatible; bingbot/2.0; +http://www.bing.com/bingbot.htm) Chrome/116.0.1938.76 Safari/537.36"
66.249.66.75 - - [25/Sep/2026:04:11:42 +0300] "GET /?sale/search/detail/?ITMCODE=t1a2x7a2l8e4s12242 HTTP/1.1" 301 9094 "-" "Mozilla/5.0 (Linux; Android 6.0.1; Nexus 5X Build/MMB29P) AppleWebKit/537.36 (KHTML, like Gecko) Chrome/153.0.8010.52 Mobile Safari/537.36 (compatible; Googlebot/2.1; +http://www.google.com/bot.html)"
66.249.66.75 - - [25/Sep/2026:04:11:43 +0300] "GET /?sale/search/detail/?ITMCODE=w5e2t6t5i1s3h55111 HTTP/1.1" 301 9094 "-" "Mozilla/5.0 (Linux; Android 6.0.1; Nexus 5X Build/MMB29P) AppleWebKit/537.36 (KHTML, like Gecko) Chrome/153.0.8010.52 Mobile Safari/537.36 (compatible; Googlebot/2.1; +http://www.google.com/bot.html)"
52.167.144.233 - - [25/Sep/2026:04:11:43 +0300] "GET /?sale/search/detail/?ITMCODE=t3r9e5e7f7u3l8938 HTTP/1.1" 200 30225 "-" "Mozilla/5.0 AppleWebKit/537.36 (KHTML, like Gecko; compatible; bingbot/2.0; +http://www.bing.com/bingbot.htm) Chrome/116.0.1938.76 Safari/537.36"
52.167.144.233 - - [25/Sep/2026:04:11:44 +0300] "GET /?sale/search/detail/?ITMCODE=c4a5m1e1l6o0p1a9r6d6alis HTTP/1.1" 200 30227 "-" "Mozilla/5.0 AppleWebKit/537.36 (KHTML, like Gecko; compatible; bingbot/2.0; +http://www.bing.com/bingbot.htm) Chrome/116.0.1938.76 Safari/537.36"
52.167.144.233 - - [25/Sep/2026:04:11:45 +0300] "GET /?sale/search/detail/?ITMCODE=a2n7n1u5l5o5i7d148 HTTP/1.1" 200 30225 "-" "Mozilla/5.0 AppleWebKit/537.36 (KHTML, like Gecko; compatible; bingbot/2.0; +http://www.bing.com/bingbot.htm) Chrome/116.0.1938.76 Safari/537.36"
52.167.144.233 - - [25/Sep/2026:04:11:46 +0300] "GET /?sale/search/detail/?ITMCODE=f8r6e3q5u4e7n6t7l8y3 HTTP/1.1" 200 30228 "-" "Mozilla/5.0 AppleWebKit/537.36 (KHTML, like Gecko; compatible; bingbot/2.0; +http://www.bing.com/bingbot.htm) Chrome/116.0.1938.76 Safari/537.36"
66.249.66.40 - - [25/Sep/2026:04:11:46 +0300] "GET /?sale/search/detail/?ITMCODE=r5o2h6o5b8101576 HTTP/1.1" 200 30223 "-" "Mozilla/5.0 (Linux; Android 6.0.1; Nexus 5X Build/MMB29P) AppleWebKit/537.36 (KHTML, like Gecko) Chrome/153.0.8010.52 Mobile Safari/537.36 (compatible; Googlebot/2.1; +http://www.google.com/bot.html)"
66.249.66.40 - - [25/Sep/2026:04:11:46 +0300] "GET /?sale/search/detail/?ITMCODE=c8r3i4b1r1i7f3o4r7m25 HTTP/1.1" 200 30228 "-" "Mozilla/5.0 (Linux; Android 6.0.1; Nexus 5X Build/MMB29P) AppleWebKit/537.36 (KHTML, like Gecko) Chrome/153.0.8010.52 Mobile Safari/537.36 (compatible; Googlebot/2.1; +http://www.google.com/bot.html)"
52.167.144.233 - - [25/Sep/2026:04:11:47 +0300] "GET /?sale/search/detail/?ITMCODE=h5o2m8o0c6e5r7e4b2r4i8n HTTP/1.1" 200 30229 "-" "Mozilla/5.0 AppleWebKit/537.36 (KHTML, like Gecko; compatible; bingbot/2.0; +http://www.bing.com/bingbot.htm) Chrome/116.0.1938.76 Safari/537.36"
52.167.144.233 - - [25/Sep/2026:04:11:48 +0300] "GET /?sale/search/detail/?ITMCODE=d9i2t9t8o9l5o3g7y86 HTTP/1.1" 200 30226 "-" "Mozilla/5.0 AppleWebKit/537.36 (KHTML, like Gecko; compatible; bingbot/2.0; +http://www.bing.com/bingbot.htm) Chrome/116.0.1938.76 Safari/537.36"
66.249.66.75 - - [25/Sep/2026:04:11:48 +0300] "GET /?sale/search/detail/?ITMCODE=a3p4a1c2e8899885 HTTP/1.1" 301 9092 "-" "Mozilla/5.0 (Linux; Android 6.0.1; Nexus 5X Build/MMB29P) AppleWebKit/537.36 (KHTML, like Gecko) Chrome/153.0.8010.52 Mobile Safari/537.36 (compatible; Googlebot/2.1; +http://www.google.com/bot.html)"
52.167.144.233 - - [25/Sep/2026:04:11:49 +0300] "GET /?sale/search/detail/?ITMCODE=t5a1c7t3i7c8a8l2l4y65 HTTP/1.1" 200 30228 "-" "Mozilla/5.0 AppleWebKit/537.36 (KHTML, like Gecko; compatible; bingbot/2.0; +http://www.bing.com/bingbot.htm) Chrome/116.0.1938.76 Safari/537.36"
52.167.144.233 - - [25/Sep/2026:04:11:49 +0300] "GET /?sale/search/detail/?ITMCODE=p1u2s2l9e1y116710 HTTP/1.1" 200 30224 "-" "Mozilla/5.0 AppleWebKit/537.36 (KHTML, like Gecko; compatible; bingbot/2.0; +http://www.bing.com/bingbot.htm) Chrome/116.0.1938.76 Safari/537.36"
52.167.144.233 - - [25/Sep/2026:04:11:50 +0300] "GET /?sale/search/detail/?ITMCODE=e1d1d7i9e1d576741 HTTP/1.1" 200 30224 "-" "Mozilla/5.0 AppleWebKit/537.36 (KHTML, like Gecko; compatible; bingbot/2.0; +http://www.bing.com/bingbot.htm) Chrome/116.0.1938.76 Safari/537.36"
52.167.144.233 - - [25/Sep/2026:04:11:51 +0300] "GET /?sale/search/detail/?ITMCODE=s5c2u2p9p2e1r6n5o2n2g6 HTTP/1.1" 200 30228 "-" "Mozilla/5.0 AppleWebKit/537.36 (KHTML, like Gecko; compatible; bingbot/2.0; +http://www.bing.com/bingbot.htm) Chrome/116.0.1938.76 Safari/537.36"
57.141.20.14 - - [25/Sep/2026:04:11:51 +0300] "GET /?sale/search/detail/?ITMCODE=h1e1p3t7a6h3e1d3r8o1n3 HTTP/1.1" 200 30228 "-" "Mozilla/5.0 (Windows NT 10.0; Win64; x64) AppleWebKit/537.36 (KHTML, like Gecko) Chrome/145.0.0.0 Safari/537.36 (compatible; meta-externalagent/1.1 (+https://developers.facebook.com/docs/sharing/webmasters/crawler))"
52.167.144.233 - - [25/Sep/2026:04:11:52 +0300] "GET /?sale/search/detail/?ITMCODE=t2r1i0c2h0o7c3e7p5h0alus HTTP/1.1" 200 30230 "-" "Mozilla/5.0 AppleWebKit/537.36 (KHTML, like Gecko; compatible; bingbot/2.0; +http://www.bing.com/bingbot.htm) Chrome/116.0.1938.76 Safari/537.36"
52.167.144.233 - - [25/Sep/2026:04:11:53 +0300] "GET /?sale/search/detail/?ITMCODE=f0i2b6e1r8g5l2a3s2s08 HTTP/1.1" 200 30227 "-" "Mozilla/5.0 AppleWebKit/537.36 (KHTML, like Gecko; compatible; bingbot/2.0; +http://www.bing.com/bingbot.htm) Chrome/116.0.1938.76 Safari/537.36"
66.249.66.75 - - [25/Sep/2026:04:11:54 +0300] "GET /?sale/search/detail/?ITMCODE=v2e1r7i3n6e679737 HTTP/1.1" 301 9093 "-" "Mozilla/5.0 (Linux; Android 6.0.1; Nexus 5X Build/MMB29P) AppleWebKit/537.36 (KHTML, like Gecko) Chrome/153.0.8010.52 Mobile Safari/537.36 (compatible; Googlebot/2.1; +http://www.google.com/bot.html)"
52.167.144.233 - - [25/Sep/2026:04:11:54 +0300] "GET /?sale/search/detail/?ITMCODE=l8e3g7i6s2l3a7t2u8r0e2 HTTP/1.1" 200 30228 "-" "Mozilla/5.0 AppleWebKit/537.36 (KHTML, like Gecko; compatible; bingbot/2.0; +http://www.bing.com/bingbot.htm) Chrome/116.0.1938.76 Safari/537.36"
66.249.66.75 - - [25/Sep/2026:04:11:55 +0300] "GET /?sale/search/detail/?ITMCODE=s4t1a4r5s9h8o8o0t790 HTTP/1.1" 301 9096 "-" "Mozilla/5.0 (Linux; Android 6.0.1; Nexus 5X Build/MMB29P) AppleWebKit/537.36 (KHTML, like Gecko) Chrome/153.0.8010.52 Mobile Safari/537.36 (compatible; Googlebot/2.1; +http://www.google.com/bot.html)"
52.167.144.233 - - [25/Sep/2026:04:11:55 +0300] "GET /?sale/search/detail/?ITMCODE=i8m3m8i7g3r9a2t4e88 HTTP/1.1" 200 30225 "-" "Mozilla/5.0 AppleWebKit/537.36 (KHTML, like Gecko; compatible; bingbot/2.0; +http://www.bing.com/bingbot.htm) Chrome/116.0.1938.76 Safari/537.36"
52.167.144.233 - - [25/Sep/2026:04:11:56 +0300] "GET /?sale/search/detail/?ITMCODE=a2s4s1e4m5b7l8i4n8g84 HTTP/1.1" 200 30228 "-" "Mozilla/5.0 AppleWebKit/537.36 (KHTML, like Gecko; compatible; bingbot/2.0; +http://www.bing.com/bingbot.htm) Chrome/116.0.1938.76 Safari/537.36"
66.249.66.40 - - [25/Sep/2026:04:11:59 +0300] "GET /?sale/search/detail/?ITMCODE=w5o6o4l5e2r7t8956 HTTP/1.1" 200 30224 "-" "Mozilla/5.0 (Linux; Android 6.0.1; Nexus 5X Build/MMB29P) AppleWebKit/537.36 (KHTML, like Gecko) Chrome/153.0.8010.52 Mobile Safari/537.36 (compatible; Googlebot/2.1; +http://www.google.com/bot.html)"
62.83.34.121 - - [25/Sep/2026:04:12:00 +0300] "GET /wp-content/uploads/2021/07/transport.png HTTP/1.1" 200 5147 "-" "tphotobot/0.1 (+https://crawler.estidraft.com/bot)"
62.83.34.121 - - [25/Sep/2026:04:12:00 +0300] "GET /wp-content/uploads/2021/07/logo-colored.png HTTP/1.1" 200 5150 "-" "tphotobot/0.1 (+https://crawler.estidraft.com/bot)"
62.83.34.121 - - [25/Sep/2026:04:12:00 +0300] "GET /wp-content/plugins/revslider/public/assets/assets/dummy.png HTTP/1.1" 200 5221 "-" "tphotobot/0.1 (+https://crawler.estidraft.com/bot)"
62.83.34.121 - - [25/Sep/2026:04:12:00 +0300] "GET /wp-content/uploads/2021/07/parking.png HTTP/1.1" 200 5145 "-" "tphotobot/0.1 (+https://crawler.estidraft.com/bot)"
62.83.34.121 - - [25/Sep/2026:04:12:00 +0300] "GET /wp-content/uploads/2021/07/cleaning.png HTTP/1.1" 200 5146 "-" "tphotobot/0.1 (+https://crawler.estidraft.com/bot)"
62.83.34.121 - - [25/Sep/2026:04:12:00 +0300] "GET /wp-content/uploads/2021/07/wifi.png HTTP/1.1" 200 5142 "-" "tphotobot/0.1 (+https://crawler.estidraft.com/bot)"
62.83.34.121 - - [25/Sep/2026:04:12:00 +0300] "GET /wp-content/uploads/2021/07/transport.png HTTP/2.0" 200 3652 "-" "tphotobot/0.1 (+https://crawler.estidraft.com/bot)"
62.83.34.121 - - [25/Sep/2026:04:12:00 +0300] "GET /wp-content/uploads/2021/07/logo-colored.png HTTP/2.0" 200 4778 "-" "tphotobot/0.1 (+https://crawler.estidraft.com/bot)"
62.83.34.121 - - [25/Sep/2026:04:12:00 +0300] "GET /wp-content/uploads/2021/07/parking.png HTTP/2.0" 200 1746 "-" "tphotobot/0.1 (+https://crawler.estidraft.com/bot)"
62.83.34.121 - - [25/Sep/2026:04:12:00 +0300] "GET /wp-content/uploads/2021/07/cleaning.png HTTP/2.0" 200 2129 "-" "tphotobot/0.1 (+https://crawler.estidraft.com/bot)"
62.83.34.121 - - [25/Sep/2026:04:12:00 +0300] "GET /wp-content/uploads/2021/07/wifi.png HTTP/2.0" 200 2677 "-" "tphotobot/0.1 (+https://crawler.estidraft.com/bot)"
62.83.34.121 - - [25/Sep/2026:04:12:01 +0300] "GET /wp-content/uploads/2021/07/breakfast.png HTTP/2.0" 200 2111 "-" "tphotobot/0.1 (+https://crawler.estidraft.com/bot)"
62.83.34.121 - - [25/Sep/2026:04:12:01 +0300] "GET /wp-content/uploads/2021/07/rent-a-car.png HTTP/2.0" 200 2283 "-" "tphotobot/0.1 (+https://crawler.estidraft.com/bot)"
62.83.34.121 - - [25/Sep/2026:04:12:01 +0300] "GET /wp-content/uploads/2021/07/breakfast.png HTTP/1.1" 200 5147 "-" "tphotobot/0.1 (+https://crawler.estidraft.com/bot)"
62.83.34.121 - - [25/Sep/2026:04:12:01 +0300] "GET /wp-content/uploads/2021/07/rent-a-car.png HTTP/1.1" 200 5148 "-" "tphotobot/0.1 (+https://crawler.estidraft.com/bot)"
52.167.144.233 - - [25/Sep/2026:04:12:00 +0300] "GET /?sale/search/detail/?ITMCODE=p3r1i6n0u1s707270 HTTP/1.1" 200 30224 "-" "Mozilla/5.0 AppleWebKit/537.36 (KHTML, like Gecko; compatible; bingbot/2.0; +http://www.bing.com/bingbot.htm) Chrome/116.0.1938.76 Safari/537.36"
66.249.66.40 - - [25/Sep/2026:04:12:01 +0300] "GET /?sale/search/detail/?ITMCODE=c0h3e3s4e4221199 HTTP/1.1" 200 30223 "-" "Mozilla/5.0 (Linux; Android 6.0.1; Nexus 5X Build/MMB29P) AppleWebKit/537.36 (KHTML, like Gecko) Chrome/153.0.8010.52 Mobile Safari/537.36 (compatible; Googlebot/2.1; +http://www.google.com/bot.html)"
66.249.66.77 - - [25/Sep/2026:04:12:01 +0300] "GET /?sale/search/detail/?ITMCODE=b6o1t4t7l7e0n4e9c1k93 HTTP/1.1" 301 9097 "-" "Mozilla/5.0 (Linux; Android 6.0.1; Nexus 5X Build/MMB29P) AppleWebKit/537.36 (KHTML, like Gecko) Chrome/153.0.8010.52 Mobile Safari/537.36 (compatible; Googlebot/2.1; +http://www.google.com/bot.html)"
52.167.144.233 - - [25/Sep/2026:04:12:01 +0300] "GET /?sale/search/detail/?ITMCODE=a2r1i6s4t1o0c3r2a4t8i2c HTTP/1.1" 200 30229 "-" "Mozilla/5.0 AppleWebKit/537.36 (KHTML, like Gecko; compatible; bingbot/2.0; +http://www.bing.com/bingbot.htm) Chrome/116.0.1938.76 Safari/537.36"
52.167.144.233 - - [25/Sep/2026:04:12:02 +0300] "GET /?sale/search/detail/?ITMCODE=r4e1d0h4e7a5d8e5d340 HTTP/1.1" 200 30227 "-" "Mozilla/5.0 AppleWebKit/537.36 (KHTML, like Gecko; compatible; bingbot/2.0; +http://www.bing.com/bingbot.htm) Chrome/116.0.1938.76 Safari/537.36"
52.167.144.233 - - [25/Sep/2026:04:12:03 +0300] "GET /?sale/search/detail/?ITMCODE=c3o9u8n8t9e2r9a0c0t2ive HTTP/1.1" 200 30229 "-" "Mozilla/5.0 AppleWebKit/537.36 (KHTML, like Gecko; compatible; bingbot/2.0; +http://www.bing.com/bingbot.htm) Chrome/116.0.1938.76 Safari/537.36"
52.167.144.233 - - [25/Sep/2026:04:12:04 +0300] "GET /?sale/search/detail/?ITMCODE=h9i3e4r0o7g5r6a7m0m7a6tic HTTP/1.1" 200 30231 "-" "Mozilla/5.0 AppleWebKit/537.36 (KHTML, like Gecko; compatible; bingbot/2.0; +http://www.bing.com/bingbot.htm) Chrome/116.0.1938.76 Safari/537.36"
52.167.144.233 - - [25/Sep/2026:04:12:04 +0300] "GET /?sale/search/detail/?ITMCODE=a7w2a9k9e1n963339 HTTP/1.1" 200 30225 "-" "Mozilla/5.0 AppleWebKit/537.36 (KHTML, like Gecko; compatible; bingbot/2.0; +http://www.bing.com/bingbot.htm) Chrome/116.0.1938.76 Safari/537.36"
52.167.144.233 - - [25/Sep/2026:04:12:05 +0300] "GET /?sale/search/detail/?ITMCODE=d6e1c3a1l4o7g1i4s3t27 HTTP/1.1" 200 30227 "-" "Mozilla/5.0 AppleWebKit/537.36 (KHTML, like Gecko; compatible; bingbot/2.0; +http://www.bing.com/bingbot.htm) Chrome/116.0.1938.76 Safari/537.36"
40.77.167.123 - - [25/Sep/2026:04:12:05 +0300] "GET /?sale/search/detail/?ITMCODE=p0u5l4l2u0l7a7t5e96 HTTP/1.1" 301 9095 "-" "Mozilla/5.0 AppleWebKit/537.36 (KHTML, like Gecko; compatible; bingbot/2.0; +http://www.bing.com/bingbot.htm) Chrome/116.0.1938.76 Safari/537.36"
52.167.144.183 - - [25/Sep/2026:04:12:06 +0300] "GET /?sale/search/detail/?ITMCODE=t2w2o3s1i6d5e4d3013 HTTP/1.1" 200 30225 "-" "Mozilla/5.0 AppleWebKit/537.36 (KHTML, like Gecko; compatible; bingbot/2.0; +http://www.bing.com/bingbot.htm) Chrome/116.0.1938.76 Safari/537.36"
66.249.66.75 - - [25/Sep/2026:04:12:07 +0300] "GET /?sale/search/detail/?ITMCODE=s9c2r5a6m1b2l7i7n6g0l0y HTTP/1.1" 301 9099 "-" "Mozilla/5.0 (Linux; Android 6.0.1; Nexus 5X Build/MMB29P) AppleWebKit/537.36 (KHTML, like Gecko) Chrome/153.0.8010.52 Mobile Safari/537.36 (compatible; Googlebot/2.1; +http://www.google.com/bot.html)"
52.167.144.183 - - [25/Sep/2026:04:12:07 +0300] "GET /?sale/search/detail/?ITMCODE=d5o7c0i4l4e83921 HTTP/1.1" 200 30223 "-" "Mozilla/5.0 AppleWebKit/537.36 (KHTML, like Gecko; compatible; bingbot/2.0; +http://www.bing.com/bingbot.htm) Chrome/116.0.1938.76 Safari/537.36"
52.167.144.183 - - [25/Sep/2026:04:12:08 +0300] "GET /?sale/search/detail/?ITMCODE=c9o1n7s3c2i8o0n5a0b8l2eness HTTP/1.1" 200 30232 "-" "Mozilla/5.0 AppleWebKit/537.36 (KHTML, like Gecko; compatible; bingbot/2.0; +http://www.bing.com/bingbot.htm) Chrome/116.0.1938.76 Safari/537.36"
52.167.144.183 - - [25/Sep/2026:04:12:09 +0300] "GET /?sale/search/detail/?ITMCODE=i3n2c1o3m3m4u2n1i3c8a3ble HTTP/1.1" 200 30231 "-" "Mozilla/5.0 AppleWebKit/537.36 (KHTML, like Gecko; compatible; bingbot/2.0; +http://www.bing.com/bingbot.htm) Chrome/116.0.1938.76 Safari/537.36"
66.249.66.40 - - [25/Sep/2026:04:12:09 +0300] "GET /?sale/search/detail/?ITMCODE=m0i3s2d4a5t6e8d9616 HTTP/1.1" 200 30226 "-" "Mozilla/5.0 (Linux; Android 6.0.1; Nexus 5X Build/MMB29P) AppleWebKit/537.36 (KHTML, like Gecko) Chrome/153.0.8010.52 Mobile Safari/537.36 (compatible; Googlebot/2.1; +http://www.google.com/bot.html)"
52.167.144.183 - - [25/Sep/2026:04:12:10 +0300] "GET /?sale/search/detail/?ITMCODE=k7i6n2s9w5o2m9e8n65 HTTP/1.1" 200 30226 "-" "Mozilla/5.0 AppleWebKit/537.36 (KHTML, like Gecko; compatible; bingbot/2.0; +http://www.bing.com/bingbot.htm) Chrome/116.0.1938.76 Safari/537.36"
52.167.144.183 - - [25/Sep/2026:04:12:10 +0300] "GET /?sale/search/detail/?ITMCODE=g0o2s7h2a5w5k76218 HTTP/1.1" 200 30225 "-" "Mozilla/5.0 AppleWebKit/537.36 (KHTML, like Gecko; compatible; bingbot/2.0; +http://www.bing.com/bingbot.htm) Chrome/116.0.1938.76 Safari/537.36"
66.249.66.40 - - [25/Sep/2026:04:12:11 +0300] "GET /?sale/search/detail/?ITMCODE=a8l1l3i1t0e9r0a7t5i5o0n HTTP/1.1" 200 30229 "-" "Mozilla/5.0 (Linux; Android 6.0.1; Nexus 5X Build/MMB29P) AppleWebKit/537.36 (KHTML, like Gecko) Chrome/153.0.8010.52 Mobile Safari/537.36 (compatible; Googlebot/2.1; +http://www.google.com/bot.html)"
52.167.144.183 - - [25/Sep/2026:04:12:11 +0300] "GET /?sale/search/detail/?ITMCODE=i8n2e9x1p0r8e3s4s8i8b2ly HTTP/1.1" 200 30230 "-" "Mozilla/5.0 AppleWebKit/537.36 (KHTML, like Gecko; compatible; bingbot/2.0; +http://www.bing.com/bingbot.htm) Chrome/116.0.1938.76 Safari/537.36"
52.167.144.183 - - [25/Sep/2026:04:12:12 +0300] "GET /?sale/search/detail/?ITMCODE=d5i4s3e2a1s0e8f0u5l1 HTTP/1.1" 200 30226 "-" "Mozilla/5.0 AppleWebKit/537.36 (KHTML, like Gecko; compatible; bingbot/2.0; +http://www.bing.com/bingbot.htm) Chrome/116.0.1938.76 Safari/537.36"
66.249.66.75 - - [25/Sep/2026:04:12:13 +0300] "GET /?sale/search/detail/?ITMCODE=b4a4n0q0u1e7t8e6d36 HTTP/1.1" 301 9095 "-" "Mozilla/5.0 (Linux; Android 6.0.1; Nexus 5X Build/MMB29P) AppleWebKit/537.36 (KHTML, like Gecko) Chrome/153.0.8010.52 Mobile Safari/537.36 (compatible; Googlebot/2.1; +http://www.google.com/bot.html)"
52.167.144.183 - - [25/Sep/2026:04:12:13 +0300] "GET /?sale/search/detail/?ITMCODE=b5e4s5e4e4c2h1730 HTTP/1.1" 200 30223 "-" "Mozilla/5.0 AppleWebKit/537.36 (KHTML, like Gecko; compatible; bingbot/2.0; +http://www.bing.com/bingbot.htm) Chrome/116.0.1938.76 Safari/537.36"
52.167.144.183 - - [25/Sep/2026:04:12:14 +0300] "GET /?sale/search/detail/?ITMCODE=t7h2i8r8s0t9i7n9e4s4s2 HTTP/1.1" 200 30228 "-" "Mozilla/5.0 AppleWebKit/537.36 (KHTML, like Gecko; compatible; bingbot/2.0; +http://www.bing.com/bingbot.htm) Chrome/116.0.1938.76 Safari/537.36"
52.167.144.183 - - [25/Sep/2026:04:12:15 +0300] "GET /?sale/search/detail/?ITMCODE=o5v5e7r0p3a2s3s4i1o7nate HTTP/1.1" 200 30230 "-" "Mozilla/5.0 AppleWebKit/537.36 (KHTML, like Gecko; compatible; bingbot/2.0; +http://www.bing.com/bingbot.htm) Chrome/116.0.1938.76 Safari/537.36"
52.167.144.183 - - [25/Sep/2026:04:12:16 +0300] "GET /?sale/search/detail/?ITMCODE=d1i1s4p7e0n4s0a7b0l9e3 HTTP/1.1" 200 30228 "-" "Mozilla/5.0 AppleWebKit/537.36 (KHTML, like Gecko; compatible; bingbot/2.0; +http://www.bing.com/bingbot.htm) Chrome/116.0.1938.76 Safari/537.36"
62.83.34.121 - - [25/Sep/2026:04:12:16 +0300] "GET /wp-content/uploads/2021/07/beach.png HTTP/1.1" 200 5143 "-" "tphotobot/0.1 (+https://crawler.estidraft.com/bot)"
62.83.34.121 - - [25/Sep/2026:04:12:16 +0300] "GET /wp-content/uploads/2021/07/air-condition.png HTTP/1.1" 200 5869 "-" "tphotobot/0.1 (+https://crawler.estidraft.com/bot)"
62.83.34.121 - - [25/Sep/2026:04:12:16 +0300] "GET /wp-content/uploads/2021/07/naxos-collage.jpg HTTP/1.1" 200 5152 "-" "tphotobot/0.1 (+https://crawler.estidraft.com/bot)"
62.83.34.121 - - [25/Sep/2026:04:12:16 +0300] "GET /wp-content/uploads/2021/07/fridge.png HTTP/1.1" 200 5700 "-" "tphotobot/0.1 (+https://crawler.estidraft.com/bot)"
62.83.34.121 - - [25/Sep/2026:04:12:16 +0300] "GET /wp-content/uploads/2021/07/coffee-machine.png HTTP/1.1" 200 5152 "-" "tphotobot/0.1 (+https://crawler.estidraft.com/bot)"
62.83.34.121 - - [25/Sep/2026:04:12:16 +0300] "GET /wp-content/uploads/2021/07/beach.png HTTP/2.0" 200 2001 "-" "tphotobot/0.1 (+https://crawler.estidraft.com/bot)"
62.83.34.121 - - [25/Sep/2026:04:12:16 +0300] "GET /wp-content/uploads/2021/07/naxos-collage.jpg HTTP/2.0" 200 66227 "-" "tphotobot/0.1 (+https://crawler.estidraft.com/bot)"
62.83.34.121 - - [25/Sep/2026:04:12:16 +0300] "GET /wp-content/uploads/2021/07/coffee-machine.png HTTP/2.0" 200 1053 "-" "tphotobot/0.1 (+https://crawler.estidraft.com/bot)"
62.83.34.121 - - [25/Sep/2026:04:12:17 +0300] "GET /wp-content/uploads/2021/07/television.png HTTP/1.1" 200 6151 "-" "tphotobot/0.1 (+https://crawler.estidraft.com/bot)"
62.83.34.121 - - [25/Sep/2026:04:12:17 +0300] "GET /wp-content/uploads/2021/07/safebox.png HTTP/1.1" 200 6163 "-" "tphotobot/0.1 (+https://crawler.estidraft.com/bot)"
62.83.34.121 - - [25/Sep/2026:04:12:17 +0300] "GET /wp-content/uploads/2021/07/terrace.png HTTP/1.1" 200 6124 "-" "tphotobot/0.1 (+https://crawler.estidraft.com/bot)"
62.83.34.121 - - [25/Sep/2026:04:12:17 +0300] "GET /wp-content/uploads/2021/07/booking-logo.jpg HTTP/1.1" 200 5998 "-" "tphotobot/0.1 (+https://crawler.estidraft.com/bot)"
62.83.34.121 - - [25/Sep/2026:04:12:17 +0300] "GET /wp-content/uploads/2021/07/princess-mare-share-img.jpg HTTP/1.1" 200 5162 "-" "tphotobot/0.1 (+https://crawler.estidraft.com/bot)"
52.167.144.183 - - [25/Sep/2026:04:12:16 +0300] "GET /?sale/search/detail/?ITMCODE=d2i3c1h2r0o6s9c9o2p3i8c HTTP/1.1" 200 30229 "-" "Mozilla/5.0 AppleWebKit/537.36 (KHTML, like Gecko; compatible; bingbot/2.0; +http://www.bing.com/bingbot.htm) Chrome/116.0.1938.76 Safari/537.36"
52.167.144.183 - - [25/Sep/2026:04:12:17 +0300] "GET /?sale/search/detail/?ITMCODE=c8o3v2e0n4a4n4t9e8e56 HTTP/1.1" 200 30228 "-" "Mozilla/5.0 AppleWebKit/537.36 (KHTML, like Gecko; compatible; bingbot/2.0; +http://www.bing.com/bingbot.htm) Chrome/116.0.1938.76 Safari/537.36"
52.167.144.183 - - [25/Sep/2026:04:12:18 +0300] "GET /?sale/search/detail/?ITMCODE=c7i1r9c8u6m4f9l1e8c4t9 HTTP/1.1" 200 30229 "-" "Mozilla/5.0 AppleWebKit/537.36 (KHTML, like Gecko; compatible; bingbot/2.0; +http://www.bing.com/bingbot.htm) Chrome/116.0.1938.76 Safari/537.36"
62.83.34.121 - - [25/Sep/2026:04:12:18 +0300] "GET /wp-content/uploads/2021/07/princess-mare-share-img.jpg HTTP/2.0" 200 136909 "-" "tphotobot/0.1 (+https://crawler.estidraft.com/bot)"
66.249.66.75 - - [25/Sep/2026:04:12:19 +0300] "GET /?sale/search/detail/?ITMCODE=n5e2g6o0t0i8a4b4l8e91 HTTP/1.1" 301 9097 "-" "Mozilla/5.0 (Linux; Android 6.0.1; Nexus 5X Build/MMB29P) AppleWebKit/537.36 (KHTML, like Gecko) Chrome/153.0.8010.52 Mobile Safari/537.36 (compatible; Googlebot/2.1; +http://www.google.com/bot.html)"
66.249.66.75 - - [25/Sep/2026:04:12:19 +0300] "GET /?sale/search/detail/?ITMCODE=c4o2m5m3u2n6i8c1a2t2i3ve HTTP/1.1" 301 9100 "-" "Mozilla/5.0 (Linux; Android 6.0.1; Nexus 5X Build/MMB29P) AppleWebKit/537.36 (KHTML, like Gecko) Chrome/153.0.8010.52 Mobile Safari/537.36 (compatible; Googlebot/2.1; +http://www.google.com/bot.html)"
52.167.144.183 - - [25/Sep/2026:04:12:19 +0300] "GET /?sale/search/detail/?ITMCODE=o9r3n4i7t5h6o9l3o5g0y2 HTTP/1.1" 200 30229 "-" "Mozilla/5.0 AppleWebKit/537.36 (KHTML, like Gecko; compatible; bingbot/2.0; +http://www.bing.com/bingbot.htm) Chrome/116.0.1938.76 Safari/537.36"
52.167.144.183 - - [25/Sep/2026:04:12:20 +0300] "GET /?sale/search/detail/?ITMCODE=d2i4s2c0o6d5a4c0t4y2lia HTTP/1.1" 200 30229 "-" "Mozilla/5.0 AppleWebKit/537.36 (KHTML, like Gecko; compatible; bingbot/2.0; +http://www.bing.com/bingbot.htm) Chrome/116.0.1938.76 Safari/537.36"
52.167.144.183 - - [25/Sep/2026:04:12:21 +0300] "GET /?sale/search/detail/?ITMCODE=i8n3s9t0a4n2t3a2n6e1i0ty HTTP/1.1" 200 30230 "-" "Mozilla/5.0 AppleWebKit/537.36 (KHTML, like Gecko; compatible; bingbot/2.0; +http://www.bing.com/bingbot.htm) Chrome/116.0.1938.76 Safari/537.36"
52.167.144.183 - - [25/Sep/2026:04:12:22 +0300] "GET /?sale/search/detail/?ITMCODE=c9u4l1t0i4v3a0r2436 HTTP/1.1" 200 30226 "-" "Mozilla/5.0 AppleWebKit/537.36 (KHTML, like Gecko; compatible; bingbot/2.0; +http://www.bing.com/bingbot.htm) Chrome/116.0.1938.76 Safari/537.36"
40.77.167.123 - - [25/Sep/2026:04:12:22 +0300] "GET /?sale/search/detail/?ITMCODE=s8u1p0e3r6l8a2t1i4v0e7ness HTTP/1.1" 301 9102 "-" "Mozilla/5.0 AppleWebKit/537.36 (KHTML, like Gecko; compatible; bingbot/2.0; +http://www.bing.com/bingbot.htm) Chrome/116.0.1938.76 Safari/537.36"
52.167.144.183 - - [25/Sep/2026:04:12:23 +0300] "GET /?sale/search/detail/?ITMCODE=m1a3z9i8l7y646717 HTTP/1.1" 200 30225 "-" "Mozilla/5.0 AppleWebKit/537.36 (KHTML, like Gecko; compatible; bingbot/2.0; +http://www.bing.com/bingbot.htm) Chrome/116.0.1938.76 Safari/537.36"
52.167.144.183 - - [25/Sep/2026:04:12:23 +0300] "GET /?sale/search/detail/?ITMCODE=e6b4u0l8l5i7e1n9c9e74 HTTP/1.1" 200 30228 "-" "Mozilla/5.0 AppleWebKit/537.36 (KHTML, like Gecko; compatible; bingbot/2.0; +http://www.bing.com/bingbot.htm) Chrome/116.0.1938.76 Safari/537.36"
66.249.66.75 - - [25/Sep/2026:04:12:25 +0300] "GET /?sale/search/detail/?ITMCODE=m0o3n6t3e7s4s6o1r2i14 HTTP/1.1" 301 9097 "-" "Mozilla/5.0 (Linux; Android 6.0.1; Nexus 5X Build/MMB29P) AppleWebKit/537.36 (KHTML, like Gecko) Chrome/153.0.8010.52 Mobile Safari/537.36 (compatible; Googlebot/2.1; +http://www.google.com/bot.html)"
52.167.144.183 - - [25/Sep/2026:04:12:24 +0300] "GET /?sale/search/detail/?ITMCODE=f7l1o9u5r0i1s6h3e7d15 HTTP/1.1" 200 30227 "-" "Mozilla/5.0 AppleWebKit/537.36 (KHTML, like Gecko; compatible; bingbot/2.0; +http://www.bing.com/bingbot.htm) Chrome/116.0.1938.76 Safari/537.36"
66.249.66.75 - - [25/Sep/2026:04:12:25 +0300] "GET /?sale/search/detail/?ITMCODE=m6a2r7s0h2a9l5e4r239 HTTP/1.1" 301 9096 "-" "Mozilla/5.0 (Linux; Android 6.0.1; Nexus 5X Build/MMB29P) AppleWebKit/537.36 (KHTML, like Gecko) Chrome/153.0.8010.52 Mobile Safari/537.36 (compatible; Googlebot/2.1; +http://www.google.com/bot.html)"
52.167.144.183 - - [25/Sep/2026:04:12:25 +0300] "GET /?sale/search/detail/?ITMCODE=o1x2y6h5a5e2m8a1c8y8a4nin HTTP/1.1" 200 30232 "-" "Mozilla/5.0 AppleWebKit/537.36 (KHTML, like Gecko; compatible; bingbot/2.0; +http://www.bing.com/bingbot.htm) Chrome/116.0.1938.76 Safari/537.36"
66.249.66.75 - - [25/Sep/2026:04:12:26 +0300] "GET /?sale/search/detail/?ITMCODE=c2a3s9s3i0u4s29091 HTTP/1.1" 301 9094 "-" "Mozilla/5.0 (Linux; Android 6.0.1; Nexus 5X Build/MMB29P) AppleWebKit/537.36 (KHTML, like Gecko) Chrome/153.0.8010.52 Mobile Safari/537.36 (compatible; Googlebot/2.1; +http://www.google.com/bot.html)"
52.167.144.183 - - [25/Sep/2026:04:12:26 +0300] "GET /?sale/search/detail/?ITMCODE=w5h3o9r9t9l7e16780 HTTP/1.1" 200 30225 "-" "Mozilla/5.0 AppleWebKit/537.36 (KHTML, like Gecko; compatible; bingbot/2.0; +http://www.bing.com/bingbot.htm) Chrome/116.0.1938.76 Safari/537.36"
66.249.66.40 - - [25/Sep/2026:04:12:26 +0300] "GET /?sale/search/detail/?ITMCODE=m7u4d2d4i0l4y366 HTTP/1.1" 200 30224 "-" "Mozilla/5.0 (Linux; Android 6.0.1; Nexus 5X Build/MMB29P) AppleWebKit/537.36 (KHTML, like Gecko) Chrome/153.0.8010.52 Mobile Safari/537.36 (compatible; Googlebot/2.1; +http://www.google.com/bot.html)"
52.167.144.183 - - [25/Sep/2026:04:12:27 +0300] "GET /?sale/search/detail/?ITMCODE=b1u7c7k8e3y8e0681 HTTP/1.1" 200 30225 "-" "Mozilla/5.0 AppleWebKit/537.36 (KHTML, like Gecko; compatible; bingbot/2.0; +http://www.bing.com/bingbot.htm) Chrome/116.0.1938.76 Safari/537.36"
66.249.66.75 - - [25/Sep/2026:04:12:27 +0300] "GET /?sale/search/detail/?ITMCODE=c2o1r4n9u1580000 HTTP/1.1" 301 9092 "-" "Mozilla/5.0 (Linux; Android 6.0.1; Nexus 5X Build/MMB29P) AppleWebKit/537.36 (KHTML, like Gecko) Chrome/153.0.8010.52 Mobile Safari/537.36 (compatible; Googlebot/2.1; +http://www.google.com/bot.html)"
52.167.144.183 - - [25/Sep/2026:04:12:28 +0300] "GET /?sale/search/detail/?ITMCODE=w8e6a2z8a5n5d0057 HTTP/1.1" 200 30225 "-" "Mozilla/5.0 AppleWebKit/537.36 (KHTML, like Gecko; compatible; bingbot/2.0; +http://www.bing.com/bingbot.htm) Chrome/116.0.1938.76 Safari/537.36"
66.249.66.75 - - [25/Sep/2026:04:12:30 +0300] "GET /?sale/search/detail/?ITMCODE=d9i2s5o6b2e1y3e7d326 HTTP/1.1" 301 9096 "-" "Mozilla/5.0 (Linux; Android 6.0.1; Nexus 5X Build/MMB29P) AppleWebKit/537.36 (KHTML, like Gecko) Chrome/153.0.8010.52 Mobile Safari/537.36 (compatible; Googlebot/2.1; +http://www.google.com/bot.html)"
40.77.167.123 - - [25/Sep/2026:04:12:32 +0300] "GET /?sale/search/detail/?ITMCODE=f8i2s7s2u4r2a6t0i7o5n9 HTTP/1.1" 301 9098 "-" "Mozilla/5.0 AppleWebKit/537.36 (KHTML, like Gecko; compatible; bingbot/2.0; +http://www.bing.com/bingbot.htm) Chrome/116.0.1938.76 Safari/537.36"
52.167.144.183 - - [25/Sep/2026:04:12:32 +0300] "GET /?sale/search/detail/?ITMCODE=m8o3n6o3t0o8n7o8u2s74 HTTP/1.1" 200 30228 "-" "Mozilla/5.0 AppleWebKit/537.36 (KHTML, like Gecko; compatible; bingbot/2.0; +http://www.bing.com/bingbot.htm) Chrome/116.0.1938.76 Safari/537.36"
40.77.167.123 - - [25/Sep/2026:04:12:32 +0300] "GET /?sale/search/detail/?ITMCODE=b8l4e4n2d5o6u5s356 HTTP/1.1" 301 9094 "-" "Mozilla/5.0 AppleWebKit/537.36 (KHTML, like Gecko; compatible; bingbot/2.0; +http://www.bing.com/bingbot.htm) Chrome/116.0.1938.76 Safari/537.36"
66.249.66.75 - - [25/Sep/2026:04:12:33 +0300] "GET /?sale/search/detail/?ITMCODE=s4c2o8r0e1r643320 HTTP/1.1" 301 9093 "-" "Mozilla/5.0 (Linux; Android 6.0.1; Nexus 5X Build/MMB29P) AppleWebKit/537.36 (KHTML, like Gecko) Chrome/153.0.8010.52 Mobile Safari/537.36 (compatible; Googlebot/2.1; +http://www.google.com/bot.html)"
52.167.144.183 - - [25/Sep/2026:04:12:33 +0300] "GET /?sale/search/detail/?ITMCODE=b6o2t9t8l6e6g1r8e6e0n7 HTTP/1.1" 200 30228 "-" "Mozilla/5.0 AppleWebKit/537.36 (KHTML, like Gecko; compatible; bingbot/2.0; +http://www.bing.com/bingbot.htm) Chrome/116.0.1938.76 Safari/537.36"
52.167.144.183 - - [25/Sep/2026:04:12:34 +0300] "GET /?sale/search/detail/?ITMCODE=g8y3r4a5n6s572235 HTTP/1.1" 200 30225 "-" "Mozilla/5.0 AppleWebKit/537.36 (KHTML, like Gecko; compatible; bingbot/2.0; +http://www.bing.com/bingbot.htm) Chrome/116.0.1938.76 Safari/537.36"
52.167.144.183 - - [25/Sep/2026:04:12:35 +0300] "GET /?sale/search/detail/?ITMCODE=s5y2n6d9e2t8i5c6a2l7l6y HTTP/1.1" 200 30229 "-" "Mozilla/5.0 AppleWebKit/537.36 (KHTML, like Gecko; compatible; bingbot/2.0; +http://www.bing.com/bingbot.htm) Chrome/116.0.1938.76 Safari/537.36"
66.249.66.75 - - [25/Sep/2026:04:12:35 +0300] "GET /?sale/search/detail/?ITMCODE=a3l1a5l3o1n5g1a765 HTTP/1.1" 301 9094 "-" "Mozilla/5.0 (Linux; Android 6.0.1; Nexus 5X Build/MMB29P) AppleWebKit/537.36 (KHTML, like Gecko) Chrome/153.0.8010.52 Mobile Safari/537.36 (compatible; Googlebot/2.1; +http://www.google.com/bot.html)"
52.167.144.183 - - [25/Sep/2026:04:12:35 +0300] "GET /?sale/search/detail/?ITMCODE=a4p1l0a6n1a8t0i6s5m91 HTTP/1.1" 200 30227 "-" "Mozilla/5.0 AppleWebKit/537.36 (KHTML, like Gecko; compatible; bingbot/2.0; +http://www.bing.com/bingbot.htm) Chrome/116.0.1938.76 Safari/537.36"
52.167.144.183 - - [25/Sep/2026:04:12:37 +0300] "GET /?sale/search/detail/?ITMCODE=a7t5t6o1r6n9e8y2g6eneral HTTP/1.1" 200 30228 "-" "Mozilla/5.0 AppleWebKit/537.36 (KHTML, like Gecko; compatible; bingbot/2.0; +http://www.bing.com/bingbot.htm) Chrome/116.0.1938.76 Safari/537.36"
66.249.66.75 - - [25/Sep/2026:04:12:38 +0300] "GET /?sale/search/detail/?ITMCODE=m0o2r7p9h7e3m7i2c7s49 HTTP/1.1" 301 9097 "-" "Mozilla/5.0 (Linux; Android 6.0.1; Nexus 5X Build/MMB29P) AppleWebKit/537.36 (KHTML, like Gecko) Chrome/153.0.8010.52 Mobile Safari/537.36 (compatible; Googlebot/2.1; +http://www.google.com/bot.html)"
52.167.144.183 - - [25/Sep/2026:04:12:38 +0300] "GET /?sale/search/detail/?ITMCODE=k9e2l8s3o4n242903 HTTP/1.1" 200 30224 "-" "Mozilla/5.0 AppleWebKit/537.36 (KHTML, like Gecko; compatible; bingbot/2.0; +http://www.bing.com/bingbot.htm) Chrome/116.0.1938.76 Safari/537.36"
52.167.144.183 - - [25/Sep/2026:04:12:39 +0300] "GET /?sale/search/detail/?ITMCODE=l1e2p8t7o8s7t8r6a3c9a HTTP/1.1" 200 30228 "-" "Mozilla/5.0 AppleWebKit/537.36 (KHTML, like Gecko; compatible; bingbot/2.0; +http://www.bing.com/bingbot.htm) Chrome/116.0.1938.76 Safari/537.36"
66.249.66.40 - - [25/Sep/2026:04:12:39 +0300] "GET /?sale/search/detail/?ITMCODE=r2e8m8i0s6s9f8u8l85 HTTP/1.1" 200 30225 "-" "Mozilla/5.0 (Linux; Android 6.0.1; Nexus 5X Build/MMB29P) AppleWebKit/537.36 (KHTML, like Gecko) Chrome/153.0.8010.52 Mobile Safari/537.36 (compatible; Googlebot/2.1; +http://www.google.com/bot.html)"
52.167.144.183 - - [25/Sep/2026:04:12:40 +0300] "GET /?sale/search/detail/?ITMCODE=w0e3l8l3l4i6k5i7n9g40 HTTP/1.1" 200 30228 "-" "Mozilla/5.0 AppleWebKit/537.36 (KHTML, like Gecko; compatible; bingbot/2.0; +http://www.bing.com/bingbot.htm) Chrome/116.0.1938.76 Safari/537.36"
66.249.66.75 - - [25/Sep/2026:04:12:41 +0300] "GET /?sale/search/detail/?ITMCODE=v0e3r6s1o8r850415 HTTP/1.1" 301 9093 "-" "Mozilla/5.0 (Linux; Android 6.0.1; Nexus 5X Build/MMB29P) AppleWebKit/537.36 (KHTML, like Gecko) Chrome/153.0.8010.52 Mobile Safari/537.36 (compatible; Googlebot/2.1; +http://www.google.com/bot.html)"
52.167.144.183 - - [25/Sep/2026:04:12:41 +0300] "GET /?sale/search/detail/?ITMCODE=j6o4c1k4e7y3s7h7i0p51 HTTP/1.1" 200 30228 "-" "Mozilla/5.0 AppleWebKit/537.36 (KHTML, like Gecko; compatible; bingbot/2.0; +http://www.bing.com/bingbot.htm) Chrome/116.0.1938.76 Safari/537.36"
52.167.144.211 - - [25/Sep/2026:04:12:42 +0300] "GET /?sale/search/detail/?ITMCODE=s5t2e6a3l2t0h1i5e3s0t8 HTTP/1.1" 200 30228 "-" "Mozilla/5.0 AppleWebKit/537.36 (KHTML, like Gecko; compatible; bingbot/2.0; +http://www.bing.com/bingbot.htm) Chrome/116.0.1938.76 Safari/537.36"
52.167.144.211 - - [25/Sep/2026:04:12:43 +0300] "GET /?sale/search/detail/?ITMCODE=t3i1n0k2e1r6i8n5g67 HTTP/1.1" 200 30226 "-" "Mozilla/5.0 AppleWebKit/537.36 (KHTML, like Gecko; compatible; bingbot/2.0; +http://www.bing.com/bingbot.htm) Chrome/116.0.1938.76 Safari/537.36"
66.249.66.75 - - [25/Sep/2026:04:12:44 +0300] "GET /?sale/search/detail/?ITMCODE=m0o9b8i4l3i2s4a4t5i4on HTTP/1.1" 301 9098 "-" "Mozilla/5.0 (Linux; Android 6.0.1; Nexus 5X Build/MMB29P) AppleWebKit/537.36 (KHTML, like Gecko) Chrome/153.0.8010.52 Mobile Safari/537.36 (compatible; Googlebot/2.1; +http://www.google.com/bot.html)"
52.167.144.211 - - [25/Sep/2026:04:12:44 +0300] "GET /?sale/search/detail/?ITMCODE=p3u2p4p7e0t903310 HTTP/1.1" 200 30224 "-" "Mozilla/5.0 AppleWebKit/537.36 (KHTML, like Gecko; compatible; bingbot/2.0; +http://www.bing.com/bingbot.htm) Chrome/116.0.1938.76 Safari/537.36"
52.167.144.211 - - [25/Sep/2026:04:12:45 +0300] "GET /?sale/search/detail/?ITMCODE=b0i1f2o1c1a6l5s2069 HTTP/1.1" 200 30225 "-" "Mozilla/5.0 AppleWebKit/537.36 (KHTML, like Gecko; compatible; bingbot/2.0; +http://www.bing.com/bingbot.htm) Chrome/116.0.1938.76 Safari/537.36"
52.167.144.211 - - [25/Sep/2026:04:12:46 +0300] "GET /?sale/search/detail/?ITMCODE=c0r4a2p5a3u8d2i4n1e32 HTTP/1.1" 200 30227 "-" "Mozilla/5.0 AppleWebKit/537.36 (KHTML, like Gecko; compatible; bingbot/2.0; +http://www.bing.com/bingbot.htm) Chrome/116.0.1938.76 Safari/537.36"
66.249.66.75 - - [25/Sep/2026:04:12:46 +0300] "GET /?sale/search/detail/?ITMCODE=c4u3n3c3t3a7t6i5v7e14 HTTP/1.1" 301 9097 "-" "Mozilla/5.0 (Linux; Android 6.0.1; Nexus 5X Build/MMB29P) AppleWebKit/537.36 (KHTML, like Gecko) Chrome/153.0.8010.52 Mobile Safari/537.36 (compatible; Googlebot/2.1; +http://www.google.com/bot.html)"
52.167.144.233 - - [25/Sep/2026:04:12:47 +0300] "GET /?sale/search/detail/?ITMCODE=d8y3s9l9e8c7t3i7c014 HTTP/1.1" 200 30227 "-" "Mozilla/5.0 AppleWebKit/537.36 (KHTML, like Gecko; compatible; bingbot/2.0; +http://www.bing.com/bingbot.htm) Chrome/116.0.1938.76 Safari/537.36"
52.167.144.233 - - [25/Sep/2026:04:12:48 +0300] "GET /?sale/search/detail/?ITMCODE=r0e2c8u6s0a5n7t8138 HTTP/1.1" 200 30226 "-" "Mozilla/5.0 AppleWebKit/537.36 (KHTML, like Gecko; compatible; bingbot/2.0; +http://www.bing.com/bingbot.htm) Chrome/116.0.1938.76 Safari/537.36"
52.167.144.233 - - [25/Sep/2026:04:12:48 +0300] "GET /?sale/search/detail/?ITMCODE=i5m2m2e8a5b0i4l2i8t2y7 HTTP/1.1" 200 30228 "-" "Mozilla/5.0 AppleWebKit/537.36 (KHTML, like Gecko; compatible; bingbot/2.0; +http://www.bing.com/bingbot.htm) Chrome/116.0.1938.76 Safari/537.36"
66.249.66.75 - - [25/Sep/2026:04:12:49 +0300] "GET /?sale/search/detail/?ITMCODE=a9r4a3c5h1n0i0d729 HTTP/1.1" 301 9094 "-" "Mozilla/5.0 (Linux; Android 6.0.1; Nexus 5X Build/MMB29P) AppleWebKit/537.36 (KHTML, like Gecko) Chrome/153.0.8010.52 Mobile Safari/537.36 (compatible; Googlebot/2.1; +http://www.google.com/bot.html)"
52.167.144.233 - - [25/Sep/2026:04:12:49 +0300] "GET /?sale/search/detail/?ITMCODE=l5a1b6e7n2t903291 HTTP/1.1" 200 30224 "-" "Mozilla/5.0 AppleWebKit/537.36 (KHTML, like Gecko; compatible; bingbot/2.0; +http://www.bing.com/bingbot.htm) Chrome/116.0.1938.76 Safari/537.36"
52.167.144.233 - - [25/Sep/2026:04:12:50 +0300] "GET /?sale/search/detail/?ITMCODE=c8r3e9a8m7y293500 HTTP/1.1" 200 30225 "-" "Mozilla/5.0 AppleWebKit/537.36 (KHTML, like Gecko; compatible; bingbot/2.0; +http://www.bing.com/bingbot.htm) Chrome/116.0.1938.76 Safari/537.36"
66.249.66.40 - - [25/Sep/2026:04:12:52 +0300] "GET /wp-content/plugins/Ultimate_VC_Addons/assets/min-js/jquery-appear.min.js?ver=3.19.10 HTTP/1.1" 200 5192 "https://princessmare.com.gr/?sale/search/detail/?ITMCODE=o0r3y5z4i2v9o7r3u4s13" "Mozilla/5.0 (Linux; Android 6.0.1; Nexus 5X Build/MMB29P) AppleWebKit/537.36 (KHTML, like Gecko) Chrome/153.0.8010.52 Mobile Safari/537.36 (compatible; Googlebot/2.1; +http://www.google.com/bot.html)"
52.167.144.233 - - [25/Sep/2026:04:12:51 +0300] "GET /?sale/search/detail/?ITMCODE=u0n1d4i8g3n1e84885 HTTP/1.1" 200 30225 "-" "Mozilla/5.0 AppleWebKit/537.36 (KHTML, like Gecko; compatible; bingbot/2.0; +http://www.bing.com/bingbot.htm) Chrome/116.0.1938.76 Safari/537.36"
66.249.66.75 - - [25/Sep/2026:04:12:52 +0300] "GET /?sale/search/detail/?ITMCODE=p5r2o8c1u2r9a5t7i5o7n HTTP/1.1" 301 9097 "-" "Mozilla/5.0 (Linux; Android 6.0.1; Nexus 5X Build/MMB29P) AppleWebKit/537.36 (KHTML, like Gecko) Chrome/153.0.8010.52 Mobile Safari/537.36 (compatible; Googlebot/2.1; +http://www.google.com/bot.html)"
52.167.144.233 - - [25/Sep/2026:04:12:52 +0300] "GET /?sale/search/detail/?ITMCODE=b1o3x7h8a0u2l5e4d653 HTTP/1.1" 200 30227 "-" "Mozilla/5.0 AppleWebKit/537.36 (KHTML, like Gecko; compatible; bingbot/2.0; +http://www.bing.com/bingbot.htm) Chrome/116.0.1938.76 Safari/537.36"
66.249.66.40 - - [25/Sep/2026:04:12:52 +0300] "GET /wp-content/plugins/Ultimate_VC_Addons/assets/min-js/jquery-appear.min.js?ver=3.19.10 HTTP/1.1" 200 588 "https://princessmare.com.gr/?sale/search/detail/?ITMCODE=o0r3y5z4i2v9o7r3u4s13" "Mozilla/5.0 (Linux; Android 6.0.1; Nexus 5X Build/MMB29P) AppleWebKit/537.36 (KHTML, like Gecko) Chrome/153.0.8010.52 Mobile Safari/537.36 (compatible; Googlebot/2.1; +http://www.google.com/bot.html)"
