114.119.143.14 - - [25/Sep/2026:04:54:59 +0300] "GET /shopdetail/debris/222033150 HTTP/1.1" 404 64763 "https://princessmare.com.gr/goods.php?sitemap633.xml" "Mozilla/5.0 (Linux; Android 7.0;) AppleWebKit/537.36 (HTML, like Gecko) Mobile Safari/537.36 (compatible; PetalBot;+https://webmaster.petalsearch.com/site/petalbot)"
57.141.20.47 - - [25/Sep/2026:04:55:01 +0300] "GET /?sale/search/detail/?ITMCODE=e1m9p9e6t1r0a3c9e4a1e HTTP/1.1" 200 30227 "-" "Mozilla/5.0 (Macintosh; Intel Mac OS X 10_15_7) AppleWebKit/537.36 (KHTML, like Gecko) Chrome/145.0.0.0 Safari/537.36 (compatible; meta-externalagent/1.1 (+https://developers.facebook.com/docs/sharing/webmasters/crawler))"
66.249.66.75 - - [25/Sep/2026:04:55:02 +0300] "GET /?sale/search/detail/?ITMCODE=c5o1u2p2u8r6e22936 HTTP/1.1" 301 9094 "-" "Mozilla/5.0 (Linux; Android 6.0.1; Nexus 5X Build/MMB29P) AppleWebKit/537.36 (KHTML, like Gecko) Chrome/153.0.8010.52 Mobile Safari/537.36 (compatible; Googlebot/2.1; +http://www.google.com/bot.html)"
66.249.66.75 - - [25/Sep/2026:04:55:03 +0300] "GET /?sale/search/detail/?ITMCODE=h8e3x1a6n0e352370 HTTP/1.1" 301 9093 "-" "Mozilla/5.0 (Linux; Android 6.0.1; Nexus 5X Build/MMB29P) AppleWebKit/537.36 (KHTML, like Gecko) Chrome/153.0.8010.52 Mobile Safari/537.36 (compatible; Googlebot/2.1; +http://www.google.com/bot.html)"
66.249.66.75 - - [25/Sep/2026:04:55:06 +0300] "GET /?sale/search/detail/?ITMCODE=i0n4o1s7i6n9i9c6299 HTTP/1.1" 301 9095 "-" "Mozilla/5.0 (Linux; Android 6.0.1; Nexus 5X Build/MMB29P) AppleWebKit/537.36 (KHTML, like Gecko) Chrome/153.0.8010.52 Mobile Safari/537.36 (compatible; Googlebot/2.1; +http://www.google.com/bot.html)"
66.249.66.75 - - [25/Sep/2026:04:55:09 +0300] "GET /?sale/search/detail/?ITMCODE=m4o4l0d9b1o3a9r1d888 HTTP/1.1" 301 9096 "-" "Mozilla/5.0 (Linux; Android 6.0.1; Nexus 5X Build/MMB29P) AppleWebKit/537.36 (KHTML, like Gecko) Chrome/153.0.8010.52 Mobile Safari/537.36 (compatible; Googlebot/2.1; +http://www.google.com/bot.html)"
66.249.66.75 - - [25/Sep/2026:04:55:12 +0300] "GET /?sale/search/detail/?ITMCODE=c9r9a6p5a7u6d5482 HTTP/1.1" 301 9093 "-" "Mozilla/5.0 (Linux; Android 6.0.1; Nexus 5X Build/MMB29P) AppleWebKit/537.36 (KHTML, like Gecko) Chrome/153.0.8010.52 Mobile Safari/537.36 (compatible; Googlebot/2.1; +http://www.google.com/bot.html)"
66.249.66.43 - - [25/Sep/2026:04:55:14 +0300] "GET /?sale/search/detail/?ITMCODE=c3o6n2c9e5r9t9a0t6i9on HTTP/1.1" 200 30228 "-" "Mozilla/5.0 (Linux; Android 6.0.1; Nexus 5X Build/MMB29P) AppleWebKit/537.36 (KHTML, like Gecko) Chrome/153.0.8010.52 Mobile Safari/537.36 (compatible; Googlebot/2.1; +http://www.google.com/bot.html)"
57.141.20.26 - - [25/Sep/2026:04:55:15 +0300] "GET /?sale/search/detail/?ITMCODE=a1b4s0i4n8t1h8i8c300 HTTP/1.1" 200 30227 "-" "Mozilla/5.0 (Windows NT 10.0; Win64; x64) AppleWebKit/537.36 (KHTML, like Gecko) Chrome/145.0.0.0 Safari/537.36 (compatible; meta-externalagent/1.1 (+https://developers.facebook.com/docs/sharing/webmasters/crawler))"
66.249.66.75 - - [25/Sep/2026:04:55:17 +0300] "GET /?sale/search/detail/?ITMCODE=e4l3e7e1m7o7s9y8n4a0r5ies HTTP/1.1" 301 9101 "-" "Mozilla/5.0 (Linux; Android 6.0.1; Nexus 5X Build/MMB29P) AppleWebKit/537.36 (KHTML, like Gecko) Chrome/153.0.8010.52 Mobile Safari/537.36 (compatible; Googlebot/2.1; +http://www.google.com/bot.html)"
66.249.66.75 - - [25/Sep/2026:04:55:21 +0300] "GET /?sale/search/detail/?ITMCODE=r0o3m9m3a6n8y40691 HTTP/1.1" 301 9094 "-" "Mozilla/5.0 (Linux; Android 6.0.1; Nexus 5X Build/MMB29P) AppleWebKit/537.36 (KHTML, like Gecko) Chrome/153.0.8010.52 Mobile Safari/537.36 (compatible; Googlebot/2.1; +http://www.google.com/bot.html)"
57.141.20.38 - - [25/Sep/2026:04:55:21 +0300] "GET /?sale/search/detail/?ITMCODE=a1u5t8o3b2i1o7g4r2a0phical HTTP/1.1" 200 30231 "-" "Mozilla/5.0 (Windows NT 10.0; Win64; x64) AppleWebKit/537.36 (KHTML, like Gecko) Chrome/145.0.0.0 Safari/537.36 (compatible; meta-externalagent/1.1 (+https://developers.facebook.com/docs/sharing/webmasters/crawler))"
52.167.144.16 - - [25/Sep/2026:04:55:24 +0300] "GET /?sale/search/detail/?ITMCODE=l3y8r5i6d161356 HTTP/1.1" 200 30223 "-" "Mozilla/5.0 AppleWebKit/537.36 (KHTML, like Gecko; compatible; bingbot/2.0; +http://www.bing.com/bingbot.htm) Chrome/116.0.1938.76 Safari/537.36"
66.249.66.75 - - [25/Sep/2026:04:55:24 +0300] "GET /?sale/search/detail/?ITMCODE=h0e1t7e6r5o8g2o0n1o7u3s HTTP/1.1" 301 9099 "-" "Mozilla/5.0 (Linux; Android 6.0.1; Nexus 5X Build/MMB29P) AppleWebKit/537.36 (KHTML, like Gecko) Chrome/153.0.8010.52 Mobile Safari/537.36 (compatible; Googlebot/2.1; +http://www.google.com/bot.html)"
52.167.144.16 - - [25/Sep/2026:04:55:24 +0300] "GET /?sale/search/detail/?ITMCODE=g6l2y7c2o8c6o6l4l70 HTTP/1.1" 200 30226 "-" "Mozilla/5.0 AppleWebKit/537.36 (KHTML, like Gecko; compatible; bingbot/2.0; +http://www.bing.com/bingbot.htm) Chrome/116.0.1938.76 Safari/537.36"
52.167.144.16 - - [25/Sep/2026:04:55:27 +0300] "GET /?sale/search/detail/?ITMCODE=h7o4l2o4t6r1i4c2h2a62 HTTP/1.1" 200 30227 "-" "Mozilla/5.0 AppleWebKit/537.36 (KHTML, like Gecko; compatible; bingbot/2.0; +http://www.bing.com/bingbot.htm) Chrome/116.0.1938.76 Safari/537.36"
57.141.20.32 - - [25/Sep/2026:04:55:28 +0300] "GET /?sale/search/detail/?ITMCODE=o1u9t6g7a5z1e0985 HTTP/1.1" 200 30225 "-" "Mozilla/5.0 (Windows NT 10.0; Win64; x64) AppleWebKit/537.36 (KHTML, like Gecko) Chrome/145.0.0.0 Safari/537.36 (compatible; meta-externalagent/1.1 (+https://developers.facebook.com/docs/sharing/webmasters/crawler))"
52.167.144.16 - - [25/Sep/2026:04:55:28 +0300] "GET /?sale/search/detail/?ITMCODE=s6i1l5i8c7o3i4d7e3a55 HTTP/1.1" 200 30227 "-" "Mozilla/5.0 AppleWebKit/537.36 (KHTML, like Gecko; compatible; bingbot/2.0; +http://www.bing.com/bingbot.htm) Chrome/116.0.1938.76 Safari/537.36"
66.249.66.75 - - [25/Sep/2026:04:55:30 +0300] "GET /?sale/search/detail/?ITMCODE=f5r2o6z2e0n6p8r2e1d5i1cate HTTP/1.1" 301 9102 "-" "Mozilla/5.0 (Linux; Android 6.0.1; Nexus 5X Build/MMB29P) AppleWebKit/537.36 (KHTML, like Gecko) Chrome/153.0.8010.52 Mobile Safari/537.36 (compatible; Googlebot/2.1; +http://www.google.com/bot.html)"
66.249.66.75 - - [25/Sep/2026:04:55:35 +0300] "GET /?sale/search/detail/?ITMCODE=c5a1n3o2e3341715 HTTP/1.1" 301 9092 "-" "Mozilla/5.0 (Linux; Android 6.0.1; Nexus 5X Build/MMB29P) AppleWebKit/537.36 (KHTML, like Gecko) Chrome/153.0.8010.52 Mobile Safari/537.36 (compatible; Googlebot/2.1; +http://www.google.com/bot.html)"
66.249.66.75 - - [25/Sep/2026:04:55:41 +0300] "GET /?sale/search/detail/?ITMCODE=d6i1a8l8y3s1i3s7517 HTTP/1.1" 301 9095 "-" "Mozilla/5.0 (Linux; Android 6.0.1; Nexus 5X Build/MMB29P) AppleWebKit/537.36 (KHTML, like Gecko) Chrome/153.0.8010.52 Mobile Safari/537.36 (compatible; Googlebot/2.1; +http://www.google.com/bot.html)"
52.167.144.233 - - [25/Sep/2026:04:55:45 +0300] "GET /?sale/search/detail/?ITMCODE=r8i3e2t8b6o6c58640 HTTP/1.1" 200 30225 "-" "Mozilla/5.0 AppleWebKit/537.36 (KHTML, like Gecko; compatible; bingbot/2.0; +http://www.bing.com/bingbot.htm) Chrome/116.0.1938.76 Safari/537.36"
66.249.66.75 - - [25/Sep/2026:04:55:46 +0300] "GET /?sale/search/detail/?ITMCODE=t8h1o4t5h4898182 HTTP/1.1" 301 9092 "-" "Mozilla/5.0 (Linux; Android 6.0.1; Nexus 5X Build/MMB29P) AppleWebKit/537.36 (KHTML, like Gecko) Chrome/153.0.8010.52 Mobile Safari/537.36 (compatible; Googlebot/2.1; +http://www.google.com/bot.html)"
66.249.66.75 - - [25/Sep/2026:04:55:46 +0300] "GET /?sale/search/detail/?ITMCODE=n9a1p0h4e8w60146 HTTP/1.1" 301 9092 "-" "Mozilla/5.0 (Linux; Android 6.0.1; Nexus 5X Build/MMB29P) AppleWebKit/537.36 (KHTML, like Gecko) Chrome/153.0.8010.52 Mobile Safari/537.36 (compatible; Googlebot/2.1; +http://www.google.com/bot.html)"
66.249.66.41 - - [25/Sep/2026:04:55:47 +0300] "GET /robots.txt HTTP/1.1" 301 9094 "-" "Mozilla/5.0 (compatible; Googlebot/2.1; +http://www.google.com/bot.html)"
66.249.66.75 - - [25/Sep/2026:04:55:47 +0300] "GET /?sale/search/detail/?ITMCODE=v8i7s9i0o1n0a1r6y49 HTTP/1.1" 301 9095 "-" "Mozilla/5.0 (Linux; Android 6.0.1; Nexus 5X Build/MMB29P) AppleWebKit/537.36 (KHTML, like Gecko) Chrome/153.0.8010.52 Mobile Safari/537.36 (compatible; Googlebot/2.1; +http://www.google.com/bot.html)"
52.167.144.233 - - [25/Sep/2026:04:55:47 +0300] "GET /?sale/search/detail/?ITMCODE=p9h2y9s1i6o7g9n8o4m9i0ze HTTP/1.1" 200 30231 "-" "Mozilla/5.0 AppleWebKit/537.36 (KHTML, like Gecko; compatible; bingbot/2.0; +http://www.bing.com/bingbot.htm) Chrome/116.0.1938.76 Safari/537.36"
66.249.66.75 - - [25/Sep/2026:04:55:49 +0300] "GET /?sale/search/detail/?ITMCODE=s2t1e9r3n1w7a7y0843 HTTP/1.1" 301 9095 "-" "Mozilla/5.0 (Linux; Android 6.0.1; Nexus 5X Build/MMB29P) AppleWebKit/537.36 (KHTML, like Gecko) Chrome/153.0.8010.52 Mobile Safari/537.36 (compatible; Googlebot/2.1; +http://www.google.com/bot.html)"
52.167.144.233 - - [25/Sep/2026:04:55:50 +0300] "GET /?sale/search/detail/?ITMCODE=t8e3l6l0u9r5i1o6n593 HTTP/1.1" 200 30227 "-" "Mozilla/5.0 AppleWebKit/537.36 (KHTML, like Gecko; compatible; bingbot/2.0; +http://www.bing.com/bingbot.htm) Chrome/116.0.1938.76 Safari/537.36"
62.83.32.176 - - [25/Sep/2026:04:55:51 +0300] "GET /wp-content/uploads/2021/07/transport.png HTTP/1.1" 200 5147 "-" "tphotobot/0.1 (+https://crawler.estidraft.com/bot)"
62.83.32.176 - - [25/Sep/2026:04:55:51 +0300] "GET /wp-content/uploads/2021/07/wifi.png HTTP/1.1" 200 5142 "-" "tphotobot/0.1 (+https://crawler.estidraft.com/bot)"
62.83.32.176 - - [25/Sep/2026:04:55:51 +0300] "GET /wp-content/plugins/revslider/public/assets/assets/dummy.png HTTP/1.1" 200 5221 "-" "tphotobot/0.1 (+https://crawler.estidraft.com/bot)"
62.83.32.176 - - [25/Sep/2026:04:55:51 +0300] "GET /wp-content/uploads/2021/07/parking.png HTTP/1.1" 200 5145 "-" "tphotobot/0.1 (+https://crawler.estidraft.com/bot)"
62.83.32.176 - - [25/Sep/2026:04:55:51 +0300] "GET /wp-content/uploads/2021/07/logo.png HTTP/1.1" 200 5142 "-" "tphotobot/0.1 (+https://crawler.estidraft.com/bot)"
62.83.32.176 - - [25/Sep/2026:04:55:51 +0300] "GET /wp-content/uploads/2021/07/logo-colored.png HTTP/1.1" 200 5150 "-" "tphotobot/0.1 (+https://crawler.estidraft.com/bot)"
62.83.32.176 - - [25/Sep/2026:04:55:51 +0300] "GET /wp-content/uploads/2021/07/beds.png HTTP/1.1" 200 5142 "-" "tphotobot/0.1 (+https://crawler.estidraft.com/bot)"
66.249.66.75 - - [25/Sep/2026:04:55:51 +0300] "GET /?sale/search/detail/?ITMCODE=g4o2n4o6b5l8a1s8t1i7d0ia HTTP/1.1" 301 9100 "-" "Mozilla/5.0 (Linux; Android 6.0.1; Nexus 5X Build/MMB29P) AppleWebKit/537.36 (KHTML, like Gecko) Chrome/153.0.8010.52 Mobile Safari/537.36 (compatible; Googlebot/2.1; +http://www.google.com/bot.html)"
62.83.32.176 - - [25/Sep/2026:04:55:51 +0300] "GET /wp-content/uploads/2021/07/transport.png HTTP/2.0" 200 3652 "-" "tphotobot/0.1 (+https://crawler.estidraft.com/bot)"
62.83.32.176 - - [25/Sep/2026:04:55:51 +0300] "GET /wp-content/uploads/2021/07/wifi.png HTTP/2.0" 200 2677 "-" "tphotobot/0.1 (+https://crawler.estidraft.com/bot)"
62.83.32.176 - - [25/Sep/2026:04:55:51 +0300] "GET /wp-content/uploads/2021/07/parking.png HTTP/2.0" 200 1746 "-" "tphotobot/0.1 (+https://crawler.estidraft.com/bot)"
62.83.32.176 - - [25/Sep/2026:04:55:51 +0300] "GET /wp-content/uploads/2021/07/logo.png HTTP/2.0" 200 4649 "-" "tphotobot/0.1 (+https://crawler.estidraft.com/bot)"
62.83.32.176 - - [25/Sep/2026:04:55:51 +0300] "GET /wp-content/uploads/2021/07/logo-colored.png HTTP/2.0" 200 4778 "-" "tphotobot/0.1 (+https://crawler.estidraft.com/bot)"
62.83.32.176 - - [25/Sep/2026:04:55:51 +0300] "GET /wp-content/uploads/2021/07/beds.png HTTP/2.0" 200 1458 "-" "tphotobot/0.1 (+https://crawler.estidraft.com/bot)"
62.83.32.176 - - [25/Sep/2026:04:55:52 +0300] "GET /wp-content/uploads/2021/07/cleaning.png HTTP/2.0" 200 2129 "-" "tphotobot/0.1 (+https://crawler.estidraft.com/bot)"
62.83.32.176 - - [25/Sep/2026:04:55:52 +0300] "GET /wp-content/uploads/2021/07/breakfast.png HTTP/2.0" 200 2111 "-" "tphotobot/0.1 (+https://crawler.estidraft.com/bot)"
62.83.32.176 - - [25/Sep/2026:04:55:52 +0300] "GET /wp-content/uploads/2021/07/cleaning.png HTTP/1.1" 200 5146 "-" "tphotobot/0.1 (+https://crawler.estidraft.com/bot)"
62.83.32.176 - - [25/Sep/2026:04:55:52 +0300] "GET /wp-content/uploads/2021/07/breakfast.png HTTP/1.1" 200 5147 "-" "tphotobot/0.1 (+https://crawler.estidraft.com/bot)"
52.167.144.233 - - [25/Sep/2026:04:55:52 +0300] "GET /?sale/search/detail/?ITMCODE=a8w5r6e6a6k9902 HTTP/1.1" 200 30223 "-" "Mozilla/5.0 AppleWebKit/537.36 (KHTML, like Gecko; compatible; bingbot/2.0; +http://www.bing.com/bingbot.htm) Chrome/116.0.1938.76 Safari/537.36"
66.249.66.75 - - [25/Sep/2026:04:55:54 +0300] "GET /?sale/search/detail/?ITMCODE=s0e3d5a4t0i6v0u9s454 HTTP/1.1" 301 9096 "-" "Mozilla/5.0 (Linux; Android 6.0.1; Nexus 5X Build/MMB29P) AppleWebKit/537.36 (KHTML, like Gecko) Chrome/153.0.8010.52 Mobile Safari/537.36 (compatible; Googlebot/2.1; +http://www.google.com/bot.html)"
52.167.144.233 - - [25/Sep/2026:04:55:54 +0300] "GET /?sale/search/detail/?ITMCODE=a6r3t6h8r2i8t1i1s386 HTTP/1.1" 200 30227 "-" "Mozilla/5.0 AppleWebKit/537.36 (KHTML, like Gecko; compatible; bingbot/2.0; +http://www.bing.com/bingbot.htm) Chrome/116.0.1938.76 Safari/537.36"
52.167.144.233 - - [25/Sep/2026:04:55:56 +0300] "GET /?sale/search/detail/?ITMCODE=r8e1s3t6r6a9i4n9823 HTTP/1.1" 200 30226 "-" "Mozilla/5.0 AppleWebKit/537.36 (KHTML, like Gecko; compatible; bingbot/2.0; +http://www.bing.com/bingbot.htm) Chrome/116.0.1938.76 Safari/537.36"
66.249.66.75 - - [25/Sep/2026:04:55:57 +0300] "GET /?sale/search/detail/?ITMCODE=a5i1m5e5d80492 HTTP/1.1" 301 9090 "-" "Mozilla/5.0 (Linux; Android 6.0.1; Nexus 5X Build/MMB29P) AppleWebKit/537.36 (KHTML, like Gecko) Chrome/153.0.8010.52 Mobile Safari/537.36 (compatible; Googlebot/2.1; +http://www.google.com/bot.html)"
52.167.144.233 - - [25/Sep/2026:04:55:59 +0300] "GET /?sale/search/detail/?ITMCODE=c9o3n0s7t2a5n9t2i6n8o0ple HTTP/1.1" 200 30231 "-" "Mozilla/5.0 AppleWebKit/537.36 (KHTML, like Gecko; compatible; bingbot/2.0; +http://www.bing.com/bingbot.htm) Chrome/116.0.1938.76 Safari/537.36"
52.167.144.233 - - [25/Sep/2026:04:56:01 +0300] "GET /?sale/search/detail/?ITMCODE=c2i1t7a0d9e9l00266 HTTP/1.1" 200 30225 "-" "Mozilla/5.0 AppleWebKit/537.36 (KHTML, like Gecko; compatible; bingbot/2.0; +http://www.bing.com/bingbot.htm) Chrome/116.0.1938.76 Safari/537.36"
66.249.66.75 - - [25/Sep/2026:04:56:03 +0300] "GET /?sale/search/detail/?ITMCODE=r7o2s9e8m3a5l4o4e9s53 HTTP/1.1" 301 9097 "-" "Mozilla/5.0 (Linux; Android 6.0.1; Nexus 5X Build/MMB29P) AppleWebKit/537.36 (KHTML, like Gecko) Chrome/153.0.8010.52 Mobile Safari/537.36 (compatible; Googlebot/2.1; +http://www.google.com/bot.html)"
66.249.66.42 - - [25/Sep/2026:04:56:05 +0300] "GET /?sale/search/detail/?ITMCODE=r0i2b3o8n4u4c0l1e2i7c4 HTTP/1.1" 200 30228 "-" "Mozilla/5.0 (Linux; Android 6.0.1; Nexus 5X Build/MMB29P) AppleWebKit/537.36 (KHTML, like Gecko) Chrome/153.0.8010.52 Mobile Safari/537.36 (compatible; Googlebot/2.1; +http://www.google.com/bot.html)"
66.249.66.76 - - [25/Sep/2026:04:56:09 +0300] "GET /?sale/search/detail/?ITMCODE=e9c2h2i6n8i7d0e0a460 HTTP/1.1" 301 9096 "-" "Mozilla/5.0 (Linux; Android 6.0.1; Nexus 5X Build/MMB29P) AppleWebKit/537.36 (KHTML, like Gecko) Chrome/153.0.8010.52 Mobile Safari/537.36 (compatible; Googlebot/2.1; +http://www.google.com/bot.html)"
57.141.20.38 - - [25/Sep/2026:04:56:11 +0300] "GET /?sale/search/detail/?ITMCODE=c1l3e3o6p8a7t9r6a830 HTTP/1.1" 200 30227 "-" "Mozilla/5.0 (Windows NT 10.0; Win64; x64) AppleWebKit/537.36 (KHTML, like Gecko) Chrome/145.0.0.0 Safari/537.36 (compatible; meta-externalagent/1.1 (+https://developers.facebook.com/docs/sharing/webmasters/crawler))"
62.83.32.176 - - [25/Sep/2026:04:56:12 +0300] "GET /wp-content/uploads/2021/07/beach.png HTTP/1.1" 200 5143 "-" "tphotobot/0.1 (+https://crawler.estidraft.com/bot)"
62.83.32.176 - - [25/Sep/2026:04:56:12 +0300] "GET /wp-content/uploads/2021/07/rent-a-car.png HTTP/1.1" 200 5148 "-" "tphotobot/0.1 (+https://crawler.estidraft.com/bot)"
62.83.32.176 - - [25/Sep/2026:04:56:12 +0300] "GET /wp-content/uploads/2021/07/naxos-collage.jpg HTTP/1.1" 200 5152 "-" "tphotobot/0.1 (+https://crawler.estidraft.com/bot)"
62.83.32.176 - - [25/Sep/2026:04:56:12 +0300] "GET /wp-content/uploads/2021/07/air-condition.png HTTP/1.1" 200 5869 "-" "tphotobot/0.1 (+https://crawler.estidraft.com/bot)"
62.83.32.176 - - [25/Sep/2026:04:56:12 +0300] "GET /wp-content/uploads/2021/07/free-wifi.png HTTP/1.1" 200 5147 "-" "tphotobot/0.1 (+https://crawler.estidraft.com/bot)"
62.83.32.176 - - [25/Sep/2026:04:56:12 +0300] "GET /wp-content/uploads/2021/07/fridge.png HTTP/1.1" 200 5700 "-" "tphotobot/0.1 (+https://crawler.estidraft.com/bot)"
62.83.32.176 - - [25/Sep/2026:04:56:12 +0300] "GET /wp-content/uploads/2021/07/coffee-machine.png HTTP/1.1" 200 5152 "-" "tphotobot/0.1 (+https://crawler.estidraft.com/bot)"
62.83.32.176 - - [25/Sep/2026:04:56:12 +0300] "GET /wp-content/uploads/2021/07/television.png HTTP/1.1" 200 6151 "-" "tphotobot/0.1 (+https://crawler.estidraft.com/bot)"
62.83.32.176 - - [25/Sep/2026:04:56:12 +0300] "GET /wp-content/uploads/2021/07/safebox.png HTTP/1.1" 200 6163 "-" "tphotobot/0.1 (+https://crawler.estidraft.com/bot)"
62.83.32.176 - - [25/Sep/2026:04:56:12 +0300] "GET /wp-content/uploads/2021/07/soap.png HTTP/1.1" 200 5142 "-" "tphotobot/0.1 (+https://crawler.estidraft.com/bot)"
62.83.32.176 - - [25/Sep/2026:04:56:12 +0300] "GET /wp-content/uploads/2021/07/terrace.png HTTP/1.1" 200 6124 "-" "tphotobot/0.1 (+https://crawler.estidraft.com/bot)"
62.83.32.176 - - [25/Sep/2026:04:56:12 +0300] "GET /wp-content/uploads/2021/07/booking-logo.jpg HTTP/1.1" 200 5998 "-" "tphotobot/0.1 (+https://crawler.estidraft.com/bot)"
62.83.32.176 - - [25/Sep/2026:04:56:12 +0300] "GET /wp-content/uploads/2021/07/princess-mare-share-img.jpg HTTP/1.1" 200 5162 "-" "tphotobot/0.1 (+https://crawler.estidraft.com/bot)"
62.83.32.176 - - [25/Sep/2026:04:56:12 +0300] "GET /wp-content/uploads/2021/07/beach.png HTTP/2.0" 200 2001 "-" "tphotobot/0.1 (+https://crawler.estidraft.com/bot)"
62.83.32.176 - - [25/Sep/2026:04:56:12 +0300] "GET /wp-content/uploads/2021/07/rent-a-car.png HTTP/2.0" 200 2283 "-" "tphotobot/0.1 (+https://crawler.estidraft.com/bot)"
62.83.32.176 - - [25/Sep/2026:04:56:12 +0300] "GET /wp-content/uploads/2021/07/naxos-collage.jpg HTTP/2.0" 200 66227 "-" "tphotobot/0.1 (+https://crawler.estidraft.com/bot)"
62.83.32.176 - - [25/Sep/2026:04:56:12 +0300] "GET /wp-content/uploads/2021/07/free-wifi.png HTTP/2.0" 200 1668 "-" "tphotobot/0.1 (+https://crawler.estidraft.com/bot)"
62.83.32.176 - - [25/Sep/2026:04:56:12 +0300] "GET /wp-content/uploads/2021/07/coffee-machine.png HTTP/2.0" 200 1053 "-" "tphotobot/0.1 (+https://crawler.estidraft.com/bot)"
62.83.32.176 - - [25/Sep/2026:04:56:12 +0300] "GET /wp-content/uploads/2021/07/soap.png HTTP/2.0" 200 1547 "-" "tphotobot/0.1 (+https://crawler.estidraft.com/bot)"
62.83.32.176 - - [25/Sep/2026:04:56:12 +0300] "GET /wp-content/uploads/2021/07/princess-mare-share-img.jpg HTTP/2.0" 200 136909 "-" "tphotobot/0.1 (+https://crawler.estidraft.com/bot)"
66.249.66.33 - - [25/Sep/2026:04:56:13 +0300] "GET /shopdetail/hell/096000308 HTTP/1.1" 404 64763 "-" "Mozilla/5.0 (Linux; Android 6.0.1; Nexus 5X Build/MMB29P) AppleWebKit/537.36 (KHTML, like Gecko) Chrome/153.0.8010.52 Mobile Safari/537.36 (compatible; Googlebot/2.1; +http://www.google.com/bot.html)"
66.249.66.75 - - [25/Sep/2026:04:56:15 +0300] "GET /?sale/search/detail/?ITMCODE=o0l3d9e3r7562885 HTTP/1.1" 301 9092 "-" "Mozilla/5.0 (Linux; Android 6.0.1; Nexus 5X Build/MMB29P) AppleWebKit/537.36 (KHTML, like Gecko) Chrome/153.0.8010.52 Mobile Safari/537.36 (compatible; Googlebot/2.1; +http://www.google.com/bot.html)"
114.119.130.40 - - [25/Sep/2026:04:56:16 +0300] "GET /shopdetail/quickly/024016742 HTTP/1.1" 404 64763 "https://princessmare.com.gr/goods.php?sitemap633.xml" "Mozilla/5.0 (Linux; Android 7.0;) AppleWebKit/537.36 (HTML, like Gecko) Mobile Safari/537.36 (compatible; PetalBot;+https://webmaster.petalsearch.com/site/petalbot)"
66.249.66.75 - - [25/Sep/2026:04:56:21 +0300] "GET /?sale/search/detail/?ITMCODE=w7h1i8t2e7e0y7e1113 HTTP/1.1" 301 9095 "-" "Mozilla/5.0 (Linux; Android 6.0.1; Nexus 5X Build/MMB29P) AppleWebKit/537.36 (KHTML, like Gecko) Chrome/153.0.8010.52 Mobile Safari/537.36 (compatible; Googlebot/2.1; +http://www.google.com/bot.html)"
66.249.66.75 - - [25/Sep/2026:04:56:27 +0300] "GET /?sale/search/detail/?ITMCODE=a5n3t8e5p9e9n3u6l0t5i8ma HTTP/1.1" 301 9100 "-" "Mozilla/5.0 (Linux; Android 6.0.1; Nexus 5X Build/MMB29P) AppleWebKit/537.36 (KHTML, like Gecko) Chrome/153.0.8010.52 Mobile Safari/537.36 (compatible; Googlebot/2.1; +http://www.google.com/bot.html)"
66.249.66.75 - - [25/Sep/2026:04:56:28 +0300] "GET /?sale/search/detail/?ITMCODE=a7r2c8t8o8s3t4a6p2h9y7lus HTTP/1.1" 301 9101 "-" "Mozilla/5.0 (Linux; Android 6.0.1; Nexus 5X Build/MMB29P) AppleWebKit/537.36 (KHTML, like Gecko) Chrome/153.0.8010.52 Mobile Safari/537.36 (compatible; Googlebot/2.1; +http://www.google.com/bot.html)"
66.249.66.32 - - [25/Sep/2026:04:56:30 +0300] "GET /wp-includes/js/jquery/jquery.min.js?ver=3.7.1 HTTP/1.1" 200 5155 "https://princessmare.com.gr/?sale/search/detail/?ITMCODE=h8a1e8m9o0g2l8o5b5i0n1" "Mozilla/5.0 (Linux; Android 6.0.1; Nexus 5X Build/MMB29P) AppleWebKit/537.36 (KHTML, like Gecko) Chrome/153.0.8010.52 Mobile Safari/537.36 (compatible; Googlebot/2.1; +http://www.google.com/bot.html)"
66.249.66.32 - - [25/Sep/2026:04:56:30 +0300] "GET /wp-includes/js/jquery/jquery.min.js?ver=3.7.1 HTTP/1.1" 200 29610 "https://princessmare.com.gr/?sale/search/detail/?ITMCODE=h8a1e8m9o0g2l8o5b5i0n1" "Mozilla/5.0 (Linux; Android 6.0.1; Nexus 5X Build/MMB29P) AppleWebKit/537.36 (KHTML, like Gecko) Chrome/153.0.8010.52 Mobile Safari/537.36 (compatible; Googlebot/2.1; +http://www.google.com/bot.html)"
66.249.66.75 - - [25/Sep/2026:04:56:33 +0300] "GET /?sale/search/detail/?ITMCODE=m2o2r5g3a1n563535 HTTP/1.1" 301 9093 "-" "Mozilla/5.0 (Linux; Android 6.0.1; Nexus 5X Build/MMB29P) AppleWebKit/537.36 (KHTML, like Gecko) Chrome/153.0.8010.52 Mobile Safari/537.36 (compatible; Googlebot/2.1; +http://www.google.com/bot.html)"
66.249.66.75 - - [25/Sep/2026:04:56:34 +0300] "GET /?sale/search/detail/?ITMCODE=s0c3a3p6e0d006627 HTTP/1.1" 301 9093 "-" "Mozilla/5.0 (Linux; Android 6.0.1; Nexus 5X Build/MMB29P) AppleWebKit/537.36 (KHTML, like Gecko) Chrome/153.0.8010.52 Mobile Safari/537.36 (compatible; Googlebot/2.1; +http://www.google.com/bot.html)"
66.249.66.75 - - [25/Sep/2026:04:56:34 +0300] "GET /?sale/search/detail/?ITMCODE=c5a1l0l8i3s8t4h1e7n5i0cs HTTP/1.1" 301 9100 "-" "Mozilla/5.0 (Linux; Android 6.0.1; Nexus 5X Build/MMB29P) AppleWebKit/537.36 (KHTML, like Gecko) Chrome/153.0.8010.52 Mobile Safari/537.36 (compatible; Googlebot/2.1; +http://www.google.com/bot.html)"
66.249.66.75 - - [25/Sep/2026:04:56:40 +0300] "GET /?sale/search/detail/?ITMCODE=f3r2e9s2s5989484 HTTP/1.1" 301 9092 "-" "Mozilla/5.0 (Linux; Android 6.0.1; Nexus 5X Build/MMB29P) AppleWebKit/537.36 (KHTML, like Gecko) Chrome/153.0.8010.52 Mobile Safari/537.36 (compatible; Googlebot/2.1; +http://www.google.com/bot.html)"
66.249.66.32 - - [25/Sep/2026:04:56:44 +0300] "GET /shopdetail/seventh/009000895 HTTP/1.1" 404 64763 "-" "Mozilla/5.0 (Linux; Android 6.0.1; Nexus 5X Build/MMB29P) AppleWebKit/537.36 (KHTML, like Gecko) Chrome/153.0.8010.52 Mobile Safari/537.36 (compatible; Googlebot/2.1; +http://www.google.com/bot.html)"
66.249.66.32 - - [25/Sep/2026:04:56:44 +0300] "GET /shopdetail/continent/029000391 HTTP/1.1" 404 64763 "-" "Mozilla/5.0 (Linux; Android 6.0.1; Nexus 5X Build/MMB29P) AppleWebKit/537.36 (KHTML, like Gecko) Chrome/153.0.8010.52 Mobile Safari/537.36 (compatible; Googlebot/2.1; +http://www.google.com/bot.html)"
66.249.66.75 - - [25/Sep/2026:04:56:45 +0300] "GET /?sale/search/detail/?ITMCODE=l8e2o4p5o3l6d0v9i9l4le HTTP/1.1" 301 9098 "-" "Mozilla/5.0 (Linux; Android 6.0.1; Nexus 5X Build/MMB29P) AppleWebKit/537.36 (KHTML, like Gecko) Chrome/153.0.8010.52 Mobile Safari/537.36 (compatible; Googlebot/2.1; +http://www.google.com/bot.html)"
66.249.66.75 - - [25/Sep/2026:04:56:46 +0300] "GET /?sale/search/detail/?ITMCODE=i8m1b2e3c2i9l4i6t0y63 HTTP/1.1" 301 9097 "-" "Mozilla/5.0 (Linux; Android 6.0.1; Nexus 5X Build/MMB29P) AppleWebKit/537.36 (KHTML, like Gecko) Chrome/153.0.8010.52 Mobile Safari/537.36 (compatible; Googlebot/2.1; +http://www.google.com/bot.html)"
66.249.66.75 - - [25/Sep/2026:04:56:51 +0300] "GET /?sale/search/detail/?ITMCODE=i5n8s1e9n4s1i2b0i6l7ity HTTP/1.1" 301 9099 "-" "Mozilla/5.0 (Linux; Android 6.0.1; Nexus 5X Build/MMB29P) AppleWebKit/537.36 (KHTML, like Gecko) Chrome/153.0.8010.52 Mobile Safari/537.36 (compatible; Googlebot/2.1; +http://www.google.com/bot.html)"
66.249.66.32 - - [25/Sep/2026:04:56:51 +0300] "GET /robots.txt HTTP/1.1" 301 9094 "-" "Mozilla/5.0 (compatible; Googlebot/2.1; +http://www.google.com/bot.html)"
172.98.32.23 - - [25/Sep/2026:04:56:53 +0300] "POST /wp-login.php HTTP/1.1" 200 9423 "-" "Mozilla/5.0 (Windows NT 10.0; Win64; x64) AppleWebKit/537.36 Chrome/129.0.0.0 Safari/537.36"
66.249.66.75 - - [25/Sep/2026:04:56:56 +0300] "GET /?sale/search/detail/?ITMCODE=a6c1a2n5t9h7o8c6i5b8i5um HTTP/1.1" 301 9100 "-" "Mozilla/5.0 (Linux; Android 6.0.1; Nexus 5X Build/MMB29P) AppleWebKit/537.36 (KHTML, like Gecko) Chrome/153.0.8010.52 Mobile Safari/537.36 (compatible; Googlebot/2.1; +http://www.google.com/bot.html)"
66.249.66.77 - - [25/Sep/2026:04:57:02 +0300] "GET /?sale/search/detail/?ITMCODE=p4a1p2i5l9l1a3e3157 HTTP/1.1" 301 9095 "-" "Mozilla/5.0 (Linux; Android 6.0.1; Nexus 5X Build/MMB29P) AppleWebKit/537.36 (KHTML, like Gecko) Chrome/153.0.8010.52 Mobile Safari/537.36 (compatible; Googlebot/2.1; +http://www.google.com/bot.html)"
52.167.144.231 - - [25/Sep/2026:04:57:04 +0300] "GET /?sale/search/detail/?ITMCODE=s6t4r1a6w2b1e2r0r8y34 HTTP/1.1" 301 9097 "-" "Mozilla/5.0 AppleWebKit/537.36 (KHTML, like Gecko; compatible; bingbot/2.0; +http://www.bing.com/bingbot.htm) Chrome/116.0.1938.76 Safari/537.36"
52.167.144.16 - - [25/Sep/2026:04:57:05 +0300] "GET /?sale/search/detail/?ITMCODE=a5e2r9o0c1l2u3b53 HTTP/1.1" 200 30224 "-" "Mozilla/5.0 AppleWebKit/537.36 (KHTML, like Gecko; compatible; bingbot/2.0; +http://www.bing.com/bingbot.htm) Chrome/116.0.1938.76 Safari/537.36"
52.167.144.231 - - [25/Sep/2026:04:57:05 +0300] "GET /?sale/search/detail/?ITMCODE=t2r1a4f0f1i1c73210 HTTP/1.1" 301 9094 "-" "Mozilla/5.0 AppleWebKit/537.36 (KHTML, like Gecko; compatible; bingbot/2.0; +http://www.bing.com/bingbot.htm) Chrome/116.0.1938.76 Safari/537.36"
52.167.144.231 - - [25/Sep/2026:04:57:05 +0300] "GET /?sale/search/detail/?ITMCODE=w1o3o2d9e4d661853 HTTP/1.1" 301 9093 "-" "Mozilla/5.0 AppleWebKit/537.36 (KHTML, like Gecko; compatible; bingbot/2.0; +http://www.bing.com/bingbot.htm) Chrome/116.0.1938.76 Safari/537.36"
52.167.144.231 - - [25/Sep/2026:04:57:06 +0300] "GET /?sale/search/detail/?ITMCODE=e6a2s4e5f0u2l1l2y390 HTTP/1.1" 301 9096 "-" "Mozilla/5.0 AppleWebKit/537.36 (KHTML, like Gecko; compatible; bingbot/2.0; +http://www.bing.com/bingbot.htm) Chrome/116.0.1938.76 Safari/537.36"
52.167.144.231 - - [25/Sep/2026:04:57:06 +0300] "GET /?sale/search/detail/?ITMCODE=d1e1a5d9i6s8h69967 HTTP/1.1" 301 9094 "-" "Mozilla/5.0 AppleWebKit/537.36 (KHTML, like Gecko; compatible; bingbot/2.0; +http://www.bing.com/bingbot.htm) Chrome/116.0.1938.76 Safari/537.36"
52.167.144.16 - - [25/Sep/2026:04:57:06 +0300] "GET /?sale/search/detail/?ITMCODE=b3e2n5e5d8i7c6t6u7s06 HTTP/1.1" 200 30228 "-" "Mozilla/5.0 AppleWebKit/537.36 (KHTML, like Gecko; compatible; bingbot/2.0; +http://www.bing.com/bingbot.htm) Chrome/116.0.1938.76 Safari/537.36"
52.167.144.16 - - [25/Sep/2026:04:57:07 +0300] "GET /?sale/search/detail/?ITMCODE=n0o3t6i2o8n7a3t0e390 HTTP/1.1" 200 30227 "-" "Mozilla/5.0 AppleWebKit/537.36 (KHTML, like Gecko; compatible; bingbot/2.0; +http://www.bing.com/bingbot.htm) Chrome/116.0.1938.76 Safari/537.36"
66.249.66.75 - - [25/Sep/2026:04:57:07 +0300] "GET /?sale/search/detail/?ITMCODE=p4a1r5a0d7o2x8e0r217 HTTP/1.1" 301 9096 "-" "Mozilla/5.0 (Linux; Android 6.0.1; Nexus 5X Build/MMB29P) AppleWebKit/537.36 (KHTML, like Gecko) Chrome/153.0.8010.52 Mobile Safari/537.36 (compatible; Googlebot/2.1; +http://www.google.com/bot.html)"
66.249.66.75 - - [25/Sep/2026:04:57:08 +0300] "GET /?sale/search/detail/?ITMCODE=c3a2n9t9a6n9k3e9r0o1u8sly HTTP/1.1" 301 9101 "-" "Mozilla/5.0 (Linux; Android 6.0.1; Nexus 5X Build/MMB29P) AppleWebKit/537.36 (KHTML, like Gecko) Chrome/153.0.8010.52 Mobile Safari/537.36 (compatible; Googlebot/2.1; +http://www.google.com/bot.html)"
52.167.144.16 - - [25/Sep/2026:04:57:08 +0300] "GET /?sale/search/detail/?ITMCODE=b9e3a4c1o9n9a0g7e284 HTTP/1.1" 200 30227 "-" "Mozilla/5.0 AppleWebKit/537.36 (KHTML, like Gecko; compatible; bingbot/2.0; +http://www.bing.com/bingbot.htm) Chrome/116.0.1938.76 Safari/537.36"
52.167.144.16 - - [25/Sep/2026:04:57:09 +0300] "GET /?sale/search/detail/?ITMCODE=s5p2r6o3u0t520490 HTTP/1.1" 200 30224 "-" "Mozilla/5.0 AppleWebKit/537.36 (KHTML, like Gecko; compatible; bingbot/2.0; +http://www.bing.com/bingbot.htm) Chrome/116.0.1938.76 Safari/537.36"
52.167.144.16 - - [25/Sep/2026:04:57:10 +0300] "GET /?sale/search/detail/?ITMCODE=h8a2c1k3i9e47486 HTTP/1.1" 200 30224 "-" "Mozilla/5.0 AppleWebKit/537.36 (KHTML, like Gecko; compatible; bingbot/2.0; +http://www.bing.com/bingbot.htm) Chrome/116.0.1938.76 Safari/537.36"
66.249.66.75 - - [25/Sep/2026:04:57:10 +0300] "GET /?sale/search/detail/?ITMCODE=p1r2o8l1e6g0o3m5e8n0a9ry HTTP/1.1" 301 9100 "-" "Mozilla/5.0 (Linux; Android 6.0.1; Nexus 5X Build/MMB29P) AppleWebKit/537.36 (KHTML, like Gecko) Chrome/153.0.8010.52 Mobile Safari/537.36 (compatible; Googlebot/2.1; +http://www.google.com/bot.html)"
52.167.144.16 - - [25/Sep/2026:04:57:11 +0300] "GET /?sale/search/detail/?ITMCODE=h0o2m5i8l4i6t4e5426 HTTP/1.1" 200 30226 "-" "Mozilla/5.0 AppleWebKit/537.36 (KHTML, like Gecko; compatible; bingbot/2.0; +http://www.bing.com/bingbot.htm) Chrome/116.0.1938.76 Safari/537.36"
52.167.144.16 - - [25/Sep/2026:04:57:11 +0300] "GET /?sale/search/detail/?ITMCODE=s9a1v4o1r5o1u2s2963 HTTP/1.1" 200 30225 "-" "Mozilla/5.0 AppleWebKit/537.36 (KHTML, like Gecko; compatible; bingbot/2.0; +http://www.bing.com/bingbot.htm) Chrome/116.0.1938.76 Safari/537.36"
52.167.144.16 - - [25/Sep/2026:04:57:12 +0300] "GET /?sale/search/detail/?ITMCODE=r4e3c5i8d6i3v7o0u9s43 HTTP/1.1" 200 30228 "-" "Mozilla/5.0 AppleWebKit/537.36 (KHTML, like Gecko; compatible; bingbot/2.0; +http://www.bing.com/bingbot.htm) Chrome/116.0.1938.76 Safari/537.36"
66.249.66.75 - - [25/Sep/2026:04:57:13 +0300] "GET /?sale/search/detail/?ITMCODE=c7r4o1s3s0w5e2e5k348 HTTP/1.1" 301 9096 "-" "Mozilla/5.0 (Linux; Android 6.0.1; Nexus 5X Build/MMB29P) AppleWebKit/537.36 (KHTML, like Gecko) Chrome/153.0.8010.52 Mobile Safari/537.36 (compatible; Googlebot/2.1; +http://www.google.com/bot.html)"
52.167.144.16 - - [25/Sep/2026:04:57:13 +0300] "GET /?sale/search/detail/?ITMCODE=d3i1e6m5i9c5t4y8l7u2s3 HTTP/1.1" 200 30229 "-" "Mozilla/5.0 AppleWebKit/537.36 (KHTML, like Gecko; compatible; bingbot/2.0; +http://www.bing.com/bingbot.htm) Chrome/116.0.1938.76 Safari/537.36"
66.249.66.33 - - [25/Sep/2026:04:57:14 +0300] "GET /?g=020000291 HTTP/1.1" 200 30193 "-" "Mozilla/5.0 (Linux; Android 6.0.1; Nexus 5X Build/MMB29P) AppleWebKit/537.36 (KHTML, like Gecko) Chrome/153.0.8010.52 Mobile Safari/537.36 (compatible; Googlebot/2.1; +http://www.google.com/bot.html)"
52.167.144.233 - - [25/Sep/2026:04:57:14 +0300] "GET /?sale/search/detail/?ITMCODE=c2a5n7d5i1d9a8t6u3re HTTP/1.1" 200 30226 "-" "Mozilla/5.0 AppleWebKit/537.36 (KHTML, like Gecko; compatible; bingbot/2.0; +http://www.bing.com/bingbot.htm) Chrome/116.0.1938.76 Safari/537.36"
66.249.66.75 - - [25/Sep/2026:04:57:16 +0300] "GET /?sale/search/detail/?ITMCODE=b6i4p0u3p5i8l1l4a3t2e6 HTTP/1.1" 301 9098 "-" "Mozilla/5.0 (Linux; Android 6.0.1; Nexus 5X Build/MMB29P) AppleWebKit/537.36 (KHTML, like Gecko) Chrome/153.0.8010.52 Mobile Safari/537.36 (compatible; Googlebot/2.1; +http://www.google.com/bot.html)"
52.167.144.233 - - [25/Sep/2026:04:57:15 +0300] "GET /?sale/search/detail/?ITMCODE=w3i2s3e0r89798 HTTP/1.1" 200 30222 "-" "Mozilla/5.0 AppleWebKit/537.36 (KHTML, like Gecko; compatible; bingbot/2.0; +http://www.bing.com/bingbot.htm) Chrome/116.0.1938.76 Safari/537.36"
52.167.144.233 - - [25/Sep/2026:04:57:16 +0300] "GET /?sale/search/detail/?ITMCODE=a5m1e5n9i7t6i2e4s629 HTTP/1.1" 200 30226 "-" "Mozilla/5.0 AppleWebKit/537.36 (KHTML, like Gecko; compatible; bingbot/2.0; +http://www.bing.com/bingbot.htm) Chrome/116.0.1938.76 Safari/537.36"
52.167.144.233 - - [25/Sep/2026:04:57:17 +0300] "GET /?sale/search/detail/?ITMCODE=c5o4r2o3n4i0s6688 HTTP/1.1" 200 30224 "-" "Mozilla/5.0 AppleWebKit/537.36 (KHTML, like Gecko; compatible; bingbot/2.0; +http://www.bing.com/bingbot.htm) Chrome/116.0.1938.76 Safari/537.36"
52.167.144.233 - - [25/Sep/2026:04:57:18 +0300] "GET /?sale/search/detail/?ITMCODE=u2n4l6o3a2d0e5d484 HTTP/1.1" 200 30225 "-" "Mozilla/5.0 AppleWebKit/537.36 (KHTML, like Gecko; compatible; bingbot/2.0; +http://www.bing.com/bingbot.htm) Chrome/116.0.1938.76 Safari/537.36"
52.167.144.233 - - [25/Sep/2026:04:57:19 +0300] "GET /?sale/search/detail/?ITMCODE=o9l4e8o6r1e6s1i8n77 HTTP/1.1" 200 30226 "-" "Mozilla/5.0 AppleWebKit/537.36 (KHTML, like Gecko; compatible; bingbot/2.0; +http://www.bing.com/bingbot.htm) Chrome/116.0.1938.76 Safari/537.36"
52.167.144.233 - - [25/Sep/2026:04:57:20 +0300] "GET /?sale/search/detail/?ITMCODE=h4a3n9d7f1u0l61475 HTTP/1.1" 200 30225 "-" "Mozilla/5.0 AppleWebKit/537.36 (KHTML, like Gecko; compatible; bingbot/2.0; +http://www.bing.com/bingbot.htm) Chrome/116.0.1938.76 Safari/537.36"
52.167.144.233 - - [25/Sep/2026:04:57:21 +0300] "GET /?sale/search/detail/?ITMCODE=d5i6v4e9r2t5i6m9e7n1to HTTP/1.1" 200 30227 "-" "Mozilla/5.0 AppleWebKit/537.36 (KHTML, like Gecko; compatible; bingbot/2.0; +http://www.bing.com/bingbot.htm) Chrome/116.0.1938.76 Safari/537.36"
52.167.144.233 - - [25/Sep/2026:04:57:22 +0300] "GET /?sale/search/detail/?ITMCODE=c5o2a0t3i2m4o5n4d9i49 HTTP/1.1" 200 30227 "-" "Mozilla/5.0 AppleWebKit/537.36 (KHTML, like Gecko; compatible; bingbot/2.0; +http://www.bing.com/bingbot.htm) Chrome/116.0.1938.76 Safari/537.36"
66.249.66.75 - - [25/Sep/2026:04:57:23 +0300] "GET /?sale/search/detail/?ITMCODE=d9i3s6c1a1n8t11438 HTTP/1.1" 301 9094 "-" "Mozilla/5.0 (Linux; Android 6.0.1; Nexus 5X Build/MMB29P) AppleWebKit/537.36 (KHTML, like Gecko) Chrome/153.0.8010.52 Mobile Safari/537.36 (compatible; Googlebot/2.1; +http://www.google.com/bot.html)"
52.167.144.233 - - [25/Sep/2026:04:57:23 +0300] "GET /?sale/search/detail/?ITMCODE=i5m2p9r0e2n5a3b1l2e06 HTTP/1.1" 200 30227 "-" "Mozilla/5.0 AppleWebKit/537.36 (KHTML, like Gecko; compatible; bingbot/2.0; +http://www.bing.com/bingbot.htm) Chrome/116.0.1938.76 Safari/537.36"
52.167.144.233 - - [25/Sep/2026:04:57:24 +0300] "GET /?sale/search/detail/?ITMCODE=f7a2c4s0i6m1i2l7e HTTP/1.1" 200 30224 "-" "Mozilla/5.0 AppleWebKit/537.36 (KHTML, like Gecko; compatible; bingbot/2.0; +http://www.bing.com/bingbot.htm) Chrome/116.0.1938.76 Safari/537.36"
52.167.144.233 - - [25/Sep/2026:04:57:25 +0300] "GET /?sale/search/detail/?ITMCODE=h1a3n6d4y0d5a9n8d6y41 HTTP/1.1" 200 30228 "-" "Mozilla/5.0 AppleWebKit/537.36 (KHTML, like Gecko; compatible; bingbot/2.0; +http://www.bing.com/bingbot.htm) Chrome/116.0.1938.76 Safari/537.36"
52.167.144.233 - - [25/Sep/2026:04:57:26 +0300] "GET /?sale/search/detail/?ITMCODE=p6a2c4t3o7l8i2a3n298 HTTP/1.1" 200 30227 "-" "Mozilla/5.0 AppleWebKit/537.36 (KHTML, like Gecko; compatible; bingbot/2.0; +http://www.bing.com/bingbot.htm) Chrome/116.0.1938.76 Safari/537.36"
52.167.144.233 - - [25/Sep/2026:04:57:27 +0300] "GET /?sale/search/detail/?ITMCODE=c7r1o5p3s0i7c6k2014 HTTP/1.1" 200 30226 "-" "Mozilla/5.0 AppleWebKit/537.36 (KHTML, like Gecko; compatible; bingbot/2.0; +http://www.bing.com/bingbot.htm) Chrome/116.0.1938.76 Safari/537.36"
52.167.144.233 - - [25/Sep/2026:04:57:28 +0300] "GET /?sale/search/detail/?ITMCODE=c9a5l9u8m5n0i6o7u4s7 HTTP/1.1" 200 30227 "-" "Mozilla/5.0 AppleWebKit/537.36 (KHTML, like Gecko; compatible; bingbot/2.0; +http://www.bing.com/bingbot.htm) Chrome/116.0.1938.76 Safari/537.36"
52.167.144.142 - - [25/Sep/2026:04:57:29 +0300] "GET /?sale/search/detail/?ITMCODE=a0h9o6r0s0e8b7a5c3k1 HTTP/1.1" 200 30227 "-" "Mozilla/5.0 AppleWebKit/537.36 (KHTML, like Gecko; compatible; bingbot/2.0; +http://www.bing.com/bingbot.htm) Chrome/116.0.1938.76 Safari/537.36"
66.249.66.75 - - [25/Sep/2026:04:57:30 +0300] "GET /?sale/search/detail/?ITMCODE=d3o2g1m9a6t7i8c4a8l0n9ess HTTP/1.1" 301 9101 "-" "Mozilla/5.0 (Linux; Android 6.0.1; Nexus 5X Build/MMB29P) AppleWebKit/537.36 (KHTML, like Gecko) Chrome/153.0.8010.52 Mobile Safari/537.36 (compatible; Googlebot/2.1; +http://www.google.com/bot.html)"
52.167.144.142 - - [25/Sep/2026:04:57:30 +0300] "GET /?sale/search/detail/?ITMCODE=d6o6m1a8b6l1e6191 HTTP/1.1" 200 30224 "-" "Mozilla/5.0 AppleWebKit/537.36 (KHTML, like Gecko; compatible; bingbot/2.0; +http://www.bing.com/bingbot.htm) Chrome/116.0.1938.76 Safari/537.36"
52.167.144.142 - - [25/Sep/2026:04:57:31 +0300] "GET /?sale/search/detail/?ITMCODE=c7o4r2p8o3r5e0a2l686 HTTP/1.1" 200 30227 "-" "Mozilla/5.0 AppleWebKit/537.36 (KHTML, like Gecko; compatible; bingbot/2.0; +http://www.bing.com/bingbot.htm) Chrome/116.0.1938.76 Safari/537.36"
52.167.144.142 - - [25/Sep/2026:04:57:32 +0300] "GET /?sale/search/detail/?ITMCODE=h4a3m0u1l2e423626 HTTP/1.1" 200 30224 "-" "Mozilla/5.0 AppleWebKit/537.36 (KHTML, like Gecko; compatible; bingbot/2.0; +http://www.bing.com/bingbot.htm) Chrome/116.0.1938.76 Safari/537.36"
52.167.144.142 - - [25/Sep/2026:04:57:33 +0300] "GET /?sale/search/detail/?ITMCODE=k2a8r5a2k8u7l9484 HTTP/1.1" 200 30225 "-" "Mozilla/5.0 AppleWebKit/537.36 (KHTML, like Gecko; compatible; bingbot/2.0; +http://www.bing.com/bingbot.htm) Chrome/116.0.1938.76 Safari/537.36"
40.77.167.30 - - [25/Sep/2026:04:57:35 +0300] "GET /?sale/search/detail/?ITMCODE=c5r4a0y8f2i3s4h3285 HTTP/1.1" 301 9095 "-" "Mozilla/5.0 AppleWebKit/537.36 (KHTML, like Gecko; compatible; bingbot/2.0; +http://www.bing.com/bingbot.htm) Chrome/116.0.1938.76 Safari/537.36"
40.77.167.30 - - [25/Sep/2026:04:57:35 +0300] "GET /?sale/search/detail/?ITMCODE=g9r4a1p4h0y844627 HTTP/1.1" 301 9093 "-" "Mozilla/5.0 AppleWebKit/537.36 (KHTML, like Gecko; compatible; bingbot/2.0; +http://www.bing.com/bingbot.htm) Chrome/116.0.1938.76 Safari/537.36"
66.249.66.75 - - [25/Sep/2026:04:57:35 +0300] "GET /?sale/search/detail/?ITMCODE=b1r8a7n3s7l7e0923 HTTP/1.1" 301 9093 "-" "Mozilla/5.0 (Linux; Android 6.0.1; Nexus 5X Build/MMB29P) AppleWebKit/537.36 (KHTML, like Gecko) Chrome/153.0.8010.52 Mobile Safari/537.36 (compatible; Googlebot/2.1; +http://www.google.com/bot.html)"
40.77.167.30 - - [25/Sep/2026:04:57:36 +0300] "GET /?sale/search/detail/?ITMCODE=s0m1o5t4h1e1r4i1n4g56 HTTP/1.1" 301 9097 "-" "Mozilla/5.0 AppleWebKit/537.36 (KHTML, like Gecko; compatible; bingbot/2.0; +http://www.bing.com/bingbot.htm) Chrome/116.0.1938.76 Safari/537.36"
40.77.167.30 - - [25/Sep/2026:04:57:36 +0300] "GET /?sale/search/detail/?ITMCODE=d2e1f7a0t7i7g2a4t6i5o9n HTTP/1.1" 301 9099 "-" "Mozilla/5.0 AppleWebKit/537.36 (KHTML, like Gecko; compatible; bingbot/2.0; +http://www.bing.com/bingbot.htm) Chrome/116.0.1938.76 Safari/537.36"
40.77.167.30 - - [25/Sep/2026:04:57:36 +0300] "GET /?sale/search/detail/?ITMCODE=s4k3i0d8p3a4n28277 HTTP/1.1" 301 9094 "-" "Mozilla/5.0 AppleWebKit/537.36 (KHTML, like Gecko; compatible; bingbot/2.0; +http://www.bing.com/bingbot.htm) Chrome/116.0.1938.76 Safari/537.36"
40.77.167.30 - - [25/Sep/2026:04:57:37 +0300] "GET /?sale/search/detail/?ITMCODE=l5o3p1p6e4d796289 HTTP/1.1" 301 9093 "-" "Mozilla/5.0 AppleWebKit/537.36 (KHTML, like Gecko; compatible; bingbot/2.0; +http://www.bing.com/bingbot.htm) Chrome/116.0.1938.76 Safari/537.36"
40.77.167.30 - - [25/Sep/2026:04:57:37 +0300] "GET /?sale/search/detail/?ITMCODE=e8x2p5o2s5i2t5o6r1y39 HTTP/1.1" 301 9097 "-" "Mozilla/5.0 AppleWebKit/537.36 (KHTML, like Gecko; compatible; bingbot/2.0; +http://www.bing.com/bingbot.htm) Chrome/116.0.1938.76 Safari/537.36"
40.77.167.30 - - [25/Sep/2026:04:57:38 +0300] "GET /?sale/search/detail/?ITMCODE=n9o9v5e1r9c3a9l757 HTTP/1.1" 301 9094 "-" "Mozilla/5.0 AppleWebKit/537.36 (KHTML, like Gecko; compatible; bingbot/2.0; +http://www.bing.com/bingbot.htm) Chrome/116.0.1938.76 Safari/537.36"
40.77.167.30 - - [25/Sep/2026:04:57:38 +0300] "GET /?sale/search/detail/?ITMCODE=c8o2n7t3e2m2p2l6a2t5i2st HTTP/1.1" 301 9100 "-" "Mozilla/5.0 AppleWebKit/537.36 (KHTML, like Gecko; compatible; bingbot/2.0; +http://www.bing.com/bingbot.htm) Chrome/116.0.1938.76 Safari/537.36"
40.77.167.30 - - [25/Sep/2026:04:57:39 +0300] "GET /?sale/search/detail/?ITMCODE=p5a3r7g3e7t5i5n1g198 HTTP/1.1" 301 9096 "-" "Mozilla/5.0 AppleWebKit/537.36 (KHTML, like Gecko; compatible; bingbot/2.0; +http://www.bing.com/bingbot.htm) Chrome/116.0.1938.76 Safari/537.36"
40.77.167.30 - - [25/Sep/2026:04:57:39 +0300] "GET /?sale/search/detail/?ITMCODE=s9p1i6c3u4l5i3g9e1n7o6us HTTP/1.1" 301 9100 "-" "Mozilla/5.0 AppleWebKit/537.36 (KHTML, like Gecko; compatible; bingbot/2.0; +http://www.bing.com/bingbot.htm) Chrome/116.0.1938.76 Safari/537.36"
114.119.130.40 - - [25/Sep/2026:04:57:40 +0300] "GET /shopdetail/enjoy/062004528 HTTP/1.1" 404 64763 "https://princessmare.com.gr/goods.php?sitemap633.xml" "Mozilla/5.0 (Linux; Android 7.0;) AppleWebKit/537.36 (HTML, like Gecko) Mobile Safari/537.36 (compatible; PetalBot;+https://webmaster.petalsearch.com/site/petalbot)"
66.249.66.75 - - [25/Sep/2026:04:57:41 +0300] "GET /?sale/search/detail/?ITMCODE=k7i1d7n1e9y5f6o4r0m79 HTTP/1.1" 301 9097 "-" "Mozilla/5.0 (Linux; Android 6.0.1; Nexus 5X Build/MMB29P) AppleWebKit/537.36 (KHTML, like Gecko) Chrome/153.0.8010.52 Mobile Safari/537.36 (compatible; Googlebot/2.1; +http://www.google.com/bot.html)"
66.249.66.75 - - [25/Sep/2026:04:57:46 +0300] "GET /?sale/search/detail/?ITMCODE=m2a3c1r7o6r7h4i7z9u0s2 HTTP/1.1" 301 9098 "-" "Mozilla/5.0 (Linux; Android 6.0.1; Nexus 5X Build/MMB29P) AppleWebKit/537.36 (KHTML, like Gecko) Chrome/153.0.8010.52 Mobile Safari/537.36 (compatible; Googlebot/2.1; +http://www.google.com/bot.html)"
66.249.66.34 - - [25/Sep/2026:04:57:51 +0300] "GET /shopdetail/careful/047000825 HTTP/1.1" 404 64763 "-" "Mozilla/5.0 (Linux; Android 6.0.1; Nexus 5X Build/MMB29P) AppleWebKit/537.36 (KHTML, like Gecko) Chrome/153.0.8010.52 Mobile Safari/537.36 (compatible; Googlebot/2.1; +http://www.google.com/bot.html)"
66.249.66.75 - - [25/Sep/2026:04:57:51 +0300] "GET /?sale/search/detail/?ITMCODE=i2n2d5u3s3i0a5l9225 HTTP/1.1" 301 9095 "-" "Mozilla/5.0 (Linux; Android 6.0.1; Nexus 5X Build/MMB29P) AppleWebKit/537.36 (KHTML, like Gecko) Chrome/153.0.8010.52 Mobile Safari/537.36 (compatible; Googlebot/2.1; +http://www.google.com/bot.html)"
66.249.66.34 - - [25/Sep/2026:04:57:52 +0300] "GET /robots.txt HTTP/1.1" 301 9094 "-" "Mozilla/5.0 (compatible; Googlebot/2.1; +http://www.google.com/bot.html)"
66.249.66.75 - - [25/Sep/2026:04:57:57 +0300] "GET /?sale/search/detail/?ITMCODE=h6e4a0t1h0e8n1i4z9e9 HTTP/1.1" 301 9096 "-" "Mozilla/5.0 (Linux; Android 6.0.1; Nexus 5X Build/MMB29P) AppleWebKit/537.36 (KHTML, like Gecko) Chrome/153.0.8010.52 Mobile Safari/537.36 (compatible; Googlebot/2.1; +http://www.google.com/bot.html)"
66.249.66.76 - - [25/Sep/2026:04:58:03 +0300] "GET /?sale/search/detail/?ITMCODE=c4i1s4t7e6r2c4i7a5n2 HTTP/1.1" 301 9096 "-" "Mozilla/5.0 (Linux; Android 6.0.1; Nexus 5X Build/MMB29P) AppleWebKit/537.36 (KHTML, like Gecko) Chrome/153.0.8010.52 Mobile Safari/537.36 (compatible; Googlebot/2.1; +http://www.google.com/bot.html)"
57.141.20.20 - - [25/Sep/2026:04:58:06 +0300] "GET /?sale/search/detail/?ITMCODE=u1n7g9r3a7t7e0f0u6l6ly HTTP/1.1" 200 30229 "-" "Mozilla/5.0 (X11; Linux x86_64) AppleWebKit/537.36 (KHTML, like Gecko) Chrome/145.0.0.0 Safari/537.36 (compatible; meta-externalagent/1.1 (+https://developers.facebook.com/docs/sharing/webmasters/crawler))"
66.249.66.75 - - [25/Sep/2026:04:58:08 +0300] "GET /?sale/search/detail/?ITMCODE=h0y4m1e3n3o0p1t6e2r6o0us HTTP/1.1" 301 9100 "-" "Mozilla/5.0 (Linux; Android 6.0.1; Nexus 5X Build/MMB29P) AppleWebKit/537.36 (KHTML, like Gecko) Chrome/153.0.8010.52 Mobile Safari/537.36 (compatible; Googlebot/2.1; +http://www.google.com/bot.html)"
52.167.144.233 - - [25/Sep/2026:04:58:13 +0300] "GET /?sale/search/detail/?ITMCODE=s3a1e5n3g7e4r3f9e2s7t3 HTTP/1.1" 200 30228 "-" "Mozilla/5.0 AppleWebKit/537.36 (KHTML, like Gecko; compatible; bingbot/2.0; +http://www.bing.com/bingbot.htm) Chrome/116.0.1938.76 Safari/537.36"
66.249.66.75 - - [25/Sep/2026:04:58:14 +0300] "GET /?sale/search/detail/?ITMCODE=b6l2e6a8c1h1e1r2i9e5s4 HTTP/1.1" 301 9098 "-" "Mozilla/5.0 (Linux; Android 6.0.1; Nexus 5X Build/MMB29P) AppleWebKit/537.36 (KHTML, like Gecko) Chrome/153.0.8010.52 Mobile Safari/537.36 (compatible; Googlebot/2.1; +http://www.google.com/bot.html)"
52.167.144.233 - - [25/Sep/2026:04:58:14 +0300] "GET /?sale/search/detail/?ITMCODE=d6o1v2e7l7i9k1e1686 HTTP/1.1" 200 30226 "-" "Mozilla/5.0 AppleWebKit/537.36 (KHTML, like Gecko; compatible; bingbot/2.0; +http://www.bing.com/bingbot.htm) Chrome/116.0.1938.76 Safari/537.36"
52.167.144.233 - - [25/Sep/2026:04:58:15 +0300] "GET /?sale/search/detail/?ITMCODE=z2o3o9p3h9y7t8i6c448 HTTP/1.1" 200 30228 "-" "Mozilla/5.0 AppleWebKit/537.36 (KHTML, like Gecko; compatible; bingbot/2.0; +http://www.bing.com/bingbot.htm) Chrome/116.0.1938.76 Safari/537.36"
52.167.144.233 - - [25/Sep/2026:04:58:16 +0300] "GET /?sale/search/detail/?ITMCODE=d7i1s2p9o0r5t0m9e0n2t8 HTTP/1.1" 200 30228 "-" "Mozilla/5.0 AppleWebKit/537.36 (KHTML, like Gecko; compatible; bingbot/2.0; +http://www.bing.com/bingbot.htm) Chrome/116.0.1938.76 Safari/537.36"
52.167.144.233 - - [25/Sep/2026:04:58:17 +0300] "GET /?sale/search/detail/?ITMCODE=n4o9r1l6a3n6d3e3r76 HTTP/1.1" 200 30226 "-" "Mozilla/5.0 AppleWebKit/537.36 (KHTML, like Gecko; compatible; bingbot/2.0; +http://www.bing.com/bingbot.htm) Chrome/116.0.1938.76 Safari/537.36"
52.167.144.233 - - [25/Sep/2026:04:58:18 +0300] "GET /?sale/search/detail/?ITMCODE=b8u5b1b6l0e17360 HTTP/1.1" 200 30224 "-" "Mozilla/5.0 AppleWebKit/537.36 (KHTML, like Gecko; compatible; bingbot/2.0; +http://www.bing.com/bingbot.htm) Chrome/116.0.1938.76 Safari/537.36"
52.167.144.233 - - [25/Sep/2026:04:58:19 +0300] "GET /?sale/search/detail/?ITMCODE=t8r3i6f0o7l8i7u4m4s5o0loniferum HTTP/1.1" 200 30236 "-" "Mozilla/5.0 AppleWebKit/537.36 (KHTML, like Gecko; compatible; bingbot/2.0; +http://www.bing.com/bingbot.htm) Chrome/116.0.1938.76 Safari/537.36"
66.249.66.75 - - [25/Sep/2026:04:58:20 +0300] "GET /?sale/search/detail/?ITMCODE=b1l8e4a0t419236 HTTP/1.1" 301 9091 "-" "Mozilla/5.0 (Linux; Android 6.0.1; Nexus 5X Build/MMB29P) AppleWebKit/537.36 (KHTML, like Gecko) Chrome/153.0.8010.52 Mobile Safari/537.36 (compatible; Googlebot/2.1; +http://www.google.com/bot.html)"
52.167.144.233 - - [25/Sep/2026:04:58:19 +0300] "GET /?sale/search/detail/?ITMCODE=f5o1s6s8e0218482 HTTP/1.1" 200 30223 "-" "Mozilla/5.0 AppleWebKit/537.36 (KHTML, like Gecko; compatible; bingbot/2.0; +http://www.bing.com/bingbot.htm) Chrome/116.0.1938.76 Safari/537.36"
52.167.144.231 - - [25/Sep/2026:04:58:20 +0300] "GET /?sale/search/detail/?ITMCODE=p2a1t2e5n5a077411 HTTP/1.1" 301 9093 "-" "Mozilla/5.0 AppleWebKit/537.36 (KHTML, like Gecko; compatible; bingbot/2.0; +http://www.bing.com/bingbot.htm) Chrome/116.0.1938.76 Safari/537.36"
66.249.66.75 - - [25/Sep/2026:04:58:20 +0300] "GET /?sale/search/detail/?ITMCODE=b6e2t5o0n5107852 HTTP/1.1" 301 9092 "-" "Mozilla/5.0 (Linux; Android 6.0.1; Nexus 5X Build/MMB29P) AppleWebKit/537.36 (KHTML, like Gecko) Chrome/153.0.8010.52 Mobile Safari/537.36 (compatible; Googlebot/2.1; +http://www.google.com/bot.html)"
52.167.144.231 - - [25/Sep/2026:04:58:20 +0300] "GET /?sale/search/detail/?ITMCODE=i3n1s6t3r3u2c5t7i4v8e3 HTTP/1.1" 301 9098 "-" "Mozilla/5.0 AppleWebKit/537.36 (KHTML, like Gecko; compatible; bingbot/2.0; +http://www.bing.com/bingbot.htm) Chrome/116.0.1938.76 Safari/537.36"
52.167.144.233 - - [25/Sep/2026:04:58:20 +0300] "GET /?sale/search/detail/?ITMCODE=p1l3a3c0o4i0d4i5a7n27 HTTP/1.1" 200 30227 "-" "Mozilla/5.0 AppleWebKit/537.36 (KHTML, like Gecko; compatible; bingbot/2.0; +http://www.bing.com/bingbot.htm) Chrome/116.0.1938.76 Safari/537.36"
52.167.144.231 - - [25/Sep/2026:04:58:21 +0300] "GET /?sale/search/detail/?ITMCODE=c1a1l5u6m3n9i6a9t7i0o4n HTTP/1.1" 301 9099 "-" "Mozilla/5.0 AppleWebKit/537.36 (KHTML, like Gecko; compatible; bingbot/2.0; +http://www.bing.com/bingbot.htm) Chrome/116.0.1938.76 Safari/537.36"
52.167.144.231 - - [25/Sep/2026:04:58:21 +0300] "GET /?sale/search/detail/?ITMCODE=s9p6u4t6u1m71208 HTTP/1.1" 301 9092 "-" "Mozilla/5.0 AppleWebKit/537.36 (KHTML, like Gecko; compatible; bingbot/2.0; +http://www.bing.com/bingbot.htm) Chrome/116.0.1938.76 Safari/537.36"
52.167.144.233 - - [25/Sep/2026:04:58:21 +0300] "GET /?sale/search/detail/?ITMCODE=f3a1c1t3o8r2y33670 HTTP/1.1" 200 30225 "-" "Mozilla/5.0 AppleWebKit/537.36 (KHTML, like Gecko; compatible; bingbot/2.0; +http://www.bing.com/bingbot.htm) Chrome/116.0.1938.76 Safari/537.36"
52.167.144.231 - - [25/Sep/2026:04:58:22 +0300] "GET /?sale/search/detail/?ITMCODE=m5a3y2i9n1g775069 HTTP/1.1" 301 9093 "-" "Mozilla/5.0 AppleWebKit/537.36 (KHTML, like Gecko; compatible; bingbot/2.0; +http://www.bing.com/bingbot.htm) Chrome/116.0.1938.76 Safari/537.36"
52.167.144.233 - - [25/Sep/2026:04:58:22 +0300] "GET /?sale/search/detail/?ITMCODE=f5a3n7t2a9s4t5i5c5a1l0 HTTP/1.1" 200 30228 "-" "Mozilla/5.0 AppleWebKit/537.36 (KHTML, like Gecko; compatible; bingbot/2.0; +http://www.bing.com/bingbot.htm) Chrome/116.0.1938.76 Safari/537.36"
52.167.144.233 - - [25/Sep/2026:04:58:23 +0300] "GET /?sale/search/detail/?ITMCODE=l7e4t1o0f5f840857 HTTP/1.1" 200 30225 "-" "Mozilla/5.0 AppleWebKit/537.36 (KHTML, like Gecko; compatible; bingbot/2.0; +http://www.bing.com/bingbot.htm) Chrome/116.0.1938.76 Safari/537.36"
