66.249.66.40 - - [25/Sep/2026:04:26:30 +0300] "GET /wp-includes/js/jquery/jquery.min.js?ver=3.7.1 HTTP/1.1" 200 29610 "https://princessmare.com.gr/?sale/search/detail/?ITMCODE=o7f1f3i7c4e2s03277" "Mozilla/5.0 (Linux; Android 6.0.1; Nexus 5X Build/MMB29P) AppleWebKit/537.36 (KHTML, like Gecko) Chrome/153.0.8010.52 Mobile Safari/537.36 (compatible; Googlebot/2.1; +http://www.google.com/bot.html)"
66.249.66.40 - - [25/Sep/2026:04:26:31 +0300] "GET /wp-content/themes/dt-the7/fonts/icomoon-the7-font/icomoon-the7-font.min.css?ver=9.14.1 HTTP/1.1" 200 2450 "https://princessmare.com.gr/?sale/search/detail/?ITMCODE=o7f1f3i7c4e2s03277" "Mozilla/5.0 (Linux; Android 6.0.1; Nexus 5X Build/MMB29P) AppleWebKit/537.36 (KHTML, like Gecko) Chrome/153.0.8010.52 Mobile Safari/537.36 (compatible; Googlebot/2.1; +http://www.google.com/bot.html)"
66.249.66.40 - - [25/Sep/2026:04:26:31 +0300] "GET /wp-content/themes/dt-the7/fonts/icomoon-the7-font/icomoon-the7-font.min.css?ver=9.14.1 HTTP/1.1" 200 5181 "https://princessmare.com.gr/?sale/search/detail/?ITMCODE=o7f1f3i7c4e2s03277" "Mozilla/5.0 (Linux; Android 6.0.1; Nexus 5X Build/MMB29P) AppleWebKit/537.36 (KHTML, like Gecko) Chrome/153.0.8010.52 Mobile Safari/537.36 (compatible; Googlebot/2.1; +http://www.google.com/bot.html)"
52.167.144.173 - - [25/Sep/2026:04:26:31 +0300] "GET /?sale/search/detail/?ITMCODE=a9u1t7a9r0c1h7i7c482 HTTP/1.1" 200 30227 "-" "Mozilla/5.0 AppleWebKit/537.36 (KHTML, like Gecko; compatible; bingbot/2.0; +http://www.bing.com/bingbot.htm) Chrome/116.0.1938.76 Safari/537.36"
66.249.66.75 - - [25/Sep/2026:04:26:31 +0300] "GET /?sale/search/detail/?ITMCODE=i1n2t9e7r1b7r3a7i3n05 HTTP/1.1" 301 9097 "-" "Mozilla/5.0 (Linux; Android 6.0.1; Nexus 5X Build/MMB29P) AppleWebKit/537.36 (KHTML, like Gecko) Chrome/153.0.8010.52 Mobile Safari/537.36 (compatible; Googlebot/2.1; +http://www.google.com/bot.html)"
66.249.66.40 - - [25/Sep/2026:04:26:32 +0300] "GET /wp-content/plugins/contact-form-7/includes/css/styles.css?ver=5.4.1 HTTP/1.1" 200 5163 "https://princessmare.com.gr/?sale/search/detail/?ITMCODE=o7f1f3i7c4e2s03277" "Mozilla/5.0 (Linux; Android 6.0.1; Nexus 5X Build/MMB29P) AppleWebKit/537.36 (KHTML, like Gecko) Chrome/153.0.8010.52 Mobile Safari/537.36 (compatible; Googlebot/2.1; +http://www.google.com/bot.html)"
66.249.66.40 - - [25/Sep/2026:04:26:32 +0300] "GET /wp-content/themes/dt-the7/fonts/icomoon-the7-font/icomoon-the7-font.min.css?ver=9.14.1 HTTP/1.1" 200 5181 "https://princessmare.com.gr/?sale/search/detail/?ITMCODE=f1l2i4t0t4e5r2m7o4u9s6e" "Mozilla/5.0 (Linux; Android 6.0.1; Nexus 5X Build/MMB29P) AppleWebKit/537.36 (KHTML, like Gecko) Chrome/153.0.8010.52 Mobile Safari/537.36 (compatible; Googlebot/2.1; +http://www.google.com/bot.html)"
52.167.144.142 - - [25/Sep/2026:04:26:32 +0300] "GET /?sale/search/detail/?ITMCODE=g6r1a6d4i6n6e50704 HTTP/1.1" 301 9094 "-" "Mozilla/5.0 AppleWebKit/537.36 (KHTML, like Gecko; compatible; bingbot/2.0; +http://www.bing.com/bingbot.htm) Chrome/116.0.1938.76 Safari/537.36"
52.167.144.173 - - [25/Sep/2026:04:26:32 +0300] "GET /?sale/search/detail/?ITMCODE=c3h1a3m3b2e6r6m4a9i6d0 HTTP/1.1" 200 30228 "-" "Mozilla/5.0 AppleWebKit/537.36 (KHTML, like Gecko; compatible; bingbot/2.0; +http://www.bing.com/bingbot.htm) Chrome/116.0.1938.76 Safari/537.36"
66.249.66.40 - - [25/Sep/2026:04:26:32 +0300] "GET /wp-content/plugins/contact-form-7/includes/css/styles.css?ver=5.4.1 HTTP/1.1" 200 837 "https://princessmare.com.gr/?sale/search/detail/?ITMCODE=o7f1f3i7c4e2s03277" "Mozilla/5.0 (Linux; Android 6.0.1; Nexus 5X Build/MMB29P) AppleWebKit/537.36 (KHTML, like Gecko) Chrome/153.0.8010.52 Mobile Safari/537.36 (compatible; Googlebot/2.1; +http://www.google.com/bot.html)"
66.249.66.40 - - [25/Sep/2026:04:26:32 +0300] "GET /wp-content/themes/dt-the7/fonts/icomoon-the7-font/icomoon-the7-font.min.css?ver=9.14.1 HTTP/1.1" 200 2450 "https://princessmare.com.gr/?sale/search/detail/?ITMCODE=f1l2i4t0t4e5r2m7o4u9s6e" "Mozilla/5.0 (Linux; Android 6.0.1; Nexus 5X Build/MMB29P) AppleWebKit/537.36 (KHTML, like Gecko) Chrome/153.0.8010.52 Mobile Safari/537.36 (compatible; Googlebot/2.1; +http://www.google.com/bot.html)"
66.249.66.40 - - [25/Sep/2026:04:26:33 +0300] "GET /wp-includes/js/jquery/jquery.min.js?ver=3.7.1 HTTP/1.1" 200 29610 "https://princessmare.com.gr/?sale/search/detail/?ITMCODE=f1l2i4t0t4e5r2m7o4u9s6e" "Mozilla/5.0 (Linux; Android 6.0.1; Nexus 5X Build/MMB29P) AppleWebKit/537.36 (KHTML, like Gecko) Chrome/153.0.8010.52 Mobile Safari/537.36 (compatible; Googlebot/2.1; +http://www.google.com/bot.html)"
66.249.66.40 - - [25/Sep/2026:04:26:33 +0300] "GET /wp-content/plugins/contact-form-7/includes/css/styles.css?ver=5.4.1 HTTP/1.1" 200 837 "https://princessmare.com.gr/?sale/search/detail/?ITMCODE=f1l2i4t0t4e5r2m7o4u9s6e" "Mozilla/5.0 (Linux; Android 6.0.1; Nexus 5X Build/MMB29P) AppleWebKit/537.36 (KHTML, like Gecko) Chrome/153.0.8010.52 Mobile Safari/537.36 (compatible; Googlebot/2.1; +http://www.google.com/bot.html)"
66.249.66.40 - - [25/Sep/2026:04:26:33 +0300] "GET /wp-includes/js/jquery/jquery.min.js?ver=3.7.1 HTTP/1.1" 200 5155 "https://princessmare.com.gr/?sale/search/detail/?ITMCODE=f1l2i4t0t4e5r2m7o4u9s6e" "Mozilla/5.0 (Linux; Android 6.0.1; Nexus 5X Build/MMB29P) AppleWebKit/537.36 (KHTML, like Gecko) Chrome/153.0.8010.52 Mobile Safari/537.36 (compatible; Googlebot/2.1; +http://www.google.com/bot.html)"
52.167.144.142 - - [25/Sep/2026:04:26:32 +0300] "GET /?sale/search/detail/?ITMCODE=m4e1n1i3e3r6e4s4898 HTTP/1.1" 301 9095 "-" "Mozilla/5.0 AppleWebKit/537.36 (KHTML, like Gecko; compatible; bingbot/2.0; +http://www.bing.com/bingbot.htm) Chrome/116.0.1938.76 Safari/537.36"
66.249.66.40 - - [25/Sep/2026:04:26:33 +0300] "GET /wp-content/plugins/contact-form-7/includes/css/styles.css?ver=5.4.1 HTTP/1.1" 200 5163 "https://princessmare.com.gr/?sale/search/detail/?ITMCODE=f1l2i4t0t4e5r2m7o4u9s6e" "Mozilla/5.0 (Linux; Android 6.0.1; Nexus 5X Build/MMB29P) AppleWebKit/537.36 (KHTML, like Gecko) Chrome/153.0.8010.52 Mobile Safari/537.36 (compatible; Googlebot/2.1; +http://www.google.com/bot.html)"
52.167.144.173 - - [25/Sep/2026:04:26:33 +0300] "GET /?sale/search/detail/?ITMCODE=u1n3d2e4r8s1t7a2t8e2m9ent HTTP/1.1" 200 30230 "-" "Mozilla/5.0 AppleWebKit/537.36 (KHTML, like Gecko; compatible; bingbot/2.0; +http://www.bing.com/bingbot.htm) Chrome/116.0.1938.76 Safari/537.36"
52.167.144.142 - - [25/Sep/2026:04:26:33 +0300] "GET /?sale/search/detail/?ITMCODE=c1o3m0m8o8r3a9n4c7y88 HTTP/1.1" 301 9097 "-" "Mozilla/5.0 AppleWebKit/537.36 (KHTML, like Gecko; compatible; bingbot/2.0; +http://www.bing.com/bingbot.htm) Chrome/116.0.1938.76 Safari/537.36"
66.249.66.40 - - [25/Sep/2026:04:26:34 +0300] "GET /wp-content/plugins/js_composer/assets/css/js_composer.min.css?ver=6.6.0.1 HTTP/1.1" 200 5167 "https://princessmare.com.gr/?sale/search/detail/?ITMCODE=f1l2i4t0t4e5r2m7o4u9s6e" "Mozilla/5.0 (Linux; Android 6.0.1; Nexus 5X Build/MMB29P) AppleWebKit/537.36 (KHTML, like Gecko) Chrome/153.0.8010.52 Mobile Safari/537.36 (compatible; Googlebot/2.1; +http://www.google.com/bot.html)"
52.167.144.173 - - [25/Sep/2026:04:26:34 +0300] "GET /?sale/search/detail/?ITMCODE=e3c1t8o8d5e4r4m0407 HTTP/1.1" 200 30226 "-" "Mozilla/5.0 AppleWebKit/537.36 (KHTML, like Gecko; compatible; bingbot/2.0; +http://www.bing.com/bingbot.htm) Chrome/116.0.1938.76 Safari/537.36"
66.249.66.75 - - [25/Sep/2026:04:26:34 +0300] "GET /?sale/search/detail/?ITMCODE=r0e1s0i7s1t887798 HTTP/1.1" 301 9093 "-" "Mozilla/5.0 (Linux; Android 6.0.1; Nexus 5X Build/MMB29P) AppleWebKit/537.36 (KHTML, like Gecko) Chrome/153.0.8010.52 Mobile Safari/537.36 (compatible; Googlebot/2.1; +http://www.google.com/bot.html)"
66.249.66.40 - - [25/Sep/2026:04:26:34 +0300] "GET /wp-content/plugins/js_composer/assets/css/js_composer.min.css?ver=6.6.0.1 HTTP/1.1" 200 40493 "https://princessmare.com.gr/?sale/search/detail/?ITMCODE=f1l2i4t0t4e5r2m7o4u9s6e" "Mozilla/5.0 (Linux; Android 6.0.1; Nexus 5X Build/MMB29P) AppleWebKit/537.36 (KHTML, like Gecko) Chrome/153.0.8010.52 Mobile Safari/537.36 (compatible; Googlebot/2.1; +http://www.google.com/bot.html)"
52.167.144.173 - - [25/Sep/2026:04:26:35 +0300] "GET /?sale/search/detail/?ITMCODE=c0o6n4c5a0v9u7s849 HTTP/1.1" 200 30226 "-" "Mozilla/5.0 AppleWebKit/537.36 (KHTML, like Gecko; compatible; bingbot/2.0; +http://www.bing.com/bingbot.htm) Chrome/116.0.1938.76 Safari/537.36"
52.167.144.173 - - [25/Sep/2026:04:26:35 +0300] "GET /?sale/search/detail/?ITMCODE=k5n3o5c4k0e9d96405 HTTP/1.1" 200 30226 "-" "Mozilla/5.0 AppleWebKit/537.36 (KHTML, like Gecko; compatible; bingbot/2.0; +http://www.bing.com/bingbot.htm) Chrome/116.0.1938.76 Safari/537.36"
66.249.66.75 - - [25/Sep/2026:04:26:37 +0300] "GET /?sale/search/detail/?ITMCODE=k7i1v3e3r2201106 HTTP/1.1" 301 9092 "-" "Mozilla/5.0 (Linux; Android 6.0.1; Nexus 5X Build/MMB29P) AppleWebKit/537.36 (KHTML, like Gecko) Chrome/153.0.8010.52 Mobile Safari/537.36 (compatible; Googlebot/2.1; +http://www.google.com/bot.html)"
52.167.144.173 - - [25/Sep/2026:04:26:36 +0300] "GET /?sale/search/detail/?ITMCODE=d0u1c3k5b9i0l9l6e2d91 HTTP/1.1" 200 30228 "-" "Mozilla/5.0 AppleWebKit/537.36 (KHTML, like Gecko; compatible; bingbot/2.0; +http://www.bing.com/bingbot.htm) Chrome/116.0.1938.76 Safari/537.36"
52.167.144.173 - - [25/Sep/2026:04:26:37 +0300] "GET /?sale/search/detail/?ITMCODE=d5e1t5o4x8i6f0i9c7ation HTTP/1.1" 200 30227 "-" "Mozilla/5.0 AppleWebKit/537.36 (KHTML, like Gecko; compatible; bingbot/2.0; +http://www.bing.com/bingbot.htm) Chrome/116.0.1938.76 Safari/537.36"
52.167.144.173 - - [25/Sep/2026:04:26:38 +0300] "GET /?sale/search/detail/?ITMCODE=t4u3n4e3f0u5l7l4y743 HTTP/1.1" 200 30227 "-" "Mozilla/5.0 AppleWebKit/537.36 (KHTML, like Gecko; compatible; bingbot/2.0; +http://www.bing.com/bingbot.htm) Chrome/116.0.1938.76 Safari/537.36"
66.249.66.75 - - [25/Sep/2026:04:26:39 +0300] "GET /?sale/search/detail/?ITMCODE=p0r1e1m9o8n2i8t1o9r32 HTTP/1.1" 301 9097 "-" "Mozilla/5.0 (Linux; Android 6.0.1; Nexus 5X Build/MMB29P) AppleWebKit/537.36 (KHTML, like Gecko) Chrome/153.0.8010.52 Mobile Safari/537.36 (compatible; Googlebot/2.1; +http://www.google.com/bot.html)"
52.167.144.173 - - [25/Sep/2026:04:26:39 +0300] "GET /?sale/search/detail/?ITMCODE=a2u3t8o7g2r5a3p4h2a4l4 HTTP/1.1" 200 30228 "-" "Mozilla/5.0 AppleWebKit/537.36 (KHTML, like Gecko; compatible; bingbot/2.0; +http://www.bing.com/bingbot.htm) Chrome/116.0.1938.76 Safari/537.36"
52.167.144.173 - - [25/Sep/2026:04:26:40 +0300] "GET /?sale/search/detail/?ITMCODE=d6i3g0e1s2t6e3r17 HTTP/1.1" 200 30224 "-" "Mozilla/5.0 AppleWebKit/537.36 (KHTML, like Gecko; compatible; bingbot/2.0; +http://www.bing.com/bingbot.htm) Chrome/116.0.1938.76 Safari/537.36"
66.249.66.40 - - [25/Sep/2026:04:26:40 +0300] "GET /?sale/search/detail/?ITMCODE=r5e8c7i4p0i8e2n2c6e9 HTTP/1.1" 200 30227 "-" "Mozilla/5.0 (Linux; Android 6.0.1; Nexus 5X Build/MMB29P) AppleWebKit/537.36 (KHTML, like Gecko) Chrome/153.0.8010.52 Mobile Safari/537.36 (compatible; Googlebot/2.1; +http://www.google.com/bot.html)"
52.167.144.173 - - [25/Sep/2026:04:26:41 +0300] "GET /?sale/search/detail/?ITMCODE=d8u3e2l9e6r104191 HTTP/1.1" 200 30224 "-" "Mozilla/5.0 AppleWebKit/537.36 (KHTML, like Gecko; compatible; bingbot/2.0; +http://www.bing.com/bingbot.htm) Chrome/116.0.1938.76 Safari/537.36"
52.167.144.173 - - [25/Sep/2026:04:26:42 +0300] "GET /?sale/search/detail/?ITMCODE=a5c8c7o5r8d8i7on HTTP/1.1" 200 30224 "-" "Mozilla/5.0 AppleWebKit/537.36 (KHTML, like Gecko; compatible; bingbot/2.0; +http://www.bing.com/bingbot.htm) Chrome/116.0.1938.76 Safari/537.36"
66.249.66.75 - - [25/Sep/2026:04:26:42 +0300] "GET /?sale/search/detail/?ITMCODE=u9n1d9i9l7u1t5e3d648 HTTP/1.1" 301 9096 "-" "Mozilla/5.0 (Linux; Android 6.0.1; Nexus 5X Build/MMB29P) AppleWebKit/537.36 (KHTML, like Gecko) Chrome/153.0.8010.52 Mobile Safari/537.36 (compatible; Googlebot/2.1; +http://www.google.com/bot.html)"
57.141.20.26 - - [25/Sep/2026:04:26:42 +0300] "GET /?sale/search/detail/?ITMCODE=n1a4r3c2i6s6s7i1s4t4 HTTP/1.1" 200 30226 "-" "Mozilla/5.0 (Macintosh; Intel Mac OS X 10_15_7) AppleWebKit/537.36 (KHTML, like Gecko) Chrome/145.0.0.0 Safari/537.36 (compatible; meta-externalagent/1.1 (+https://developers.facebook.com/docs/sharing/webmasters/crawler))"
52.167.144.173 - - [25/Sep/2026:04:26:43 +0300] "GET /?sale/search/detail/?ITMCODE=a2m8m1u4n2i8t7i7o9n HTTP/1.1" 200 30226 "-" "Mozilla/5.0 AppleWebKit/537.36 (KHTML, like Gecko; compatible; bingbot/2.0; +http://www.bing.com/bingbot.htm) Chrome/116.0.1938.76 Safari/537.36"
66.249.66.40 - - [25/Sep/2026:04:26:44 +0300] "GET /wp-includes/js/jquery/jquery-migrate.min.js?ver=3.4.1 HTTP/1.1" 200 5163 "https://princessmare.com.gr/?sale/search/detail/?ITMCODE=r5e8c7i4p0i8e2n2c6e9" "Mozilla/5.0 (Linux; Android 6.0.1; Nexus 5X Build/MMB29P) AppleWebKit/537.36 (KHTML, like Gecko) Chrome/153.0.8010.52 Mobile Safari/537.36 (compatible; Googlebot/2.1; +http://www.google.com/bot.html)"
52.167.144.173 - - [25/Sep/2026:04:26:43 +0300] "GET /?sale/search/detail/?ITMCODE=n0o2m7i6a6l465810 HTTP/1.1" 200 30224 "-" "Mozilla/5.0 AppleWebKit/537.36 (KHTML, like Gecko; compatible; bingbot/2.0; +http://www.bing.com/bingbot.htm) Chrome/116.0.1938.76 Safari/537.36"
66.249.66.40 - - [25/Sep/2026:04:26:44 +0300] "GET /wp-includes/js/jquery/jquery-migrate.min.js?ver=3.4.1 HTTP/1.1" 200 4690 "https://princessmare.com.gr/?sale/search/detail/?ITMCODE=r5e8c7i4p0i8e2n2c6e9" "Mozilla/5.0 (Linux; Android 6.0.1; Nexus 5X Build/MMB29P) AppleWebKit/537.36 (KHTML, like Gecko) Chrome/153.0.8010.52 Mobile Safari/537.36 (compatible; Googlebot/2.1; +http://www.google.com/bot.html)"
66.249.66.75 - - [25/Sep/2026:04:26:45 +0300] "GET /?sale/search/detail/?ITMCODE=m6o3g6g7i7n9g91939 HTTP/1.1" 301 9094 "-" "Mozilla/5.0 (Linux; Android 6.0.1; Nexus 5X Build/MMB29P) AppleWebKit/537.36 (KHTML, like Gecko) Chrome/153.0.8010.52 Mobile Safari/537.36 (compatible; Googlebot/2.1; +http://www.google.com/bot.html)"
66.249.66.75 - - [25/Sep/2026:04:26:48 +0300] "GET /?sale/search/detail/?ITMCODE=t9a4i1l5o1r1e3s6s67 HTTP/1.1" 301 9095 "-" "Mozilla/5.0 (Linux; Android 6.0.1; Nexus 5X Build/MMB29P) AppleWebKit/537.36 (KHTML, like Gecko) Chrome/153.0.8010.52 Mobile Safari/537.36 (compatible; Googlebot/2.1; +http://www.google.com/bot.html)"
66.249.66.40 - - [25/Sep/2026:04:26:48 +0300] "GET /?sale/search/detail/?ITMCODE=p1o8r4c9e4l7a7n5e7o2us HTTP/1.1" 200 30228 "-" "Mozilla/5.0 (Linux; Android 6.0.1; Nexus 5X Build/MMB29P) AppleWebKit/537.36 (KHTML, like Gecko) Chrome/153.0.8010.52 Mobile Safari/537.36 (compatible; Googlebot/2.1; +http://www.google.com/bot.html)"
52.167.144.173 - - [25/Sep/2026:04:26:48 +0300] "GET /?sale/search/detail/?ITMCODE=t3o3i9l3e3t239412 HTTP/1.1" 200 30224 "-" "Mozilla/5.0 AppleWebKit/537.36 (KHTML, like Gecko; compatible; bingbot/2.0; +http://www.bing.com/bingbot.htm) Chrome/116.0.1938.76 Safari/537.36"
66.249.66.40 - - [25/Sep/2026:04:26:49 +0300] "GET /?sale/search/detail/?ITMCODE=a7u4t2o8m5a3t0i8c4a5l6ly HTTP/1.1" 200 30230 "-" "Mozilla/5.0 (Linux; Android 6.0.1; Nexus 5X Build/MMB29P) AppleWebKit/537.36 (KHTML, like Gecko) Chrome/153.0.8010.52 Mobile Safari/537.36 (compatible; Googlebot/2.1; +http://www.google.com/bot.html)"
52.167.144.173 - - [25/Sep/2026:04:26:49 +0300] "GET /?sale/search/detail/?ITMCODE=c6y8r6e0n2a6i1c0u8s3 HTTP/1.1" 200 30227 "-" "Mozilla/5.0 AppleWebKit/537.36 (KHTML, like Gecko; compatible; bingbot/2.0; +http://www.bing.com/bingbot.htm) Chrome/116.0.1938.76 Safari/537.36"
52.167.144.173 - - [25/Sep/2026:04:26:50 +0300] "GET /?sale/search/detail/?ITMCODE=p8e3n0n4a3t9u4l6a838 HTTP/1.1" 200 30227 "-" "Mozilla/5.0 AppleWebKit/537.36 (KHTML, like Gecko; compatible; bingbot/2.0; +http://www.bing.com/bingbot.htm) Chrome/116.0.1938.76 Safari/537.36"
66.249.66.75 - - [25/Sep/2026:04:26:50 +0300] "GET /?sale/search/detail/?ITMCODE=a7b1s1i9n8t3h5a0t6e82 HTTP/1.1" 301 9097 "-" "Mozilla/5.0 (Linux; Android 6.0.1; Nexus 5X Build/MMB29P) AppleWebKit/537.36 (KHTML, like Gecko) Chrome/153.0.8010.52 Mobile Safari/537.36 (compatible; Googlebot/2.1; +http://www.google.com/bot.html)"
52.167.144.173 - - [25/Sep/2026:04:26:51 +0300] "GET /?sale/search/detail/?ITMCODE=p9l2a2g5i9o7t6r4e1m8a2ta HTTP/1.1" 200 30230 "-" "Mozilla/5.0 AppleWebKit/537.36 (KHTML, like Gecko; compatible; bingbot/2.0; +http://www.bing.com/bingbot.htm) Chrome/116.0.1938.76 Safari/537.36"
57.141.20.70 - - [25/Sep/2026:04:26:51 +0300] "GET /?sale/search/detail/?ITMCODE=h1u2s9k3i2l4y67782 HTTP/1.1" 200 30225 "-" "Mozilla/5.0 (Macintosh; Intel Mac OS X 10_15_7) AppleWebKit/537.36 (KHTML, like Gecko) Chrome/145.0.0.0 Safari/537.36 (compatible; meta-externalagent/1.1 (+https://developers.facebook.com/docs/sharing/webmasters/crawler))"
52.167.144.173 - - [25/Sep/2026:04:26:52 +0300] "GET /?sale/search/detail/?ITMCODE=b0e3s6o3t3t9i5n1g7l5y HTTP/1.1" 200 30228 "-" "Mozilla/5.0 AppleWebKit/537.36 (KHTML, like Gecko; compatible; bingbot/2.0; +http://www.bing.com/bingbot.htm) Chrome/116.0.1938.76 Safari/537.36"
52.167.144.173 - - [25/Sep/2026:04:26:52 +0300] "GET /?sale/search/detail/?ITMCODE=i0r4o5n9i8s9t7123 HTTP/1.1" 200 30224 "-" "Mozilla/5.0 AppleWebKit/537.36 (KHTML, like Gecko; compatible; bingbot/2.0; +http://www.bing.com/bingbot.htm) Chrome/116.0.1938.76 Safari/537.36"
66.249.66.75 - - [25/Sep/2026:04:26:53 +0300] "GET /?sale/search/detail/?ITMCODE=n5i1n0e9s6p2r5e7d5i9c5ate HTTP/1.1" 301 9101 "-" "Mozilla/5.0 (Linux; Android 6.0.1; Nexus 5X Build/MMB29P) AppleWebKit/537.36 (KHTML, like Gecko) Chrome/153.0.8010.52 Mobile Safari/537.36 (compatible; Googlebot/2.1; +http://www.google.com/bot.html)"
52.167.144.173 - - [25/Sep/2026:04:26:53 +0300] "GET /?sale/search/detail/?ITMCODE=b7i2l1l8m4a1n26416 HTTP/1.1" 200 30225 "-" "Mozilla/5.0 AppleWebKit/537.36 (KHTML, like Gecko; compatible; bingbot/2.0; +http://www.bing.com/bingbot.htm) Chrome/116.0.1938.76 Safari/537.36"
52.167.144.173 - - [25/Sep/2026:04:26:54 +0300] "GET /?sale/search/detail/?ITMCODE=p7h4a0e9n3o3g0a7m8i1a3n HTTP/1.1" 200 30230 "-" "Mozilla/5.0 AppleWebKit/537.36 (KHTML, like Gecko; compatible; bingbot/2.0; +http://www.bing.com/bingbot.htm) Chrome/116.0.1938.76 Safari/537.36"
52.167.144.173 - - [25/Sep/2026:04:26:55 +0300] "GET /?sale/search/detail/?ITMCODE=a3n1a8e4s6t2h0e4t6i3z4e HTTP/1.1" 200 30230 "-" "Mozilla/5.0 AppleWebKit/537.36 (KHTML, like Gecko; compatible; bingbot/2.0; +http://www.bing.com/bingbot.htm) Chrome/116.0.1938.76 Safari/537.36"
66.249.66.75 - - [25/Sep/2026:04:26:56 +0300] "GET /?sale/search/detail/?ITMCODE=s6h1i5t3t0l5e0c5o2c8k6 HTTP/1.1" 301 9098 "-" "Mozilla/5.0 (Linux; Android 6.0.1; Nexus 5X Build/MMB29P) AppleWebKit/537.36 (KHTML, like Gecko) Chrome/153.0.8010.52 Mobile Safari/537.36 (compatible; Googlebot/2.1; +http://www.google.com/bot.html)"
66.249.66.40 - - [25/Sep/2026:04:26:56 +0300] "GET /?sale/search/detail/?ITMCODE=z3e3c4h4i4n064369 HTTP/1.1" 200 30225 "-" "Mozilla/5.0 (Linux; Android 6.0.1; Nexus 5X Build/MMB29P) AppleWebKit/537.36 (KHTML, like Gecko) Chrome/153.0.8010.52 Mobile Safari/537.36 (compatible; Googlebot/2.1; +http://www.google.com/bot.html)"
52.167.144.173 - - [25/Sep/2026:04:26:56 +0300] "GET /?sale/search/detail/?ITMCODE=a9b8s0q8u8a1t7u3l7a8te HTTP/1.1" 200 30228 "-" "Mozilla/5.0 AppleWebKit/537.36 (KHTML, like Gecko; compatible; bingbot/2.0; +http://www.bing.com/bingbot.htm) Chrome/116.0.1938.76 Safari/537.36"
52.167.144.173 - - [25/Sep/2026:04:26:57 +0300] "GET /?sale/search/detail/?ITMCODE=b2e1l3e8a5g3u2e8r1ing HTTP/1.1" 200 30227 "-" "Mozilla/5.0 AppleWebKit/537.36 (KHTML, like Gecko; compatible; bingbot/2.0; +http://www.bing.com/bingbot.htm) Chrome/116.0.1938.76 Safari/537.36"
52.167.144.173 - - [25/Sep/2026:04:26:58 +0300] "GET /?sale/search/detail/?ITMCODE=n6o1n0s5t5a4r8t3e3r01 HTTP/1.1" 200 30227 "-" "Mozilla/5.0 AppleWebKit/537.36 (KHTML, like Gecko; compatible; bingbot/2.0; +http://www.bing.com/bingbot.htm) Chrome/116.0.1938.76 Safari/537.36"
66.249.66.75 - - [25/Sep/2026:04:26:59 +0300] "GET /?sale/search/detail/?ITMCODE=d2e1c2l3a5r4e1r1708 HTTP/1.1" 301 9095 "-" "Mozilla/5.0 (Linux; Android 6.0.1; Nexus 5X Build/MMB29P) AppleWebKit/537.36 (KHTML, like Gecko) Chrome/153.0.8010.52 Mobile Safari/537.36 (compatible; Googlebot/2.1; +http://www.google.com/bot.html)"
52.167.144.173 - - [25/Sep/2026:04:26:58 +0300] "GET /?sale/search/detail/?ITMCODE=d9e2g4a7g0e483437 HTTP/1.1" 200 30224 "-" "Mozilla/5.0 AppleWebKit/537.36 (KHTML, like Gecko; compatible; bingbot/2.0; +http://www.bing.com/bingbot.htm) Chrome/116.0.1938.76 Safari/537.36"
52.167.144.173 - - [25/Sep/2026:04:26:59 +0300] "GET /?sale/search/detail/?ITMCODE=p9r1e1d9a4c6e4a6n843 HTTP/1.1" 200 30227 "-" "Mozilla/5.0 AppleWebKit/537.36 (KHTML, like Gecko; compatible; bingbot/2.0; +http://www.bing.com/bingbot.htm) Chrome/116.0.1938.76 Safari/537.36"
52.167.144.173 - - [25/Sep/2026:04:27:00 +0300] "GET /?sale/search/detail/?ITMCODE=l0o3n9g6h3o3r6n043 HTTP/1.1" 200 30225 "-" "Mozilla/5.0 AppleWebKit/537.36 (KHTML, like Gecko; compatible; bingbot/2.0; +http://www.bing.com/bingbot.htm) Chrome/116.0.1938.76 Safari/537.36"
52.167.144.173 - - [25/Sep/2026:04:27:01 +0300] "GET /?sale/search/detail/?ITMCODE=l7e2c9h9e8735855 HTTP/1.1" 200 30224 "-" "Mozilla/5.0 AppleWebKit/537.36 (KHTML, like Gecko; compatible; bingbot/2.0; +http://www.bing.com/bingbot.htm) Chrome/116.0.1938.76 Safari/537.36"
66.249.66.75 - - [25/Sep/2026:04:27:02 +0300] "GET /?sale/search/detail/?ITMCODE=p1o9r2r6a6c2e6o1u1s2 HTTP/1.1" 301 9096 "-" "Mozilla/5.0 (Linux; Android 6.0.1; Nexus 5X Build/MMB29P) AppleWebKit/537.36 (KHTML, like Gecko) Chrome/153.0.8010.52 Mobile Safari/537.36 (compatible; Googlebot/2.1; +http://www.google.com/bot.html)"
52.167.144.173 - - [25/Sep/2026:04:27:02 +0300] "GET /?sale/search/detail/?ITMCODE=i7m4p2e9r2t5u3r5b4a5b3le HTTP/1.1" 200 30230 "-" "Mozilla/5.0 AppleWebKit/537.36 (KHTML, like Gecko; compatible; bingbot/2.0; +http://www.bing.com/bingbot.htm) Chrome/116.0.1938.76 Safari/537.36"
66.249.66.40 - - [25/Sep/2026:04:27:03 +0300] "GET /?sale/search/detail/?ITMCODE=a0d4a2m0a3n5c2e7223 HTTP/1.1" 200 30226 "-" "Mozilla/5.0 (Linux; Android 6.0.1; Nexus 5X Build/MMB29P) AppleWebKit/537.36 (KHTML, like Gecko) Chrome/153.0.8010.52 Mobile Safari/537.36 (compatible; Googlebot/2.1; +http://www.google.com/bot.html)"
52.167.144.173 - - [25/Sep/2026:04:27:03 +0300] "GET /?sale/search/detail/?ITMCODE=a9v1o4i7d1i1n2g0398 HTTP/1.1" 200 30226 "-" "Mozilla/5.0 AppleWebKit/537.36 (KHTML, like Gecko; compatible; bingbot/2.0; +http://www.bing.com/bingbot.htm) Chrome/116.0.1938.76 Safari/537.36"
66.249.66.41 - - [25/Sep/2026:04:27:03 +0300] "GET /?sale/search/detail/?ITMCODE=f3a3s5c2i5n5a8t9i5n2g8 HTTP/1.1" 200 30228 "-" "Mozilla/5.0 (Linux; Android 6.0.1; Nexus 5X Build/MMB29P) AppleWebKit/537.36 (KHTML, like Gecko) Chrome/153.0.8010.52 Mobile Safari/537.36 (compatible; Googlebot/2.1; +http://www.google.com/bot.html)"
52.167.144.173 - - [25/Sep/2026:04:27:04 +0300] "GET /?sale/search/detail/?ITMCODE=a5n1t8e0d6i6l2u4v5i5al HTTP/1.1" 200 30228 "-" "Mozilla/5.0 AppleWebKit/537.36 (KHTML, like Gecko; compatible; bingbot/2.0; +http://www.bing.com/bingbot.htm) Chrome/116.0.1938.76 Safari/537.36"
52.167.144.173 - - [25/Sep/2026:04:27:05 +0300] "GET /?sale/search/detail/?ITMCODE=p2l2a5n4e9t6o7i0d4a4l2 HTTP/1.1" 200 30228 "-" "Mozilla/5.0 AppleWebKit/537.36 (KHTML, like Gecko; compatible; bingbot/2.0; +http://www.bing.com/bingbot.htm) Chrome/116.0.1938.76 Safari/537.36"
66.249.66.76 - - [25/Sep/2026:04:27:05 +0300] "GET /?sale/search/detail/?ITMCODE=s9u4b1j1e3c8t9i1v2e98 HTTP/1.1" 301 9097 "-" "Mozilla/5.0 (Linux; Android 6.0.1; Nexus 5X Build/MMB29P) AppleWebKit/537.36 (KHTML, like Gecko) Chrome/153.0.8010.52 Mobile Safari/537.36 (compatible; Googlebot/2.1; +http://www.google.com/bot.html)"
66.249.66.197 - - [25/Sep/2026:04:27:09 +0300] "GET /wp-includes/js/jquery/jquery.min.js?ver=3.7.1 HTTP/1.1" 200 5155 "https://princessmare.com.gr/?sale/search/detail/?ITMCODE=z3e3c4h4i4n064369" "Mozilla/5.0 (Linux; Android 6.0.1; Nexus 5X Build/MMB29P) AppleWebKit/537.36 (KHTML, like Gecko) Chrome/153.0.8010.52 Mobile Safari/537.36 (compatible; Googlebot/2.1; +http://www.google.com/bot.html)"
66.249.66.75 - - [25/Sep/2026:04:27:09 +0300] "GET /?sale/search/detail/?ITMCODE=k9i2n2s0m3a0n2s9h9i3p0 HTTP/1.1" 301 9098 "-" "Mozilla/5.0 (Linux; Android 6.0.1; Nexus 5X Build/MMB29P) AppleWebKit/537.36 (KHTML, like Gecko) Chrome/153.0.8010.52 Mobile Safari/537.36 (compatible; Googlebot/2.1; +http://www.google.com/bot.html)"
66.249.66.197 - - [25/Sep/2026:04:27:09 +0300] "GET /wp-includes/js/jquery/jquery.min.js?ver=3.7.1 HTTP/1.1" 200 29610 "https://princessmare.com.gr/?sale/search/detail/?ITMCODE=z3e3c4h4i4n064369" "Mozilla/5.0 (Linux; Android 6.0.1; Nexus 5X Build/MMB29P) AppleWebKit/537.36 (KHTML, like Gecko) Chrome/153.0.8010.52 Mobile Safari/537.36 (compatible; Googlebot/2.1; +http://www.google.com/bot.html)"
66.249.66.196 - - [25/Sep/2026:04:27:11 +0300] "GET /wp-content/plugins/contact-form-7/includes/css/styles.css?ver=5.4.1 HTTP/1.1" 200 837 "https://princessmare.com.gr/?sale/search/detail/?ITMCODE=z3e3c4h4i4n064369" "Mozilla/5.0 (Linux; Android 6.0.1; Nexus 5X Build/MMB29P) AppleWebKit/537.36 (KHTML, like Gecko) Chrome/153.0.8010.52 Mobile Safari/537.36 (compatible; Googlebot/2.1; +http://www.google.com/bot.html)"
66.249.66.196 - - [25/Sep/2026:04:27:11 +0300] "GET /wp-content/plugins/contact-form-7/includes/css/styles.css?ver=5.4.1 HTTP/1.1" 200 5163 "https://princessmare.com.gr/?sale/search/detail/?ITMCODE=z3e3c4h4i4n064369" "Mozilla/5.0 (Linux; Android 6.0.1; Nexus 5X Build/MMB29P) AppleWebKit/537.36 (KHTML, like Gecko) Chrome/153.0.8010.52 Mobile Safari/537.36 (compatible; Googlebot/2.1; +http://www.google.com/bot.html)"
66.249.66.204 - - [25/Sep/2026:04:27:12 +0300] "GET /?sale/search/detail/?ITMCODE=c0o2l0l5e9c6t0i5b5l8e3 HTTP/1.1" 301 9098 "-" "Mozilla/5.0 (Linux; Android 6.0.1; Nexus 5X Build/MMB29P) AppleWebKit/537.36 (KHTML, like Gecko) Chrome/153.0.8010.52 Mobile Safari/537.36 (compatible; Googlebot/2.1; +http://www.google.com/bot.html)"
66.249.66.196 - - [25/Sep/2026:04:27:13 +0300] "GET /?sale/search/detail/?ITMCODE=p4h3i1l2o6m7a9t3h5e4m1atic HTTP/1.1" 200 30231 "-" "Mozilla/5.0 (Linux; Android 6.0.1; Nexus 5X Build/MMB29P) AppleWebKit/537.36 (KHTML, like Gecko) Chrome/153.0.8010.52 Mobile Safari/537.36 (compatible; Googlebot/2.1; +http://www.google.com/bot.html)"
66.249.66.194 - - [25/Sep/2026:04:27:16 +0300] "GET /wp-content/uploads/the7-css/post-type-dynamic.css?ver=a11134ae5739 HTTP/1.1" 200 5155 "https://princessmare.com.gr/?sale/search/detail/?ITMCODE=z3e3c4h4i4n064369" "Mozilla/5.0 (Linux; Android 6.0.1; Nexus 5X Build/MMB29P) AppleWebKit/537.36 (KHTML, like Gecko) Chrome/153.0.8010.52 Mobile Safari/537.36 (compatible; Googlebot/2.1; +http://www.google.com/bot.html)"
66.249.66.203 - - [25/Sep/2026:04:27:15 +0300] "GET /?sale/search/detail/?ITMCODE=a7t3t8a4i2n2m7e9n9t65 HTTP/1.1" 301 9097 "-" "Mozilla/5.0 (Linux; Android 6.0.1; Nexus 5X Build/MMB29P) AppleWebKit/537.36 (KHTML, like Gecko) Chrome/153.0.8010.52 Mobile Safari/537.36 (compatible; Googlebot/2.1; +http://www.google.com/bot.html)"
52.167.144.173 - - [25/Sep/2026:04:27:16 +0300] "GET /?sale/search/detail/?ITMCODE=p7a3r6o2c2h2i4a3n752 HTTP/1.1" 200 30226 "-" "Mozilla/5.0 AppleWebKit/537.36 (KHTML, like Gecko; compatible; bingbot/2.0; +http://www.bing.com/bingbot.htm) Chrome/116.0.1938.76 Safari/537.36"
66.249.66.194 - - [25/Sep/2026:04:27:16 +0300] "GET /wp-content/uploads/the7-css/post-type-dynamic.css?ver=a11134ae5739 HTTP/1.1" 200 1238 "https://princessmare.com.gr/?sale/search/detail/?ITMCODE=z3e3c4h4i4n064369" "Mozilla/5.0 (Linux; Android 6.0.1; Nexus 5X Build/MMB29P) AppleWebKit/537.36 (KHTML, like Gecko) Chrome/153.0.8010.52 Mobile Safari/537.36 (compatible; Googlebot/2.1; +http://www.google.com/bot.html)"
52.167.144.173 - - [25/Sep/2026:04:27:17 +0300] "GET /?sale/search/detail/?ITMCODE=r9i3g2m5a5r7o2l2e508 HTTP/1.1" 200 30226 "-" "Mozilla/5.0 AppleWebKit/537.36 (KHTML, like Gecko; compatible; bingbot/2.0; +http://www.bing.com/bingbot.htm) Chrome/116.0.1938.76 Safari/537.36"
52.167.144.173 - - [25/Sep/2026:04:27:17 +0300] "GET /?sale/search/detail/?ITMCODE=d2a3n0u0b6i0a2n0933 HTTP/1.1" 200 30226 "-" "Mozilla/5.0 AppleWebKit/537.36 (KHTML, like Gecko; compatible; bingbot/2.0; +http://www.bing.com/bingbot.htm) Chrome/116.0.1938.76 Safari/537.36"
57.141.20.6 - - [25/Sep/2026:04:27:18 +0300] "GET /?sale/search/detail/?ITMCODE=c1h3i7l4i1a3r9c9h7y86 HTTP/1.1" 200 30228 "-" "Mozilla/5.0 (Windows NT 10.0; Win64; x64) AppleWebKit/537.36 (KHTML, like Gecko) Chrome/145.0.0.0 Safari/537.36 (compatible; meta-externalagent/1.1 (+https://developers.facebook.com/docs/sharing/webmasters/crawler))"
52.167.144.173 - - [25/Sep/2026:04:27:18 +0300] "GET /?sale/search/detail/?ITMCODE=l7a4p1i1l6l9i43337 HTTP/1.1" 200 30225 "-" "Mozilla/5.0 AppleWebKit/537.36 (KHTML, like Gecko; compatible; bingbot/2.0; +http://www.bing.com/bingbot.htm) Chrome/116.0.1938.76 Safari/537.36"
52.167.144.173 - - [25/Sep/2026:04:27:19 +0300] "GET /?sale/search/detail/?ITMCODE=e9x2h7o8r2t1a5t6i6v5e6 HTTP/1.1" 200 30228 "-" "Mozilla/5.0 AppleWebKit/537.36 (KHTML, like Gecko; compatible; bingbot/2.0; +http://www.bing.com/bingbot.htm) Chrome/116.0.1938.76 Safari/537.36"
52.167.144.173 - - [25/Sep/2026:04:27:20 +0300] "GET /?sale/search/detail/?ITMCODE=h2e1l5i4a5n9t2h3u8s48 HTTP/1.1" 200 30228 "-" "Mozilla/5.0 AppleWebKit/537.36 (KHTML, like Gecko; compatible; bingbot/2.0; +http://www.bing.com/bingbot.htm) Chrome/116.0.1938.76 Safari/537.36"
66.249.67.36 - - [25/Sep/2026:04:27:21 +0300] "GET /?sale/search/detail/?ITMCODE=p5o4r2t7a0t3i1v2e561 HTTP/1.1" 200 30226 "-" "Mozilla/5.0 (Linux; Android 6.0.1; Nexus 5X Build/MMB29P) AppleWebKit/537.36 (KHTML, like Gecko) Chrome/153.0.8010.52 Mobile Safari/537.36 (compatible; Googlebot/2.1; +http://www.google.com/bot.html)"
66.249.66.196 - - [25/Sep/2026:04:27:21 +0300] "GET /?sale/search/detail/?ITMCODE=d1o3o4r7n8a4i5l0031 HTTP/1.1" 200 30226 "-" "Mozilla/5.0 (Linux; Android 6.0.1; Nexus 5X Build/MMB29P) AppleWebKit/537.36 (KHTML, like Gecko) Chrome/153.0.8010.52 Mobile Safari/537.36 (compatible; Googlebot/2.1; +http://www.google.com/bot.html)"
66.249.66.203 - - [25/Sep/2026:04:27:21 +0300] "GET /?sale/search/detail/?ITMCODE=m3a8g7n5e8t8o7electric HTTP/1.1" 301 9098 "-" "Mozilla/5.0 (Linux; Android 6.0.1; Nexus 5X Build/MMB29P) AppleWebKit/537.36 (KHTML, like Gecko) Chrome/153.0.8010.52 Mobile Safari/537.36 (compatible; Googlebot/2.1; +http://www.google.com/bot.html)"
66.249.66.196 - - [25/Sep/2026:04:27:23 +0300] "GET /wp-content/themes/dt-the7-child/style.css?ver=9.14.1 HTTP/1.1" 200 5147 "https://princessmare.com.gr/?sale/search/detail/?ITMCODE=a7u4t2o8m5a3t0i8c4a5l6ly" "Mozilla/5.0 (Linux; Android 6.0.1; Nexus 5X Build/MMB29P) AppleWebKit/537.36 (KHTML, like Gecko) Chrome/153.0.8010.52 Mobile Safari/537.36 (compatible; Googlebot/2.1; +http://www.google.com/bot.html)"
66.249.66.196 - - [25/Sep/2026:04:27:23 +0300] "GET /wp-content/themes/dt-the7-child/style.css?ver=9.14.1 HTTP/1.1" 200 3752 "https://princessmare.com.gr/?sale/search/detail/?ITMCODE=a7u4t2o8m5a3t0i8c4a5l6ly" "Mozilla/5.0 (Linux; Android 6.0.1; Nexus 5X Build/MMB29P) AppleWebKit/537.36 (KHTML, like Gecko) Chrome/153.0.8010.52 Mobile Safari/537.36 (compatible; Googlebot/2.1; +http://www.google.com/bot.html)"
66.249.66.75 - - [25/Sep/2026:04:27:27 +0300] "GET /?sale/search/detail/?ITMCODE=p4a3c0h4a7l2i2c8650 HTTP/1.1" 301 9095 "-" "Mozilla/5.0 (Linux; Android 6.0.1; Nexus 5X Build/MMB29P) AppleWebKit/537.36 (KHTML, like Gecko) Chrome/153.0.8010.52 Mobile Safari/537.36 (compatible; Googlebot/2.1; +http://www.google.com/bot.html)"
66.249.66.75 - - [25/Sep/2026:04:27:27 +0300] "GET /?sale/search/detail/?ITMCODE=a6l9l0i8a8c1e7o6u5s HTTP/1.1" 301 9095 "-" "Mozilla/5.0 (Linux; Android 6.0.1; Nexus 5X Build/MMB29P) AppleWebKit/537.36 (KHTML, like Gecko) Chrome/153.0.8010.52 Mobile Safari/537.36 (compatible; Googlebot/2.1; +http://www.google.com/bot.html)"
66.249.66.203 - - [25/Sep/2026:04:27:28 +0300] "GET /?sale/search/detail/?ITMCODE=a4s2b2e6s6t9i0c481 HTTP/1.1" 301 9094 "-" "Mozilla/5.0 (Linux; Android 6.0.1; Nexus 5X Build/MMB29P) AppleWebKit/537.36 (KHTML, like Gecko) Chrome/153.0.8010.52 Mobile Safari/537.36 (compatible; Googlebot/2.1; +http://www.google.com/bot.html)"
52.167.144.231 - - [25/Sep/2026:04:27:28 +0300] "GET /?sale/search/detail/?ITMCODE=a8u9r3e6a223981 HTTP/1.1" 301 9091 "-" "Mozilla/5.0 AppleWebKit/537.36 (KHTML, like Gecko; compatible; bingbot/2.0; +http://www.bing.com/bingbot.htm) Chrome/116.0.1938.76 Safari/537.36"
52.167.144.231 - - [25/Sep/2026:04:27:29 +0300] "GET /?sale/search/detail/?ITMCODE=c9a3r0d8i3o5v3a0s3c7u1lar HTTP/1.1" 301 9101 "-" "Mozilla/5.0 AppleWebKit/537.36 (KHTML, like Gecko; compatible; bingbot/2.0; +http://www.bing.com/bingbot.htm) Chrome/116.0.1938.76 Safari/537.36"
66.249.66.75 - - [25/Sep/2026:04:27:30 +0300] "GET /?sale/search/detail/?ITMCODE=b5o1s5n9i2a6n74563 HTTP/1.1" 301 9094 "-" "Mozilla/5.0 (Linux; Android 6.0.1; Nexus 5X Build/MMB29P) AppleWebKit/537.36 (KHTML, like Gecko) Chrome/153.0.8010.52 Mobile Safari/537.36 (compatible; Googlebot/2.1; +http://www.google.com/bot.html)"
66.249.66.40 - - [25/Sep/2026:04:27:34 +0300] "GET /wp-content/themes/dt-the7/fonts/FontAwesome/css/all.min.css?ver=9.14.1 HTTP/1.1" 200 5165 "https://princessmare.com.gr/?sale/search/detail/?ITMCODE=i2m2b9r6u4t4e6692" "Mozilla/5.0 (Linux; Android 6.0.1; Nexus 5X Build/MMB29P) AppleWebKit/537.36 (KHTML, like Gecko) Chrome/153.0.8010.52 Mobile Safari/537.36 (compatible; Googlebot/2.1; +http://www.google.com/bot.html)"
66.249.66.40 - - [25/Sep/2026:04:27:34 +0300] "GET /?sale/search/detail/?ITMCODE=c9o2u0v0e9u8s0e2670 HTTP/1.1" 200 30226 "-" "Mozilla/5.0 (Linux; Android 6.0.1; Nexus 5X Build/MMB29P) AppleWebKit/537.36 (KHTML, like Gecko) Chrome/153.0.8010.52 Mobile Safari/537.36 (compatible; Googlebot/2.1; +http://www.google.com/bot.html)"
66.249.66.40 - - [25/Sep/2026:04:27:34 +0300] "GET /wp-content/themes/dt-the7/fonts/FontAwesome/css/all.min.css?ver=9.14.1 HTTP/1.1" 200 12361 "https://princessmare.com.gr/?sale/search/detail/?ITMCODE=i2m2b9r6u4t4e6692" "Mozilla/5.0 (Linux; Android 6.0.1; Nexus 5X Build/MMB29P) AppleWebKit/537.36 (KHTML, like Gecko) Chrome/153.0.8010.52 Mobile Safari/537.36 (compatible; Googlebot/2.1; +http://www.google.com/bot.html)"
66.249.66.75 - - [25/Sep/2026:04:27:35 +0300] "GET /?sale/search/detail/?ITMCODE=s3u1l6k6i8n7e7s9s201 HTTP/1.1" 301 9096 "-" "Mozilla/5.0 (Linux; Android 6.0.1; Nexus 5X Build/MMB29P) AppleWebKit/537.36 (KHTML, like Gecko) Chrome/153.0.8010.52 Mobile Safari/537.36 (compatible; Googlebot/2.1; +http://www.google.com/bot.html)"
40.77.167.26 - - [25/Sep/2026:04:27:35 +0300] "GET /?sale/search/detail/?ITMCODE=s2t3y2l9i3d5i2a6c7e0a1e HTTP/1.1" 200 30229 "-" "Mozilla/5.0 AppleWebKit/537.36 (KHTML, like Gecko; compatible; bingbot/2.0; +http://www.bing.com/bingbot.htm) Chrome/116.0.1938.76 Safari/537.36"
40.77.167.26 - - [25/Sep/2026:04:27:36 +0300] "GET /?sale/search/detail/?ITMCODE=d2e4s0c2e7n7d1a0n0t5s1 HTTP/1.1" 200 30228 "-" "Mozilla/5.0 AppleWebKit/537.36 (KHTML, like Gecko; compatible; bingbot/2.0; +http://www.bing.com/bingbot.htm) Chrome/116.0.1938.76 Safari/537.36"
40.77.167.26 - - [25/Sep/2026:04:27:37 +0300] "GET /?sale/search/detail/?ITMCODE=n2e8w5m9a9r5k1e4t25 HTTP/1.1" 200 30226 "-" "Mozilla/5.0 AppleWebKit/537.36 (KHTML, like Gecko; compatible; bingbot/2.0; +http://www.bing.com/bingbot.htm) Chrome/116.0.1938.76 Safari/537.36"
40.77.167.26 - - [25/Sep/2026:04:27:38 +0300] "GET /?sale/search/detail/?ITMCODE=b0e1d5l3a7m180527 HTTP/1.1" 200 30224 "-" "Mozilla/5.0 AppleWebKit/537.36 (KHTML, like Gecko; compatible; bingbot/2.0; +http://www.bing.com/bingbot.htm) Chrome/116.0.1938.76 Safari/537.36"
40.77.167.26 - - [25/Sep/2026:04:27:38 +0300] "GET /?sale/search/detail/?ITMCODE=c6u3r2l9e2d598133 HTTP/1.1" 200 30224 "-" "Mozilla/5.0 AppleWebKit/537.36 (KHTML, like Gecko; compatible; bingbot/2.0; +http://www.bing.com/bingbot.htm) Chrome/116.0.1938.76 Safari/537.36"
66.249.66.33 - - [25/Sep/2026:04:27:41 +0300] "GET /?sale/search/detail/?ITMCODE=e8n1f3o5l6d3m0e4n0t8 HTTP/1.1" 301 9096 "-" "Mozilla/5.0 (Linux; Android 6.0.1; Nexus 5X Build/MMB29P) AppleWebKit/537.36 (KHTML, like Gecko) Chrome/153.0.8010.52 Mobile Safari/537.36 (compatible; Googlebot/2.1; +http://www.google.com/bot.html)"
66.249.66.40 - - [25/Sep/2026:04:27:44 +0300] "GET /wp-content/themes/dt-the7/css/main.min.css?ver=9.14.1 HTTP/1.1" 200 5148 "https://princessmare.com.gr/?sale/search/detail/?ITMCODE=p4h3i1l2o6m7a9t3h5e4m1atic" "Mozilla/5.0 (Linux; Android 6.0.1; Nexus 5X Build/MMB29P) AppleWebKit/537.36 (KHTML, like Gecko) Chrome/153.0.8010.52 Mobile Safari/537.36 (compatible; Googlebot/2.1; +http://www.google.com/bot.html)"
66.249.66.40 - - [25/Sep/2026:04:27:44 +0300] "GET /wp-content/themes/dt-the7/css/main.min.css?ver=9.14.1 HTTP/1.1" 200 38611 "https://princessmare.com.gr/?sale/search/detail/?ITMCODE=p4h3i1l2o6m7a9t3h5e4m1atic" "Mozilla/5.0 (Linux; Android 6.0.1; Nexus 5X Build/MMB29P) AppleWebKit/537.36 (KHTML, like Gecko) Chrome/153.0.8010.52 Mobile Safari/537.36 (compatible; Googlebot/2.1; +http://www.google.com/bot.html)"
66.249.66.68 - - [25/Sep/2026:04:27:45 +0300] "GET /wp-content/uploads/the7-css/css-vars.css?ver=a11134ae5739 HTTP/1.1" 200 4039 "https://princessmare.com.gr/?sale/search/detail/?ITMCODE=p4h3i1l2o6m7a9t3h5e4m1atic" "Mozilla/5.0 (Linux; Android 6.0.1; Nexus 5X Build/MMB29P) AppleWebKit/537.36 (KHTML, like Gecko) Chrome/153.0.8010.52 Mobile Safari/537.36 (compatible; Googlebot/2.1; +http://www.google.com/bot.html)"
66.249.66.68 - - [25/Sep/2026:04:27:45 +0300] "GET /wp-content/uploads/the7-css/css-vars.css?ver=a11134ae5739 HTTP/1.1" 200 5146 "https://princessmare.com.gr/?sale/search/detail/?ITMCODE=p4h3i1l2o6m7a9t3h5e4m1atic" "Mozilla/5.0 (Linux; Android 6.0.1; Nexus 5X Build/MMB29P) AppleWebKit/537.36 (KHTML, like Gecko) Chrome/153.0.8010.52 Mobile Safari/537.36 (compatible; Googlebot/2.1; +http://www.google.com/bot.html)"
52.167.144.173 - - [25/Sep/2026:04:27:46 +0300] "GET /?sale/search/detail/?ITMCODE=t0r3i3n0o6m7i9n4a1l19 HTTP/1.1" 200 30227 "-" "Mozilla/5.0 AppleWebKit/537.36 (KHTML, like Gecko; compatible; bingbot/2.0; +http://www.bing.com/bingbot.htm) Chrome/116.0.1938.76 Safari/537.36"
66.249.66.75 - - [25/Sep/2026:04:27:46 +0300] "GET /?sale/search/detail/?ITMCODE=s0l2e8e6p8l5e1s9s6n3e2ss HTTP/1.1" 301 9100 "-" "Mozilla/5.0 (Linux; Android 6.0.1; Nexus 5X Build/MMB29P) AppleWebKit/537.36 (KHTML, like Gecko) Chrome/153.0.8010.52 Mobile Safari/537.36 (compatible; Googlebot/2.1; +http://www.google.com/bot.html)"
52.167.144.173 - - [25/Sep/2026:04:27:47 +0300] "GET /?sale/search/detail/?ITMCODE=s0e1m4a9p2h3o3r7i6c3a2lly HTTP/1.1" 200 30231 "-" "Mozilla/5.0 AppleWebKit/537.36 (KHTML, like Gecko; compatible; bingbot/2.0; +http://www.bing.com/bingbot.htm) Chrome/116.0.1938.76 Safari/537.36"
52.167.144.173 - - [25/Sep/2026:04:27:48 +0300] "GET /?sale/search/detail/?ITMCODE=t5e7c4h3n3i0p3h6o5ne HTTP/1.1" 200 30227 "-" "Mozilla/5.0 AppleWebKit/537.36 (KHTML, like Gecko; compatible; bingbot/2.0; +http://www.bing.com/bingbot.htm) Chrome/116.0.1938.76 Safari/537.36"
66.249.66.40 - - [25/Sep/2026:04:27:48 +0300] "GET /?sale/search/detail/?ITMCODE=s5l3e7e4v9i1n4g3947 HTTP/1.1" 200 30226 "-" "Mozilla/5.0 (Linux; Android 6.0.1; Nexus 5X Build/MMB29P) AppleWebKit/537.36 (KHTML, like Gecko) Chrome/153.0.8010.52 Mobile Safari/537.36 (compatible; Googlebot/2.1; +http://www.google.com/bot.html)"
52.167.144.173 - - [25/Sep/2026:04:27:49 +0300] "GET /?sale/search/detail/?ITMCODE=l1a5m6e3s4t73592 HTTP/1.1" 200 30223 "-" "Mozilla/5.0 AppleWebKit/537.36 (KHTML, like Gecko; compatible; bingbot/2.0; +http://www.bing.com/bingbot.htm) Chrome/116.0.1938.76 Safari/537.36"
66.249.66.40 - - [25/Sep/2026:04:27:49 +0300] "GET /?sale/search/detail/?ITMCODE=d1e3g9r0a3d1i3n2g820 HTTP/1.1" 200 30226 "-" "Mozilla/5.0 (Linux; Android 6.0.1; Nexus 5X Build/MMB29P) AppleWebKit/537.36 (KHTML, like Gecko) Chrome/153.0.8010.52 Mobile Safari/537.36 (compatible; Googlebot/2.1; +http://www.google.com/bot.html)"
52.167.144.173 - - [25/Sep/2026:04:27:50 +0300] "GET /?sale/search/detail/?ITMCODE=c4e3r9c0a9r5l8e6365 HTTP/1.1" 200 30226 "-" "Mozilla/5.0 AppleWebKit/537.36 (KHTML, like Gecko; compatible; bingbot/2.0; +http://www.bing.com/bingbot.htm) Chrome/116.0.1938.76 Safari/537.36"
52.167.144.173 - - [25/Sep/2026:04:27:50 +0300] "GET /?sale/search/detail/?ITMCODE=t7h2r6o8w3n845922 HTTP/1.1" 200 30225 "-" "Mozilla/5.0 AppleWebKit/537.36 (KHTML, like Gecko; compatible; bingbot/2.0; +http://www.bing.com/bingbot.htm) Chrome/116.0.1938.76 Safari/537.36"
52.167.144.173 - - [25/Sep/2026:04:27:51 +0300] "GET /?sale/search/detail/?ITMCODE=p7r4e2d9o4m0i6n4a8t4i9ng HTTP/1.1" 200 30230 "-" "Mozilla/5.0 AppleWebKit/537.36 (KHTML, like Gecko; compatible; bingbot/2.0; +http://www.bing.com/bingbot.htm) Chrome/116.0.1938.76 Safari/537.36"
66.249.66.75 - - [25/Sep/2026:04:27:52 +0300] "GET /?sale/search/detail/?ITMCODE=b4u1m6b0l3e5b5e2e831 HTTP/1.1" 301 9096 "-" "Mozilla/5.0 (Linux; Android 6.0.1; Nexus 5X Build/MMB29P) AppleWebKit/537.36 (KHTML, like Gecko) Chrome/153.0.8010.52 Mobile Safari/537.36 (compatible; Googlebot/2.1; +http://www.google.com/bot.html)"
52.167.144.173 - - [25/Sep/2026:04:27:52 +0300] "GET /?sale/search/detail/?ITMCODE=p7a1w6n4b7r4o0k8i3n3g6 HTTP/1.1" 200 30229 "-" "Mozilla/5.0 AppleWebKit/537.36 (KHTML, like Gecko; compatible; bingbot/2.0; +http://www.bing.com/bingbot.htm) Chrome/116.0.1938.76 Safari/537.36"
52.167.144.173 - - [25/Sep/2026:04:27:53 +0300] "GET /?sale/search/detail/?ITMCODE=w0a3r5d2r2o5o0m0070 HTTP/1.1" 200 30226 "-" "Mozilla/5.0 AppleWebKit/537.36 (KHTML, like Gecko; compatible; bingbot/2.0; +http://www.bing.com/bingbot.htm) Chrome/116.0.1938.76 Safari/537.36"
40.77.167.26 - - [25/Sep/2026:04:27:55 +0300] "GET /?sale/search/detail/?ITMCODE=f6u9e9g8i4a2n5215 HTTP/1.1" 200 30224 "-" "Mozilla/5.0 AppleWebKit/537.36 (KHTML, like Gecko; compatible; bingbot/2.0; +http://www.bing.com/bingbot.htm) Chrome/116.0.1938.76 Safari/537.36"
40.77.167.26 - - [25/Sep/2026:04:27:56 +0300] "GET /?sale/search/detail/?ITMCODE=o3s5t6e5o2g2l8o0s7s6um HTTP/1.1" 200 30228 "-" "Mozilla/5.0 AppleWebKit/537.36 (KHTML, like Gecko; compatible; bingbot/2.0; +http://www.bing.com/bingbot.htm) Chrome/116.0.1938.76 Safari/537.36"
40.77.167.26 - - [25/Sep/2026:04:27:57 +0300] "GET /?sale/search/detail/?ITMCODE=t4a3i2l5l0a1g8e4431 HTTP/1.1" 200 30226 "-" "Mozilla/5.0 AppleWebKit/537.36 (KHTML, like Gecko; compatible; bingbot/2.0; +http://www.bing.com/bingbot.htm) Chrome/116.0.1938.76 Safari/537.36"
66.249.66.75 - - [25/Sep/2026:04:27:57 +0300] "GET /?sale/search/detail/?ITMCODE=c6a2r7r0y0763598 HTTP/1.1" 301 9092 "-" "Mozilla/5.0 (Linux; Android 6.0.1; Nexus 5X Build/MMB29P) AppleWebKit/537.36 (KHTML, like Gecko) Chrome/153.0.8010.52 Mobile Safari/537.36 (compatible; Googlebot/2.1; +http://www.google.com/bot.html)"
40.77.167.26 - - [25/Sep/2026:04:27:57 +0300] "GET /?sale/search/detail/?ITMCODE=s1e7e4p8a2g4e8114 HTTP/1.1" 200 30224 "-" "Mozilla/5.0 AppleWebKit/537.36 (KHTML, like Gecko; compatible; bingbot/2.0; +http://www.bing.com/bingbot.htm) Chrome/116.0.1938.76 Safari/537.36"
40.77.167.26 - - [25/Sep/2026:04:27:58 +0300] "GET /?sale/search/detail/?ITMCODE=p1h4i1l4o8h9e9l9l2e5n6ian HTTP/1.1" 200 30231 "-" "Mozilla/5.0 AppleWebKit/537.36 (KHTML, like Gecko; compatible; bingbot/2.0; +http://www.bing.com/bingbot.htm) Chrome/116.0.1938.76 Safari/537.36"
52.167.144.176 - - [25/Sep/2026:04:28:00 +0300] "GET /?sale/search/detail/?ITMCODE=o5c3h0l9o3c7r9a8t8i9c9 HTTP/1.1" 200 30229 "-" "Mozilla/5.0 AppleWebKit/537.36 (KHTML, like Gecko; compatible; bingbot/2.0; +http://www.bing.com/bingbot.htm) Chrome/116.0.1938.76 Safari/537.36"
52.167.144.176 - - [25/Sep/2026:04:28:01 +0300] "GET /?sale/search/detail/?ITMCODE=b3e2m2a6u2l616010 HTTP/1.1" 200 30224 "-" "Mozilla/5.0 AppleWebKit/537.36 (KHTML, like Gecko; compatible; bingbot/2.0; +http://www.bing.com/bingbot.htm) Chrome/116.0.1938.76 Safari/537.36"
66.249.66.41 - - [25/Sep/2026:04:28:02 +0300] "GET /?sale/search/detail/?ITMCODE=c6o5r3s7a1g4e758 HTTP/1.1" 200 30223 "-" "Mozilla/5.0 (Linux; Android 6.0.1; Nexus 5X Build/MMB29P) AppleWebKit/537.36 (KHTML, like Gecko) Chrome/153.0.8010.52 Mobile Safari/537.36 (compatible; Googlebot/2.1; +http://www.google.com/bot.html)"
66.249.66.76 - - [25/Sep/2026:04:28:03 +0300] "GET /?sale/search/detail/?ITMCODE=g1u3l6o0s4i4t2y2140 HTTP/1.1" 301 9095 "-" "Mozilla/5.0 (Linux; Android 6.0.1; Nexus 5X Build/MMB29P) AppleWebKit/537.36 (KHTML, like Gecko) Chrome/153.0.8010.52 Mobile Safari/537.36 (compatible; Googlebot/2.1; +http://www.google.com/bot.html)"
52.167.144.176 - - [25/Sep/2026:04:28:05 +0300] "GET /?sale/search/detail/?ITMCODE=j5a6c7o4b8a8e9a223 HTTP/1.1" 200 30225 "-" "Mozilla/5.0 AppleWebKit/537.36 (KHTML, like Gecko; compatible; bingbot/2.0; +http://www.bing.com/bingbot.htm) Chrome/116.0.1938.76 Safari/537.36"
52.167.144.176 - - [25/Sep/2026:04:28:06 +0300] "GET /?sale/search/detail/?ITMCODE=b1a3n9i6s2h4e1d5735 HTTP/1.1" 200 30226 "-" "Mozilla/5.0 AppleWebKit/537.36 (KHTML, like Gecko; compatible; bingbot/2.0; +http://www.bing.com/bingbot.htm) Chrome/116.0.1938.76 Safari/537.36"
52.167.144.176 - - [25/Sep/2026:04:28:07 +0300] "GET /?sale/search/detail/?ITMCODE=c0o8n2d5u7c2i9b2i7l2ity HTTP/1.1" 200 30229 "-" "Mozilla/5.0 AppleWebKit/537.36 (KHTML, like Gecko; compatible; bingbot/2.0; +http://www.bing.com/bingbot.htm) Chrome/116.0.1938.76 Safari/537.36"
52.167.144.176 - - [25/Sep/2026:04:28:08 +0300] "GET /?sale/search/detail/?ITMCODE=g9a3l0o7c9h4e84028 HTTP/1.1" 200 30225 "-" "Mozilla/5.0 AppleWebKit/537.36 (KHTML, like Gecko; compatible; bingbot/2.0; +http://www.bing.com/bingbot.htm) Chrome/116.0.1938.76 Safari/537.36"
57.141.20.32 - - [25/Sep/2026:04:28:08 +0300] "GET /?sale/search/detail/?ITMCODE=a1c2c3i2p4i3t2e6r571 HTTP/1.1" 200 30226 "-" "Mozilla/5.0 (Macintosh; Intel Mac OS X 10_15_7) AppleWebKit/537.36 (KHTML, like Gecko) Chrome/145.0.0.0 Safari/537.36 (compatible; meta-externalagent/1.1 (+https://developers.facebook.com/docs/sharing/webmasters/crawler))"
66.249.66.75 - - [25/Sep/2026:04:28:09 +0300] "GET /?sale/search/detail/?ITMCODE=a2n9i4t2a6i0r8c0r4a5ft HTTP/1.1" 301 9098 "-" "Mozilla/5.0 (Linux; Android 6.0.1; Nexus 5X Build/MMB29P) AppleWebKit/537.36 (KHTML, like Gecko) Chrome/153.0.8010.52 Mobile Safari/537.36 (compatible; Googlebot/2.1; +http://www.google.com/bot.html)"
52.167.144.176 - - [25/Sep/2026:04:28:08 +0300] "GET /?sale/search/detail/?ITMCODE=l7a3p7j6o9i8n5t8e9d53 HTTP/1.1" 200 30228 "-" "Mozilla/5.0 AppleWebKit/537.36 (KHTML, like Gecko; compatible; bingbot/2.0; +http://www.bing.com/bingbot.htm) Chrome/116.0.1938.76 Safari/537.36"
66.249.66.75 - - [25/Sep/2026:04:28:09 +0300] "GET /?sale/search/detail/?ITMCODE=d7i2a6l6o9g5i1c2a8l70 HTTP/1.1" 301 9097 "-" "Mozilla/5.0 (Linux; Android 6.0.1; Nexus 5X Build/MMB29P) AppleWebKit/537.36 (KHTML, like Gecko) Chrome/153.0.8010.52 Mobile Safari/537.36 (compatible; Googlebot/2.1; +http://www.google.com/bot.html)"
52.167.144.176 - - [25/Sep/2026:04:28:09 +0300] "GET /?sale/search/detail/?ITMCODE=f9e4t2e2d3276305 HTTP/1.1" 200 30223 "-" "Mozilla/5.0 AppleWebKit/537.36 (KHTML, like Gecko; compatible; bingbot/2.0; +http://www.bing.com/bingbot.htm) Chrome/116.0.1938.76 Safari/537.36"
52.167.144.173 - - [25/Sep/2026:04:28:09 +0300] "GET /?sale/search/detail/?ITMCODE=f1o3e3t0i5c2i1d2e983 HTTP/1.1" 200 30226 "-" "Mozilla/5.0 AppleWebKit/537.36 (KHTML, like Gecko; compatible; bingbot/2.0; +http://www.bing.com/bingbot.htm) Chrome/116.0.1938.76 Safari/537.36"
66.249.66.40 - - [25/Sep/2026:04:28:10 +0300] "GET /?sale/search/detail/?ITMCODE=s6u1b3v4e0r3t03211 HTTP/1.1" 200 30225 "-" "Mozilla/5.0 (Linux; Android 6.0.1; Nexus 5X Build/MMB29P) AppleWebKit/537.36 (KHTML, like Gecko) Chrome/153.0.8010.52 Mobile Safari/537.36 (compatible; Googlebot/2.1; +http://www.google.com/bot.html)"
66.249.66.41 - - [25/Sep/2026:04:28:10 +0300] "GET /?sale/search/detail/?ITMCODE=p4o2l6y5g6l3o9t9572 HTTP/1.1" 200 30226 "-" "Mozilla/5.0 (Linux; Android 6.0.1; Nexus 5X Build/MMB29P) AppleWebKit/537.36 (KHTML, like Gecko) Chrome/153.0.8010.52 Mobile Safari/537.36 (compatible; Googlebot/2.1; +http://www.google.com/bot.html)"
52.167.144.176 - - [25/Sep/2026:04:28:10 +0300] "GET /?sale/search/detail/?ITMCODE=p0a1n8d9e5m5o9n6i0u6m1 HTTP/1.1" 200 30229 "-" "Mozilla/5.0 AppleWebKit/537.36 (KHTML, like Gecko; compatible; bingbot/2.0; +http://www.bing.com/bingbot.htm) Chrome/116.0.1938.76 Safari/537.36"
57.141.20.59 - - [25/Sep/2026:04:28:11 +0300] "GET /?sale/search/detail/?ITMCODE=e1p2i8t6r2o3c6h9o0i2d HTTP/1.1" 200 30227 "-" "Mozilla/5.0 (Windows NT 10.0; Win64; x64) AppleWebKit/537.36 (KHTML, like Gecko) Chrome/145.0.0.0 Safari/537.36 (compatible; meta-externalagent/1.1 (+https://developers.facebook.com/docs/sharing/webmasters/crawler))"
52.167.144.176 - - [25/Sep/2026:04:28:11 +0300] "GET /?sale/search/detail/?ITMCODE=a7s2t3o9u6n6d9i0n2g4l0y HTTP/1.1" 200 30229 "-" "Mozilla/5.0 AppleWebKit/537.36 (KHTML, like Gecko; compatible; bingbot/2.0; +http://www.bing.com/bingbot.htm) Chrome/116.0.1938.76 Safari/537.36"
57.141.20.0 - - [25/Sep/2026:04:28:12 +0300] "GET /?sale/search/detail/?ITMCODE=t1w6o6s3t8e2p1976 HTTP/1.1" 200 30224 "-" "Mozilla/5.0 (Windows NT 10.0; Win64; x64) AppleWebKit/537.36 (KHTML, like Gecko) Chrome/145.0.0.0 Safari/537.36 (compatible; meta-externalagent/1.1 (+https://developers.facebook.com/docs/sharing/webmasters/crawler))"
52.167.144.176 - - [25/Sep/2026:04:28:12 +0300] "GET /?sale/search/detail/?ITMCODE=t6y1p0i5f2y6i0n5g920 HTTP/1.1" 200 30227 "-" "Mozilla/5.0 AppleWebKit/537.36 (KHTML, like Gecko; compatible; bingbot/2.0; +http://www.bing.com/bingbot.htm) Chrome/116.0.1938.76 Safari/537.36"
