40.77.167.224 - - [25/Sep/2026:05:20:34 +0300] "GET /?sale/search/detail/?ITMCODE=c4h3r9o0n4o5g3r4a9p9h1ic HTTP/1.1" 200 30230 "-" "Mozilla/5.0 AppleWebKit/537.36 (KHTML, like Gecko; compatible; bingbot/2.0; +http://www.bing.com/bingbot.htm) Chrome/116.0.1938.76 Safari/537.36"
66.249.66.75 - - [25/Sep/2026:05:20:36 +0300] "GET /?sale/search/detail/?ITMCODE=c3o3d7d0l4e6d33503 HTTP/1.1" 301 9094 "-" "Mozilla/5.0 (Linux; Android 6.0.1; Nexus 5X Build/MMB29P) AppleWebKit/537.36 (KHTML, like Gecko) Chrome/153.0.8010.52 Mobile Safari/537.36 (compatible; Googlebot/2.1; +http://www.google.com/bot.html)"
40.77.167.224 - - [25/Sep/2026:05:20:36 +0300] "GET /?sale/search/detail/?ITMCODE=c0e1r5e9b7e1l6l3u6m9s HTTP/1.1" 200 30227 "-" "Mozilla/5.0 AppleWebKit/537.36 (KHTML, like Gecko; compatible; bingbot/2.0; +http://www.bing.com/bingbot.htm) Chrome/116.0.1938.76 Safari/537.36"
52.167.144.23 - - [25/Sep/2026:05:20:38 +0300] "GET /?sale/search/detail/?ITMCODE=k7n1a5c8k3k8n8e3e2d HTTP/1.1" 200 30227 "-" "Mozilla/5.0 AppleWebKit/537.36 (KHTML, like Gecko; compatible; bingbot/2.0; +http://www.bing.com/bingbot.htm) Chrome/116.0.1938.76 Safari/537.36"
52.167.144.23 - - [25/Sep/2026:05:20:40 +0300] "GET /?sale/search/detail/?ITMCODE=c8r3o4s6s5q7u0e6s1t9i2oning HTTP/1.1" 200 30233 "-" "Mozilla/5.0 AppleWebKit/537.36 (KHTML, like Gecko; compatible; bingbot/2.0; +http://www.bing.com/bingbot.htm) Chrome/116.0.1938.76 Safari/537.36"
66.249.66.75 - - [25/Sep/2026:05:20:40 +0300] "GET /?sale/search/detail/?ITMCODE=e7x2u7b0e7r5a2n2c9y4 HTTP/1.1" 301 9096 "-" "Mozilla/5.0 (Linux; Android 6.0.1; Nexus 5X Build/MMB29P) AppleWebKit/537.36 (KHTML, like Gecko) Chrome/153.0.8010.52 Mobile Safari/537.36 (compatible; Googlebot/2.1; +http://www.google.com/bot.html)"
52.167.144.23 - - [25/Sep/2026:05:20:40 +0300] "GET /?sale/search/detail/?ITMCODE=d8i2s7i6m7p3a3s3s2i1o9ned HTTP/1.1" 200 30230 "-" "Mozilla/5.0 AppleWebKit/537.36 (KHTML, like Gecko; compatible; bingbot/2.0; +http://www.bing.com/bingbot.htm) Chrome/116.0.1938.76 Safari/537.36"
66.249.66.75 - - [25/Sep/2026:05:20:41 +0300] "GET /?sale/search/detail/?ITMCODE=s5c8e3l1e2r9a6t1u8s0 HTTP/1.1" 301 9096 "-" "Mozilla/5.0 (Linux; Android 6.0.1; Nexus 5X Build/MMB29P) AppleWebKit/537.36 (KHTML, like Gecko) Chrome/153.0.8010.52 Mobile Safari/537.36 (compatible; Googlebot/2.1; +http://www.google.com/bot.html)"
52.167.144.23 - - [25/Sep/2026:05:20:41 +0300] "GET /?sale/search/detail/?ITMCODE=b5o2d3y7b8u5i1l6d5i6ng HTTP/1.1" 200 30229 "-" "Mozilla/5.0 AppleWebKit/537.36 (KHTML, like Gecko; compatible; bingbot/2.0; +http://www.bing.com/bingbot.htm) Chrome/116.0.1938.76 Safari/537.36"
52.167.144.232 - - [25/Sep/2026:05:20:44 +0300] "GET /?sale/search/detail/?ITMCODE=d6e4l0i3v7e6r8a0n6c9e7 HTTP/1.1" 200 30229 "-" "Mozilla/5.0 AppleWebKit/537.36 (KHTML, like Gecko; compatible; bingbot/2.0; +http://www.bing.com/bingbot.htm) Chrome/116.0.1938.76 Safari/537.36"
52.167.144.232 - - [25/Sep/2026:05:20:45 +0300] "GET /?sale/search/detail/?ITMCODE=a3n5t2i6b2i8o7t4i1c7 HTTP/1.1" 200 30226 "-" "Mozilla/5.0 AppleWebKit/537.36 (KHTML, like Gecko; compatible; bingbot/2.0; +http://www.bing.com/bingbot.htm) Chrome/116.0.1938.76 Safari/537.36"
52.167.144.232 - - [25/Sep/2026:05:20:46 +0300] "GET /?sale/search/detail/?ITMCODE=c0o9n1c5e3i7v5a5b0l5y HTTP/1.1" 200 30228 "-" "Mozilla/5.0 AppleWebKit/537.36 (KHTML, like Gecko; compatible; bingbot/2.0; +http://www.bing.com/bingbot.htm) Chrome/116.0.1938.76 Safari/537.36"
66.249.66.75 - - [25/Sep/2026:05:20:46 +0300] "GET /shopdetail/signal/003000635 HTTP/1.1" 301 9121 "-" "Mozilla/5.0 (Linux; Android 6.0.1; Nexus 5X Build/MMB29P) AppleWebKit/537.36 (KHTML, like Gecko) Chrome/153.0.8010.52 Mobile Safari/537.36 (compatible; Googlebot/2.1; +http://www.google.com/bot.html)"
66.249.66.75 - - [25/Sep/2026:05:20:47 +0300] "GET /?sale/search/detail/?ITMCODE=o1v2e3r8t4e6d1i5o2u5s HTTP/1.1" 301 9097 "-" "Mozilla/5.0 (Linux; Android 6.0.1; Nexus 5X Build/MMB29P) AppleWebKit/537.36 (KHTML, like Gecko) Chrome/153.0.8010.52 Mobile Safari/537.36 (compatible; Googlebot/2.1; +http://www.google.com/bot.html)"
52.167.144.232 - - [25/Sep/2026:05:20:47 +0300] "GET /?sale/search/detail/?ITMCODE=i7m4p0a1v6i3d51938 HTTP/1.1" 200 30225 "-" "Mozilla/5.0 AppleWebKit/537.36 (KHTML, like Gecko; compatible; bingbot/2.0; +http://www.bing.com/bingbot.htm) Chrome/116.0.1938.76 Safari/537.36"
66.249.66.32 - - [25/Sep/2026:05:20:47 +0300] "GET /?sale/search/detail/?ITMCODE=a3l1t2e0r0i6n7g8811 HTTP/1.1" 200 30226 "-" "Mozilla/5.0 (Linux; Android 6.0.1; Nexus 5X Build/MMB29P) AppleWebKit/537.36 (KHTML, like Gecko) Chrome/153.0.8010.52 Mobile Safari/537.36 (compatible; Googlebot/2.1; +http://www.google.com/bot.html)"
52.167.144.232 - - [25/Sep/2026:05:20:48 +0300] "GET /?sale/search/detail/?ITMCODE=p4s3e3u1d8o1s6t2o2m7a6ta HTTP/1.1" 200 30230 "-" "Mozilla/5.0 AppleWebKit/537.36 (KHTML, like Gecko; compatible; bingbot/2.0; +http://www.bing.com/bingbot.htm) Chrome/116.0.1938.76 Safari/537.36"
40.77.167.224 - - [25/Sep/2026:05:20:50 +0300] "GET /?sale/search/detail/?ITMCODE=i9n4s3i7n1u8a5t2o4r6y HTTP/1.1" 200 30228 "-" "Mozilla/5.0 AppleWebKit/537.36 (KHTML, like Gecko; compatible; bingbot/2.0; +http://www.bing.com/bingbot.htm) Chrome/116.0.1938.76 Safari/537.36"
66.249.66.32 - - [25/Sep/2026:05:20:52 +0300] "GET /wp-content/plugins/revslider/public/assets/js/rbtools.min.js?ver=6.5.3 HTTP/1.1" 200 5180 "https://princessmare.com.gr/?sale/search/detail/?ITMCODE=a3l1t2e0r0i6n7g8811" "Mozilla/5.0 (Linux; Android 6.0.1; Nexus 5X Build/MMB29P) AppleWebKit/537.36 (KHTML, like Gecko) Chrome/153.0.8010.52 Mobile Safari/537.36 (compatible; Googlebot/2.1; +http://www.google.com/bot.html)"
40.77.167.224 - - [25/Sep/2026:05:20:51 +0300] "GET /?sale/search/detail/?ITMCODE=s1n4a0p1h8e2a6d8781 HTTP/1.1" 200 30226 "-" "Mozilla/5.0 AppleWebKit/537.36 (KHTML, like Gecko; compatible; bingbot/2.0; +http://www.bing.com/bingbot.htm) Chrome/116.0.1938.76 Safari/537.36"
66.249.66.75 - - [25/Sep/2026:05:20:52 +0300] "GET /?p=064000755 HTTP/1.1" 301 9106 "-" "Mozilla/5.0 (Linux; Android 6.0.1; Nexus 5X Build/MMB29P) AppleWebKit/537.36 (KHTML, like Gecko) Chrome/153.0.8010.52 Mobile Safari/537.36 (compatible; Googlebot/2.1; +http://www.google.com/bot.html)"
40.77.167.224 - - [25/Sep/2026:05:20:52 +0300] "GET /?sale/search/detail/?ITMCODE=p8i2s6t8i1l6l9o6d7y72 HTTP/1.1" 200 30228 "-" "Mozilla/5.0 AppleWebKit/537.36 (KHTML, like Gecko; compatible; bingbot/2.0; +http://www.bing.com/bingbot.htm) Chrome/116.0.1938.76 Safari/537.36"
66.249.66.32 - - [25/Sep/2026:05:20:52 +0300] "GET /wp-content/plugins/revslider/public/assets/js/rbtools.min.js?ver=6.5.3 HTTP/1.1" 200 45294 "https://princessmare.com.gr/?sale/search/detail/?ITMCODE=a3l1t2e0r0i6n7g8811" "Mozilla/5.0 (Linux; Android 6.0.1; Nexus 5X Build/MMB29P) AppleWebKit/537.36 (KHTML, like Gecko) Chrome/153.0.8010.52 Mobile Safari/537.36 (compatible; Googlebot/2.1; +http://www.google.com/bot.html)"
66.249.66.75 - - [25/Sep/2026:05:20:53 +0300] "GET /?sale/search/detail/?ITMCODE=p0o2u8n8d7c1a7k7e335 HTTP/1.1" 301 9096 "-" "Mozilla/5.0 (Linux; Android 6.0.1; Nexus 5X Build/MMB29P) AppleWebKit/537.36 (KHTML, like Gecko) Chrome/153.0.8010.52 Mobile Safari/537.36 (compatible; Googlebot/2.1; +http://www.google.com/bot.html)"
40.77.167.224 - - [25/Sep/2026:05:20:53 +0300] "GET /?sale/search/detail/?ITMCODE=e0y1e8w0a8t9e1r8289 HTTP/1.1" 200 30225 "-" "Mozilla/5.0 AppleWebKit/537.36 (KHTML, like Gecko; compatible; bingbot/2.0; +http://www.bing.com/bingbot.htm) Chrome/116.0.1938.76 Safari/537.36"
66.249.66.75 - - [25/Sep/2026:05:20:53 +0300] "GET /?sale/search/detail/?ITMCODE=a6i2r5d0o3c1k15388 HTTP/1.1" 301 9094 "-" "Mozilla/5.0 (Linux; Android 6.0.1; Nexus 5X Build/MMB29P) AppleWebKit/537.36 (KHTML, like Gecko) Chrome/153.0.8010.52 Mobile Safari/537.36 (compatible; Googlebot/2.1; +http://www.google.com/bot.html)"
40.77.167.224 - - [25/Sep/2026:05:20:54 +0300] "GET /?sale/search/detail/?ITMCODE=a6n3t0i1q6u5i6t4y818 HTTP/1.1" 200 30228 "-" "Mozilla/5.0 AppleWebKit/537.36 (KHTML, like Gecko; compatible; bingbot/2.0; +http://www.bing.com/bingbot.htm) Chrome/116.0.1938.76 Safari/537.36"
66.249.66.75 - - [25/Sep/2026:05:20:55 +0300] "GET /shopdetail/Dutch/011000299 HTTP/1.1" 301 9120 "-" "Mozilla/5.0 (Linux; Android 6.0.1; Nexus 5X Build/MMB29P) AppleWebKit/537.36 (KHTML, like Gecko) Chrome/153.0.8010.52 Mobile Safari/537.36 (compatible; Googlebot/2.1; +http://www.google.com/bot.html)"
57.141.20.20 - - [25/Sep/2026:05:20:56 +0300] "GET /?sale/search/detail/?ITMCODE=m1u1n6c7h5a4u4s5e8n8i3sm HTTP/1.1" 200 30231 "-" "Mozilla/5.0 (Windows NT 10.0; Win64; x64) AppleWebKit/537.36 (KHTML, like Gecko) Chrome/145.0.0.0 Safari/537.36 (compatible; meta-externalagent/1.1 (+https://developers.facebook.com/docs/sharing/webmasters/crawler))"
52.167.144.23 - - [25/Sep/2026:05:20:57 +0300] "GET /?sale/search/detail/?ITMCODE=d3e4s3p0o7t3a1t76 HTTP/1.1" 200 30224 "-" "Mozilla/5.0 AppleWebKit/537.36 (KHTML, like Gecko; compatible; bingbot/2.0; +http://www.bing.com/bingbot.htm) Chrome/116.0.1938.76 Safari/537.36"
66.249.66.75 - - [25/Sep/2026:05:20:58 +0300] "GET /?o=086000523 HTTP/1.1" 301 9059 "-" "Mozilla/5.0 (Linux; Android 6.0.1; Nexus 5X Build/MMB29P) AppleWebKit/537.36 (KHTML, like Gecko) Chrome/153.0.8010.52 Mobile Safari/537.36 (compatible; Googlebot/2.1; +http://www.google.com/bot.html)"
114.119.131.88 - - [25/Sep/2026:05:20:58 +0300] "GET /shopdetail/earthquake/067002145 HTTP/1.1" 404 64763 "https://princessmare.com.gr/goods.php?sitemap633.xml" "Mozilla/5.0 (Linux; Android 7.0;) AppleWebKit/537.36 (HTML, like Gecko) Mobile Safari/537.36 (compatible; PetalBot;+https://webmaster.petalsearch.com/site/petalbot)"
52.167.144.23 - - [25/Sep/2026:05:20:59 +0300] "GET /?sale/search/detail/?ITMCODE=p3s7e4u6d7o1t7u3r9b2inal HTTP/1.1" 200 30230 "-" "Mozilla/5.0 AppleWebKit/537.36 (KHTML, like Gecko; compatible; bingbot/2.0; +http://www.bing.com/bingbot.htm) Chrome/116.0.1938.76 Safari/537.36"
40.77.167.224 - - [25/Sep/2026:05:21:00 +0300] "GET /?sale/search/detail/?ITMCODE=r0e1c4o4r5d1a4t4i0o8n1 HTTP/1.1" 200 30228 "-" "Mozilla/5.0 AppleWebKit/537.36 (KHTML, like Gecko; compatible; bingbot/2.0; +http://www.bing.com/bingbot.htm) Chrome/116.0.1938.76 Safari/537.36"
66.249.66.75 - - [25/Sep/2026:05:21:01 +0300] "GET /?z=071003566 HTTP/1.1" 301 9059 "-" "Mozilla/5.0 (Linux; Android 6.0.1; Nexus 5X Build/MMB29P) AppleWebKit/537.36 (KHTML, like Gecko) Chrome/153.0.8010.52 Mobile Safari/537.36 (compatible; Googlebot/2.1; +http://www.google.com/bot.html)"
66.249.66.32 - - [25/Sep/2026:05:21:01 +0300] "GET /?sale/search/detail/?ITMCODE=t9h2e9a1r6c5h3y1125 HTTP/1.1" 200 30226 "-" "Mozilla/5.0 (Linux; Android 6.0.1; Nexus 5X Build/MMB29P) AppleWebKit/537.36 (KHTML, like Gecko) Chrome/153.0.8010.52 Mobile Safari/537.36 (compatible; Googlebot/2.1; +http://www.google.com/bot.html)"
52.167.144.232 - - [25/Sep/2026:05:21:02 +0300] "GET /?sale/search/detail/?ITMCODE=l9e3p5t4o8c3a2r7p9u7m0 HTTP/1.1" 200 30229 "-" "Mozilla/5.0 AppleWebKit/537.36 (KHTML, like Gecko; compatible; bingbot/2.0; +http://www.bing.com/bingbot.htm) Chrome/116.0.1938.76 Safari/537.36"
66.249.66.75 - - [25/Sep/2026:05:21:03 +0300] "GET /shopdetail/greatly/066000640 HTTP/1.1" 301 9122 "-" "Mozilla/5.0 (Linux; Android 6.0.1; Nexus 5X Build/MMB29P) AppleWebKit/537.36 (KHTML, like Gecko) Chrome/153.0.8010.52 Mobile Safari/537.36 (compatible; Googlebot/2.1; +http://www.google.com/bot.html)"
52.167.144.232 - - [25/Sep/2026:05:21:03 +0300] "GET /?sale/search/detail/?ITMCODE=u0v1a6t5e4755341 HTTP/1.1" 200 30224 "-" "Mozilla/5.0 AppleWebKit/537.36 (KHTML, like Gecko; compatible; bingbot/2.0; +http://www.bing.com/bingbot.htm) Chrome/116.0.1938.76 Safari/537.36"
52.167.144.232 - - [25/Sep/2026:05:21:04 +0300] "GET /?sale/search/detail/?ITMCODE=c8u3b3e9b5a923011 HTTP/1.1" 200 30224 "-" "Mozilla/5.0 AppleWebKit/537.36 (KHTML, like Gecko; compatible; bingbot/2.0; +http://www.bing.com/bingbot.htm) Chrome/116.0.1938.76 Safari/537.36"
52.167.144.232 - - [25/Sep/2026:05:21:05 +0300] "GET /?sale/search/detail/?ITMCODE=c9r7e9e5p6t1r1e2e30 HTTP/1.1" 200 30225 "-" "Mozilla/5.0 AppleWebKit/537.36 (KHTML, like Gecko; compatible; bingbot/2.0; +http://www.bing.com/bingbot.htm) Chrome/116.0.1938.76 Safari/537.36"
66.249.66.75 - - [25/Sep/2026:05:21:06 +0300] "GET /shopdetail/object/022000384 HTTP/1.1" 301 9121 "-" "Mozilla/5.0 (Linux; Android 6.0.1; Nexus 5X Build/MMB29P) AppleWebKit/537.36 (KHTML, like Gecko) Chrome/153.0.8010.52 Mobile Safari/537.36 (compatible; Googlebot/2.1; +http://www.google.com/bot.html)"
52.167.144.23 - - [25/Sep/2026:05:21:07 +0300] "GET /?sale/search/detail/?ITMCODE=c9r4a1w8l1e5d94036 HTTP/1.1" 200 30225 "-" "Mozilla/5.0 AppleWebKit/537.36 (KHTML, like Gecko; compatible; bingbot/2.0; +http://www.bing.com/bingbot.htm) Chrome/116.0.1938.76 Safari/537.36"
52.167.144.23 - - [25/Sep/2026:05:21:08 +0300] "GET /?sale/search/detail/?ITMCODE=m6e8g8a9r9h9y3n9c6h7os HTTP/1.1" 200 30229 "-" "Mozilla/5.0 AppleWebKit/537.36 (KHTML, like Gecko; compatible; bingbot/2.0; +http://www.bing.com/bingbot.htm) Chrome/116.0.1938.76 Safari/537.36"
52.167.144.23 - - [25/Sep/2026:05:21:09 +0300] "GET /?sale/search/detail/?ITMCODE=i5m2p8r9o0s3p9e9r8o2u8s HTTP/1.1" 200 30229 "-" "Mozilla/5.0 AppleWebKit/537.36 (KHTML, like Gecko; compatible; bingbot/2.0; +http://www.bing.com/bingbot.htm) Chrome/116.0.1938.76 Safari/537.36"
66.249.66.75 - - [25/Sep/2026:05:21:09 +0300] "GET /?sale/search/detail/?ITMCODE=c5i3n8a7e4940090 HTTP/1.1" 301 9092 "-" "Mozilla/5.0 (Linux; Android 6.0.1; Nexus 5X Build/MMB29P) AppleWebKit/537.36 (KHTML, like Gecko) Chrome/153.0.8010.52 Mobile Safari/537.36 (compatible; Googlebot/2.1; +http://www.google.com/bot.html)"
40.77.167.224 - - [25/Sep/2026:05:21:11 +0300] "GET /?sale/search/detail/?ITMCODE=e2u5p9h8o1r4r6i4u8m HTTP/1.1" 200 30226 "-" "Mozilla/5.0 AppleWebKit/537.36 (KHTML, like Gecko; compatible; bingbot/2.0; +http://www.bing.com/bingbot.htm) Chrome/116.0.1938.76 Safari/537.36"
40.77.167.224 - - [25/Sep/2026:05:21:12 +0300] "GET /?sale/search/detail/?ITMCODE=t2r1i9t6e4l4y26355 HTTP/1.1" 200 30225 "-" "Mozilla/5.0 AppleWebKit/537.36 (KHTML, like Gecko; compatible; bingbot/2.0; +http://www.bing.com/bingbot.htm) Chrome/116.0.1938.76 Safari/537.36"
40.77.167.224 - - [25/Sep/2026:05:21:13 +0300] "GET /?sale/search/detail/?ITMCODE=c1l7a0m1m0i8n8e5s0s0 HTTP/1.1" 200 30227 "-" "Mozilla/5.0 AppleWebKit/537.36 (KHTML, like Gecko; compatible; bingbot/2.0; +http://www.bing.com/bingbot.htm) Chrome/116.0.1938.76 Safari/537.36"
66.249.66.75 - - [25/Sep/2026:05:21:14 +0300] "GET /?sale/search/detail/?ITMCODE=c2a3l7c4u4l5e0066 HTTP/1.1" 301 9093 "-" "Mozilla/5.0 (Linux; Android 6.0.1; Nexus 5X Build/MMB29P) AppleWebKit/537.36 (KHTML, like Gecko) Chrome/153.0.8010.52 Mobile Safari/537.36 (compatible; Googlebot/2.1; +http://www.google.com/bot.html)"
40.77.167.224 - - [25/Sep/2026:05:21:14 +0300] "GET /?sale/search/detail/?ITMCODE=c2y1c8l9o3i6d7e6i50 HTTP/1.1" 200 30226 "-" "Mozilla/5.0 AppleWebKit/537.36 (KHTML, like Gecko; compatible; bingbot/2.0; +http://www.bing.com/bingbot.htm) Chrome/116.0.1938.76 Safari/537.36"
66.249.66.32 - - [25/Sep/2026:05:21:14 +0300] "GET /?sale/search/detail/?ITMCODE=l9a1b0o2r3s3o6m6e375 HTTP/1.1" 200 30226 "-" "Mozilla/5.0 (Linux; Android 6.0.1; Nexus 5X Build/MMB29P) AppleWebKit/537.36 (KHTML, like Gecko) Chrome/153.0.8010.52 Mobile Safari/537.36 (compatible; Googlebot/2.1; +http://www.google.com/bot.html)"
40.77.167.224 - - [25/Sep/2026:05:21:15 +0300] "GET /?sale/search/detail/?ITMCODE=v3e2x7i6l6l4a2r9950 HTTP/1.1" 200 30226 "-" "Mozilla/5.0 AppleWebKit/537.36 (KHTML, like Gecko; compatible; bingbot/2.0; +http://www.bing.com/bingbot.htm) Chrome/116.0.1938.76 Safari/537.36"
66.249.66.75 - - [25/Sep/2026:05:21:18 +0300] "GET /?sale/search/detail/?ITMCODE=i7m3p9e8r5i7l64044 HTTP/1.1" 301 9094 "-" "Mozilla/5.0 (Linux; Android 6.0.1; Nexus 5X Build/MMB29P) AppleWebKit/537.36 (KHTML, like Gecko) Chrome/153.0.8010.52 Mobile Safari/537.36 (compatible; Googlebot/2.1; +http://www.google.com/bot.html)"
52.167.144.232 - - [25/Sep/2026:05:21:20 +0300] "GET /?sale/search/detail/?ITMCODE=p6o9l7y2g6o6n5u6m77 HTTP/1.1" 200 30226 "-" "Mozilla/5.0 AppleWebKit/537.36 (KHTML, like Gecko; compatible; bingbot/2.0; +http://www.bing.com/bingbot.htm) Chrome/116.0.1938.76 Safari/537.36"
52.167.144.232 - - [25/Sep/2026:05:21:20 +0300] "GET /?sale/search/detail/?ITMCODE=c4o1n1t4r5a5f8i2s2s0u5re HTTP/1.1" 200 30230 "-" "Mozilla/5.0 AppleWebKit/537.36 (KHTML, like Gecko; compatible; bingbot/2.0; +http://www.bing.com/bingbot.htm) Chrome/116.0.1938.76 Safari/537.36"
66.249.66.75 - - [25/Sep/2026:05:21:21 +0300] "GET /?sale/search/detail/?ITMCODE=f1l2a4m2e7p3r9o3o0f20 HTTP/1.1" 301 9097 "-" "Mozilla/5.0 (Linux; Android 6.0.1; Nexus 5X Build/MMB29P) AppleWebKit/537.36 (KHTML, like Gecko) Chrome/153.0.8010.52 Mobile Safari/537.36 (compatible; Googlebot/2.1; +http://www.google.com/bot.html)"
52.167.144.232 - - [25/Sep/2026:05:21:22 +0300] "GET /?sale/search/detail/?ITMCODE=c0u3l9p5a7b3l2y5373 HTTP/1.1" 200 30226 "-" "Mozilla/5.0 AppleWebKit/537.36 (KHTML, like Gecko; compatible; bingbot/2.0; +http://www.bing.com/bingbot.htm) Chrome/116.0.1938.76 Safari/537.36"
40.77.167.224 - - [25/Sep/2026:05:21:25 +0300] "GET /?sale/search/detail/?ITMCODE=e7u1c1l5i8d0i4a1n155 HTTP/1.1" 200 30226 "-" "Mozilla/5.0 AppleWebKit/537.36 (KHTML, like Gecko; compatible; bingbot/2.0; +http://www.bing.com/bingbot.htm) Chrome/116.0.1938.76 Safari/537.36"
66.249.66.75 - - [25/Sep/2026:05:21:25 +0300] "GET /?sale/search/detail/?ITMCODE=t7r1i0u4m7p9h0a9n5t8 HTTP/1.1" 301 9096 "-" "Mozilla/5.0 (Linux; Android 6.0.1; Nexus 5X Build/MMB29P) AppleWebKit/537.36 (KHTML, like Gecko) Chrome/153.0.8010.52 Mobile Safari/537.36 (compatible; Googlebot/2.1; +http://www.google.com/bot.html)"
40.77.167.224 - - [25/Sep/2026:05:21:25 +0300] "GET /?sale/search/detail/?ITMCODE=w0o3r3d9i1s1h3n6e0s6s2 HTTP/1.1" 200 30228 "-" "Mozilla/5.0 AppleWebKit/537.36 (KHTML, like Gecko; compatible; bingbot/2.0; +http://www.bing.com/bingbot.htm) Chrome/116.0.1938.76 Safari/537.36"
40.77.167.224 - - [25/Sep/2026:05:21:27 +0300] "GET /?sale/search/detail/?ITMCODE=e7n2a0m1o5r1e3d0503 HTTP/1.1" 200 30226 "-" "Mozilla/5.0 AppleWebKit/537.36 (KHTML, like Gecko; compatible; bingbot/2.0; +http://www.bing.com/bingbot.htm) Chrome/116.0.1938.76 Safari/537.36"
40.77.167.224 - - [25/Sep/2026:05:21:27 +0300] "GET /?sale/search/detail/?ITMCODE=w8e2a0k7l8i2e5r2809 HTTP/1.1" 200 30226 "-" "Mozilla/5.0 AppleWebKit/537.36 (KHTML, like Gecko; compatible; bingbot/2.0; +http://www.bing.com/bingbot.htm) Chrome/116.0.1938.76 Safari/537.36"
66.249.66.75 - - [25/Sep/2026:05:21:28 +0300] "GET /?sale/search/detail/?ITMCODE=o6b3s6o6l4e5u0s1543 HTTP/1.1" 301 9095 "-" "Mozilla/5.0 (Linux; Android 6.0.1; Nexus 5X Build/MMB29P) AppleWebKit/537.36 (KHTML, like Gecko) Chrome/153.0.8010.52 Mobile Safari/537.36 (compatible; Googlebot/2.1; +http://www.google.com/bot.html)"
66.249.66.32 - - [25/Sep/2026:05:21:28 +0300] "GET /?sale/search/detail/?ITMCODE=i9l2l5u3s0t6r1a7t9o4r1y HTTP/1.1" 200 30229 "-" "Mozilla/5.0 (Linux; Android 6.0.1; Nexus 5X Build/MMB29P) AppleWebKit/537.36 (KHTML, like Gecko) Chrome/153.0.8010.52 Mobile Safari/537.36 (compatible; Googlebot/2.1; +http://www.google.com/bot.html)"
40.77.167.224 - - [25/Sep/2026:05:21:28 +0300] "GET /?sale/search/detail/?ITMCODE=b5r2i1s1t8l3e4p6o4i9n1ted HTTP/1.1" 200 30230 "-" "Mozilla/5.0 AppleWebKit/537.36 (KHTML, like Gecko; compatible; bingbot/2.0; +http://www.bing.com/bingbot.htm) Chrome/116.0.1938.76 Safari/537.36"
40.77.167.224 - - [25/Sep/2026:05:21:28 +0300] "GET /?sale/search/detail/?ITMCODE=c2o1u5n9t7r7y4w5o0m7e5n HTTP/1.1" 200 30230 "-" "Mozilla/5.0 AppleWebKit/537.36 (KHTML, like Gecko; compatible; bingbot/2.0; +http://www.bing.com/bingbot.htm) Chrome/116.0.1938.76 Safari/537.36"
52.167.144.23 - - [25/Sep/2026:05:21:29 +0300] "GET /?sale/search/detail/?ITMCODE=j0u2g4e8m5e4n0t350 HTTP/1.1" 200 30226 "-" "Mozilla/5.0 AppleWebKit/537.36 (KHTML, like Gecko; compatible; bingbot/2.0; +http://www.bing.com/bingbot.htm) Chrome/116.0.1938.76 Safari/537.36"
52.167.144.23 - - [25/Sep/2026:05:21:30 +0300] "GET /?sale/search/detail/?ITMCODE=s6t2y9l7o6g6r7a9p7h3y2 HTTP/1.1" 200 30229 "-" "Mozilla/5.0 AppleWebKit/537.36 (KHTML, like Gecko; compatible; bingbot/2.0; +http://www.bing.com/bingbot.htm) Chrome/116.0.1938.76 Safari/537.36"
52.167.144.23 - - [25/Sep/2026:05:21:31 +0300] "GET /?sale/search/detail/?ITMCODE=l1e3v8e6c6h6e98343 HTTP/1.1" 200 30226 "-" "Mozilla/5.0 AppleWebKit/537.36 (KHTML, like Gecko; compatible; bingbot/2.0; +http://www.bing.com/bingbot.htm) Chrome/116.0.1938.76 Safari/537.36"
66.249.66.75 - - [25/Sep/2026:05:21:31 +0300] "GET /?sale/search/detail/?ITMCODE=s2p2o0n0g3o7i5d5288 HTTP/1.1" 301 9095 "-" "Mozilla/5.0 (Linux; Android 6.0.1; Nexus 5X Build/MMB29P) AppleWebKit/537.36 (KHTML, like Gecko) Chrome/153.0.8010.52 Mobile Safari/537.36 (compatible; Googlebot/2.1; +http://www.google.com/bot.html)"
66.249.66.32 - - [25/Sep/2026:05:21:31 +0300] "GET /?sale/search/detail/?ITMCODE=i9r3r4e2c8o8n9c8i3l8a4bleness HTTP/1.1" 200 30233 "-" "Mozilla/5.0 (Linux; Android 6.0.1; Nexus 5X Build/MMB29P) AppleWebKit/537.36 (KHTML, like Gecko) Chrome/153.0.8010.52 Mobile Safari/537.36 (compatible; Googlebot/2.1; +http://www.google.com/bot.html)"
52.167.144.23 - - [25/Sep/2026:05:21:32 +0300] "GET /?sale/search/detail/?ITMCODE=u5n6w5e1l4d48440 HTTP/1.1" 200 30224 "-" "Mozilla/5.0 AppleWebKit/537.36 (KHTML, like Gecko; compatible; bingbot/2.0; +http://www.bing.com/bingbot.htm) Chrome/116.0.1938.76 Safari/537.36"
57.141.20.65 - - [25/Sep/2026:05:21:33 +0300] "GET /?sale/search/detail/?ITMCODE=g1a3n0g7l1i6o6n4s204 HTTP/1.1" 200 30227 "-" "Mozilla/5.0 (Windows NT 10.0; Win64; x64) AppleWebKit/537.36 (KHTML, like Gecko) Chrome/145.0.0.0 Safari/537.36 (compatible; meta-externalagent/1.1 (+https://developers.facebook.com/docs/sharing/webmasters/crawler))"
52.167.144.23 - - [25/Sep/2026:05:21:33 +0300] "GET /?sale/search/detail/?ITMCODE=h2o2m1e1r6i3c6a4e59 HTTP/1.1" 200 30225 "-" "Mozilla/5.0 AppleWebKit/537.36 (KHTML, like Gecko; compatible; bingbot/2.0; +http://www.bing.com/bingbot.htm) Chrome/116.0.1938.76 Safari/537.36"
66.249.66.75 - - [25/Sep/2026:05:21:35 +0300] "GET /?sale/search/detail/?ITMCODE=m0i2n4t0m2a4n72715 HTTP/1.1" 301 9094 "-" "Mozilla/5.0 (Linux; Android 6.0.1; Nexus 5X Build/MMB29P) AppleWebKit/537.36 (KHTML, like Gecko) Chrome/153.0.8010.52 Mobile Safari/537.36 (compatible; Googlebot/2.1; +http://www.google.com/bot.html)"
52.167.144.23 - - [25/Sep/2026:05:21:38 +0300] "GET /?sale/search/detail/?ITMCODE=c6u2t7t1h4r7o8a5t812 HTTP/1.1" 200 30227 "-" "Mozilla/5.0 AppleWebKit/537.36 (KHTML, like Gecko; compatible; bingbot/2.0; +http://www.bing.com/bingbot.htm) Chrome/116.0.1938.76 Safari/537.36"
52.167.144.23 - - [25/Sep/2026:05:21:38 +0300] "GET /?sale/search/detail/?ITMCODE=a0c1i0c9u8l8i6f3o7r2m8 HTTP/1.1" 200 30229 "-" "Mozilla/5.0 AppleWebKit/537.36 (KHTML, like Gecko; compatible; bingbot/2.0; +http://www.bing.com/bingbot.htm) Chrome/116.0.1938.76 Safari/537.36"
52.167.144.23 - - [25/Sep/2026:05:21:39 +0300] "GET /?sale/search/detail/?ITMCODE=l0a2r4k4c9o8l8o5r2e2d4 HTTP/1.1" 200 30228 "-" "Mozilla/5.0 AppleWebKit/537.36 (KHTML, like Gecko; compatible; bingbot/2.0; +http://www.bing.com/bingbot.htm) Chrome/116.0.1938.76 Safari/537.36"
66.249.66.75 - - [25/Sep/2026:05:21:40 +0300] "GET /?sale/search/detail/?ITMCODE=m7a1g2i1s9t3r2a6c8i3es HTTP/1.1" 301 9098 "-" "Mozilla/5.0 (Linux; Android 6.0.1; Nexus 5X Build/MMB29P) AppleWebKit/537.36 (KHTML, like Gecko) Chrome/153.0.8010.52 Mobile Safari/537.36 (compatible; Googlebot/2.1; +http://www.google.com/bot.html)"
52.167.144.232 - - [25/Sep/2026:05:21:42 +0300] "GET /?sale/search/detail/?ITMCODE=c8r2y0p8t8u2r5u9s519 HTTP/1.1" 200 30227 "-" "Mozilla/5.0 AppleWebKit/537.36 (KHTML, like Gecko; compatible; bingbot/2.0; +http://www.bing.com/bingbot.htm) Chrome/116.0.1938.76 Safari/537.36"
52.167.144.232 - - [25/Sep/2026:05:21:43 +0300] "GET /?sale/search/detail/?ITMCODE=a2m3o4e3b6i5f0o2r5m23 HTTP/1.1" 200 30227 "-" "Mozilla/5.0 AppleWebKit/537.36 (KHTML, like Gecko; compatible; bingbot/2.0; +http://www.bing.com/bingbot.htm) Chrome/116.0.1938.76 Safari/537.36"
66.249.66.32 - - [25/Sep/2026:05:21:44 +0300] "GET /?sale/search/detail/?ITMCODE=c3u9r8i8e7t06960 HTTP/1.1" 200 30224 "-" "Mozilla/5.0 (Linux; Android 6.0.1; Nexus 5X Build/MMB29P) AppleWebKit/537.36 (KHTML, like Gecko) Chrome/153.0.8010.52 Mobile Safari/537.36 (compatible; Googlebot/2.1; +http://www.google.com/bot.html)"
52.167.144.232 - - [25/Sep/2026:05:21:45 +0300] "GET /?sale/search/detail/?ITMCODE=w0e8l1l0i0n7g0t9o6n8ia HTTP/1.1" 200 30229 "-" "Mozilla/5.0 AppleWebKit/537.36 (KHTML, like Gecko; compatible; bingbot/2.0; +http://www.bing.com/bingbot.htm) Chrome/116.0.1938.76 Safari/537.36"
66.249.66.75 - - [25/Sep/2026:05:21:45 +0300] "GET /?sale/search/detail/?ITMCODE=c1o6u9r4s5e5d8506 HTTP/1.1" 301 9093 "-" "Mozilla/5.0 (Linux; Android 6.0.1; Nexus 5X Build/MMB29P) AppleWebKit/537.36 (KHTML, like Gecko) Chrome/153.0.8010.52 Mobile Safari/537.36 (compatible; Googlebot/2.1; +http://www.google.com/bot.html)"
45.227.253.15 - - [25/Sep/2026:05:21:46 +0300] "GET /index.php/jk HTTP/1.1" 301 9094 "-" "Mozilla/5.0 (Macintosh; Intel Mac OS X 10.11; rv:103.0) Gecko/20100101 Firefox/103.0"
52.167.144.232 - - [25/Sep/2026:05:21:46 +0300] "GET /?sale/search/detail/?ITMCODE=t6e4s2s3e5l6l7a7t8u1m2 HTTP/1.1" 200 30228 "-" "Mozilla/5.0 AppleWebKit/537.36 (KHTML, like Gecko; compatible; bingbot/2.0; +http://www.bing.com/bingbot.htm) Chrome/116.0.1938.76 Safari/537.36"
45.227.253.15 - - [25/Sep/2026:05:21:47 +0300] "GET / HTTP/1.1" 200 29909 "https://princessmare.com.gr/index.php/jk" "Mozilla/5.0 (Macintosh; Intel Mac OS X 10.11; rv:103.0) Gecko/20100101 Firefox/103.0"
40.77.167.224 - - [25/Sep/2026:05:21:50 +0300] "GET /?sale/search/detail/?ITMCODE=t7h3e8o7r6i9z3a2t1i3o2n HTTP/1.1" 200 30230 "-" "Mozilla/5.0 AppleWebKit/537.36 (KHTML, like Gecko; compatible; bingbot/2.0; +http://www.bing.com/bingbot.htm) Chrome/116.0.1938.76 Safari/537.36"
66.249.66.75 - - [25/Sep/2026:05:21:51 +0300] "GET /?sale/search/detail/?ITMCODE=c7l4e0m4e1n0c9e9695 HTTP/1.1" 301 9095 "-" "Mozilla/5.0 (Linux; Android 6.0.1; Nexus 5X Build/MMB29P) AppleWebKit/537.36 (KHTML, like Gecko) Chrome/153.0.8010.52 Mobile Safari/537.36 (compatible; Googlebot/2.1; +http://www.google.com/bot.html)"
40.77.167.224 - - [25/Sep/2026:05:21:51 +0300] "GET /?sale/search/detail/?ITMCODE=a3p3h1t0h7o4n5g2894 HTTP/1.1" 200 30226 "-" "Mozilla/5.0 AppleWebKit/537.36 (KHTML, like Gecko; compatible; bingbot/2.0; +http://www.bing.com/bingbot.htm) Chrome/116.0.1938.76 Safari/537.36"
40.77.167.224 - - [25/Sep/2026:05:21:52 +0300] "GET /?sale/search/detail/?ITMCODE=a2l2g4o9l5o0g4i6s1t89 HTTP/1.1" 200 30227 "-" "Mozilla/5.0 AppleWebKit/537.36 (KHTML, like Gecko; compatible; bingbot/2.0; +http://www.bing.com/bingbot.htm) Chrome/116.0.1938.76 Safari/537.36"
40.77.167.224 - - [25/Sep/2026:05:21:53 +0300] "GET /?sale/search/detail/?ITMCODE=m7o4r0p0h3o0p4h2y1l9y5 HTTP/1.1" 200 30229 "-" "Mozilla/5.0 AppleWebKit/537.36 (KHTML, like Gecko; compatible; bingbot/2.0; +http://www.bing.com/bingbot.htm) Chrome/116.0.1938.76 Safari/537.36"
40.77.167.224 - - [25/Sep/2026:05:21:54 +0300] "GET /?sale/search/detail/?ITMCODE=p3a1n5t1h5e5o3l4o5g8i2st HTTP/1.1" 200 30230 "-" "Mozilla/5.0 AppleWebKit/537.36 (KHTML, like Gecko; compatible; bingbot/2.0; +http://www.bing.com/bingbot.htm) Chrome/116.0.1938.76 Safari/537.36"
66.249.66.75 - - [25/Sep/2026:05:21:56 +0300] "GET /?sale/search/detail/?ITMCODE=i9n1v4o8c9a6t3i7n1g64 HTTP/1.1" 301 9097 "-" "Mozilla/5.0 (Linux; Android 6.0.1; Nexus 5X Build/MMB29P) AppleWebKit/537.36 (KHTML, like Gecko) Chrome/153.0.8010.52 Mobile Safari/537.36 (compatible; Googlebot/2.1; +http://www.google.com/bot.html)"
52.167.144.23 - - [25/Sep/2026:05:21:57 +0300] "GET /?sale/search/detail/?ITMCODE=a8n3t3h1r8o4p4o6c4e6ntricity HTTP/1.1" 200 30232 "-" "Mozilla/5.0 AppleWebKit/537.36 (KHTML, like Gecko; compatible; bingbot/2.0; +http://www.bing.com/bingbot.htm) Chrome/116.0.1938.76 Safari/537.36"
52.167.144.23 - - [25/Sep/2026:05:21:58 +0300] "GET /?sale/search/detail/?ITMCODE=c4o2i2n5q3u7i3n9a9t7i1on HTTP/1.1" 200 30230 "-" "Mozilla/5.0 AppleWebKit/537.36 (KHTML, like Gecko; compatible; bingbot/2.0; +http://www.bing.com/bingbot.htm) Chrome/116.0.1938.76 Safari/537.36"
66.249.66.32 - - [25/Sep/2026:05:21:58 +0300] "GET /?sale/search/detail/?ITMCODE=l5i3g7n7u9m850238 HTTP/1.1" 200 30225 "-" "Mozilla/5.0 (Linux; Android 6.0.1; Nexus 5X Build/MMB29P) AppleWebKit/537.36 (KHTML, like Gecko) Chrome/153.0.8010.52 Mobile Safari/537.36 (compatible; Googlebot/2.1; +http://www.google.com/bot.html)"
66.249.66.32 - - [25/Sep/2026:05:21:58 +0300] "GET /?sale/search/detail/?ITMCODE=e4n1g9r1a7i8l9e2d636 HTTP/1.1" 200 30226 "-" "Mozilla/5.0 (Linux; Android 6.0.1; Nexus 5X Build/MMB29P) AppleWebKit/537.36 (KHTML, like Gecko) Chrome/153.0.8010.52 Mobile Safari/537.36 (compatible; Googlebot/2.1; +http://www.google.com/bot.html)"
52.167.144.23 - - [25/Sep/2026:05:21:59 +0300] "GET /?sale/search/detail/?ITMCODE=o0v1e4r4t9h0r2o0w4n68 HTTP/1.1" 200 30228 "-" "Mozilla/5.0 AppleWebKit/537.36 (KHTML, like Gecko; compatible; bingbot/2.0; +http://www.bing.com/bingbot.htm) Chrome/116.0.1938.76 Safari/537.36"
40.77.167.224 - - [25/Sep/2026:05:22:00 +0300] "GET /?sale/search/detail/?ITMCODE=c2o4n2j3u3g2a5t3i6o3n0 HTTP/1.1" 200 30229 "-" "Mozilla/5.0 AppleWebKit/537.36 (KHTML, like Gecko; compatible; bingbot/2.0; +http://www.bing.com/bingbot.htm) Chrome/116.0.1938.76 Safari/537.36"
52.167.144.232 - - [25/Sep/2026:05:22:01 +0300] "GET /?sale/search/detail/?ITMCODE=t8r1a7n8q2u3i5l0l4i4t1y HTTP/1.1" 200 30230 "-" "Mozilla/5.0 AppleWebKit/537.36 (KHTML, like Gecko; compatible; bingbot/2.0; +http://www.bing.com/bingbot.htm) Chrome/116.0.1938.76 Safari/537.36"
57.141.20.51 - - [25/Sep/2026:05:22:02 +0300] "GET /?sale/search/detail/?ITMCODE=s1t1e1e1p9l8e7c0h8a9s7ing HTTP/1.1" 200 30230 "-" "Mozilla/5.0 (Windows NT 10.0; Win64; x64) AppleWebKit/537.36 (KHTML, like Gecko) Chrome/145.0.0.0 Safari/537.36 (compatible; meta-externalagent/1.1 (+https://developers.facebook.com/docs/sharing/webmasters/crawler))"
66.249.66.77 - - [25/Sep/2026:05:22:02 +0300] "GET /?sale/search/detail/?ITMCODE=o4s3t4e6o7l6y3t2i0c02 HTTP/1.1" 301 9097 "-" "Mozilla/5.0 (Linux; Android 6.0.1; Nexus 5X Build/MMB29P) AppleWebKit/537.36 (KHTML, like Gecko) Chrome/153.0.8010.52 Mobile Safari/537.36 (compatible; Googlebot/2.1; +http://www.google.com/bot.html)"
52.167.144.232 - - [25/Sep/2026:05:22:03 +0300] "GET /?sale/search/detail/?ITMCODE=m1a2r9g1i3n1a2t7e5d41 HTTP/1.1" 200 30226 "-" "Mozilla/5.0 AppleWebKit/537.36 (KHTML, like Gecko; compatible; bingbot/2.0; +http://www.bing.com/bingbot.htm) Chrome/116.0.1938.76 Safari/537.36"
57.141.20.4 - - [25/Sep/2026:05:22:04 +0300] "GET /?sale/search/detail/?ITMCODE=o1f3f2k3e3y357951 HTTP/1.1" 200 30225 "-" "Mozilla/5.0 (Macintosh; Intel Mac OS X 10_15_7) AppleWebKit/537.36 (KHTML, like Gecko) Chrome/145.0.0.0 Safari/537.36 (compatible; meta-externalagent/1.1 (+https://developers.facebook.com/docs/sharing/webmasters/crawler))"
52.167.144.232 - - [25/Sep/2026:05:22:04 +0300] "GET /?sale/search/detail/?ITMCODE=t0i6c6k2l9e7n9b3u3r6g HTTP/1.1" 200 30228 "-" "Mozilla/5.0 AppleWebKit/537.36 (KHTML, like Gecko; compatible; bingbot/2.0; +http://www.bing.com/bingbot.htm) Chrome/116.0.1938.76 Safari/537.36"
57.141.20.25 - - [25/Sep/2026:05:22:06 +0300] "GET /?sale/search/detail/?ITMCODE=t1u8r4k3s5c4a6p490 HTTP/1.1" 200 30226 "-" "Mozilla/5.0 (Macintosh; Intel Mac OS X 10_15_7) AppleWebKit/537.36 (KHTML, like Gecko) Chrome/145.0.0.0 Safari/537.36 (compatible; meta-externalagent/1.1 (+https://developers.facebook.com/docs/sharing/webmasters/crawler))"
57.141.20.1 - - [25/Sep/2026:05:22:06 +0300] "GET /?sale/search/detail/?ITMCODE=h1o3p6s1c8o2t6c5h315 HTTP/1.1" 200 30227 "-" "Mozilla/5.0 (Windows NT 10.0; Win64; x64) AppleWebKit/537.36 (KHTML, like Gecko) Chrome/145.0.0.0 Safari/537.36 (compatible; meta-externalagent/1.1 (+https://developers.facebook.com/docs/sharing/webmasters/crawler))"
66.249.66.33 - - [25/Sep/2026:05:22:07 +0300] "GET /?sale/search/detail/?ITMCODE=h9y1d6r4o3p2h2a5n1e15 HTTP/1.1" 200 30227 "-" "Mozilla/5.0 (Linux; Android 6.0.1; Nexus 5X Build/MMB29P) AppleWebKit/537.36 (KHTML, like Gecko) Chrome/153.0.8010.52 Mobile Safari/537.36 (compatible; Googlebot/2.1; +http://www.google.com/bot.html)"
52.167.144.23 - - [25/Sep/2026:05:22:07 +0300] "GET /?sale/search/detail/?ITMCODE=l5a7b4e4f5a3c5t7i0o0n HTTP/1.1" 200 30228 "-" "Mozilla/5.0 AppleWebKit/537.36 (KHTML, like Gecko; compatible; bingbot/2.0; +http://www.bing.com/bingbot.htm) Chrome/116.0.1938.76 Safari/537.36"
66.249.66.75 - - [25/Sep/2026:05:22:08 +0300] "GET /?sale/search/detail/?ITMCODE=r4i3x6a7t9i0o5n826 HTTP/1.1" 301 9094 "-" "Mozilla/5.0 (Linux; Android 6.0.1; Nexus 5X Build/MMB29P) AppleWebKit/537.36 (KHTML, like Gecko) Chrome/153.0.8010.52 Mobile Safari/537.36 (compatible; Googlebot/2.1; +http://www.google.com/bot.html)"
52.167.144.23 - - [25/Sep/2026:05:22:08 +0300] "GET /?sale/search/detail/?ITMCODE=a8p8o3s5t3o3l5i2c78 HTTP/1.1" 200 30226 "-" "Mozilla/5.0 AppleWebKit/537.36 (KHTML, like Gecko; compatible; bingbot/2.0; +http://www.bing.com/bingbot.htm) Chrome/116.0.1938.76 Safari/537.36"
66.249.66.75 - - [25/Sep/2026:05:22:08 +0300] "GET /?sale/search/detail/?ITMCODE=m4o9v8e4r934745 HTTP/1.1" 301 9091 "-" "Mozilla/5.0 (Linux; Android 6.0.1; Nexus 5X Build/MMB29P) AppleWebKit/537.36 (KHTML, like Gecko) Chrome/153.0.8010.52 Mobile Safari/537.36 (compatible; Googlebot/2.1; +http://www.google.com/bot.html)"
52.167.144.23 - - [25/Sep/2026:05:22:09 +0300] "GET /?sale/search/detail/?ITMCODE=b2r1i0g6h0t3e6s3t335 HTTP/1.1" 200 30227 "-" "Mozilla/5.0 AppleWebKit/537.36 (KHTML, like Gecko; compatible; bingbot/2.0; +http://www.bing.com/bingbot.htm) Chrome/116.0.1938.76 Safari/537.36"
52.167.144.23 - - [25/Sep/2026:05:22:10 +0300] "GET /?sale/search/detail/?ITMCODE=m7o2n8i6l9i8a9s3i6s68 HTTP/1.1" 200 30228 "-" "Mozilla/5.0 AppleWebKit/537.36 (KHTML, like Gecko; compatible; bingbot/2.0; +http://www.bing.com/bingbot.htm) Chrome/116.0.1938.76 Safari/537.36"
52.167.144.23 - - [25/Sep/2026:05:22:11 +0300] "GET /?sale/search/detail/?ITMCODE=l0e3n5t4i9c5e4l6l9e06 HTTP/1.1" 200 30228 "-" "Mozilla/5.0 AppleWebKit/537.36 (KHTML, like Gecko; compatible; bingbot/2.0; +http://www.bing.com/bingbot.htm) Chrome/116.0.1938.76 Safari/537.36"
52.167.144.232 - - [25/Sep/2026:05:22:11 +0300] "GET /?sale/search/detail/?ITMCODE=c3o1m6p2e3n1s9a4t5o3r8y HTTP/1.1" 200 30229 "-" "Mozilla/5.0 AppleWebKit/537.36 (KHTML, like Gecko; compatible; bingbot/2.0; +http://www.bing.com/bingbot.htm) Chrome/116.0.1938.76 Safari/537.36"
52.167.144.232 - - [25/Sep/2026:05:22:13 +0300] "GET /?sale/search/detail/?ITMCODE=n5o4n0p8r5o0d3u4c8t4ive HTTP/1.1" 200 30229 "-" "Mozilla/5.0 AppleWebKit/537.36 (KHTML, like Gecko; compatible; bingbot/2.0; +http://www.bing.com/bingbot.htm) Chrome/116.0.1938.76 Safari/537.36"
52.167.144.232 - - [25/Sep/2026:05:22:14 +0300] "GET /?sale/search/detail/?ITMCODE=r5e3c2o8g8n2i7s2o6r66 HTTP/1.1" 200 30228 "-" "Mozilla/5.0 AppleWebKit/537.36 (KHTML, like Gecko; compatible; bingbot/2.0; +http://www.bing.com/bingbot.htm) Chrome/116.0.1938.76 Safari/537.36"
66.249.66.32 - - [25/Sep/2026:05:22:15 +0300] "GET /?sale/search/detail/?ITMCODE=m9e2c0k5e1l6s99967 HTTP/1.1" 200 30225 "-" "Mozilla/5.0 (Linux; Android 6.0.1; Nexus 5X Build/MMB29P) AppleWebKit/537.36 (KHTML, like Gecko) Chrome/153.0.8010.52 Mobile Safari/537.36 (compatible; Googlebot/2.1; +http://www.google.com/bot.html)"
66.249.66.75 - - [25/Sep/2026:05:22:16 +0300] "GET /?sale/search/detail/?ITMCODE=e2b2u5l3l2i5e0n0t554 HTTP/1.1" 301 9096 "-" "Mozilla/5.0 (Linux; Android 6.0.1; Nexus 5X Build/MMB29P) AppleWebKit/537.36 (KHTML, like Gecko) Chrome/153.0.8010.52 Mobile Safari/537.36 (compatible; Googlebot/2.1; +http://www.google.com/bot.html)"
57.141.20.64 - - [25/Sep/2026:05:22:16 +0300] "GET /?sale/search/detail/?ITMCODE=a5q2u2a0r8i6u3m9s67 HTTP/1.1" 200 30226 "-" "Mozilla/5.0 (Windows NT 10.0; Win64; x64) AppleWebKit/537.36 (KHTML, like Gecko) Chrome/145.0.0.0 Safari/537.36 (compatible; meta-externalagent/1.1 (+https://developers.facebook.com/docs/sharing/webmasters/crawler))"
52.167.144.23 - - [25/Sep/2026:05:22:17 +0300] "GET /?sale/search/detail/?ITMCODE=t2o1p0m0e6m537131 HTTP/1.1" 200 30224 "-" "Mozilla/5.0 AppleWebKit/537.36 (KHTML, like Gecko; compatible; bingbot/2.0; +http://www.bing.com/bingbot.htm) Chrome/116.0.1938.76 Safari/537.36"
52.167.144.23 - - [25/Sep/2026:05:22:18 +0300] "GET /?sale/search/detail/?ITMCODE=r4h1i9p7i0p4t4e3r2a89 HTTP/1.1" 200 30228 "-" "Mozilla/5.0 AppleWebKit/537.36 (KHTML, like Gecko; compatible; bingbot/2.0; +http://www.bing.com/bingbot.htm) Chrome/116.0.1938.76 Safari/537.36"
52.167.144.23 - - [25/Sep/2026:05:22:19 +0300] "GET /?sale/search/detail/?ITMCODE=a7r1c3h0a0i9z3e1d607 HTTP/1.1" 200 30227 "-" "Mozilla/5.0 AppleWebKit/537.36 (KHTML, like Gecko; compatible; bingbot/2.0; +http://www.bing.com/bingbot.htm) Chrome/116.0.1938.76 Safari/537.36"
40.77.167.224 - - [25/Sep/2026:05:22:20 +0300] "GET /?sale/search/detail/?ITMCODE=r9e8p1l2e4t6i0v1e50 HTTP/1.1" 200 30226 "-" "Mozilla/5.0 AppleWebKit/537.36 (KHTML, like Gecko; compatible; bingbot/2.0; +http://www.bing.com/bingbot.htm) Chrome/116.0.1938.76 Safari/537.36"
52.167.144.23 - - [25/Sep/2026:05:22:20 +0300] "GET /?sale/search/detail/?ITMCODE=d4a2c7t4y8l8a3r7469 HTTP/1.1" 200 30226 "-" "Mozilla/5.0 AppleWebKit/537.36 (KHTML, like Gecko; compatible; bingbot/2.0; +http://www.bing.com/bingbot.htm) Chrome/116.0.1938.76 Safari/537.36"
57.141.20.1 - - [25/Sep/2026:05:22:20 +0300] "GET /?sale/search/detail/?ITMCODE=p1r4e1v7a7i8l7m1e9n0t3 HTTP/1.1" 200 30228 "-" "Mozilla/5.0 (Windows NT 10.0; Win64; x64) AppleWebKit/537.36 (KHTML, like Gecko) Chrome/145.0.0.0 Safari/537.36 (compatible; meta-externalagent/1.1 (+https://developers.facebook.com/docs/sharing/webmasters/crawler))"
52.167.144.23 - - [25/Sep/2026:05:22:21 +0300] "GET /?sale/search/detail/?ITMCODE=w2e2l6l0i3n3t7e2n8t5i5oned HTTP/1.1" 200 30232 "-" "Mozilla/5.0 AppleWebKit/537.36 (KHTML, like Gecko; compatible; bingbot/2.0; +http://www.bing.com/bingbot.htm) Chrome/116.0.1938.76 Safari/537.36"
52.167.144.232 - - [25/Sep/2026:05:22:21 +0300] "GET /?sale/search/detail/?ITMCODE=n2i1p8p2i5n1g7l9y551 HTTP/1.1" 200 30227 "-" "Mozilla/5.0 AppleWebKit/537.36 (KHTML, like Gecko; compatible; bingbot/2.0; +http://www.bing.com/bingbot.htm) Chrome/116.0.1938.76 Safari/537.36"
66.249.66.32 - - [25/Sep/2026:05:22:22 +0300] "GET /?sale/search/detail/?ITMCODE=a5t3h9l3e8t2i7s6m596 HTTP/1.1" 200 30227 "-" "Mozilla/5.0 (Linux; Android 6.0.1; Nexus 5X Build/MMB29P) AppleWebKit/537.36 (KHTML, like Gecko) Chrome/153.0.8010.52 Mobile Safari/537.36 (compatible; Googlebot/2.1; +http://www.google.com/bot.html)"
114.119.131.88 - - [25/Sep/2026:05:22:23 +0300] "GET /shopdetail/door/058009016 HTTP/1.1" 404 64763 "https://princessmare.com.gr/goods.php?sitemap633.xml" "Mozilla/5.0 (Linux; Android 7.0;) AppleWebKit/537.36 (HTML, like Gecko) Mobile Safari/537.36 (compatible; PetalBot;+https://webmaster.petalsearch.com/site/petalbot)"
66.249.66.75 - - [25/Sep/2026:05:22:24 +0300] "GET /?sale/search/detail/?ITMCODE=f8l2o6u7r9292572 HTTP/1.1" 301 9092 "-" "Mozilla/5.0 (Linux; Android 6.0.1; Nexus 5X Build/MMB29P) AppleWebKit/537.36 (KHTML, like Gecko) Chrome/153.0.8010.52 Mobile Safari/537.36 (compatible; Googlebot/2.1; +http://www.google.com/bot.html)"
52.167.144.23 - - [25/Sep/2026:05:22:27 +0300] "GET /?sale/search/detail/?ITMCODE=d9i2c4t5a1t2o4r4i2a5l8ly HTTP/1.1" 200 30230 "-" "Mozilla/5.0 AppleWebKit/537.36 (KHTML, like Gecko; compatible; bingbot/2.0; +http://www.bing.com/bingbot.htm) Chrome/116.0.1938.76 Safari/537.36"
66.249.66.75 - - [25/Sep/2026:05:22:30 +0300] "GET /?sale/search/detail/?ITMCODE=l9u3g7u1b6r1i5s806 HTTP/1.1" 301 9094 "-" "Mozilla/5.0 (Linux; Android 6.0.1; Nexus 5X Build/MMB29P) AppleWebKit/537.36 (KHTML, like Gecko) Chrome/153.0.8010.52 Mobile Safari/537.36 (compatible; Googlebot/2.1; +http://www.google.com/bot.html)"
66.249.66.32 - - [25/Sep/2026:05:22:31 +0300] "GET /wp-content/themes/dt-the7-child/style.css?ver=9.14.1 HTTP/1.1" 200 5147 "https://princessmare.com.gr/?sale/search/detail/?ITMCODE=a5t3h9l3e8t2i7s6m596" "Mozilla/5.0 (Linux; Android 6.0.1; Nexus 5X Build/MMB29P) AppleWebKit/537.36 (KHTML, like Gecko) Chrome/153.0.8010.52 Mobile Safari/537.36 (compatible; Googlebot/2.1; +http://www.google.com/bot.html)"
66.249.66.32 - - [25/Sep/2026:05:22:31 +0300] "GET /wp-content/themes/dt-the7-child/style.css?ver=9.14.1 HTTP/1.1" 200 3752 "https://princessmare.com.gr/?sale/search/detail/?ITMCODE=a5t3h9l3e8t2i7s6m596" "Mozilla/5.0 (Linux; Android 6.0.1; Nexus 5X Build/MMB29P) AppleWebKit/537.36 (KHTML, like Gecko) Chrome/153.0.8010.52 Mobile Safari/537.36 (compatible; Googlebot/2.1; +http://www.google.com/bot.html)"
40.77.167.224 - - [25/Sep/2026:05:22:32 +0300] "GET /?sale/search/detail/?ITMCODE=s7y1l9v9a6t5e86840 HTTP/1.1" 200 30226 "-" "Mozilla/5.0 AppleWebKit/537.36 (KHTML, like Gecko; compatible; bingbot/2.0; +http://www.bing.com/bingbot.htm) Chrome/116.0.1938.76 Safari/537.36"
66.249.66.32 - - [25/Sep/2026:05:22:33 +0300] "GET /wp-content/plugins/js_composer/assets/js/dist/js_composer_front.min.js?ver=6.6.0.1 HTTP/1.1" 200 5190 "https://princessmare.com.gr/?sale/search/detail/?ITMCODE=a5t3h9l3e8t2i7s6m596" "Mozilla/5.0 (Linux; Android 6.0.1; Nexus 5X Build/MMB29P) AppleWebKit/537.36 (KHTML, like Gecko) Chrome/153.0.8010.52 Mobile Safari/537.36 (compatible; Googlebot/2.1; +http://www.google.com/bot.html)"
40.77.167.224 - - [25/Sep/2026:05:22:33 +0300] "GET /?sale/search/detail/?ITMCODE=p1o2l8a9r6i9z2a2t9i2o5n HTTP/1.1" 200 30229 "-" "Mozilla/5.0 AppleWebKit/537.36 (KHTML, like Gecko; compatible; bingbot/2.0; +http://www.bing.com/bingbot.htm) Chrome/116.0.1938.76 Safari/537.36"
66.249.66.32 - - [25/Sep/2026:05:22:33 +0300] "GET /wp-content/plugins/js_composer/assets/js/dist/js_composer_front.min.js?ver=6.6.0.1 HTTP/1.1" 200 5553 "https://princessmare.com.gr/?sale/search/detail/?ITMCODE=a5t3h9l3e8t2i7s6m596" "Mozilla/5.0 (Linux; Android 6.0.1; Nexus 5X Build/MMB29P) AppleWebKit/537.36 (KHTML, like Gecko) Chrome/153.0.8010.52 Mobile Safari/537.36 (compatible; Googlebot/2.1; +http://www.google.com/bot.html)"
40.77.167.224 - - [25/Sep/2026:05:22:34 +0300] "GET /?sale/search/detail/?ITMCODE=c8o1n2t2r0a5r7i0w8i2s3e HTTP/1.1" 200 30229 "-" "Mozilla/5.0 AppleWebKit/537.36 (KHTML, like Gecko; compatible; bingbot/2.0; +http://www.bing.com/bingbot.htm) Chrome/116.0.1938.76 Safari/537.36"
40.77.167.224 - - [25/Sep/2026:05:22:34 +0300] "GET /?sale/search/detail/?ITMCODE=d9a5l8l7y9i9n6g248 HTTP/1.1" 200 30225 "-" "Mozilla/5.0 AppleWebKit/537.36 (KHTML, like Gecko; compatible; bingbot/2.0; +http://www.bing.com/bingbot.htm) Chrome/116.0.1938.76 Safari/537.36"
57.141.20.4 - - [25/Sep/2026:05:22:35 +0300] "GET /?sale/search/detail/?ITMCODE=c1a2t8a6d2r8o9m0e449 HTTP/1.1" 200 30227 "-" "Mozilla/5.0 (Windows NT 10.0; Win64; x64) AppleWebKit/537.36 (KHTML, like Gecko) Chrome/145.0.0.0 Safari/537.36 (compatible; meta-externalagent/1.1 (+https://developers.facebook.com/docs/sharing/webmasters/crawler))"
66.249.66.75 - - [25/Sep/2026:05:22:36 +0300] "GET /?sale/search/detail/?ITMCODE=n3e1g7o9t2i9a7t0i2o2n HTTP/1.1" 301 9097 "-" "Mozilla/5.0 (Linux; Android 6.0.1; Nexus 5X Build/MMB29P) AppleWebKit/537.36 (KHTML, like Gecko) Chrome/153.0.8010.52 Mobile Safari/537.36 (compatible; Googlebot/2.1; +http://www.google.com/bot.html)"
40.77.167.224 - - [25/Sep/2026:05:22:35 +0300] "GET /?sale/search/detail/?ITMCODE=r9o3s2m7a7r4u3s6299 HTTP/1.1" 200 30226 "-" "Mozilla/5.0 AppleWebKit/537.36 (KHTML, like Gecko; compatible; bingbot/2.0; +http://www.bing.com/bingbot.htm) Chrome/116.0.1938.76 Safari/537.36"
40.77.167.224 - - [25/Sep/2026:05:22:36 +0300] "GET /?sale/search/detail/?ITMCODE=g8e1m4m6i5f7e0r6o0u4s0 HTTP/1.1" 200 30229 "-" "Mozilla/5.0 AppleWebKit/537.36 (KHTML, like Gecko; compatible; bingbot/2.0; +http://www.bing.com/bingbot.htm) Chrome/116.0.1938.76 Safari/537.36"
66.249.66.32 - - [25/Sep/2026:05:22:36 +0300] "GET /?sale/search/detail/?ITMCODE=o8p2o7l1c8h8e0n5i0e28 HTTP/1.1" 200 30227 "-" "Mozilla/5.0 (Linux; Android 6.0.1; Nexus 5X Build/MMB29P) AppleWebKit/537.36 (KHTML, like Gecko) Chrome/153.0.8010.52 Mobile Safari/537.36 (compatible; Googlebot/2.1; +http://www.google.com/bot.html)"
52.167.144.23 - - [25/Sep/2026:05:22:37 +0300] "GET /?sale/search/detail/?ITMCODE=m3e1l8a8n3i0s0t8i9c34 HTTP/1.1" 200 30228 "-" "Mozilla/5.0 AppleWebKit/537.36 (KHTML, like Gecko; compatible; bingbot/2.0; +http://www.bing.com/bingbot.htm) Chrome/116.0.1938.76 Safari/537.36"
57.141.20.38 - - [25/Sep/2026:05:22:39 +0300] "GET /?sale/search/detail/?ITMCODE=t1h2a3l6i5a6n88890 HTTP/1.1" 200 30225 "-" "Mozilla/5.0 (Macintosh; Intel Mac OS X 10_15_7) AppleWebKit/537.36 (KHTML, like Gecko) Chrome/145.0.0.0 Safari/537.36 (compatible; meta-externalagent/1.1 (+https://developers.facebook.com/docs/sharing/webmasters/crawler))"
40.77.167.224 - - [25/Sep/2026:05:22:40 +0300] "GET /?sale/search/detail/?ITMCODE=i5r8r0e6c4u9s7a3b6l8e HTTP/1.1" 200 30228 "-" "Mozilla/5.0 AppleWebKit/537.36 (KHTML, like Gecko; compatible; bingbot/2.0; +http://www.bing.com/bingbot.htm) Chrome/116.0.1938.76 Safari/537.36"
66.249.66.75 - - [25/Sep/2026:05:22:41 +0300] "GET /?sale/search/detail/?ITMCODE=e2v6e8n3s2o3n6g02 HTTP/1.1" 301 9093 "-" "Mozilla/5.0 (Linux; Android 6.0.1; Nexus 5X Build/MMB29P) AppleWebKit/537.36 (KHTML, like Gecko) Chrome/153.0.8010.52 Mobile Safari/537.36 (compatible; Googlebot/2.1; +http://www.google.com/bot.html)"
52.167.144.232 - - [25/Sep/2026:05:22:43 +0300] "GET /?sale/search/detail/?ITMCODE=b0a2r9e9n7e4c4k5e5d87 HTTP/1.1" 200 30228 "-" "Mozilla/5.0 AppleWebKit/537.36 (KHTML, like Gecko; compatible; bingbot/2.0; +http://www.bing.com/bingbot.htm) Chrome/116.0.1938.76 Safari/537.36"
52.167.144.232 - - [25/Sep/2026:05:22:44 +0300] "GET /?sale/search/detail/?ITMCODE=i1n1v5e4s9t1i9g7a6t1i5ve HTTP/1.1" 200 30229 "-" "Mozilla/5.0 AppleWebKit/537.36 (KHTML, like Gecko; compatible; bingbot/2.0; +http://www.bing.com/bingbot.htm) Chrome/116.0.1938.76 Safari/537.36"
52.167.144.232 - - [25/Sep/2026:05:22:44 +0300] "GET /?sale/search/detail/?ITMCODE=i6n4c0h0a9n1g4e2a8b7i1lity HTTP/1.1" 200 30231 "-" "Mozilla/5.0 AppleWebKit/537.36 (KHTML, like Gecko; compatible; bingbot/2.0; +http://www.bing.com/bingbot.htm) Chrome/116.0.1938.76 Safari/537.36"
52.167.144.232 - - [25/Sep/2026:05:22:45 +0300] "GET /?sale/search/detail/?ITMCODE=a4n1u8m6b0i1i06798 HTTP/1.1" 200 30225 "-" "Mozilla/5.0 AppleWebKit/537.36 (KHTML, like Gecko; compatible; bingbot/2.0; +http://www.bing.com/bingbot.htm) Chrome/116.0.1938.76 Safari/537.36"
52.167.144.232 - - [25/Sep/2026:05:22:47 +0300] "GET /?sale/search/detail/?ITMCODE=h1i1g4h0h0o1l9d3e4r02 HTTP/1.1" 200 30227 "-" "Mozilla/5.0 AppleWebKit/537.36 (KHTML, like Gecko; compatible; bingbot/2.0; +http://www.bing.com/bingbot.htm) Chrome/116.0.1938.76 Safari/537.36"
52.167.144.232 - - [25/Sep/2026:05:22:48 +0300] "GET /?sale/search/detail/?ITMCODE=c6e4p0h7a1l8o0p7o4d8ous HTTP/1.1" 200 30229 "-" "Mozilla/5.0 AppleWebKit/537.36 (KHTML, like Gecko; compatible; bingbot/2.0; +http://www.bing.com/bingbot.htm) Chrome/116.0.1938.76 Safari/537.36"
66.249.66.75 - - [25/Sep/2026:05:22:48 +0300] "GET /?sale/search/detail/?ITMCODE=w7a1y8w9o0r2n60716 HTTP/1.1" 301 9094 "-" "Mozilla/5.0 (Linux; Android 6.0.1; Nexus 5X Build/MMB29P) AppleWebKit/537.36 (KHTML, like Gecko) Chrome/153.0.8010.52 Mobile Safari/537.36 (compatible; Googlebot/2.1; +http://www.google.com/bot.html)"
52.167.144.232 - - [25/Sep/2026:05:22:49 +0300] "GET /?sale/search/detail/?ITMCODE=t1h5u1n9n8y59533 HTTP/1.1" 200 30224 "-" "Mozilla/5.0 AppleWebKit/537.36 (KHTML, like Gecko; compatible; bingbot/2.0; +http://www.bing.com/bingbot.htm) Chrome/116.0.1938.76 Safari/537.36"
52.167.144.232 - - [25/Sep/2026:05:22:49 +0300] "GET /?sale/search/detail/?ITMCODE=h7i6b2e7r4n9a3c8l5e8 HTTP/1.1" 200 30227 "-" "Mozilla/5.0 AppleWebKit/537.36 (KHTML, like Gecko; compatible; bingbot/2.0; +http://www.bing.com/bingbot.htm) Chrome/116.0.1938.76 Safari/537.36"
52.167.144.232 - - [25/Sep/2026:05:22:50 +0300] "GET /?sale/search/detail/?ITMCODE=d3r3u0g0g0e2r80691 HTTP/1.1" 200 30224 "-" "Mozilla/5.0 AppleWebKit/537.36 (KHTML, like Gecko; compatible; bingbot/2.0; +http://www.bing.com/bingbot.htm) Chrome/116.0.1938.76 Safari/537.36"
52.167.144.232 - - [25/Sep/2026:05:22:51 +0300] "GET /?sale/search/detail/?ITMCODE=s7w3e5e7p2s0t0a3k6e7s7 HTTP/1.1" 200 30229 "-" "Mozilla/5.0 AppleWebKit/537.36 (KHTML, like Gecko; compatible; bingbot/2.0; +http://www.bing.com/bingbot.htm) Chrome/116.0.1938.76 Safari/537.36"
40.77.167.224 - - [25/Sep/2026:05:22:53 +0300] "GET /?sale/search/detail/?ITMCODE=c4e3r4o8m0a961753 HTTP/1.1" 200 30224 "-" "Mozilla/5.0 AppleWebKit/537.36 (KHTML, like Gecko; compatible; bingbot/2.0; +http://www.bing.com/bingbot.htm) Chrome/116.0.1938.76 Safari/537.36"
66.249.66.75 - - [25/Sep/2026:05:22:54 +0300] "GET /?sale/search/detail/?ITMCODE=s2e2m2i8t1r5a9n8s9l0u1cent HTTP/1.1" 301 9102 "-" "Mozilla/5.0 (Linux; Android 6.0.1; Nexus 5X Build/MMB29P) AppleWebKit/537.36 (KHTML, like Gecko) Chrome/153.0.8010.52 Mobile Safari/537.36 (compatible; Googlebot/2.1; +http://www.google.com/bot.html)"
57.141.20.71 - - [25/Sep/2026:05:22:54 +0300] "GET /?sale/search/detail/?ITMCODE=g1e2s6t8i0c2u3l6a0t9e8d HTTP/1.1" 200 30229 "-" "Mozilla/5.0 (Windows NT 10.0; Win64; x64) AppleWebKit/537.36 (KHTML, like Gecko) Chrome/145.0.0.0 Safari/537.36 (compatible; meta-externalagent/1.1 (+https://developers.facebook.com/docs/sharing/webmasters/crawler))"
