52.167.144.160 - - [25/Sep/2026:05:16:32 +0300] "GET /?sale/search/detail/?ITMCODE=t3r2a0c3h4e3l7o1b3r7a0nchiate HTTP/1.1" 200 30234 "-" "Mozilla/5.0 AppleWebKit/537.36 (KHTML, like Gecko; compatible; bingbot/2.0; +http://www.bing.com/bingbot.htm) Chrome/116.0.1938.76 Safari/537.36"
52.167.144.160 - - [25/Sep/2026:05:16:33 +0300] "GET /?sale/search/detail/?ITMCODE=d2e3s6o7l6a9t8i6o8n4 HTTP/1.1" 200 30227 "-" "Mozilla/5.0 AppleWebKit/537.36 (KHTML, like Gecko; compatible; bingbot/2.0; +http://www.bing.com/bingbot.htm) Chrome/116.0.1938.76 Safari/537.36"
52.167.144.160 - - [25/Sep/2026:05:16:34 +0300] "GET /?sale/search/detail/?ITMCODE=c6i2r0c8u3m4s4t3a4n0ces HTTP/1.1" 200 30229 "-" "Mozilla/5.0 AppleWebKit/537.36 (KHTML, like Gecko; compatible; bingbot/2.0; +http://www.bing.com/bingbot.htm) Chrome/116.0.1938.76 Safari/537.36"
52.167.144.160 - - [25/Sep/2026:05:16:35 +0300] "GET /?sale/search/detail/?ITMCODE=i0m3p7r7o6p2r5i8e2t8i6es HTTP/1.1" 200 30230 "-" "Mozilla/5.0 AppleWebKit/537.36 (KHTML, like Gecko; compatible; bingbot/2.0; +http://www.bing.com/bingbot.htm) Chrome/116.0.1938.76 Safari/537.36"
66.249.66.75 - - [25/Sep/2026:05:16:36 +0300] "GET /?sale/search/detail/?ITMCODE=c7a3n2o0r3o1u4s610 HTTP/1.1" 301 9094 "-" "Mozilla/5.0 (Linux; Android 6.0.1; Nexus 5X Build/MMB29P) AppleWebKit/537.36 (KHTML, like Gecko) Chrome/153.0.8010.52 Mobile Safari/537.36 (compatible; Googlebot/2.1; +http://www.google.com/bot.html)"
52.167.144.160 - - [25/Sep/2026:05:16:36 +0300] "GET /?sale/search/detail/?ITMCODE=r1e4t2r8o5r8s2e3102 HTTP/1.1" 200 30225 "-" "Mozilla/5.0 AppleWebKit/537.36 (KHTML, like Gecko; compatible; bingbot/2.0; +http://www.bing.com/bingbot.htm) Chrome/116.0.1938.76 Safari/537.36"
52.167.144.160 - - [25/Sep/2026:05:16:37 +0300] "GET /?sale/search/detail/?ITMCODE=m0e3m5o0r4a3n3d2u9m8s4 HTTP/1.1" 200 30229 "-" "Mozilla/5.0 AppleWebKit/537.36 (KHTML, like Gecko; compatible; bingbot/2.0; +http://www.bing.com/bingbot.htm) Chrome/116.0.1938.76 Safari/537.36"
52.167.144.160 - - [25/Sep/2026:05:16:38 +0300] "GET /?sale/search/detail/?ITMCODE=f0u3l4l1s7c5a4l4e955 HTTP/1.1" 200 30227 "-" "Mozilla/5.0 AppleWebKit/537.36 (KHTML, like Gecko; compatible; bingbot/2.0; +http://www.bing.com/bingbot.htm) Chrome/116.0.1938.76 Safari/537.36"
66.249.66.41 - - [25/Sep/2026:05:16:38 +0300] "GET /?sale/search/detail/?ITMCODE=c5a4m1e9l4813923 HTTP/1.1" 200 30223 "-" "Mozilla/5.0 (Linux; Android 6.0.1; Nexus 5X Build/MMB29P) AppleWebKit/537.36 (KHTML, like Gecko) Chrome/153.0.8010.52 Mobile Safari/537.36 (compatible; Googlebot/2.1; +http://www.google.com/bot.html)"
52.167.144.160 - - [25/Sep/2026:05:16:39 +0300] "GET /?sale/search/detail/?ITMCODE=t5r2i3s1p3a3s0t6214 HTTP/1.1" 200 30225 "-" "Mozilla/5.0 AppleWebKit/537.36 (KHTML, like Gecko; compatible; bingbot/2.0; +http://www.bing.com/bingbot.htm) Chrome/116.0.1938.76 Safari/537.36"
52.167.144.23 - - [25/Sep/2026:05:16:41 +0300] "GET /?sale/search/detail/?ITMCODE=r3e2c8l6a8i4m42307 HTTP/1.1" 200 30225 "-" "Mozilla/5.0 AppleWebKit/537.36 (KHTML, like Gecko; compatible; bingbot/2.0; +http://www.bing.com/bingbot.htm) Chrome/116.0.1938.76 Safari/537.36"
66.249.66.75 - - [25/Sep/2026:05:16:41 +0300] "GET /?sale/search/detail/?ITMCODE=m2e3r8c1h4a1n9t5m2a9n5 HTTP/1.1" 301 9098 "-" "Mozilla/5.0 (Linux; Android 6.0.1; Nexus 5X Build/MMB29P) AppleWebKit/537.36 (KHTML, like Gecko) Chrome/153.0.8010.52 Mobile Safari/537.36 (compatible; Googlebot/2.1; +http://www.google.com/bot.html)"
52.167.144.23 - - [25/Sep/2026:05:16:42 +0300] "GET /?sale/search/detail/?ITMCODE=m8a3c2r7o0z0o8o1s2p9ore HTTP/1.1" 200 30230 "-" "Mozilla/5.0 AppleWebKit/537.36 (KHTML, like Gecko; compatible; bingbot/2.0; +http://www.bing.com/bingbot.htm) Chrome/116.0.1938.76 Safari/537.36"
52.167.144.23 - - [25/Sep/2026:05:16:42 +0300] "GET /?sale/search/detail/?ITMCODE=t2i5g8h4t5e9s3t102 HTTP/1.1" 200 30225 "-" "Mozilla/5.0 AppleWebKit/537.36 (KHTML, like Gecko; compatible; bingbot/2.0; +http://www.bing.com/bingbot.htm) Chrome/116.0.1938.76 Safari/537.36"
52.167.144.23 - - [25/Sep/2026:05:16:43 +0300] "GET /?sale/search/detail/?ITMCODE=c0o2m6m1u4n3i6c1a3t2i2onal HTTP/1.1" 200 30231 "-" "Mozilla/5.0 AppleWebKit/537.36 (KHTML, like Gecko; compatible; bingbot/2.0; +http://www.bing.com/bingbot.htm) Chrome/116.0.1938.76 Safari/537.36"
62.83.33.168 - - [25/Sep/2026:05:16:44 +0300] "GET /wp-content/uploads/2021/07/parking.png HTTP/1.1" 200 5145 "-" "tphotobot/0.1 (+https://crawler.estidraft.com/bot)"
62.83.33.168 - - [25/Sep/2026:05:16:44 +0300] "GET /wp-content/plugins/revslider/public/assets/assets/dummy.png HTTP/1.1" 200 5221 "-" "tphotobot/0.1 (+https://crawler.estidraft.com/bot)"
62.83.33.168 - - [25/Sep/2026:05:16:44 +0300] "GET /wp-content/uploads/2021/07/logo.png HTTP/1.1" 200 5142 "-" "tphotobot/0.1 (+https://crawler.estidraft.com/bot)"
62.83.33.168 - - [25/Sep/2026:05:16:44 +0300] "GET /wp-content/uploads/2021/07/logo-colored.png HTTP/1.1" 200 5150 "-" "tphotobot/0.1 (+https://crawler.estidraft.com/bot)"
62.83.33.168 - - [25/Sep/2026:05:16:44 +0300] "GET /wp-content/uploads/2021/07/wifi.png HTTP/1.1" 200 5142 "-" "tphotobot/0.1 (+https://crawler.estidraft.com/bot)"
62.83.33.168 - - [25/Sep/2026:05:16:44 +0300] "GET /wp-content/uploads/2021/07/transport.png HTTP/1.1" 200 5147 "-" "tphotobot/0.1 (+https://crawler.estidraft.com/bot)"
62.83.33.168 - - [25/Sep/2026:05:16:44 +0300] "GET /wp-content/uploads/2021/07/beds.png HTTP/1.1" 200 5142 "-" "tphotobot/0.1 (+https://crawler.estidraft.com/bot)"
62.83.33.168 - - [25/Sep/2026:05:16:44 +0300] "GET /wp-content/uploads/2021/07/cleaning.png HTTP/1.1" 200 5146 "-" "tphotobot/0.1 (+https://crawler.estidraft.com/bot)"
62.83.33.168 - - [25/Sep/2026:05:16:44 +0300] "GET /wp-content/uploads/2021/07/parking.png HTTP/2.0" 200 1746 "-" "tphotobot/0.1 (+https://crawler.estidraft.com/bot)"
62.83.33.168 - - [25/Sep/2026:05:16:44 +0300] "GET /wp-content/uploads/2021/07/logo.png HTTP/2.0" 200 4649 "-" "tphotobot/0.1 (+https://crawler.estidraft.com/bot)"
62.83.33.168 - - [25/Sep/2026:05:16:44 +0300] "GET /wp-content/uploads/2021/07/logo-colored.png HTTP/2.0" 200 4778 "-" "tphotobot/0.1 (+https://crawler.estidraft.com/bot)"
62.83.33.168 - - [25/Sep/2026:05:16:44 +0300] "GET /wp-content/uploads/2021/07/transport.png HTTP/2.0" 200 3652 "-" "tphotobot/0.1 (+https://crawler.estidraft.com/bot)"
62.83.33.168 - - [25/Sep/2026:05:16:44 +0300] "GET /wp-content/uploads/2021/07/wifi.png HTTP/2.0" 200 2677 "-" "tphotobot/0.1 (+https://crawler.estidraft.com/bot)"
62.83.33.168 - - [25/Sep/2026:05:16:44 +0300] "GET /wp-content/uploads/2021/07/beds.png HTTP/2.0" 200 1458 "-" "tphotobot/0.1 (+https://crawler.estidraft.com/bot)"
62.83.33.168 - - [25/Sep/2026:05:16:44 +0300] "GET /wp-content/uploads/2021/07/cleaning.png HTTP/2.0" 200 2129 "-" "tphotobot/0.1 (+https://crawler.estidraft.com/bot)"
62.83.33.168 - - [25/Sep/2026:05:16:45 +0300] "GET /wp-content/uploads/2021/07/breakfast.png HTTP/2.0" 200 2111 "-" "tphotobot/0.1 (+https://crawler.estidraft.com/bot)"
66.249.66.41 - - [25/Sep/2026:05:16:45 +0300] "GET /wp-content/themes/dt-the7/fonts/icomoon-the7-font/icomoon-the7-font.min.css?ver=9.14.1 HTTP/1.1" 200 2450 "https://princessmare.com.gr/?sale/search/detail/?ITMCODE=c5a4m1e9l4813923" "Mozilla/5.0 (Linux; Android 6.0.1; Nexus 5X Build/MMB29P) AppleWebKit/537.36 (KHTML, like Gecko) Chrome/153.0.8010.52 Mobile Safari/537.36 (compatible; Googlebot/2.1; +http://www.google.com/bot.html)"
66.249.66.41 - - [25/Sep/2026:05:16:45 +0300] "GET /wp-content/plugins/js_composer/assets/js/dist/js_composer_front.min.js?ver=6.6.0.1 HTTP/1.1" 200 5553 "https://princessmare.com.gr/?sale/search/detail/?ITMCODE=c5a4m1e9l4813923" "Mozilla/5.0 (Linux; Android 6.0.1; Nexus 5X Build/MMB29P) AppleWebKit/537.36 (KHTML, like Gecko) Chrome/153.0.8010.52 Mobile Safari/537.36 (compatible; Googlebot/2.1; +http://www.google.com/bot.html)"
62.83.33.168 - - [25/Sep/2026:05:16:45 +0300] "GET /wp-content/uploads/2021/07/breakfast.png HTTP/1.1" 200 5147 "-" "tphotobot/0.1 (+https://crawler.estidraft.com/bot)"
66.249.66.41 - - [25/Sep/2026:05:16:45 +0300] "GET /wp-content/themes/dt-the7/fonts/icomoon-the7-font/icomoon-the7-font.min.css?ver=9.14.1 HTTP/1.1" 200 5181 "https://princessmare.com.gr/?sale/search/detail/?ITMCODE=c5a4m1e9l4813923" "Mozilla/5.0 (Linux; Android 6.0.1; Nexus 5X Build/MMB29P) AppleWebKit/537.36 (KHTML, like Gecko) Chrome/153.0.8010.52 Mobile Safari/537.36 (compatible; Googlebot/2.1; +http://www.google.com/bot.html)"
66.249.66.41 - - [25/Sep/2026:05:16:45 +0300] "GET /wp-content/plugins/js_composer/assets/js/dist/js_composer_front.min.js?ver=6.6.0.1 HTTP/1.1" 200 5190 "https://princessmare.com.gr/?sale/search/detail/?ITMCODE=c5a4m1e9l4813923" "Mozilla/5.0 (Linux; Android 6.0.1; Nexus 5X Build/MMB29P) AppleWebKit/537.36 (KHTML, like Gecko) Chrome/153.0.8010.52 Mobile Safari/537.36 (compatible; Googlebot/2.1; +http://www.google.com/bot.html)"
66.249.66.41 - - [25/Sep/2026:05:16:45 +0300] "GET /?sale/search/detail/?ITMCODE=c0o1n6c1e4p1t7u3a2l68 HTTP/1.1" 200 30228 "-" "Mozilla/5.0 (Linux; Android 6.0.1; Nexus 5X Build/MMB29P) AppleWebKit/537.36 (KHTML, like Gecko) Chrome/153.0.8010.52 Mobile Safari/537.36 (compatible; Googlebot/2.1; +http://www.google.com/bot.html)"
52.167.144.23 - - [25/Sep/2026:05:16:45 +0300] "GET /?sale/search/detail/?ITMCODE=p3e8r7s9p8i3c1u4o0u0sness HTTP/1.1" 200 30231 "-" "Mozilla/5.0 AppleWebKit/537.36 (KHTML, like Gecko; compatible; bingbot/2.0; +http://www.bing.com/bingbot.htm) Chrome/116.0.1938.76 Safari/537.36"
66.249.66.41 - - [25/Sep/2026:05:16:46 +0300] "GET /?sale/search/detail/?ITMCODE=u2n3w4e5i9g3h4i4n7g9 HTTP/1.1" 200 30227 "-" "Mozilla/5.0 (Linux; Android 6.0.1; Nexus 5X Build/MMB29P) AppleWebKit/537.36 (KHTML, like Gecko) Chrome/153.0.8010.52 Mobile Safari/537.36 (compatible; Googlebot/2.1; +http://www.google.com/bot.html)"
52.167.144.23 - - [25/Sep/2026:05:16:46 +0300] "GET /?sale/search/detail/?ITMCODE=d2r4i1v6e2p1i7p0e810 HTTP/1.1" 200 30226 "-" "Mozilla/5.0 AppleWebKit/537.36 (KHTML, like Gecko; compatible; bingbot/2.0; +http://www.bing.com/bingbot.htm) Chrome/116.0.1938.76 Safari/537.36"
66.249.66.12 - - [25/Sep/2026:05:16:47 +0300] "GET /?sale/search/detail/?ITMCODE=a3c2t3i8n7o1m8y2c5e3s HTTP/1.1" 301 9097 "-" "Mozilla/5.0 (Linux; Android 6.0.1; Nexus 5X Build/MMB29P) AppleWebKit/537.36 (KHTML, like Gecko) Chrome/153.0.8010.52 Mobile Safari/537.36 (compatible; Googlebot/2.1; +http://www.google.com/bot.html)"
66.249.66.41 - - [25/Sep/2026:05:16:47 +0300] "GET /?sale/search/detail/?ITMCODE=u9n1s1o1l5d5i2e7r1ed HTTP/1.1" 200 30226 "-" "Mozilla/5.0 (Linux; Android 6.0.1; Nexus 5X Build/MMB29P) AppleWebKit/537.36 (KHTML, like Gecko) Chrome/153.0.8010.52 Mobile Safari/537.36 (compatible; Googlebot/2.1; +http://www.google.com/bot.html)"
52.167.144.23 - - [25/Sep/2026:05:16:47 +0300] "GET /?sale/search/detail/?ITMCODE=m9o7h7u6r910664 HTTP/1.1" 200 30223 "-" "Mozilla/5.0 AppleWebKit/537.36 (KHTML, like Gecko; compatible; bingbot/2.0; +http://www.bing.com/bingbot.htm) Chrome/116.0.1938.76 Safari/537.36"
114.119.130.40 - - [25/Sep/2026:05:16:48 +0300] "GET /shopdetail/wealth/113014909 HTTP/1.1" 404 64763 "https://princessmare.com.gr/goods.php?sitemap633.xml" "Mozilla/5.0 (Linux; Android 7.0;) AppleWebKit/537.36 (HTML, like Gecko) Mobile Safari/537.36 (compatible; PetalBot;+https://webmaster.petalsearch.com/site/petalbot)"
52.167.144.232 - - [25/Sep/2026:05:16:51 +0300] "GET /?sale/search/detail/?ITMCODE=t7o2t7t4e8r7y34109 HTTP/1.1" 200 30224 "-" "Mozilla/5.0 AppleWebKit/537.36 (KHTML, like Gecko; compatible; bingbot/2.0; +http://www.bing.com/bingbot.htm) Chrome/116.0.1938.76 Safari/537.36"
52.167.144.232 - - [25/Sep/2026:05:16:52 +0300] "GET /?sale/search/detail/?ITMCODE=a6n7i1m2a886049 HTTP/1.1" 200 30223 "-" "Mozilla/5.0 AppleWebKit/537.36 (KHTML, like Gecko; compatible; bingbot/2.0; +http://www.bing.com/bingbot.htm) Chrome/116.0.1938.76 Safari/537.36"
66.249.66.166 - - [25/Sep/2026:05:16:53 +0300] "GET /?sale/search/detail/?ITMCODE=e9m3b7r5o3i0d1e7r1e5r HTTP/1.1" 301 9097 "-" "Mozilla/5.0 (Linux; Android 6.0.1; Nexus 5X Build/MMB29P) AppleWebKit/537.36 (KHTML, like Gecko) Chrome/153.0.8010.52 Mobile Safari/537.36 (compatible; Googlebot/2.1; +http://www.google.com/bot.html)"
52.167.144.232 - - [25/Sep/2026:05:16:53 +0300] "GET /?sale/search/detail/?ITMCODE=r4h7e1e6d2i4a232 HTTP/1.1" 200 30223 "-" "Mozilla/5.0 AppleWebKit/537.36 (KHTML, like Gecko; compatible; bingbot/2.0; +http://www.bing.com/bingbot.htm) Chrome/116.0.1938.76 Safari/537.36"
52.167.144.232 - - [25/Sep/2026:05:16:54 +0300] "GET /?sale/search/detail/?ITMCODE=b0l3a5z6e1d819516 HTTP/1.1" 200 30225 "-" "Mozilla/5.0 AppleWebKit/537.36 (KHTML, like Gecko; compatible; bingbot/2.0; +http://www.bing.com/bingbot.htm) Chrome/116.0.1938.76 Safari/537.36"
52.167.144.232 - - [25/Sep/2026:05:16:54 +0300] "GET /?sale/search/detail/?ITMCODE=p0e2r1i2o9s6t0r4a0c1um HTTP/1.1" 200 30228 "-" "Mozilla/5.0 AppleWebKit/537.36 (KHTML, like Gecko; compatible; bingbot/2.0; +http://www.bing.com/bingbot.htm) Chrome/116.0.1938.76 Safari/537.36"
52.167.144.232 - - [25/Sep/2026:05:16:55 +0300] "GET /?sale/search/detail/?ITMCODE=d0i1p6t9e2r4o9u8s045 HTTP/1.1" 200 30227 "-" "Mozilla/5.0 AppleWebKit/537.36 (KHTML, like Gecko; compatible; bingbot/2.0; +http://www.bing.com/bingbot.htm) Chrome/116.0.1938.76 Safari/537.36"
52.167.144.232 - - [25/Sep/2026:05:16:56 +0300] "GET /?sale/search/detail/?ITMCODE=c8l2a6s9s3e0s28418 HTTP/1.1" 200 30225 "-" "Mozilla/5.0 AppleWebKit/537.36 (KHTML, like Gecko; compatible; bingbot/2.0; +http://www.bing.com/bingbot.htm) Chrome/116.0.1938.76 Safari/537.36"
52.167.144.232 - - [25/Sep/2026:05:16:57 +0300] "GET /?sale/search/detail/?ITMCODE=a2l5l7e6t2t4e0r7a1t8a HTTP/1.1" 200 30227 "-" "Mozilla/5.0 AppleWebKit/537.36 (KHTML, like Gecko; compatible; bingbot/2.0; +http://www.bing.com/bingbot.htm) Chrome/116.0.1938.76 Safari/537.36"
66.249.66.75 - - [25/Sep/2026:05:16:58 +0300] "GET /?sale/search/detail/?ITMCODE=i1s2o2c3h3r9o3n5o5n14 HTTP/1.1" 301 9097 "-" "Mozilla/5.0 (Linux; Android 6.0.1; Nexus 5X Build/MMB29P) AppleWebKit/537.36 (KHTML, like Gecko) Chrome/153.0.8010.52 Mobile Safari/537.36 (compatible; Googlebot/2.1; +http://www.google.com/bot.html)"
52.167.144.232 - - [25/Sep/2026:05:16:59 +0300] "GET /?sale/search/detail/?ITMCODE=c3h3a2r8g5e9h0o1u4s1e4 HTTP/1.1" 200 30228 "-" "Mozilla/5.0 AppleWebKit/537.36 (KHTML, like Gecko; compatible; bingbot/2.0; +http://www.bing.com/bingbot.htm) Chrome/116.0.1938.76 Safari/537.36"
52.167.144.232 - - [25/Sep/2026:05:17:00 +0300] "GET /?sale/search/detail/?ITMCODE=i6n2e1f2f8a5c6e4a4b6l2y HTTP/1.1" 200 30229 "-" "Mozilla/5.0 AppleWebKit/537.36 (KHTML, like Gecko; compatible; bingbot/2.0; +http://www.bing.com/bingbot.htm) Chrome/116.0.1938.76 Safari/537.36"
52.167.144.232 - - [25/Sep/2026:05:17:01 +0300] "GET /?sale/search/detail/?ITMCODE=e2n1b3a4t8t7l5e8d736 HTTP/1.1" 200 30227 "-" "Mozilla/5.0 AppleWebKit/537.36 (KHTML, like Gecko; compatible; bingbot/2.0; +http://www.bing.com/bingbot.htm) Chrome/116.0.1938.76 Safari/537.36"
57.141.20.18 - - [25/Sep/2026:05:17:01 +0300] "GET /?sale/search/detail/?ITMCODE=d2i4s5g7u0s6t9i3n1g2ly HTTP/1.1" 200 30228 "-" "Mozilla/5.0 (Windows NT 10.0; Win64; x64) AppleWebKit/537.36 (KHTML, like Gecko) Chrome/145.0.0.0 Safari/537.36 (compatible; meta-externalagent/1.1 (+https://developers.facebook.com/docs/sharing/webmasters/crawler))"
52.167.144.232 - - [25/Sep/2026:05:17:02 +0300] "GET /?sale/search/detail/?ITMCODE=e5s2p7o8u5s7e4m5e8n1t2 HTTP/1.1" 200 30228 "-" "Mozilla/5.0 AppleWebKit/537.36 (KHTML, like Gecko; compatible; bingbot/2.0; +http://www.bing.com/bingbot.htm) Chrome/116.0.1938.76 Safari/537.36"
57.141.20.27 - - [25/Sep/2026:05:17:02 +0300] "GET /?sale/search/detail/?ITMCODE=p1h3a0r3m8a2c6o5s1i4d7erite HTTP/1.1" 200 30232 "-" "Mozilla/5.0 (Macintosh; Intel Mac OS X 10_15_7) AppleWebKit/537.36 (KHTML, like Gecko) Chrome/145.0.0.0 Safari/537.36 (compatible; meta-externalagent/1.1 (+https://developers.facebook.com/docs/sharing/webmasters/crawler))"
52.167.144.232 - - [25/Sep/2026:05:17:03 +0300] "GET /?sale/search/detail/?ITMCODE=c5a6m8p5y7l2o5s6p8e0rmous HTTP/1.1" 200 30232 "-" "Mozilla/5.0 AppleWebKit/537.36 (KHTML, like Gecko; compatible; bingbot/2.0; +http://www.bing.com/bingbot.htm) Chrome/116.0.1938.76 Safari/537.36"
66.249.66.76 - - [25/Sep/2026:05:17:04 +0300] "GET /?sale/search/detail/?ITMCODE=h0a3w4s4e7391414 HTTP/1.1" 301 9092 "-" "Mozilla/5.0 (Linux; Android 6.0.1; Nexus 5X Build/MMB29P) AppleWebKit/537.36 (KHTML, like Gecko) Chrome/153.0.8010.52 Mobile Safari/537.36 (compatible; Googlebot/2.1; +http://www.google.com/bot.html)"
52.167.144.160 - - [25/Sep/2026:05:17:04 +0300] "GET /?sale/search/detail/?ITMCODE=r2e3s7t1r2i2n7g2i5n8g2 HTTP/1.1" 200 30228 "-" "Mozilla/5.0 AppleWebKit/537.36 (KHTML, like Gecko; compatible; bingbot/2.0; +http://www.bing.com/bingbot.htm) Chrome/116.0.1938.76 Safari/537.36"
52.167.144.160 - - [25/Sep/2026:05:17:05 +0300] "GET /?sale/search/detail/?ITMCODE=u0l9t4i9m0a2t5u6m3s8 HTTP/1.1" 200 30227 "-" "Mozilla/5.0 AppleWebKit/537.36 (KHTML, like Gecko; compatible; bingbot/2.0; +http://www.bing.com/bingbot.htm) Chrome/116.0.1938.76 Safari/537.36"
62.83.33.168 - - [25/Sep/2026:05:17:06 +0300] "GET /wp-content/uploads/2021/07/rent-a-car.png HTTP/1.1" 200 5148 "-" "tphotobot/0.1 (+https://crawler.estidraft.com/bot)"
62.83.33.168 - - [25/Sep/2026:05:17:06 +0300] "GET /wp-content/uploads/2021/07/beach.png HTTP/1.1" 200 5143 "-" "tphotobot/0.1 (+https://crawler.estidraft.com/bot)"
62.83.33.168 - - [25/Sep/2026:05:17:06 +0300] "GET /wp-content/uploads/2021/07/naxos-collage.jpg HTTP/1.1" 200 5152 "-" "tphotobot/0.1 (+https://crawler.estidraft.com/bot)"
62.83.33.168 - - [25/Sep/2026:05:17:06 +0300] "GET /wp-content/uploads/2021/07/air-condition.png HTTP/1.1" 200 5869 "-" "tphotobot/0.1 (+https://crawler.estidraft.com/bot)"
62.83.33.168 - - [25/Sep/2026:05:17:06 +0300] "GET /wp-content/uploads/2021/07/free-wifi.png HTTP/1.1" 200 5147 "-" "tphotobot/0.1 (+https://crawler.estidraft.com/bot)"
62.83.33.168 - - [25/Sep/2026:05:17:06 +0300] "GET /wp-content/uploads/2021/07/fridge.png HTTP/1.1" 200 5700 "-" "tphotobot/0.1 (+https://crawler.estidraft.com/bot)"
62.83.33.168 - - [25/Sep/2026:05:17:06 +0300] "GET /wp-content/uploads/2021/07/coffee-machine.png HTTP/1.1" 200 5152 "-" "tphotobot/0.1 (+https://crawler.estidraft.com/bot)"
62.83.33.168 - - [25/Sep/2026:05:17:06 +0300] "GET /wp-content/uploads/2021/07/television.png HTTP/1.1" 200 6151 "-" "tphotobot/0.1 (+https://crawler.estidraft.com/bot)"
62.83.33.168 - - [25/Sep/2026:05:17:06 +0300] "GET /wp-content/uploads/2021/07/safebox.png HTTP/1.1" 200 6163 "-" "tphotobot/0.1 (+https://crawler.estidraft.com/bot)"
62.83.33.168 - - [25/Sep/2026:05:17:06 +0300] "GET /wp-content/uploads/2021/07/soap.png HTTP/1.1" 200 5142 "-" "tphotobot/0.1 (+https://crawler.estidraft.com/bot)"
62.83.33.168 - - [25/Sep/2026:05:17:06 +0300] "GET /wp-content/uploads/2021/07/rent-a-car.png HTTP/2.0" 200 2283 "-" "tphotobot/0.1 (+https://crawler.estidraft.com/bot)"
62.83.33.168 - - [25/Sep/2026:05:17:06 +0300] "GET /wp-content/uploads/2021/07/beach.png HTTP/2.0" 200 2001 "-" "tphotobot/0.1 (+https://crawler.estidraft.com/bot)"
62.83.33.168 - - [25/Sep/2026:05:17:06 +0300] "GET /wp-content/uploads/2021/07/naxos-collage.jpg HTTP/2.0" 200 66227 "-" "tphotobot/0.1 (+https://crawler.estidraft.com/bot)"
62.83.33.168 - - [25/Sep/2026:05:17:06 +0300] "GET /wp-content/uploads/2021/07/free-wifi.png HTTP/2.0" 200 1668 "-" "tphotobot/0.1 (+https://crawler.estidraft.com/bot)"
62.83.33.168 - - [25/Sep/2026:05:17:06 +0300] "GET /wp-content/uploads/2021/07/coffee-machine.png HTTP/2.0" 200 1053 "-" "tphotobot/0.1 (+https://crawler.estidraft.com/bot)"
62.83.33.168 - - [25/Sep/2026:05:17:06 +0300] "GET /wp-content/uploads/2021/07/soap.png HTTP/2.0" 200 1547 "-" "tphotobot/0.1 (+https://crawler.estidraft.com/bot)"
62.83.33.168 - - [25/Sep/2026:05:17:07 +0300] "GET /wp-content/uploads/2021/07/princess-mare-share-img.jpg HTTP/2.0" 200 136909 "-" "tphotobot/0.1 (+https://crawler.estidraft.com/bot)"
62.83.33.168 - - [25/Sep/2026:05:17:07 +0300] "GET /wp-content/uploads/2021/07/terrace.png HTTP/1.1" 200 6124 "-" "tphotobot/0.1 (+https://crawler.estidraft.com/bot)"
62.83.33.168 - - [25/Sep/2026:05:17:07 +0300] "GET /wp-content/uploads/2021/07/booking-logo.jpg HTTP/1.1" 200 5998 "-" "tphotobot/0.1 (+https://crawler.estidraft.com/bot)"
62.83.33.168 - - [25/Sep/2026:05:17:07 +0300] "GET /wp-content/uploads/2021/07/princess-mare-share-img.jpg HTTP/1.1" 200 5162 "-" "tphotobot/0.1 (+https://crawler.estidraft.com/bot)"
52.167.144.160 - - [25/Sep/2026:05:17:06 +0300] "GET /?sale/search/detail/?ITMCODE=i7n1d9o2c3i1b4i3l8i0t1y HTTP/1.1" 200 30229 "-" "Mozilla/5.0 AppleWebKit/537.36 (KHTML, like Gecko; compatible; bingbot/2.0; +http://www.bing.com/bingbot.htm) Chrome/116.0.1938.76 Safari/537.36"
66.249.66.77 - - [25/Sep/2026:05:17:07 +0300] "GET /?sale/search/detail/?ITMCODE=v3u4l0v4i7t4i7s6701 HTTP/1.1" 301 9095 "-" "Mozilla/5.0 (Linux; Android 6.0.1; Nexus 5X Build/MMB29P) AppleWebKit/537.36 (KHTML, like Gecko) Chrome/153.0.8010.52 Mobile Safari/537.36 (compatible; Googlebot/2.1; +http://www.google.com/bot.html)"
52.167.144.160 - - [25/Sep/2026:05:17:07 +0300] "GET /?sale/search/detail/?ITMCODE=m3a8c7r8o9d6a1c8t6y5lic HTTP/1.1" 200 30230 "-" "Mozilla/5.0 AppleWebKit/537.36 (KHTML, like Gecko; compatible; bingbot/2.0; +http://www.bing.com/bingbot.htm) Chrome/116.0.1938.76 Safari/537.36"
52.167.144.160 - - [25/Sep/2026:05:17:08 +0300] "GET /?sale/search/detail/?ITMCODE=c0l9e8a6n4l8i5v8i3ng HTTP/1.1" 200 30227 "-" "Mozilla/5.0 AppleWebKit/537.36 (KHTML, like Gecko; compatible; bingbot/2.0; +http://www.bing.com/bingbot.htm) Chrome/116.0.1938.76 Safari/537.36"
57.141.20.27 - - [25/Sep/2026:05:17:09 +0300] "GET /?sale/search/detail/?ITMCODE=t1u1m3i7d3489610 HTTP/1.1" 200 30223 "-" "Mozilla/5.0 (Windows NT 10.0; Win64; x64) AppleWebKit/537.36 (KHTML, like Gecko) Chrome/145.0.0.0 Safari/537.36 (compatible; meta-externalagent/1.1 (+https://developers.facebook.com/docs/sharing/webmasters/crawler))"
52.167.144.23 - - [25/Sep/2026:05:17:09 +0300] "GET /?sale/search/detail/?ITMCODE=p4r3o2l0i1f9e2r3o1u2s6 HTTP/1.1" 200 30227 "-" "Mozilla/5.0 AppleWebKit/537.36 (KHTML, like Gecko; compatible; bingbot/2.0; +http://www.bing.com/bingbot.htm) Chrome/116.0.1938.76 Safari/537.36"
52.167.144.160 - - [25/Sep/2026:05:17:10 +0300] "GET /?sale/search/detail/?ITMCODE=d8i3s4c8l9o6u2d2123 HTTP/1.1" 200 30226 "-" "Mozilla/5.0 AppleWebKit/537.36 (KHTML, like Gecko; compatible; bingbot/2.0; +http://www.bing.com/bingbot.htm) Chrome/116.0.1938.76 Safari/537.36"
52.167.144.23 - - [25/Sep/2026:05:17:10 +0300] "GET /?sale/search/detail/?ITMCODE=r5u1e5l7l4i5a55866 HTTP/1.1" 200 30225 "-" "Mozilla/5.0 AppleWebKit/537.36 (KHTML, like Gecko; compatible; bingbot/2.0; +http://www.bing.com/bingbot.htm) Chrome/116.0.1938.76 Safari/537.36"
57.141.20.37 - - [25/Sep/2026:05:17:11 +0300] "GET /?sale/search/detail/?ITMCODE=a1g2r1i0c1o1l9a1t2i8o8n HTTP/1.1" 200 30229 "-" "Mozilla/5.0 (Windows NT 10.0; Win64; x64) AppleWebKit/537.36 (KHTML, like Gecko) Chrome/145.0.0.0 Safari/537.36 (compatible; meta-externalagent/1.1 (+https://developers.facebook.com/docs/sharing/webmasters/crawler))"
57.141.20.8 - - [25/Sep/2026:05:17:11 +0300] "GET /?sale/search/detail/?ITMCODE=t4e1o2c5a0l7l6i4s531 HTTP/1.1" 200 30226 "-" "Mozilla/5.0 (Windows NT 10.0; Win64; x64) AppleWebKit/537.36 (KHTML, like Gecko) Chrome/145.0.0.0 Safari/537.36 (compatible; meta-externalagent/1.1 (+https://developers.facebook.com/docs/sharing/webmasters/crawler))"
52.167.144.23 - - [25/Sep/2026:05:17:11 +0300] "GET /?sale/search/detail/?ITMCODE=t1h1o4r1o6u9g0h3g4o8i2ng HTTP/1.1" 200 30230 "-" "Mozilla/5.0 AppleWebKit/537.36 (KHTML, like Gecko; compatible; bingbot/2.0; +http://www.bing.com/bingbot.htm) Chrome/116.0.1938.76 Safari/537.36"
52.167.144.23 - - [25/Sep/2026:05:17:12 +0300] "GET /?sale/search/detail/?ITMCODE=o6z2o9n2i7f8i6c0a6t5i8on HTTP/1.1" 200 30231 "-" "Mozilla/5.0 AppleWebKit/537.36 (KHTML, like Gecko; compatible; bingbot/2.0; +http://www.bing.com/bingbot.htm) Chrome/116.0.1938.76 Safari/537.36"
66.249.66.76 - - [25/Sep/2026:05:17:14 +0300] "GET /?sale/search/detail/?ITMCODE=i5d7i1o1t4i1c5550 HTTP/1.1" 301 9093 "-" "Mozilla/5.0 (Linux; Android 6.0.1; Nexus 5X Build/MMB29P) AppleWebKit/537.36 (KHTML, like Gecko) Chrome/153.0.8010.52 Mobile Safari/537.36 (compatible; Googlebot/2.1; +http://www.google.com/bot.html)"
52.167.144.232 - - [25/Sep/2026:05:17:14 +0300] "GET /?sale/search/detail/?ITMCODE=u5n2d8o5g6m5a0t5i3c06 HTTP/1.1" 200 30228 "-" "Mozilla/5.0 AppleWebKit/537.36 (KHTML, like Gecko; compatible; bingbot/2.0; +http://www.bing.com/bingbot.htm) Chrome/116.0.1938.76 Safari/537.36"
66.249.66.76 - - [25/Sep/2026:05:17:14 +0300] "GET /?sale/search/detail/?ITMCODE=a6g4a2m4o5u1s29200 HTTP/1.1" 301 9094 "-" "Mozilla/5.0 (Linux; Android 6.0.1; Nexus 5X Build/MMB29P) AppleWebKit/537.36 (KHTML, like Gecko) Chrome/153.0.8010.52 Mobile Safari/537.36 (compatible; Googlebot/2.1; +http://www.google.com/bot.html)"
52.167.144.232 - - [25/Sep/2026:05:17:15 +0300] "GET /?sale/search/detail/?ITMCODE=c5h9a5m5p5l0a6i8n64 HTTP/1.1" 200 30226 "-" "Mozilla/5.0 AppleWebKit/537.36 (KHTML, like Gecko; compatible; bingbot/2.0; +http://www.bing.com/bingbot.htm) Chrome/116.0.1938.76 Safari/537.36"
52.167.144.232 - - [25/Sep/2026:05:17:16 +0300] "GET /?sale/search/detail/?ITMCODE=a2r4d2e9o0m7e2g3a220 HTTP/1.1" 200 30226 "-" "Mozilla/5.0 AppleWebKit/537.36 (KHTML, like Gecko; compatible; bingbot/2.0; +http://www.bing.com/bingbot.htm) Chrome/116.0.1938.76 Safari/537.36"
52.167.144.232 - - [25/Sep/2026:05:17:17 +0300] "GET /?sale/search/detail/?ITMCODE=t3u8r4i7o6n3i1f5e9rous HTTP/1.1" 200 30228 "-" "Mozilla/5.0 AppleWebKit/537.36 (KHTML, like Gecko; compatible; bingbot/2.0; +http://www.bing.com/bingbot.htm) Chrome/116.0.1938.76 Safari/537.36"
66.249.66.75 - - [25/Sep/2026:05:17:19 +0300] "GET /?sale/search/detail/?ITMCODE=t0r2a0c6h1y5s6p5e5r0m5ous HTTP/1.1" 301 9101 "-" "Mozilla/5.0 (Linux; Android 6.0.1; Nexus 5X Build/MMB29P) AppleWebKit/537.36 (KHTML, like Gecko) Chrome/153.0.8010.52 Mobile Safari/537.36 (compatible; Googlebot/2.1; +http://www.google.com/bot.html)"
52.167.144.160 - - [25/Sep/2026:05:17:20 +0300] "GET /?sale/search/detail/?ITMCODE=b5r1o3t5h9086498 HTTP/1.1" 200 30224 "-" "Mozilla/5.0 AppleWebKit/537.36 (KHTML, like Gecko; compatible; bingbot/2.0; +http://www.bing.com/bingbot.htm) Chrome/116.0.1938.76 Safari/537.36"
52.167.144.160 - - [25/Sep/2026:05:17:21 +0300] "GET /?sale/search/detail/?ITMCODE=n0e1c5r0o2p9h6a6g9o1u5s HTTP/1.1" 200 30229 "-" "Mozilla/5.0 AppleWebKit/537.36 (KHTML, like Gecko; compatible; bingbot/2.0; +http://www.bing.com/bingbot.htm) Chrome/116.0.1938.76 Safari/537.36"
52.167.144.160 - - [25/Sep/2026:05:17:22 +0300] "GET /?sale/search/detail/?ITMCODE=p6o3l5y0u0r4i2a4113 HTTP/1.1" 200 30226 "-" "Mozilla/5.0 AppleWebKit/537.36 (KHTML, like Gecko; compatible; bingbot/2.0; +http://www.bing.com/bingbot.htm) Chrome/116.0.1938.76 Safari/537.36"
52.167.144.160 - - [25/Sep/2026:05:17:22 +0300] "GET /?sale/search/detail/?ITMCODE=h0u3r1t6f3u8l75918 HTTP/1.1" 200 30225 "-" "Mozilla/5.0 AppleWebKit/537.36 (KHTML, like Gecko; compatible; bingbot/2.0; +http://www.bing.com/bingbot.htm) Chrome/116.0.1938.76 Safari/537.36"
52.167.144.160 - - [25/Sep/2026:05:17:23 +0300] "GET /?sale/search/detail/?ITMCODE=t4o4r9p6e6d7i0n3o0u8s HTTP/1.1" 200 30228 "-" "Mozilla/5.0 AppleWebKit/537.36 (KHTML, like Gecko; compatible; bingbot/2.0; +http://www.bing.com/bingbot.htm) Chrome/116.0.1938.76 Safari/537.36"
57.141.20.8 - - [25/Sep/2026:05:17:25 +0300] "GET /?sale/search/detail/?ITMCODE=p1e3r0i1h8e9l8i8o1n12 HTTP/1.1" 200 30227 "-" "Mozilla/5.0 (Macintosh; Intel Mac OS X 10_15_7) AppleWebKit/537.36 (KHTML, like Gecko) Chrome/145.0.0.0 Safari/537.36 (compatible; meta-externalagent/1.1 (+https://developers.facebook.com/docs/sharing/webmasters/crawler))"
66.249.66.75 - - [25/Sep/2026:05:17:26 +0300] "GET /?sale/search/detail/?ITMCODE=p8e3r9i3s0t5r5e7p6h5i8c HTTP/1.1" 301 9099 "-" "Mozilla/5.0 (Linux; Android 6.0.1; Nexus 5X Build/MMB29P) AppleWebKit/537.36 (KHTML, like Gecko) Chrome/153.0.8010.52 Mobile Safari/537.36 (compatible; Googlebot/2.1; +http://www.google.com/bot.html)"
52.167.144.23 - - [25/Sep/2026:05:17:27 +0300] "GET /?sale/search/detail/?ITMCODE=f3a1l9c8a8t2u8s6136 HTTP/1.1" 200 30226 "-" "Mozilla/5.0 AppleWebKit/537.36 (KHTML, like Gecko; compatible; bingbot/2.0; +http://www.bing.com/bingbot.htm) Chrome/116.0.1938.76 Safari/537.36"
52.167.144.23 - - [25/Sep/2026:05:17:28 +0300] "GET /?sale/search/detail/?ITMCODE=d7e2t0e2r0r1e1d315 HTTP/1.1" 200 30224 "-" "Mozilla/5.0 AppleWebKit/537.36 (KHTML, like Gecko; compatible; bingbot/2.0; +http://www.bing.com/bingbot.htm) Chrome/116.0.1938.76 Safari/537.36"
52.167.144.23 - - [25/Sep/2026:05:17:29 +0300] "GET /?sale/search/detail/?ITMCODE=a2c3a3t8a1l9e1p9t8i6c1 HTTP/1.1" 200 30228 "-" "Mozilla/5.0 AppleWebKit/537.36 (KHTML, like Gecko; compatible; bingbot/2.0; +http://www.bing.com/bingbot.htm) Chrome/116.0.1938.76 Safari/537.36"
52.167.144.23 - - [25/Sep/2026:05:17:30 +0300] "GET /?sale/search/detail/?ITMCODE=g7e4n1t2i1a7n2a8c6e1a4e HTTP/1.1" 200 30229 "-" "Mozilla/5.0 AppleWebKit/537.36 (KHTML, like Gecko; compatible; bingbot/2.0; +http://www.bing.com/bingbot.htm) Chrome/116.0.1938.76 Safari/537.36"
66.249.66.196 - - [25/Sep/2026:05:17:31 +0300] "GET /wp-content/themes/dt-the7/fonts/icomoon-the7-font/icomoon-the7-font.min.css?ver=9.14.1 HTTP/1.1" 200 5181 "https://princessmare.com.gr/?sale/search/detail/?ITMCODE=s2h6r2o1u4d6s0666" "Mozilla/5.0 (Linux; Android 6.0.1; Nexus 5X Build/MMB29P) AppleWebKit/537.36 (KHTML, like Gecko) Chrome/153.0.8010.52 Mobile Safari/537.36 (compatible; Googlebot/2.1; +http://www.google.com/bot.html)"
52.167.144.23 - - [25/Sep/2026:05:17:31 +0300] "GET /?sale/search/detail/?ITMCODE=o5r4t2h0o1p2r2a3x8y51 HTTP/1.1" 200 30228 "-" "Mozilla/5.0 AppleWebKit/537.36 (KHTML, like Gecko; compatible; bingbot/2.0; +http://www.bing.com/bingbot.htm) Chrome/116.0.1938.76 Safari/537.36"
66.249.66.75 - - [25/Sep/2026:05:17:31 +0300] "GET /?sale/search/detail/?ITMCODE=s8o1r3r2o2w6f5u3l271 HTTP/1.1" 301 9096 "-" "Mozilla/5.0 (Linux; Android 6.0.1; Nexus 5X Build/MMB29P) AppleWebKit/537.36 (KHTML, like Gecko) Chrome/153.0.8010.52 Mobile Safari/537.36 (compatible; Googlebot/2.1; +http://www.google.com/bot.html)"
66.249.66.196 - - [25/Sep/2026:05:17:31 +0300] "GET /wp-content/themes/dt-the7/fonts/icomoon-the7-font/icomoon-the7-font.min.css?ver=9.14.1 HTTP/1.1" 200 2450 "https://princessmare.com.gr/?sale/search/detail/?ITMCODE=s2h6r2o1u4d6s0666" "Mozilla/5.0 (Linux; Android 6.0.1; Nexus 5X Build/MMB29P) AppleWebKit/537.36 (KHTML, like Gecko) Chrome/153.0.8010.52 Mobile Safari/537.36 (compatible; Googlebot/2.1; +http://www.google.com/bot.html)"
66.249.66.68 - - [25/Sep/2026:05:17:32 +0300] "GET /wp-content/themes/dt-the7/fonts/icomoon-the7-font/icomoon-the7-font.min.css?ver=9.14.1 HTTP/1.1" 200 2450 "https://princessmare.com.gr/?sale/search/detail/?ITMCODE=u9n1s1o1l5d5i2e7r1ed" "Mozilla/5.0 (Linux; Android 6.0.1; Nexus 5X Build/MMB29P) AppleWebKit/537.36 (KHTML, like Gecko) Chrome/153.0.8010.52 Mobile Safari/537.36 (compatible; Googlebot/2.1; +http://www.google.com/bot.html)"
66.249.66.68 - - [25/Sep/2026:05:17:32 +0300] "GET /wp-content/themes/dt-the7/fonts/icomoon-the7-font/icomoon-the7-font.min.css?ver=9.14.1 HTTP/1.1" 200 5181 "https://princessmare.com.gr/?sale/search/detail/?ITMCODE=u9n1s1o1l5d5i2e7r1ed" "Mozilla/5.0 (Linux; Android 6.0.1; Nexus 5X Build/MMB29P) AppleWebKit/537.36 (KHTML, like Gecko) Chrome/153.0.8010.52 Mobile Safari/537.36 (compatible; Googlebot/2.1; +http://www.google.com/bot.html)"
52.167.144.232 - - [25/Sep/2026:05:17:31 +0300] "GET /?sale/search/detail/?ITMCODE=c9h2e2s4s2a9p8p4l4e79 HTTP/1.1" 200 30228 "-" "Mozilla/5.0 AppleWebKit/537.36 (KHTML, like Gecko; compatible; bingbot/2.0; +http://www.bing.com/bingbot.htm) Chrome/116.0.1938.76 Safari/537.36"
52.167.144.232 - - [25/Sep/2026:05:17:32 +0300] "GET /?sale/search/detail/?ITMCODE=t9r2a6c2h2e7a3l5698 HTTP/1.1" 200 30226 "-" "Mozilla/5.0 AppleWebKit/537.36 (KHTML, like Gecko; compatible; bingbot/2.0; +http://www.bing.com/bingbot.htm) Chrome/116.0.1938.76 Safari/537.36"
52.167.144.232 - - [25/Sep/2026:05:17:33 +0300] "GET /?sale/search/detail/?ITMCODE=p1y1r1o1l6i3g4n4e8o1u5s HTTP/1.1" 200 30229 "-" "Mozilla/5.0 AppleWebKit/537.36 (KHTML, like Gecko; compatible; bingbot/2.0; +http://www.bing.com/bingbot.htm) Chrome/116.0.1938.76 Safari/537.36"
52.167.144.232 - - [25/Sep/2026:05:17:35 +0300] "GET /?sale/search/detail/?ITMCODE=b7r9o3i2l3e6d5492 HTTP/1.1" 200 30224 "-" "Mozilla/5.0 AppleWebKit/537.36 (KHTML, like Gecko; compatible; bingbot/2.0; +http://www.bing.com/bingbot.htm) Chrome/116.0.1938.76 Safari/537.36"
66.249.66.203 - - [25/Sep/2026:05:17:37 +0300] "GET /?sale/search/detail/?ITMCODE=a2z9u8r4e2d12551 HTTP/1.1" 301 9092 "-" "Mozilla/5.0 (Linux; Android 6.0.1; Nexus 5X Build/MMB29P) AppleWebKit/537.36 (KHTML, like Gecko) Chrome/153.0.8010.52 Mobile Safari/537.36 (compatible; Googlebot/2.1; +http://www.google.com/bot.html)"
52.167.144.23 - - [25/Sep/2026:05:17:37 +0300] "GET /?sale/search/detail/?ITMCODE=o0p1p4i5l2a3t7e9d183 HTTP/1.1" 200 30226 "-" "Mozilla/5.0 AppleWebKit/537.36 (KHTML, like Gecko; compatible; bingbot/2.0; +http://www.bing.com/bingbot.htm) Chrome/116.0.1938.76 Safari/537.36"
66.249.66.97 - - [25/Sep/2026:05:17:38 +0300] "GET /?sale/search/detail/?ITMCODE=r8o3i2a0l2239639 HTTP/1.1" 301 9092 "-" "Mozilla/5.0 (Linux; Android 6.0.1; Nexus 5X Build/MMB29P) AppleWebKit/537.36 (KHTML, like Gecko) Chrome/153.0.8010.52 Mobile Safari/537.36 (compatible; Googlebot/2.1; +http://www.google.com/bot.html)"
57.141.20.14 - - [25/Sep/2026:05:17:37 +0300] "GET /?sale/search/detail/?ITMCODE=a1p1p0r6i2s0a8l509 HTTP/1.1" 200 30225 "-" "Mozilla/5.0 (Macintosh; Intel Mac OS X 10_15_7) AppleWebKit/537.36 (KHTML, like Gecko) Chrome/145.0.0.0 Safari/537.36 (compatible; meta-externalagent/1.1 (+https://developers.facebook.com/docs/sharing/webmasters/crawler))"
52.167.144.23 - - [25/Sep/2026:05:17:38 +0300] "GET /?sale/search/detail/?ITMCODE=c1r5e3s7y2l5i7c287 HTTP/1.1" 200 30225 "-" "Mozilla/5.0 AppleWebKit/537.36 (KHTML, like Gecko; compatible; bingbot/2.0; +http://www.bing.com/bingbot.htm) Chrome/116.0.1938.76 Safari/537.36"
52.167.144.23 - - [25/Sep/2026:05:17:39 +0300] "GET /?sale/search/detail/?ITMCODE=c8a8m9p2a1i2g6n0i1n5g HTTP/1.1" 200 30228 "-" "Mozilla/5.0 AppleWebKit/537.36 (KHTML, like Gecko; compatible; bingbot/2.0; +http://www.bing.com/bingbot.htm) Chrome/116.0.1938.76 Safari/537.36"
52.167.144.23 - - [25/Sep/2026:05:17:40 +0300] "GET /?sale/search/detail/?ITMCODE=c3o2n0s0c6i4e5n3c7e04 HTTP/1.1" 200 30228 "-" "Mozilla/5.0 AppleWebKit/537.36 (KHTML, like Gecko; compatible; bingbot/2.0; +http://www.bing.com/bingbot.htm) Chrome/116.0.1938.76 Safari/537.36"
57.141.20.21 - - [25/Sep/2026:05:17:40 +0300] "GET /?sale/search/detail/?ITMCODE=m1a2s2s5i6e0r51000 HTTP/1.1" 200 30224 "-" "Mozilla/5.0 (Windows NT 10.0; Win64; x64) AppleWebKit/537.36 (KHTML, like Gecko) Chrome/145.0.0.0 Safari/537.36 (compatible; meta-externalagent/1.1 (+https://developers.facebook.com/docs/sharing/webmasters/crawler))"
52.167.144.23 - - [25/Sep/2026:05:17:41 +0300] "GET /?sale/search/detail/?ITMCODE=b9u2b0o8n9i2c46166 HTTP/1.1" 200 30225 "-" "Mozilla/5.0 AppleWebKit/537.36 (KHTML, like Gecko; compatible; bingbot/2.0; +http://www.bing.com/bingbot.htm) Chrome/116.0.1938.76 Safari/537.36"
52.167.144.160 - - [25/Sep/2026:05:17:42 +0300] "GET /?sale/search/detail/?ITMCODE=m8i3s4b4e5h7a4v8i3n8g3 HTTP/1.1" 200 30228 "-" "Mozilla/5.0 AppleWebKit/537.36 (KHTML, like Gecko; compatible; bingbot/2.0; +http://www.bing.com/bingbot.htm) Chrome/116.0.1938.76 Safari/537.36"
57.141.20.49 - - [25/Sep/2026:05:17:42 +0300] "GET /?sale/search/detail/?ITMCODE=b1o2o8k3l8e4t54971 HTTP/1.1" 200 30225 "-" "Mozilla/5.0 (Macintosh; Intel Mac OS X 10_15_7) AppleWebKit/537.36 (KHTML, like Gecko) Chrome/145.0.0.0 Safari/537.36 (compatible; meta-externalagent/1.1 (+https://developers.facebook.com/docs/sharing/webmasters/crawler))"
52.167.144.160 - - [25/Sep/2026:05:17:43 +0300] "GET /?sale/search/detail/?ITMCODE=i0n1w3o2r7n724627 HTTP/1.1" 200 30224 "-" "Mozilla/5.0 AppleWebKit/537.36 (KHTML, like Gecko; compatible; bingbot/2.0; +http://www.bing.com/bingbot.htm) Chrome/116.0.1938.76 Safari/537.36"
66.249.66.203 - - [25/Sep/2026:05:17:43 +0300] "GET /?sale/search/detail/?ITMCODE=t7a3l9p0i0d3a1e4818 HTTP/1.1" 301 9095 "-" "Mozilla/5.0 (Linux; Android 6.0.1; Nexus 5X Build/MMB29P) AppleWebKit/537.36 (KHTML, like Gecko) Chrome/153.0.8010.52 Mobile Safari/537.36 (compatible; Googlebot/2.1; +http://www.google.com/bot.html)"
52.167.144.160 - - [25/Sep/2026:05:17:44 +0300] "GET /?sale/search/detail/?ITMCODE=g3a2n2o8c6e9p8h5a7l0o5us HTTP/1.1" 200 30230 "-" "Mozilla/5.0 AppleWebKit/537.36 (KHTML, like Gecko; compatible; bingbot/2.0; +http://www.bing.com/bingbot.htm) Chrome/116.0.1938.76 Safari/537.36"
52.167.144.23 - - [25/Sep/2026:05:17:46 +0300] "GET /?sale/search/detail/?ITMCODE=d3u6g6w0a2y38221 HTTP/1.1" 200 30224 "-" "Mozilla/5.0 AppleWebKit/537.36 (KHTML, like Gecko; compatible; bingbot/2.0; +http://www.bing.com/bingbot.htm) Chrome/116.0.1938.76 Safari/537.36"
52.167.144.23 - - [25/Sep/2026:05:17:47 +0300] "GET /?sale/search/detail/?ITMCODE=s0u4c2c2u0b1u9s7397 HTTP/1.1" 200 30226 "-" "Mozilla/5.0 AppleWebKit/537.36 (KHTML, like Gecko; compatible; bingbot/2.0; +http://www.bing.com/bingbot.htm) Chrome/116.0.1938.76 Safari/537.36"
57.141.20.1 - - [25/Sep/2026:05:17:47 +0300] "GET /?sale/search/detail/?ITMCODE=r1e9s7t5o2r2a8t3i4oner HTTP/1.1" 200 30227 "-" "Mozilla/5.0 (Windows NT 10.0; Win64; x64) AppleWebKit/537.36 (KHTML, like Gecko) Chrome/145.0.0.0 Safari/537.36 (compatible; meta-externalagent/1.1 (+https://developers.facebook.com/docs/sharing/webmasters/crawler))"
52.167.144.23 - - [25/Sep/2026:05:17:48 +0300] "GET /?sale/search/detail/?ITMCODE=e8x3c7u1r3286504 HTTP/1.1" 200 30224 "-" "Mozilla/5.0 AppleWebKit/537.36 (KHTML, like Gecko; compatible; bingbot/2.0; +http://www.bing.com/bingbot.htm) Chrome/116.0.1938.76 Safari/537.36"
66.249.66.75 - - [25/Sep/2026:05:17:48 +0300] "GET /?sale/search/detail/?ITMCODE=b1a3n7n5i2s5t5e4r386 HTTP/1.1" 301 9096 "-" "Mozilla/5.0 (Linux; Android 6.0.1; Nexus 5X Build/MMB29P) AppleWebKit/537.36 (KHTML, like Gecko) Chrome/153.0.8010.52 Mobile Safari/537.36 (compatible; Googlebot/2.1; +http://www.google.com/bot.html)"
52.167.144.23 - - [25/Sep/2026:05:17:49 +0300] "GET /?sale/search/detail/?ITMCODE=w4a3g9o8n0f0u1l6s933 HTTP/1.1" 200 30227 "-" "Mozilla/5.0 AppleWebKit/537.36 (KHTML, like Gecko; compatible; bingbot/2.0; +http://www.bing.com/bingbot.htm) Chrome/116.0.1938.76 Safari/537.36"
52.167.144.232 - - [25/Sep/2026:05:17:49 +0300] "GET /?sale/search/detail/?ITMCODE=e1m5b9r0y9o0n9i8f8o5rm HTTP/1.1" 200 30229 "-" "Mozilla/5.0 AppleWebKit/537.36 (KHTML, like Gecko; compatible; bingbot/2.0; +http://www.bing.com/bingbot.htm) Chrome/116.0.1938.76 Safari/537.36"
57.141.20.75 - - [25/Sep/2026:05:17:53 +0300] "GET /?sale/search/detail/?ITMCODE=a4r1a0p5a6i7m4a5814 HTTP/1.1" 200 30226 "-" "Mozilla/5.0 (Windows NT 10.0; Win64; x64) AppleWebKit/537.36 (KHTML, like Gecko) Chrome/145.0.0.0 Safari/537.36 (compatible; meta-externalagent/1.1 (+https://developers.facebook.com/docs/sharing/webmasters/crawler))"
66.249.66.41 - - [25/Sep/2026:05:17:53 +0300] "GET /?sale/search/detail/?ITMCODE=s9t2r8e7w5e7d71820 HTTP/1.1" 200 30225 "-" "Mozilla/5.0 (Linux; Android 6.0.1; Nexus 5X Build/MMB29P) AppleWebKit/537.36 (KHTML, like Gecko) Chrome/153.0.8010.52 Mobile Safari/537.36 (compatible; Googlebot/2.1; +http://www.google.com/bot.html)"
66.249.66.75 - - [25/Sep/2026:05:17:54 +0300] "GET /?sale/search/detail/?ITMCODE=c8o1k4e7s3346823 HTTP/1.1" 301 9092 "-" "Mozilla/5.0 (Linux; Android 6.0.1; Nexus 5X Build/MMB29P) AppleWebKit/537.36 (KHTML, like Gecko) Chrome/153.0.8010.52 Mobile Safari/537.36 (compatible; Googlebot/2.1; +http://www.google.com/bot.html)"
66.249.66.41 - - [25/Sep/2026:05:17:58 +0300] "GET /wp-content/themes/dt-the7/fonts/icomoon-the7-font/icomoon-the7-font.min.css?ver=9.14.1 HTTP/1.1" 200 5181 "https://princessmare.com.gr/?sale/search/detail/?ITMCODE=s9t2r8e7w5e7d71820" "Mozilla/5.0 (Linux; Android 6.0.1; Nexus 5X Build/MMB29P) AppleWebKit/537.36 (KHTML, like Gecko) Chrome/153.0.8010.52 Mobile Safari/537.36 (compatible; Googlebot/2.1; +http://www.google.com/bot.html)"
66.249.66.41 - - [25/Sep/2026:05:17:58 +0300] "GET /wp-content/themes/dt-the7/fonts/icomoon-the7-font/icomoon-the7-font.min.css?ver=9.14.1 HTTP/1.1" 200 2450 "https://princessmare.com.gr/?sale/search/detail/?ITMCODE=s9t2r8e7w5e7d71820" "Mozilla/5.0 (Linux; Android 6.0.1; Nexus 5X Build/MMB29P) AppleWebKit/537.36 (KHTML, like Gecko) Chrome/153.0.8010.52 Mobile Safari/537.36 (compatible; Googlebot/2.1; +http://www.google.com/bot.html)"
57.141.20.41 - - [25/Sep/2026:05:17:59 +0300] "GET /?sale/search/detail/?ITMCODE=s1q1u6i4g6g9l1e7647 HTTP/1.1" 200 30226 "-" "Mozilla/5.0 (Macintosh; Intel Mac OS X 10_15_7) AppleWebKit/537.36 (KHTML, like Gecko) Chrome/145.0.0.0 Safari/537.36 (compatible; meta-externalagent/1.1 (+https://developers.facebook.com/docs/sharing/webmasters/crawler))"
66.249.66.75 - - [25/Sep/2026:05:17:59 +0300] "GET /?sale/search/detail/?ITMCODE=p2y2r0a2l8i3d04402 HTTP/1.1" 301 9094 "-" "Mozilla/5.0 (Linux; Android 6.0.1; Nexus 5X Build/MMB29P) AppleWebKit/537.36 (KHTML, like Gecko) Chrome/153.0.8010.52 Mobile Safari/537.36 (compatible; Googlebot/2.1; +http://www.google.com/bot.html)"
52.167.144.232 - - [25/Sep/2026:05:17:59 +0300] "GET /?sale/search/detail/?ITMCODE=c6o4l4l1a6b9o5r8a2t1ive HTTP/1.1" 200 30228 "-" "Mozilla/5.0 AppleWebKit/537.36 (KHTML, like Gecko; compatible; bingbot/2.0; +http://www.bing.com/bingbot.htm) Chrome/116.0.1938.76 Safari/537.36"
52.167.144.232 - - [25/Sep/2026:05:18:00 +0300] "GET /?sale/search/detail/?ITMCODE=o7b3f4i2r2m7a8t7i8o9n9 HTTP/1.1" 200 30229 "-" "Mozilla/5.0 AppleWebKit/537.36 (KHTML, like Gecko; compatible; bingbot/2.0; +http://www.bing.com/bingbot.htm) Chrome/116.0.1938.76 Safari/537.36"
52.167.144.232 - - [25/Sep/2026:05:18:01 +0300] "GET /?sale/search/detail/?ITMCODE=r7e3t9r8o0a0c5t7i5v5e4 HTTP/1.1" 200 30229 "-" "Mozilla/5.0 AppleWebKit/537.36 (KHTML, like Gecko; compatible; bingbot/2.0; +http://www.bing.com/bingbot.htm) Chrome/116.0.1938.76 Safari/537.36"
52.167.144.232 - - [25/Sep/2026:05:18:02 +0300] "GET /?sale/search/detail/?ITMCODE=a2v4i8c3i4d0a0780 HTTP/1.1" 200 30225 "-" "Mozilla/5.0 AppleWebKit/537.36 (KHTML, like Gecko; compatible; bingbot/2.0; +http://www.bing.com/bingbot.htm) Chrome/116.0.1938.76 Safari/537.36"
52.167.144.232 - - [25/Sep/2026:05:18:03 +0300] "GET /?sale/search/detail/?ITMCODE=d6e2p6r4e0h8e7n4s6i8b3le HTTP/1.1" 200 30230 "-" "Mozilla/5.0 AppleWebKit/537.36 (KHTML, like Gecko; compatible; bingbot/2.0; +http://www.bing.com/bingbot.htm) Chrome/116.0.1938.76 Safari/537.36"
52.167.144.160 - - [25/Sep/2026:05:18:04 +0300] "GET /?sale/search/detail/?ITMCODE=n4e3g7o7t7i8a4t0e2d50 HTTP/1.1" 200 30228 "-" "Mozilla/5.0 AppleWebKit/537.36 (KHTML, like Gecko; compatible; bingbot/2.0; +http://www.bing.com/bingbot.htm) Chrome/116.0.1938.76 Safari/537.36"
52.167.144.160 - - [25/Sep/2026:05:18:05 +0300] "GET /?sale/search/detail/?ITMCODE=p1r1e7z7y0g6a5p5o4p4h0yses HTTP/1.1" 200 30233 "-" "Mozilla/5.0 AppleWebKit/537.36 (KHTML, like Gecko; compatible; bingbot/2.0; +http://www.bing.com/bingbot.htm) Chrome/116.0.1938.76 Safari/537.36"
52.167.144.160 - - [25/Sep/2026:05:18:06 +0300] "GET /?sale/search/detail/?ITMCODE=g8l1a8s3s1m4a4k3e3r8s8 HTTP/1.1" 200 30228 "-" "Mozilla/5.0 AppleWebKit/537.36 (KHTML, like Gecko; compatible; bingbot/2.0; +http://www.bing.com/bingbot.htm) Chrome/116.0.1938.76 Safari/537.36"
66.249.66.75 - - [25/Sep/2026:05:18:06 +0300] "GET /?sale/search/detail/?ITMCODE=c2a2i1t5i3f5f37678 HTTP/1.1" 301 9094 "-" "Mozilla/5.0 (Linux; Android 6.0.1; Nexus 5X Build/MMB29P) AppleWebKit/537.36 (KHTML, like Gecko) Chrome/153.0.8010.52 Mobile Safari/537.36 (compatible; Googlebot/2.1; +http://www.google.com/bot.html)"
52.167.144.160 - - [25/Sep/2026:05:18:07 +0300] "GET /?sale/search/detail/?ITMCODE=b5o4c0k3e9r8e4l4459 HTTP/1.1" 200 30226 "-" "Mozilla/5.0 AppleWebKit/537.36 (KHTML, like Gecko; compatible; bingbot/2.0; +http://www.bing.com/bingbot.htm) Chrome/116.0.1938.76 Safari/537.36"
52.167.144.160 - - [25/Sep/2026:05:18:08 +0300] "GET /?sale/search/detail/?ITMCODE=a7n1t3e8c4e5d5e703 HTTP/1.1" 200 30225 "-" "Mozilla/5.0 AppleWebKit/537.36 (KHTML, like Gecko; compatible; bingbot/2.0; +http://www.bing.com/bingbot.htm) Chrome/116.0.1938.76 Safari/537.36"
52.167.144.23 - - [25/Sep/2026:05:18:09 +0300] "GET /?sale/search/detail/?ITMCODE=a1r2t0e1m5i5s9i6a001 HTTP/1.1" 200 30226 "-" "Mozilla/5.0 AppleWebKit/537.36 (KHTML, like Gecko; compatible; bingbot/2.0; +http://www.bing.com/bingbot.htm) Chrome/116.0.1938.76 Safari/537.36"
52.167.144.23 - - [25/Sep/2026:05:18:10 +0300] "GET /?sale/search/detail/?ITMCODE=p7e3t4r1o0s9i6l8e5x50 HTTP/1.1" 200 30228 "-" "Mozilla/5.0 AppleWebKit/537.36 (KHTML, like Gecko; compatible; bingbot/2.0; +http://www.bing.com/bingbot.htm) Chrome/116.0.1938.76 Safari/537.36"
114.119.143.104 - - [25/Sep/2026:05:18:10 +0300] "GET /shopdetail/tonight/171036295 HTTP/1.1" 404 64763 "https://princessmare.com.gr/goods.php?sitemap633.xml" "Mozilla/5.0 (Linux; Android 7.0;) AppleWebKit/537.36 (HTML, like Gecko) Mobile Safari/537.36 (compatible; PetalBot;+https://webmaster.petalsearch.com/site/petalbot)"
52.167.144.23 - - [25/Sep/2026:05:18:11 +0300] "GET /?sale/search/detail/?ITMCODE=a4p4p0l4e0p1i7e0343 HTTP/1.1" 200 30226 "-" "Mozilla/5.0 AppleWebKit/537.36 (KHTML, like Gecko; compatible; bingbot/2.0; +http://www.bing.com/bingbot.htm) Chrome/116.0.1938.76 Safari/537.36"
52.167.144.23 - - [25/Sep/2026:05:18:12 +0300] "GET /?sale/search/detail/?ITMCODE=b0l3a4b3e5r5u1s3370 HTTP/1.1" 200 30226 "-" "Mozilla/5.0 AppleWebKit/537.36 (KHTML, like Gecko; compatible; bingbot/2.0; +http://www.bing.com/bingbot.htm) Chrome/116.0.1938.76 Safari/537.36"
66.249.66.75 - - [25/Sep/2026:05:18:13 +0300] "GET /?sale/search/detail/?ITMCODE=s8u2r7r6e4n9d8e7r2e5d0 HTTP/1.1" 301 9098 "-" "Mozilla/5.0 (Linux; Android 6.0.1; Nexus 5X Build/MMB29P) AppleWebKit/537.36 (KHTML, like Gecko) Chrome/153.0.8010.52 Mobile Safari/537.36 (compatible; Googlebot/2.1; +http://www.google.com/bot.html)"
52.167.144.23 - - [25/Sep/2026:05:18:13 +0300] "GET /?sale/search/detail/?ITMCODE=h4a1r4d4c9o2v2e6r300 HTTP/1.1" 200 30227 "-" "Mozilla/5.0 AppleWebKit/537.36 (KHTML, like Gecko; compatible; bingbot/2.0; +http://www.bing.com/bingbot.htm) Chrome/116.0.1938.76 Safari/537.36"
52.167.144.232 - - [25/Sep/2026:05:18:13 +0300] "GET /?sale/search/detail/?ITMCODE=a1r5c7h1w0a3y3080 HTTP/1.1" 200 30224 "-" "Mozilla/5.0 AppleWebKit/537.36 (KHTML, like Gecko; compatible; bingbot/2.0; +http://www.bing.com/bingbot.htm) Chrome/116.0.1938.76 Safari/537.36"
66.249.66.75 - - [25/Sep/2026:05:18:14 +0300] "GET /?sale/search/detail/?ITMCODE=p2l3a1c3k3091972 HTTP/1.1" 301 9092 "-" "Mozilla/5.0 (Linux; Android 6.0.1; Nexus 5X Build/MMB29P) AppleWebKit/537.36 (KHTML, like Gecko) Chrome/153.0.8010.52 Mobile Safari/537.36 (compatible; Googlebot/2.1; +http://www.google.com/bot.html)"
52.167.144.232 - - [25/Sep/2026:05:18:14 +0300] "GET /?sale/search/detail/?ITMCODE=p8s9e9u4d2o7s4y6m5m2etric HTTP/1.1" 200 30231 "-" "Mozilla/5.0 AppleWebKit/537.36 (KHTML, like Gecko; compatible; bingbot/2.0; +http://www.bing.com/bingbot.htm) Chrome/116.0.1938.76 Safari/537.36"
52.167.144.232 - - [25/Sep/2026:05:18:15 +0300] "GET /?sale/search/detail/?ITMCODE=h0y2p1o6t9h2e3t6i2c23 HTTP/1.1" 200 30227 "-" "Mozilla/5.0 AppleWebKit/537.36 (KHTML, like Gecko; compatible; bingbot/2.0; +http://www.bing.com/bingbot.htm) Chrome/116.0.1938.76 Safari/537.36"
66.249.66.41 - - [25/Sep/2026:05:18:19 +0300] "GET /?sale/search/detail/?ITMCODE=h5e2a8r3t7i0e6s3t031 HTTP/1.1" 200 30226 "-" "Mozilla/5.0 (Linux; Android 6.0.1; Nexus 5X Build/MMB29P) AppleWebKit/537.36 (KHTML, like Gecko) Chrome/153.0.8010.52 Mobile Safari/537.36 (compatible; Googlebot/2.1; +http://www.google.com/bot.html)"
52.167.144.160 - - [25/Sep/2026:05:18:19 +0300] "GET /?sale/search/detail/?ITMCODE=i6n3s6t4r6u1c7t4i8o7n6 HTTP/1.1" 200 30229 "-" "Mozilla/5.0 AppleWebKit/537.36 (KHTML, like Gecko; compatible; bingbot/2.0; +http://www.bing.com/bingbot.htm) Chrome/116.0.1938.76 Safari/537.36"
52.167.144.23 - - [25/Sep/2026:05:18:19 +0300] "GET /?sale/search/detail/?ITMCODE=d9i6s9i0n8c6l4i1ne HTTP/1.1" 200 30225 "-" "Mozilla/5.0 AppleWebKit/537.36 (KHTML, like Gecko; compatible; bingbot/2.0; +http://www.bing.com/bingbot.htm) Chrome/116.0.1938.76 Safari/537.36"
66.249.66.75 - - [25/Sep/2026:05:18:20 +0300] "GET /?sale/search/detail/?ITMCODE=a3n3t7i2p6a8t0h0y187 HTTP/1.1" 301 9096 "-" "Mozilla/5.0 (Linux; Android 6.0.1; Nexus 5X Build/MMB29P) AppleWebKit/537.36 (KHTML, like Gecko) Chrome/153.0.8010.52 Mobile Safari/537.36 (compatible; Googlebot/2.1; +http://www.google.com/bot.html)"
66.249.66.41 - - [25/Sep/2026:05:18:20 +0300] "GET /?sale/search/detail/?ITMCODE=e9x1p5e3c2t1o9r6a2t1e3d HTTP/1.1" 200 30228 "-" "Mozilla/5.0 (Linux; Android 6.0.1; Nexus 5X Build/MMB29P) AppleWebKit/537.36 (KHTML, like Gecko) Chrome/153.0.8010.52 Mobile Safari/537.36 (compatible; Googlebot/2.1; +http://www.google.com/bot.html)"
52.167.144.23 - - [25/Sep/2026:05:18:20 +0300] "GET /?sale/search/detail/?ITMCODE=e1p1i3d8i3d4y6m4i6t9i3s HTTP/1.1" 200 30228 "-" "Mozilla/5.0 AppleWebKit/537.36 (KHTML, like Gecko; compatible; bingbot/2.0; +http://www.bing.com/bingbot.htm) Chrome/116.0.1938.76 Safari/537.36"
52.167.144.23 - - [25/Sep/2026:05:18:21 +0300] "GET /?sale/search/detail/?ITMCODE=c1a2r1b0o2n7a8r8i2s5m8 HTTP/1.1" 200 30228 "-" "Mozilla/5.0 AppleWebKit/537.36 (KHTML, like Gecko; compatible; bingbot/2.0; +http://www.bing.com/bingbot.htm) Chrome/116.0.1938.76 Safari/537.36"
