52.167.144.23 - - [25/Sep/2026:05:25:11 +0300] "GET /?sale/search/detail/?ITMCODE=c1o2e0r1c8i8t6i9v3e30 HTTP/1.1" 200 30228 "-" "Mozilla/5.0 AppleWebKit/537.36 (KHTML, like Gecko; compatible; bingbot/2.0; +http://www.bing.com/bingbot.htm) Chrome/116.0.1938.76 Safari/537.36"
52.167.144.23 - - [25/Sep/2026:05:25:12 +0300] "GET /?sale/search/detail/?ITMCODE=i1n5f7l0e7x3i2b3l8e7ness HTTP/1.1" 200 30230 "-" "Mozilla/5.0 AppleWebKit/537.36 (KHTML, like Gecko; compatible; bingbot/2.0; +http://www.bing.com/bingbot.htm) Chrome/116.0.1938.76 Safari/537.36"
160.250.241.143 - - [25/Sep/2026:05:25:13 +0300] "GET /?sale/search/detail/?ITMCODE=c5h2o3o3s6i2n2g9822 HTTP/1.1" 301 9095 "-" "Mozilla/5.0 (Macintosh; Intel Mac OS X 10_15_7) AppleWebKit/537.36 (KHTML, like Gecko) Chrome/146.0.0.0 Safari/537.36"
52.167.144.23 - - [25/Sep/2026:05:25:13 +0300] "GET /?sale/search/detail/?ITMCODE=t7i3t9t1i7v5a7t6i5o5n1 HTTP/1.1" 200 30228 "-" "Mozilla/5.0 AppleWebKit/537.36 (KHTML, like Gecko; compatible; bingbot/2.0; +http://www.bing.com/bingbot.htm) Chrome/116.0.1938.76 Safari/537.36"
52.167.144.166 - - [25/Sep/2026:05:25:14 +0300] "GET /?sale/search/detail/?ITMCODE=o6v3e3r2f6o5n8d5n4ess HTTP/1.1" 200 30228 "-" "Mozilla/5.0 AppleWebKit/537.36 (KHTML, like Gecko; compatible; bingbot/2.0; +http://www.bing.com/bingbot.htm) Chrome/116.0.1938.76 Safari/537.36"
66.249.66.75 - - [25/Sep/2026:05:25:15 +0300] "GET /?sale/search/detail/?ITMCODE=b1e2d3r1a8g3g7l8e64 HTTP/1.1" 301 9095 "-" "Mozilla/5.0 (Linux; Android 6.0.1; Nexus 5X Build/MMB29P) AppleWebKit/537.36 (KHTML, like Gecko) Chrome/153.0.8010.52 Mobile Safari/537.36 (compatible; Googlebot/2.1; +http://www.google.com/bot.html)"
52.167.144.166 - - [25/Sep/2026:05:25:15 +0300] "GET /?sale/search/detail/?ITMCODE=p4l1a7s7t6o1g4r8a7p7h9y HTTP/1.1" 200 30229 "-" "Mozilla/5.0 AppleWebKit/537.36 (KHTML, like Gecko; compatible; bingbot/2.0; +http://www.bing.com/bingbot.htm) Chrome/116.0.1938.76 Safari/537.36"
52.167.144.166 - - [25/Sep/2026:05:25:16 +0300] "GET /?sale/search/detail/?ITMCODE=c4a2v8a7l1i7e0r5n8e2s7s HTTP/1.1" 200 30229 "-" "Mozilla/5.0 AppleWebKit/537.36 (KHTML, like Gecko; compatible; bingbot/2.0; +http://www.bing.com/bingbot.htm) Chrome/116.0.1938.76 Safari/537.36"
66.249.66.75 - - [25/Sep/2026:05:25:19 +0300] "GET /?sale/search/detail/?ITMCODE=n3e2p9e7n5t3h8e9074 HTTP/1.1" 301 9095 "-" "Mozilla/5.0 (Linux; Android 6.0.1; Nexus 5X Build/MMB29P) AppleWebKit/537.36 (KHTML, like Gecko) Chrome/153.0.8010.52 Mobile Safari/537.36 (compatible; Googlebot/2.1; +http://www.google.com/bot.html)"
66.249.66.32 - - [25/Sep/2026:05:25:18 +0300] "GET /?sale/search/detail/?ITMCODE=l8e4v1o6r4o5t1a8r9y65 HTTP/1.1" 200 30228 "-" "Mozilla/5.0 (Linux; Android 6.0.1; Nexus 5X Build/MMB29P) AppleWebKit/537.36 (KHTML, like Gecko) Chrome/153.0.8010.52 Mobile Safari/537.36 (compatible; Googlebot/2.1; +http://www.google.com/bot.html)"
57.141.20.3 - - [25/Sep/2026:05:25:19 +0300] "GET /?sale/search/detail/?ITMCODE=o1v3e4r3t8u6r1n7891 HTTP/1.1" 200 30226 "-" "Mozilla/5.0 (Macintosh; Intel Mac OS X 10_15_7) AppleWebKit/537.36 (KHTML, like Gecko) Chrome/145.0.0.0 Safari/537.36 (compatible; meta-externalagent/1.1 (+https://developers.facebook.com/docs/sharing/webmasters/crawler))"
52.167.144.23 - - [25/Sep/2026:05:25:20 +0300] "GET /?sale/search/detail/?ITMCODE=u0n1a0i0r8w3o1r0t2h5y7 HTTP/1.1" 200 30229 "-" "Mozilla/5.0 AppleWebKit/537.36 (KHTML, like Gecko; compatible; bingbot/2.0; +http://www.bing.com/bingbot.htm) Chrome/116.0.1938.76 Safari/537.36"
52.167.144.23 - - [25/Sep/2026:05:25:20 +0300] "GET /?sale/search/detail/?ITMCODE=d5e1s5y7n8c1h7r4o5n6ize HTTP/1.1" 200 30229 "-" "Mozilla/5.0 AppleWebKit/537.36 (KHTML, like Gecko; compatible; bingbot/2.0; +http://www.bing.com/bingbot.htm) Chrome/116.0.1938.76 Safari/537.36"
66.249.66.203 - - [25/Sep/2026:05:25:21 +0300] "GET /?sale/search/detail/?ITMCODE=b5a3h1a9m1e2n0s7i9s75 HTTP/1.1" 301 9097 "-" "Mozilla/5.0 (Linux; Android 6.0.1; Nexus 5X Build/MMB29P) AppleWebKit/537.36 (KHTML, like Gecko) Chrome/153.0.8010.52 Mobile Safari/537.36 (compatible; Googlebot/2.1; +http://www.google.com/bot.html)"
52.167.144.23 - - [25/Sep/2026:05:25:21 +0300] "GET /?sale/search/detail/?ITMCODE=a3c2a8n3t3h4o2c0i2b4i3um HTTP/1.1" 200 30230 "-" "Mozilla/5.0 AppleWebKit/537.36 (KHTML, like Gecko; compatible; bingbot/2.0; +http://www.bing.com/bingbot.htm) Chrome/116.0.1938.76 Safari/537.36"
52.167.144.23 - - [25/Sep/2026:05:25:22 +0300] "GET /?sale/search/detail/?ITMCODE=a0m2p0h3i5d7r5o4m7i6c7al HTTP/1.1" 200 30230 "-" "Mozilla/5.0 AppleWebKit/537.36 (KHTML, like Gecko; compatible; bingbot/2.0; +http://www.bing.com/bingbot.htm) Chrome/116.0.1938.76 Safari/537.36"
57.141.20.6 - - [25/Sep/2026:05:25:23 +0300] "GET /?sale/search/detail/?ITMCODE=e1n5t2o1m2o7s6t2r4a0cous HTTP/1.1" 200 30229 "-" "Mozilla/5.0 (Macintosh; Intel Mac OS X 10_15_7) AppleWebKit/537.36 (KHTML, like Gecko) Chrome/145.0.0.0 Safari/537.36 (compatible; meta-externalagent/1.1 (+https://developers.facebook.com/docs/sharing/webmasters/crawler))"
52.167.144.23 - - [25/Sep/2026:05:25:24 +0300] "GET /?sale/search/detail/?ITMCODE=d4r1u6m2m6o5n2d1i6i13 HTTP/1.1" 200 30227 "-" "Mozilla/5.0 AppleWebKit/537.36 (KHTML, like Gecko; compatible; bingbot/2.0; +http://www.bing.com/bingbot.htm) Chrome/116.0.1938.76 Safari/537.36"
40.77.167.224 - - [25/Sep/2026:05:25:24 +0300] "GET /?sale/search/detail/?ITMCODE=a3s1s1o9c1i1a7t6e6p4r7enominal HTTP/1.1" 200 30234 "-" "Mozilla/5.0 AppleWebKit/537.36 (KHTML, like Gecko; compatible; bingbot/2.0; +http://www.bing.com/bingbot.htm) Chrome/116.0.1938.76 Safari/537.36"
66.249.66.75 - - [25/Sep/2026:05:25:25 +0300] "GET /?sale/search/detail/?ITMCODE=d3i4s2g1u6s5t4i6n0g82 HTTP/1.1" 301 9097 "-" "Mozilla/5.0 (Linux; Android 6.0.1; Nexus 5X Build/MMB29P) AppleWebKit/537.36 (KHTML, like Gecko) Chrome/153.0.8010.52 Mobile Safari/537.36 (compatible; Googlebot/2.1; +http://www.google.com/bot.html)"
40.77.167.224 - - [25/Sep/2026:05:25:26 +0300] "GET /?sale/search/detail/?ITMCODE=t8e9m9p8t3e7r3097 HTTP/1.1" 200 30225 "-" "Mozilla/5.0 AppleWebKit/537.36 (KHTML, like Gecko; compatible; bingbot/2.0; +http://www.bing.com/bingbot.htm) Chrome/116.0.1938.76 Safari/537.36"
40.77.167.224 - - [25/Sep/2026:05:25:27 +0300] "GET /?sale/search/detail/?ITMCODE=f6u3n1d7a6m8e2n3t9a2l9ism HTTP/1.1" 200 30231 "-" "Mozilla/5.0 AppleWebKit/537.36 (KHTML, like Gecko; compatible; bingbot/2.0; +http://www.bing.com/bingbot.htm) Chrome/116.0.1938.76 Safari/537.36"
40.77.167.224 - - [25/Sep/2026:05:25:28 +0300] "GET /?sale/search/detail/?ITMCODE=q3u3a0r0r1e1l7s5o8m7e1ly HTTP/1.1" 200 30230 "-" "Mozilla/5.0 AppleWebKit/537.36 (KHTML, like Gecko; compatible; bingbot/2.0; +http://www.bing.com/bingbot.htm) Chrome/116.0.1938.76 Safari/537.36"
66.249.66.75 - - [25/Sep/2026:05:25:29 +0300] "GET /?sale/search/detail/?ITMCODE=o5b1s3e5s8s8i2o2n511 HTTP/1.1" 301 9096 "-" "Mozilla/5.0 (Linux; Android 6.0.1; Nexus 5X Build/MMB29P) AppleWebKit/537.36 (KHTML, like Gecko) Chrome/153.0.8010.52 Mobile Safari/537.36 (compatible; Googlebot/2.1; +http://www.google.com/bot.html)"
40.77.167.224 - - [25/Sep/2026:05:25:29 +0300] "GET /?sale/search/detail/?ITMCODE=i3s1o6t1h5e5r8m9o6b2a9th HTTP/1.1" 200 30230 "-" "Mozilla/5.0 AppleWebKit/537.36 (KHTML, like Gecko; compatible; bingbot/2.0; +http://www.bing.com/bingbot.htm) Chrome/116.0.1938.76 Safari/537.36"
57.141.20.2 - - [25/Sep/2026:05:25:29 +0300] "GET /?sale/search/detail/?ITMCODE=r1e1c9o3m5m3e8n8d0a0t2ion HTTP/1.1" 200 30230 "-" "Mozilla/5.0 (Windows NT 10.0; Win64; x64) AppleWebKit/537.36 (KHTML, like Gecko) Chrome/145.0.0.0 Safari/537.36 (compatible; meta-externalagent/1.1 (+https://developers.facebook.com/docs/sharing/webmasters/crawler))"
52.167.144.166 - - [25/Sep/2026:05:25:30 +0300] "GET /?sale/search/detail/?ITMCODE=p5l2u1m4i5p8e1s778 HTTP/1.1" 200 30225 "-" "Mozilla/5.0 AppleWebKit/537.36 (KHTML, like Gecko; compatible; bingbot/2.0; +http://www.bing.com/bingbot.htm) Chrome/116.0.1938.76 Safari/537.36"
52.167.144.166 - - [25/Sep/2026:05:25:31 +0300] "GET /?sale/search/detail/?ITMCODE=s8u3b2d5i2v0i3s7i6b7l5e HTTP/1.1" 200 30229 "-" "Mozilla/5.0 AppleWebKit/537.36 (KHTML, like Gecko; compatible; bingbot/2.0; +http://www.bing.com/bingbot.htm) Chrome/116.0.1938.76 Safari/537.36"
66.249.66.75 - - [25/Sep/2026:05:25:31 +0300] "GET /?sale/search/detail/?ITMCODE=h9e1l1i6o8l8a2t6r7y18 HTTP/1.1" 301 9097 "-" "Mozilla/5.0 (Linux; Android 6.0.1; Nexus 5X Build/MMB29P) AppleWebKit/537.36 (KHTML, like Gecko) Chrome/153.0.8010.52 Mobile Safari/537.36 (compatible; Googlebot/2.1; +http://www.google.com/bot.html)"
66.249.66.33 - - [25/Sep/2026:05:25:32 +0300] "GET /?sale/search/detail/?ITMCODE=c3a3r8d7i9n3a4l8s6h3i1p HTTP/1.1" 200 30229 "-" "Mozilla/5.0 (Linux; Android 6.0.1; Nexus 5X Build/MMB29P) AppleWebKit/537.36 (KHTML, like Gecko) Chrome/153.0.8010.52 Mobile Safari/537.36 (compatible; Googlebot/2.1; +http://www.google.com/bot.html)"
66.249.66.75 - - [25/Sep/2026:05:25:34 +0300] "GET /?sale/search/detail/?ITMCODE=s5t2u7m0p1i4n7e5s6s03 HTTP/1.1" 301 9097 "-" "Mozilla/5.0 (Linux; Android 6.0.1; Nexus 5X Build/MMB29P) AppleWebKit/537.36 (KHTML, like Gecko) Chrome/153.0.8010.52 Mobile Safari/537.36 (compatible; Googlebot/2.1; +http://www.google.com/bot.html)"
52.167.144.166 - - [25/Sep/2026:05:25:34 +0300] "GET /?sale/search/detail/?ITMCODE=h0o1r7s4f2i6e1l8d5i9i4 HTTP/1.1" 200 30228 "-" "Mozilla/5.0 AppleWebKit/537.36 (KHTML, like Gecko; compatible; bingbot/2.0; +http://www.bing.com/bingbot.htm) Chrome/116.0.1938.76 Safari/537.36"
52.167.144.166 - - [25/Sep/2026:05:25:35 +0300] "GET /?sale/search/detail/?ITMCODE=t3u2b5u3l0a9r6i9d8a92 HTTP/1.1" 200 30228 "-" "Mozilla/5.0 AppleWebKit/537.36 (KHTML, like Gecko; compatible; bingbot/2.0; +http://www.bing.com/bingbot.htm) Chrome/116.0.1938.76 Safari/537.36"
52.167.144.166 - - [25/Sep/2026:05:25:36 +0300] "GET /?sale/search/detail/?ITMCODE=t0h1y7r8s3i9f2l9o4r6a5 HTTP/1.1" 200 30228 "-" "Mozilla/5.0 AppleWebKit/537.36 (KHTML, like Gecko; compatible; bingbot/2.0; +http://www.bing.com/bingbot.htm) Chrome/116.0.1938.76 Safari/537.36"
66.249.66.75 - - [25/Sep/2026:05:25:37 +0300] "GET /?sale/search/detail/?ITMCODE=d2i3s1c4o1v1e0r9a9b1i3lity HTTP/1.1" 301 9102 "-" "Mozilla/5.0 (Linux; Android 6.0.1; Nexus 5X Build/MMB29P) AppleWebKit/537.36 (KHTML, like Gecko) Chrome/153.0.8010.52 Mobile Safari/537.36 (compatible; Googlebot/2.1; +http://www.google.com/bot.html)"
57.141.20.18 - - [25/Sep/2026:05:25:37 +0300] "GET /?sale/search/detail/?ITMCODE=b1r5a7w3l1e7r3671 HTTP/1.1" 200 30224 "-" "Mozilla/5.0 (Macintosh; Intel Mac OS X 10_15_7) AppleWebKit/537.36 (KHTML, like Gecko) Chrome/145.0.0.0 Safari/537.36 (compatible; meta-externalagent/1.1 (+https://developers.facebook.com/docs/sharing/webmasters/crawler))"
109.107.224.47 - - [25/Sep/2026:05:25:37 +0300] "GET /?sale/search/detail/?ITMCODE=c5h2o3o3s6i2n2g9822 HTTP/1.1" 301 9095 "-" "Mozilla/5.0 (Macintosh; Intel Mac OS X 10_15_7) AppleWebKit/537.36 (KHTML, like Gecko) Chrome/146.0.0.0 Safari/537.36"
52.167.144.166 - - [25/Sep/2026:05:25:37 +0300] "GET /?sale/search/detail/?ITMCODE=c4a9l5a1n6d6r4i2n7i1a HTTP/1.1" 200 30227 "-" "Mozilla/5.0 AppleWebKit/537.36 (KHTML, like Gecko; compatible; bingbot/2.0; +http://www.bing.com/bingbot.htm) Chrome/116.0.1938.76 Safari/537.36"
52.167.144.166 - - [25/Sep/2026:05:25:38 +0300] "GET /?sale/search/detail/?ITMCODE=t0e4t2r0o6x4i8d3e559 HTTP/1.1" 200 30227 "-" "Mozilla/5.0 AppleWebKit/537.36 (KHTML, like Gecko; compatible; bingbot/2.0; +http://www.bing.com/bingbot.htm) Chrome/116.0.1938.76 Safari/537.36"
52.167.144.166 - - [25/Sep/2026:05:25:39 +0300] "GET /?sale/search/detail/?ITMCODE=w5a3g4o8n4a7g0e7857 HTTP/1.1" 200 30227 "-" "Mozilla/5.0 AppleWebKit/537.36 (KHTML, like Gecko; compatible; bingbot/2.0; +http://www.bing.com/bingbot.htm) Chrome/116.0.1938.76 Safari/537.36"
52.167.144.166 - - [25/Sep/2026:05:25:40 +0300] "GET /?sale/search/detail/?ITMCODE=a4p3l5e2c5t0r7u3m648 HTTP/1.1" 200 30227 "-" "Mozilla/5.0 AppleWebKit/537.36 (KHTML, like Gecko; compatible; bingbot/2.0; +http://www.bing.com/bingbot.htm) Chrome/116.0.1938.76 Safari/537.36"
176.229.46.199 - - [25/Sep/2026:05:25:41 +0300] "GET /?sale/search/detail/?ITMCODE=c5h2o3o3s6i2n2g9822 HTTP/1.1" 200 30809 "-" "Mozilla/5.0 (Macintosh; Intel Mac OS X 10_15_7) AppleWebKit/537.36 (KHTML, like Gecko) Chrome/146.0.0.0 Safari/537.36"
66.249.66.75 - - [25/Sep/2026:05:25:43 +0300] "GET /?sale/search/detail/?ITMCODE=m3y1r0i2a8g3r4a8m983 HTTP/1.1" 301 9096 "-" "Mozilla/5.0 (Linux; Android 6.0.1; Nexus 5X Build/MMB29P) AppleWebKit/537.36 (KHTML, like Gecko) Chrome/153.0.8010.52 Mobile Safari/537.36 (compatible; Googlebot/2.1; +http://www.google.com/bot.html)"
40.77.167.224 - - [25/Sep/2026:05:25:45 +0300] "GET /?sale/search/detail/?ITMCODE=c4l3a2s1s1i0f0i4a5b7l5e HTTP/1.1" 200 30229 "-" "Mozilla/5.0 AppleWebKit/537.36 (KHTML, like Gecko; compatible; bingbot/2.0; +http://www.bing.com/bingbot.htm) Chrome/116.0.1938.76 Safari/537.36"
40.77.167.224 - - [25/Sep/2026:05:25:45 +0300] "GET /?sale/search/detail/?ITMCODE=j4u2r8i4d7i2c2a0l735 HTTP/1.1" 200 30227 "-" "Mozilla/5.0 AppleWebKit/537.36 (KHTML, like Gecko; compatible; bingbot/2.0; +http://www.bing.com/bingbot.htm) Chrome/116.0.1938.76 Safari/537.36"
66.249.66.32 - - [25/Sep/2026:05:25:46 +0300] "GET /?sale/search/detail/?ITMCODE=e9r4e2b0u5s272726 HTTP/1.1" 200 30223 "-" "Mozilla/5.0 (Linux; Android 6.0.1; Nexus 5X Build/MMB29P) AppleWebKit/537.36 (KHTML, like Gecko) Chrome/153.0.8010.52 Mobile Safari/537.36 (compatible; Googlebot/2.1; +http://www.google.com/bot.html)"
66.249.66.75 - - [25/Sep/2026:05:25:47 +0300] "GET /?sale/search/detail/?ITMCODE=f9r3a1n5k5l4y18908 HTTP/1.1" 301 9094 "-" "Mozilla/5.0 (Linux; Android 6.0.1; Nexus 5X Build/MMB29P) AppleWebKit/537.36 (KHTML, like Gecko) Chrome/153.0.8010.52 Mobile Safari/537.36 (compatible; Googlebot/2.1; +http://www.google.com/bot.html)"
66.249.66.75 - - [25/Sep/2026:05:25:49 +0300] "GET /?sale/search/detail/?ITMCODE=a1s1t8a6y2188432 HTTP/1.1" 301 9092 "-" "Mozilla/5.0 (Linux; Android 6.0.1; Nexus 5X Build/MMB29P) AppleWebKit/537.36 (KHTML, like Gecko) Chrome/153.0.8010.52 Mobile Safari/537.36 (compatible; Googlebot/2.1; +http://www.google.com/bot.html)"
52.167.144.166 - - [25/Sep/2026:05:25:49 +0300] "GET /?sale/search/detail/?ITMCODE=m4o2c5k7a2d7o3u0r327 HTTP/1.1" 200 30227 "-" "Mozilla/5.0 AppleWebKit/537.36 (KHTML, like Gecko; compatible; bingbot/2.0; +http://www.bing.com/bingbot.htm) Chrome/116.0.1938.76 Safari/537.36"
52.167.144.166 - - [25/Sep/2026:05:25:49 +0300] "GET /?sale/search/detail/?ITMCODE=s7e3c1t5a9r1i1a4n6i4z2e HTTP/1.1" 200 30229 "-" "Mozilla/5.0 AppleWebKit/537.36 (KHTML, like Gecko; compatible; bingbot/2.0; +http://www.bing.com/bingbot.htm) Chrome/116.0.1938.76 Safari/537.36"
52.167.144.166 - - [25/Sep/2026:05:25:50 +0300] "GET /?sale/search/detail/?ITMCODE=c9o5m1b7a9t6t1a1n0t0 HTTP/1.1" 200 30226 "-" "Mozilla/5.0 AppleWebKit/537.36 (KHTML, like Gecko; compatible; bingbot/2.0; +http://www.bing.com/bingbot.htm) Chrome/116.0.1938.76 Safari/537.36"
52.167.144.166 - - [25/Sep/2026:05:25:50 +0300] "GET /?sale/search/detail/?ITMCODE=i7m4p1e0r4c0e1p8t4i6o7n HTTP/1.1" 200 30229 "-" "Mozilla/5.0 AppleWebKit/537.36 (KHTML, like Gecko; compatible; bingbot/2.0; +http://www.bing.com/bingbot.htm) Chrome/116.0.1938.76 Safari/537.36"
52.167.144.166 - - [25/Sep/2026:05:25:51 +0300] "GET /?sale/search/detail/?ITMCODE=i6n3v4i4s8c1a2t7e7d98 HTTP/1.1" 200 30228 "-" "Mozilla/5.0 AppleWebKit/537.36 (KHTML, like Gecko; compatible; bingbot/2.0; +http://www.bing.com/bingbot.htm) Chrome/116.0.1938.76 Safari/537.36"
52.167.144.166 - - [25/Sep/2026:05:25:52 +0300] "GET /?sale/search/detail/?ITMCODE=l1i3g9h7t7m7i8n1d5e2d5ness HTTP/1.1" 200 30231 "-" "Mozilla/5.0 AppleWebKit/537.36 (KHTML, like Gecko; compatible; bingbot/2.0; +http://www.bing.com/bingbot.htm) Chrome/116.0.1938.76 Safari/537.36"
66.249.66.75 - - [25/Sep/2026:05:25:53 +0300] "GET /?sale/search/detail/?ITMCODE=d0r1y9o8b7s7t7e2s292 HTTP/1.1" 301 9096 "-" "Mozilla/5.0 (Linux; Android 6.0.1; Nexus 5X Build/MMB29P) AppleWebKit/537.36 (KHTML, like Gecko) Chrome/153.0.8010.52 Mobile Safari/537.36 (compatible; Googlebot/2.1; +http://www.google.com/bot.html)"
66.249.66.75 - - [25/Sep/2026:05:25:54 +0300] "GET /?sale/search/detail/?ITMCODE=t0r4o1p3h0o5s6o8m4e85 HTTP/1.1" 301 9097 "-" "Mozilla/5.0 (Linux; Android 6.0.1; Nexus 5X Build/MMB29P) AppleWebKit/537.36 (KHTML, like Gecko) Chrome/153.0.8010.52 Mobile Safari/537.36 (compatible; Googlebot/2.1; +http://www.google.com/bot.html)"
66.249.66.75 - - [25/Sep/2026:05:25:55 +0300] "GET /?sale/search/detail/?ITMCODE=f0l7o9r4a3n89744 HTTP/1.1" 301 9092 "-" "Mozilla/5.0 (Linux; Android 6.0.1; Nexus 5X Build/MMB29P) AppleWebKit/537.36 (KHTML, like Gecko) Chrome/153.0.8010.52 Mobile Safari/537.36 (compatible; Googlebot/2.1; +http://www.google.com/bot.html)"
66.249.66.32 - - [25/Sep/2026:05:25:55 +0300] "GET /shopdetail/occupation/061000391 HTTP/1.1" 404 64763 "-" "Mozilla/5.0 (Linux; Android 6.0.1; Nexus 5X Build/MMB29P) AppleWebKit/537.36 (KHTML, like Gecko) Chrome/153.0.8010.52 Mobile Safari/537.36 (compatible; Googlebot/2.1; +http://www.google.com/bot.html)"
66.249.66.75 - - [25/Sep/2026:05:25:57 +0300] "GET /?sale/search/detail/?ITMCODE=h6e5r5d7e9r30699 HTTP/1.1" 301 9092 "-" "Mozilla/5.0 (Linux; Android 6.0.1; Nexus 5X Build/MMB29P) AppleWebKit/537.36 (KHTML, like Gecko) Chrome/153.0.8010.52 Mobile Safari/537.36 (compatible; Googlebot/2.1; +http://www.google.com/bot.html)"
52.167.144.166 - - [25/Sep/2026:05:25:57 +0300] "GET /?sale/search/detail/?ITMCODE=p2y3r8o7a2n7t1i3m6o6n3ate HTTP/1.1" 200 30231 "-" "Mozilla/5.0 AppleWebKit/537.36 (KHTML, like Gecko; compatible; bingbot/2.0; +http://www.bing.com/bingbot.htm) Chrome/116.0.1938.76 Safari/537.36"
52.167.144.166 - - [25/Sep/2026:05:25:58 +0300] "GET /?sale/search/detail/?ITMCODE=q9u2a8d8r9e6n6n0i4a9l0 HTTP/1.1" 200 30229 "-" "Mozilla/5.0 AppleWebKit/537.36 (KHTML, like Gecko; compatible; bingbot/2.0; +http://www.bing.com/bingbot.htm) Chrome/116.0.1938.76 Safari/537.36"
57.141.20.21 - - [25/Sep/2026:05:25:59 +0300] "GET /?sale/search/detail/?ITMCODE=d3e1l4i6q1u2i3a9t8i2o4n HTTP/1.1" 200 30229 "-" "Mozilla/5.0 (Windows NT 10.0; Win64; x64) AppleWebKit/537.36 (KHTML, like Gecko) Chrome/145.0.0.0 Safari/537.36 (compatible; meta-externalagent/1.1 (+https://developers.facebook.com/docs/sharing/webmasters/crawler))"
52.167.144.166 - - [25/Sep/2026:05:25:59 +0300] "GET /?sale/search/detail/?ITMCODE=a8m8b0a1g3i2t2o8r7y1 HTTP/1.1" 200 30227 "-" "Mozilla/5.0 AppleWebKit/537.36 (KHTML, like Gecko; compatible; bingbot/2.0; +http://www.bing.com/bingbot.htm) Chrome/116.0.1938.76 Safari/537.36"
40.77.167.224 - - [25/Sep/2026:05:26:00 +0300] "GET /?sale/search/detail/?ITMCODE=a4l1a6b7a9s1t6r9a966 HTTP/1.1" 200 30226 "-" "Mozilla/5.0 AppleWebKit/537.36 (KHTML, like Gecko; compatible; bingbot/2.0; +http://www.bing.com/bingbot.htm) Chrome/116.0.1938.76 Safari/537.36"
52.167.144.166 - - [25/Sep/2026:05:26:00 +0300] "GET /?sale/search/detail/?ITMCODE=r9e1s7p5o7n5s1i6b0l9e1 HTTP/1.1" 200 30227 "-" "Mozilla/5.0 AppleWebKit/537.36 (KHTML, like Gecko; compatible; bingbot/2.0; +http://www.bing.com/bingbot.htm) Chrome/116.0.1938.76 Safari/537.36"
66.249.66.76 - - [25/Sep/2026:05:26:01 +0300] "GET /?sale/search/detail/?ITMCODE=r8e3n0t5i1n6g28242 HTTP/1.1" 301 9094 "-" "Mozilla/5.0 (Linux; Android 6.0.1; Nexus 5X Build/MMB29P) AppleWebKit/537.36 (KHTML, like Gecko) Chrome/153.0.8010.52 Mobile Safari/537.36 (compatible; Googlebot/2.1; +http://www.google.com/bot.html)"
52.167.144.166 - - [25/Sep/2026:05:26:02 +0300] "GET /?sale/search/detail/?ITMCODE=p7e3r2s5i1f9l4a4g5e46 HTTP/1.1" 200 30227 "-" "Mozilla/5.0 AppleWebKit/537.36 (KHTML, like Gecko; compatible; bingbot/2.0; +http://www.bing.com/bingbot.htm) Chrome/116.0.1938.76 Safari/537.36"
52.167.144.166 - - [25/Sep/2026:05:26:02 +0300] "GET /?sale/search/detail/?ITMCODE=b5e3n7e5d6i9c9t8o3r6y5 HTTP/1.1" 200 30229 "-" "Mozilla/5.0 AppleWebKit/537.36 (KHTML, like Gecko; compatible; bingbot/2.0; +http://www.bing.com/bingbot.htm) Chrome/116.0.1938.76 Safari/537.36"
66.249.66.33 - - [25/Sep/2026:05:26:02 +0300] "GET /?sale/search/detail/?ITMCODE=a6s1p3i7d8i3s0t7r5a01 HTTP/1.1" 200 30227 "-" "Mozilla/5.0 (Linux; Android 6.0.1; Nexus 5X Build/MMB29P) AppleWebKit/537.36 (KHTML, like Gecko) Chrome/153.0.8010.52 Mobile Safari/537.36 (compatible; Googlebot/2.1; +http://www.google.com/bot.html)"
52.167.144.166 - - [25/Sep/2026:05:26:03 +0300] "GET /?sale/search/detail/?ITMCODE=i8n3c6o9m7m0e7n2s0u7r9ateness HTTP/1.1" 200 30234 "-" "Mozilla/5.0 AppleWebKit/537.36 (KHTML, like Gecko; compatible; bingbot/2.0; +http://www.bing.com/bingbot.htm) Chrome/116.0.1938.76 Safari/537.36"
52.167.144.166 - - [25/Sep/2026:05:26:04 +0300] "GET /?sale/search/detail/?ITMCODE=b1e1n9g7a1l4e2n9s9e68 HTTP/1.1" 200 30227 "-" "Mozilla/5.0 AppleWebKit/537.36 (KHTML, like Gecko; compatible; bingbot/2.0; +http://www.bing.com/bingbot.htm) Chrome/116.0.1938.76 Safari/537.36"
66.249.66.75 - - [25/Sep/2026:05:26:07 +0300] "GET /?sale/search/detail/?ITMCODE=a8s2s0e7n5t1a4t2o6r5y7 HTTP/1.1" 301 9098 "-" "Mozilla/5.0 (Linux; Android 6.0.1; Nexus 5X Build/MMB29P) AppleWebKit/537.36 (KHTML, like Gecko) Chrome/153.0.8010.52 Mobile Safari/537.36 (compatible; Googlebot/2.1; +http://www.google.com/bot.html)"
66.249.66.75 - - [25/Sep/2026:05:26:08 +0300] "GET /?sale/search/detail/?ITMCODE=a7r3a9b4i0a3n12197 HTTP/1.1" 301 9094 "-" "Mozilla/5.0 (Linux; Android 6.0.1; Nexus 5X Build/MMB29P) AppleWebKit/537.36 (KHTML, like Gecko) Chrome/153.0.8010.52 Mobile Safari/537.36 (compatible; Googlebot/2.1; +http://www.google.com/bot.html)"
52.167.144.166 - - [25/Sep/2026:05:26:08 +0300] "GET /?sale/search/detail/?ITMCODE=t3h1e9o3g7o1n9i3c728 HTTP/1.1" 200 30227 "-" "Mozilla/5.0 AppleWebKit/537.36 (KHTML, like Gecko; compatible; bingbot/2.0; +http://www.bing.com/bingbot.htm) Chrome/116.0.1938.76 Safari/537.36"
52.167.144.166 - - [25/Sep/2026:05:26:08 +0300] "GET /?sale/search/detail/?ITMCODE=i0n3c4u9l3t0u5r9e600 HTTP/1.1" 200 30227 "-" "Mozilla/5.0 AppleWebKit/537.36 (KHTML, like Gecko; compatible; bingbot/2.0; +http://www.bing.com/bingbot.htm) Chrome/116.0.1938.76 Safari/537.36"
66.249.66.75 - - [25/Sep/2026:05:26:10 +0300] "GET /?sale/search/detail/?ITMCODE=a4l6k9a1n5n5a1714 HTTP/1.1" 301 9093 "-" "Mozilla/5.0 (Linux; Android 6.0.1; Nexus 5X Build/MMB29P) AppleWebKit/537.36 (KHTML, like Gecko) Chrome/153.0.8010.52 Mobile Safari/537.36 (compatible; Googlebot/2.1; +http://www.google.com/bot.html)"
57.141.20.6 - - [25/Sep/2026:05:26:10 +0300] "GET /?sale/search/detail/?ITMCODE=d1y3s3p3h2o6r1i3c400 HTTP/1.1" 200 30227 "-" "Mozilla/5.0 (X11; Linux x86_64) AppleWebKit/537.36 (KHTML, like Gecko) Chrome/145.0.0.0 Safari/537.36 (compatible; meta-externalagent/1.1 (+https://developers.facebook.com/docs/sharing/webmasters/crawler))"
40.77.167.224 - - [25/Sep/2026:05:26:12 +0300] "GET /?sale/search/detail/?ITMCODE=o7r2n2a8m3e1n0t8a1t1i2on HTTP/1.1" 200 30230 "-" "Mozilla/5.0 AppleWebKit/537.36 (KHTML, like Gecko; compatible; bingbot/2.0; +http://www.bing.com/bingbot.htm) Chrome/116.0.1938.76 Safari/537.36"
40.77.167.224 - - [25/Sep/2026:05:26:13 +0300] "GET /?sale/search/detail/?ITMCODE=c2o4n2g4e4n9i3a1l4i2t9y HTTP/1.1" 200 30229 "-" "Mozilla/5.0 AppleWebKit/537.36 (KHTML, like Gecko; compatible; bingbot/2.0; +http://www.bing.com/bingbot.htm) Chrome/116.0.1938.76 Safari/537.36"
66.249.66.75 - - [25/Sep/2026:05:26:13 +0300] "GET /?sale/search/detail/?ITMCODE=t4u3b3u0l0a5t3e0d646 HTTP/1.1" 301 9096 "-" "Mozilla/5.0 (Linux; Android 6.0.1; Nexus 5X Build/MMB29P) AppleWebKit/537.36 (KHTML, like Gecko) Chrome/153.0.8010.52 Mobile Safari/537.36 (compatible; Googlebot/2.1; +http://www.google.com/bot.html)"
57.141.20.70 - - [25/Sep/2026:05:26:13 +0300] "GET /?sale/search/detail/?ITMCODE=s1o1a6p8b1e4r6r6y003 HTTP/1.1" 200 30227 "-" "Mozilla/5.0 (Macintosh; Intel Mac OS X 10_15_7) AppleWebKit/537.36 (KHTML, like Gecko) Chrome/145.0.0.0 Safari/537.36 (compatible; meta-externalagent/1.1 (+https://developers.facebook.com/docs/sharing/webmasters/crawler))"
40.77.167.224 - - [25/Sep/2026:05:26:14 +0300] "GET /?sale/search/detail/?ITMCODE=i2r1r1e6f2u4t8a4b7l1e2ness HTTP/1.1" 200 30231 "-" "Mozilla/5.0 AppleWebKit/537.36 (KHTML, like Gecko; compatible; bingbot/2.0; +http://www.bing.com/bingbot.htm) Chrome/116.0.1938.76 Safari/537.36"
40.77.167.224 - - [25/Sep/2026:05:26:14 +0300] "GET /?sale/search/detail/?ITMCODE=a4c7r8o6c5i0n9u6s97 HTTP/1.1" 200 30226 "-" "Mozilla/5.0 AppleWebKit/537.36 (KHTML, like Gecko; compatible; bingbot/2.0; +http://www.bing.com/bingbot.htm) Chrome/116.0.1938.76 Safari/537.36"
40.77.167.224 - - [25/Sep/2026:05:26:15 +0300] "GET /?sale/search/detail/?ITMCODE=p3y2r0a4m5i2l2d3i1c6a7lness HTTP/1.1" 200 30232 "-" "Mozilla/5.0 AppleWebKit/537.36 (KHTML, like Gecko; compatible; bingbot/2.0; +http://www.bing.com/bingbot.htm) Chrome/116.0.1938.76 Safari/537.36"
66.249.66.32 - - [25/Sep/2026:05:26:16 +0300] "GET /?sale/search/detail/?ITMCODE=o5m1i3s1h5357524 HTTP/1.1" 200 30223 "-" "Mozilla/5.0 (Linux; Android 6.0.1; Nexus 5X Build/MMB29P) AppleWebKit/537.36 (KHTML, like Gecko) Chrome/153.0.8010.52 Mobile Safari/537.36 (compatible; Googlebot/2.1; +http://www.google.com/bot.html)"
66.249.66.75 - - [25/Sep/2026:05:26:17 +0300] "GET /?sale/search/detail/?ITMCODE=m4e8e5t4e2n37220 HTTP/1.1" 301 9092 "-" "Mozilla/5.0 (Linux; Android 6.0.1; Nexus 5X Build/MMB29P) AppleWebKit/537.36 (KHTML, like Gecko) Chrome/153.0.8010.52 Mobile Safari/537.36 (compatible; Googlebot/2.1; +http://www.google.com/bot.html)"
57.141.20.38 - - [25/Sep/2026:05:26:17 +0300] "GET /?sale/search/detail/?ITMCODE=a8n3n9u7a2l126291 HTTP/1.1" 200 30224 "-" "Mozilla/5.0 (Macintosh; Intel Mac OS X 10_15_7) AppleWebKit/537.36 (KHTML, like Gecko) Chrome/145.0.0.0 Safari/537.36 (compatible; meta-externalagent/1.1 (+https://developers.facebook.com/docs/sharing/webmasters/crawler))"
52.167.144.166 - - [25/Sep/2026:05:26:18 +0300] "GET /?sale/search/detail/?ITMCODE=w5a4l0k4y5r95501 HTTP/1.1" 200 30224 "-" "Mozilla/5.0 AppleWebKit/537.36 (KHTML, like Gecko; compatible; bingbot/2.0; +http://www.bing.com/bingbot.htm) Chrome/116.0.1938.76 Safari/537.36"
52.167.144.166 - - [25/Sep/2026:05:26:19 +0300] "GET /?sale/search/detail/?ITMCODE=b5e2t5u7l9o4i0d1e1s71 HTTP/1.1" 200 30227 "-" "Mozilla/5.0 AppleWebKit/537.36 (KHTML, like Gecko; compatible; bingbot/2.0; +http://www.bing.com/bingbot.htm) Chrome/116.0.1938.76 Safari/537.36"
52.167.144.166 - - [25/Sep/2026:05:26:20 +0300] "GET /?sale/search/detail/?ITMCODE=k7i3b7b0u1t2z6i5m763 HTTP/1.1" 200 30228 "-" "Mozilla/5.0 AppleWebKit/537.36 (KHTML, like Gecko; compatible; bingbot/2.0; +http://www.bing.com/bingbot.htm) Chrome/116.0.1938.76 Safari/537.36"
40.77.167.224 - - [25/Sep/2026:05:26:20 +0300] "GET /?sale/search/detail/?ITMCODE=c8h1o0r3e9p6i9s1c4o6p9i HTTP/1.1" 200 30229 "-" "Mozilla/5.0 AppleWebKit/537.36 (KHTML, like Gecko; compatible; bingbot/2.0; +http://www.bing.com/bingbot.htm) Chrome/116.0.1938.76 Safari/537.36"
66.249.66.75 - - [25/Sep/2026:05:26:21 +0300] "GET /?sale/search/detail/?ITMCODE=j2o9v4i7a1l79671 HTTP/1.1" 301 9092 "-" "Mozilla/5.0 (Linux; Android 6.0.1; Nexus 5X Build/MMB29P) AppleWebKit/537.36 (KHTML, like Gecko) Chrome/153.0.8010.52 Mobile Safari/537.36 (compatible; Googlebot/2.1; +http://www.google.com/bot.html)"
52.167.144.166 - - [25/Sep/2026:05:26:21 +0300] "GET /?sale/search/detail/?ITMCODE=w5a4l0k4y5r95501 HTTP/1.1" 200 30224 "-" "Mozilla/5.0 AppleWebKit/537.36 (KHTML, like Gecko; compatible; bingbot/2.0; +http://www.bing.com/bingbot.htm) Chrome/116.0.1938.76 Safari/537.36"
52.167.144.166 - - [25/Sep/2026:05:26:22 +0300] "GET /?sale/search/detail/?ITMCODE=c9o3n2v1o1c9a9t9i6n5g HTTP/1.1" 200 30228 "-" "Mozilla/5.0 AppleWebKit/537.36 (KHTML, like Gecko; compatible; bingbot/2.0; +http://www.bing.com/bingbot.htm) Chrome/116.0.1938.76 Safari/537.36"
52.167.144.166 - - [25/Sep/2026:05:26:22 +0300] "GET /?sale/search/detail/?ITMCODE=h8y4d2r2o6m3a9g5n0e0s0ite HTTP/1.1" 200 30230 "-" "Mozilla/5.0 AppleWebKit/537.36 (KHTML, like Gecko; compatible; bingbot/2.0; +http://www.bing.com/bingbot.htm) Chrome/116.0.1938.76 Safari/537.36"
52.167.144.166 - - [25/Sep/2026:05:26:23 +0300] "GET /?sale/search/detail/?ITMCODE=c3h3r8o4m7a8t1o4p3h3o1re HTTP/1.1" 200 30229 "-" "Mozilla/5.0 AppleWebKit/537.36 (KHTML, like Gecko; compatible; bingbot/2.0; +http://www.bing.com/bingbot.htm) Chrome/116.0.1938.76 Safari/537.36"
66.249.66.75 - - [25/Sep/2026:05:26:24 +0300] "GET /?sale/search/detail/?ITMCODE=p4e9e2r2l9e0s3s5n2e5ss HTTP/1.1" 301 9098 "-" "Mozilla/5.0 (Linux; Android 6.0.1; Nexus 5X Build/MMB29P) AppleWebKit/537.36 (KHTML, like Gecko) Chrome/153.0.8010.52 Mobile Safari/537.36 (compatible; Googlebot/2.1; +http://www.google.com/bot.html)"
66.249.66.75 - - [25/Sep/2026:05:26:25 +0300] "GET /?sale/search/detail/?ITMCODE=a6m3o4n8t0i9l8l6a9d7o6 HTTP/1.1" 301 9098 "-" "Mozilla/5.0 (Linux; Android 6.0.1; Nexus 5X Build/MMB29P) AppleWebKit/537.36 (KHTML, like Gecko) Chrome/153.0.8010.52 Mobile Safari/537.36 (compatible; Googlebot/2.1; +http://www.google.com/bot.html)"
52.167.144.166 - - [25/Sep/2026:05:26:25 +0300] "GET /?sale/search/detail/?ITMCODE=h8y4d2r2o6m3a9g5n0e0s0ite HTTP/1.1" 200 30230 "-" "Mozilla/5.0 AppleWebKit/537.36 (KHTML, like Gecko; compatible; bingbot/2.0; +http://www.bing.com/bingbot.htm) Chrome/116.0.1938.76 Safari/537.36"
52.167.144.166 - - [25/Sep/2026:05:26:26 +0300] "GET /?sale/search/detail/?ITMCODE=p3e2n9t1a9g4y3n0i9a4n9 HTTP/1.1" 200 30229 "-" "Mozilla/5.0 AppleWebKit/537.36 (KHTML, like Gecko; compatible; bingbot/2.0; +http://www.bing.com/bingbot.htm) Chrome/116.0.1938.76 Safari/537.36"
57.141.20.21 - - [25/Sep/2026:05:26:27 +0300] "GET /?sale/search/detail/?ITMCODE=s1p8e3c3i3e41548 HTTP/1.1" 200 30224 "-" "Mozilla/5.0 (Macintosh; Intel Mac OS X 10_15_7) AppleWebKit/537.36 (KHTML, like Gecko) Chrome/145.0.0.0 Safari/537.36 (compatible; meta-externalagent/1.1 (+https://developers.facebook.com/docs/sharing/webmasters/crawler))"
52.167.144.166 - - [25/Sep/2026:05:26:27 +0300] "GET /?sale/search/detail/?ITMCODE=p6l1e0a3s1a6n4t9r1i6e5s HTTP/1.1" 200 30229 "-" "Mozilla/5.0 AppleWebKit/537.36 (KHTML, like Gecko; compatible; bingbot/2.0; +http://www.bing.com/bingbot.htm) Chrome/116.0.1938.76 Safari/537.36"
66.249.66.32 - - [25/Sep/2026:05:26:30 +0300] "GET /?z=183048886 HTTP/1.1" 200 30194 "-" "Mozilla/5.0 (Linux; Android 6.0.1; Nexus 5X Build/MMB29P) AppleWebKit/537.36 (KHTML, like Gecko) Chrome/153.0.8010.52 Mobile Safari/537.36 (compatible; Googlebot/2.1; +http://www.google.com/bot.html)"
66.249.66.32 - - [25/Sep/2026:05:26:30 +0300] "GET /?sale/search/detail/?ITMCODE=i0m1p7u6t4a1b7i8l3i7t6y HTTP/1.1" 200 30229 "-" "Mozilla/5.0 (Linux; Android 6.0.1; Nexus 5X Build/MMB29P) AppleWebKit/537.36 (KHTML, like Gecko) Chrome/153.0.8010.52 Mobile Safari/537.36 (compatible; Googlebot/2.1; +http://www.google.com/bot.html)"
40.77.167.224 - - [25/Sep/2026:05:26:30 +0300] "GET /?sale/search/detail/?ITMCODE=c8h1o0r3e9p6i9s1c4o6p9i HTTP/1.1" 200 30229 "-" "Mozilla/5.0 AppleWebKit/537.36 (KHTML, like Gecko; compatible; bingbot/2.0; +http://www.bing.com/bingbot.htm) Chrome/116.0.1938.76 Safari/537.36"
66.249.66.75 - - [25/Sep/2026:05:26:31 +0300] "GET /?sale/search/detail/?ITMCODE=a2l3g2o2n2q7u0i2a2n37 HTTP/1.1" 301 9097 "-" "Mozilla/5.0 (Linux; Android 6.0.1; Nexus 5X Build/MMB29P) AppleWebKit/537.36 (KHTML, like Gecko) Chrome/153.0.8010.52 Mobile Safari/537.36 (compatible; Googlebot/2.1; +http://www.google.com/bot.html)"
66.249.66.75 - - [25/Sep/2026:05:26:32 +0300] "GET /?sale/search/detail/?ITMCODE=l2o2g8w3o2o4d13614 HTTP/1.1" 301 9094 "-" "Mozilla/5.0 (Linux; Android 6.0.1; Nexus 5X Build/MMB29P) AppleWebKit/537.36 (KHTML, like Gecko) Chrome/153.0.8010.52 Mobile Safari/537.36 (compatible; Googlebot/2.1; +http://www.google.com/bot.html)"
40.77.167.224 - - [25/Sep/2026:05:26:31 +0300] "GET /?sale/search/detail/?ITMCODE=i9m7b6a9n1k1m9e2n6t5 HTTP/1.1" 200 30227 "-" "Mozilla/5.0 AppleWebKit/537.36 (KHTML, like Gecko; compatible; bingbot/2.0; +http://www.bing.com/bingbot.htm) Chrome/116.0.1938.76 Safari/537.36"
40.77.167.224 - - [25/Sep/2026:05:26:32 +0300] "GET /?sale/search/detail/?ITMCODE=t1h2a4l9a2s9s5i6a0n12 HTTP/1.1" 200 30227 "-" "Mozilla/5.0 AppleWebKit/537.36 (KHTML, like Gecko; compatible; bingbot/2.0; +http://www.bing.com/bingbot.htm) Chrome/116.0.1938.76 Safari/537.36"
66.249.66.75 - - [25/Sep/2026:05:26:33 +0300] "GET /?sale/search/detail/?ITMCODE=d2e2s0p5i1t3e9o0u2s9l3y HTTP/1.1" 301 9099 "-" "Mozilla/5.0 (Linux; Android 6.0.1; Nexus 5X Build/MMB29P) AppleWebKit/537.36 (KHTML, like Gecko) Chrome/153.0.8010.52 Mobile Safari/537.36 (compatible; Googlebot/2.1; +http://www.google.com/bot.html)"
40.77.167.224 - - [25/Sep/2026:05:26:33 +0300] "GET /?sale/search/detail/?ITMCODE=p4r3e2v4e6n9t0i9n0g3l4y HTTP/1.1" 200 30230 "-" "Mozilla/5.0 AppleWebKit/537.36 (KHTML, like Gecko; compatible; bingbot/2.0; +http://www.bing.com/bingbot.htm) Chrome/116.0.1938.76 Safari/537.36"
114.119.159.70 - - [25/Sep/2026:05:26:34 +0300] "GET /shopdetail/muscle/188023282 HTTP/1.1" 404 64763 "https://princessmare.com.gr/goods.php?sitemap633.xml" "Mozilla/5.0 (Linux; Android 7.0;) AppleWebKit/537.36 (HTML, like Gecko) Mobile Safari/537.36 (compatible; PetalBot;+https://webmaster.petalsearch.com/site/petalbot)"
40.77.167.224 - - [25/Sep/2026:05:26:34 +0300] "GET /?sale/search/detail/?ITMCODE=i6m8p8e9r8a5t7i2v7e9ly HTTP/1.1" 200 30229 "-" "Mozilla/5.0 AppleWebKit/537.36 (KHTML, like Gecko; compatible; bingbot/2.0; +http://www.bing.com/bingbot.htm) Chrome/116.0.1938.76 Safari/537.36"
66.249.66.75 - - [25/Sep/2026:05:26:36 +0300] "GET /?sale/search/detail/?ITMCODE=s2t1o7c4c8a1d2o6614 HTTP/1.1" 301 9095 "-" "Mozilla/5.0 (Linux; Android 6.0.1; Nexus 5X Build/MMB29P) AppleWebKit/537.36 (KHTML, like Gecko) Chrome/153.0.8010.52 Mobile Safari/537.36 (compatible; Googlebot/2.1; +http://www.google.com/bot.html)"
57.141.20.41 - - [25/Sep/2026:05:26:36 +0300] "GET /?sale/search/detail/?ITMCODE=s1i2l0u6n7d3u5m7005 HTTP/1.1" 200 30226 "-" "Mozilla/5.0 (Macintosh; Intel Mac OS X 10_15_7) AppleWebKit/537.36 (KHTML, like Gecko) Chrome/145.0.0.0 Safari/537.36 (compatible; meta-externalagent/1.1 (+https://developers.facebook.com/docs/sharing/webmasters/crawler))"
66.249.66.32 - - [25/Sep/2026:05:26:37 +0300] "GET /?sale/search/detail/?ITMCODE=s5y9n0a4n3g7i9a949 HTTP/1.1" 200 30225 "-" "Mozilla/5.0 (Linux; Android 6.0.1; Nexus 5X Build/MMB29P) AppleWebKit/537.36 (KHTML, like Gecko) Chrome/153.0.8010.52 Mobile Safari/537.36 (compatible; Googlebot/2.1; +http://www.google.com/bot.html)"
52.167.144.166 - - [25/Sep/2026:05:26:37 +0300] "GET /?sale/search/detail/?ITMCODE=c2o1u8n7t2r4y5s5t1y1l1e HTTP/1.1" 200 30229 "-" "Mozilla/5.0 AppleWebKit/537.36 (KHTML, like Gecko; compatible; bingbot/2.0; +http://www.bing.com/bingbot.htm) Chrome/116.0.1938.76 Safari/537.36"
66.249.66.75 - - [25/Sep/2026:05:26:39 +0300] "GET /?sale/search/detail/?ITMCODE=t1i4m9e0l4i7e4s7t57 HTTP/1.1" 301 9095 "-" "Mozilla/5.0 (Linux; Android 6.0.1; Nexus 5X Build/MMB29P) AppleWebKit/537.36 (KHTML, like Gecko) Chrome/153.0.8010.52 Mobile Safari/537.36 (compatible; Googlebot/2.1; +http://www.google.com/bot.html)"
40.77.167.224 - - [25/Sep/2026:05:26:41 +0300] "GET /?sale/search/detail/?ITMCODE=m1e3t7e4y7a4r3d466 HTTP/1.1" 200 30225 "-" "Mozilla/5.0 AppleWebKit/537.36 (KHTML, like Gecko; compatible; bingbot/2.0; +http://www.bing.com/bingbot.htm) Chrome/116.0.1938.76 Safari/537.36"
52.167.144.166 - - [25/Sep/2026:05:26:41 +0300] "GET /?sale/search/detail/?ITMCODE=p7s3e0u5d8o8d8i4p9t2e7ral HTTP/1.1" 200 30231 "-" "Mozilla/5.0 AppleWebKit/537.36 (KHTML, like Gecko; compatible; bingbot/2.0; +http://www.bing.com/bingbot.htm) Chrome/116.0.1938.76 Safari/537.36"
52.167.144.166 - - [25/Sep/2026:05:26:42 +0300] "GET /?sale/search/detail/?ITMCODE=a0b2a5r6t4i7c9u1l8a2t1ion HTTP/1.1" 200 30230 "-" "Mozilla/5.0 AppleWebKit/537.36 (KHTML, like Gecko; compatible; bingbot/2.0; +http://www.bing.com/bingbot.htm) Chrome/116.0.1938.76 Safari/537.36"
52.167.144.166 - - [25/Sep/2026:05:26:43 +0300] "GET /?sale/search/detail/?ITMCODE=c7o4n2v5i0v6i1a1l8l8y6 HTTP/1.1" 200 30229 "-" "Mozilla/5.0 AppleWebKit/537.36 (KHTML, like Gecko; compatible; bingbot/2.0; +http://www.bing.com/bingbot.htm) Chrome/116.0.1938.76 Safari/537.36"
52.167.144.166 - - [25/Sep/2026:05:26:44 +0300] "GET /?sale/search/detail/?ITMCODE=a3n2t1i3p3h7a9r9m8i2c3 HTTP/1.1" 200 30228 "-" "Mozilla/5.0 AppleWebKit/537.36 (KHTML, like Gecko; compatible; bingbot/2.0; +http://www.bing.com/bingbot.htm) Chrome/116.0.1938.76 Safari/537.36"
66.249.66.75 - - [25/Sep/2026:05:26:44 +0300] "GET /?sale/search/detail/?ITMCODE=c3l1a6n5g6o0r87042 HTTP/1.1" 301 9094 "-" "Mozilla/5.0 (Linux; Android 6.0.1; Nexus 5X Build/MMB29P) AppleWebKit/537.36 (KHTML, like Gecko) Chrome/153.0.8010.52 Mobile Safari/537.36 (compatible; Googlebot/2.1; +http://www.google.com/bot.html)"
57.141.20.33 - - [25/Sep/2026:05:26:45 +0300] "GET /?sale/search/detail/?ITMCODE=e1l1e8g4a2n4t43336 HTTP/1.1" 200 30225 "-" "Mozilla/5.0 (Windows NT 10.0; Win64; x64) AppleWebKit/537.36 (KHTML, like Gecko) Chrome/145.0.0.0 Safari/537.36 (compatible; meta-externalagent/1.1 (+https://developers.facebook.com/docs/sharing/webmasters/crawler))"
66.249.66.75 - - [25/Sep/2026:05:26:45 +0300] "GET /?sale/search/detail/?ITMCODE=s2p2i2r9i4t2i9s7m712 HTTP/1.1" 301 9096 "-" "Mozilla/5.0 (Linux; Android 6.0.1; Nexus 5X Build/MMB29P) AppleWebKit/537.36 (KHTML, like Gecko) Chrome/153.0.8010.52 Mobile Safari/537.36 (compatible; Googlebot/2.1; +http://www.google.com/bot.html)"
57.141.20.55 - - [25/Sep/2026:05:26:46 +0300] "GET /?sale/search/detail/?ITMCODE=f1i1s7s2i1p3a8r4a823 HTTP/1.1" 200 30226 "-" "Mozilla/5.0 (Windows NT 10.0; Win64; x64) AppleWebKit/537.36 (KHTML, like Gecko) Chrome/145.0.0.0 Safari/537.36 (compatible; meta-externalagent/1.1 (+https://developers.facebook.com/docs/sharing/webmasters/crawler))"
66.249.66.75 - - [25/Sep/2026:05:26:47 +0300] "GET /?sale/search/detail/?ITMCODE=o1u1t8r5a8g1e7o4u1s1l7y HTTP/1.1" 301 9099 "-" "Mozilla/5.0 (Linux; Android 6.0.1; Nexus 5X Build/MMB29P) AppleWebKit/537.36 (KHTML, like Gecko) Chrome/153.0.8010.52 Mobile Safari/537.36 (compatible; Googlebot/2.1; +http://www.google.com/bot.html)"
52.167.144.166 - - [25/Sep/2026:05:26:47 +0300] "GET /?sale/search/detail/?ITMCODE=h4a2n0g7m5a8n6s5h2i5p7 HTTP/1.1" 200 30229 "-" "Mozilla/5.0 AppleWebKit/537.36 (KHTML, like Gecko; compatible; bingbot/2.0; +http://www.bing.com/bingbot.htm) Chrome/116.0.1938.76 Safari/537.36"
52.167.144.166 - - [25/Sep/2026:05:26:48 +0300] "GET /?sale/search/detail/?ITMCODE=h6o3t8l2i0v6e2r3e5d43 HTTP/1.1" 200 30228 "-" "Mozilla/5.0 AppleWebKit/537.36 (KHTML, like Gecko; compatible; bingbot/2.0; +http://www.bing.com/bingbot.htm) Chrome/116.0.1938.76 Safari/537.36"
52.167.144.166 - - [25/Sep/2026:05:26:49 +0300] "GET /?sale/search/detail/?ITMCODE=a3u3l1a7r6i9a8n8356 HTTP/1.1" 200 30226 "-" "Mozilla/5.0 AppleWebKit/537.36 (KHTML, like Gecko; compatible; bingbot/2.0; +http://www.bing.com/bingbot.htm) Chrome/116.0.1938.76 Safari/537.36"
66.249.66.75 - - [25/Sep/2026:05:26:50 +0300] "GET /?sale/search/detail/?ITMCODE=s4t3a9t9i0c5a9l3l2y86 HTTP/1.1" 301 9097 "-" "Mozilla/5.0 (Linux; Android 6.0.1; Nexus 5X Build/MMB29P) AppleWebKit/537.36 (KHTML, like Gecko) Chrome/153.0.8010.52 Mobile Safari/537.36 (compatible; Googlebot/2.1; +http://www.google.com/bot.html)"
52.167.144.166 - - [25/Sep/2026:05:26:50 +0300] "GET /?sale/search/detail/?ITMCODE=d6o8u6b5l3e4t6o9n9g3ued HTTP/1.1" 200 30229 "-" "Mozilla/5.0 AppleWebKit/537.36 (KHTML, like Gecko; compatible; bingbot/2.0; +http://www.bing.com/bingbot.htm) Chrome/116.0.1938.76 Safari/537.36"
66.249.66.32 - - [25/Sep/2026:05:26:50 +0300] "GET /?sale/search/detail/?ITMCODE=f5l2e1e4c4e5d55925 HTTP/1.1" 200 30225 "-" "Mozilla/5.0 (Linux; Android 6.0.1; Nexus 5X Build/MMB29P) AppleWebKit/537.36 (KHTML, like Gecko) Chrome/153.0.8010.52 Mobile Safari/537.36 (compatible; Googlebot/2.1; +http://www.google.com/bot.html)"
40.77.167.224 - - [25/Sep/2026:05:26:52 +0300] "GET /?sale/search/detail/?ITMCODE=p1h2e9n7a9l7g2i0n712 HTTP/1.1" 200 30226 "-" "Mozilla/5.0 AppleWebKit/537.36 (KHTML, like Gecko; compatible; bingbot/2.0; +http://www.bing.com/bingbot.htm) Chrome/116.0.1938.76 Safari/537.36"
66.249.66.75 - - [25/Sep/2026:05:26:53 +0300] "GET /?sale/search/detail/?ITMCODE=d1e3b3a1r7k2a5t4i6o6n HTTP/1.1" 301 9097 "-" "Mozilla/5.0 (Linux; Android 6.0.1; Nexus 5X Build/MMB29P) AppleWebKit/537.36 (KHTML, like Gecko) Chrome/153.0.8010.52 Mobile Safari/537.36 (compatible; Googlebot/2.1; +http://www.google.com/bot.html)"
40.77.167.224 - - [25/Sep/2026:05:26:53 +0300] "GET /?sale/search/detail/?ITMCODE=i3n1a6c8q2u6i0e6s4c4e0nt HTTP/1.1" 200 30231 "-" "Mozilla/5.0 AppleWebKit/537.36 (KHTML, like Gecko; compatible; bingbot/2.0; +http://www.bing.com/bingbot.htm) Chrome/116.0.1938.76 Safari/537.36"
57.141.20.21 - - [25/Sep/2026:05:26:53 +0300] "GET /?sale/search/detail/?ITMCODE=m1i8m5e4t2i3c6814 HTTP/1.1" 200 30224 "-" "Mozilla/5.0 (Macintosh; Intel Mac OS X 10_15_7) AppleWebKit/537.36 (KHTML, like Gecko) Chrome/145.0.0.0 Safari/537.36 (compatible; meta-externalagent/1.1 (+https://developers.facebook.com/docs/sharing/webmasters/crawler))"
40.77.167.224 - - [25/Sep/2026:05:26:54 +0300] "GET /?sale/search/detail/?ITMCODE=p6r3o4t2e5s1t7a7n9t0l9y HTTP/1.1" 200 30229 "-" "Mozilla/5.0 AppleWebKit/537.36 (KHTML, like Gecko; compatible; bingbot/2.0; +http://www.bing.com/bingbot.htm) Chrome/116.0.1938.76 Safari/537.36"
40.77.167.224 - - [25/Sep/2026:05:26:55 +0300] "GET /?sale/search/detail/?ITMCODE=p8i2g7e9o8n8h0o7l3e70 HTTP/1.1" 200 30228 "-" "Mozilla/5.0 AppleWebKit/537.36 (KHTML, like Gecko; compatible; bingbot/2.0; +http://www.bing.com/bingbot.htm) Chrome/116.0.1938.76 Safari/537.36"
66.249.66.75 - - [25/Sep/2026:05:26:55 +0300] "GET /?sale/search/detail/?ITMCODE=c4h3a8r4a6d9r2i8d1a1e6 HTTP/1.1" 301 9098 "-" "Mozilla/5.0 (Linux; Android 6.0.1; Nexus 5X Build/MMB29P) AppleWebKit/537.36 (KHTML, like Gecko) Chrome/153.0.8010.52 Mobile Safari/537.36 (compatible; Googlebot/2.1; +http://www.google.com/bot.html)"
40.77.167.224 - - [25/Sep/2026:05:26:57 +0300] "GET /?sale/search/detail/?ITMCODE=o9b2t4u5s7e6a7n0g8l3e4d HTTP/1.1" 200 30229 "-" "Mozilla/5.0 AppleWebKit/537.36 (KHTML, like Gecko; compatible; bingbot/2.0; +http://www.bing.com/bingbot.htm) Chrome/116.0.1938.76 Safari/537.36"
66.249.66.75 - - [25/Sep/2026:05:26:58 +0300] "GET /?sale/search/detail/?ITMCODE=i6n5d4e4x4e5s0476 HTTP/1.1" 301 9093 "-" "Mozilla/5.0 (Linux; Android 6.0.1; Nexus 5X Build/MMB29P) AppleWebKit/537.36 (KHTML, like Gecko) Chrome/153.0.8010.52 Mobile Safari/537.36 (compatible; Googlebot/2.1; +http://www.google.com/bot.html)"
52.167.144.166 - - [25/Sep/2026:05:26:59 +0300] "GET /?sale/search/detail/?ITMCODE=q4u1a1d1r3i2v6i8a8l03 HTTP/1.1" 200 30228 "-" "Mozilla/5.0 AppleWebKit/537.36 (KHTML, like Gecko; compatible; bingbot/2.0; +http://www.bing.com/bingbot.htm) Chrome/116.0.1938.76 Safari/537.36"
52.167.144.166 - - [25/Sep/2026:05:27:00 +0300] "GET /?sale/search/detail/?ITMCODE=s5u4s1t7e7n5t6a9t5e22 HTTP/1.1" 200 30227 "-" "Mozilla/5.0 AppleWebKit/537.36 (KHTML, like Gecko; compatible; bingbot/2.0; +http://www.bing.com/bingbot.htm) Chrome/116.0.1938.76 Safari/537.36"
52.167.144.166 - - [25/Sep/2026:05:27:01 +0300] "GET /?sale/search/detail/?ITMCODE=q8u2a8d1r9o2x8i3d2e74 HTTP/1.1" 200 30228 "-" "Mozilla/5.0 AppleWebKit/537.36 (KHTML, like Gecko; compatible; bingbot/2.0; +http://www.bing.com/bingbot.htm) Chrome/116.0.1938.76 Safari/537.36"
66.249.66.77 - - [25/Sep/2026:05:27:03 +0300] "GET /?sale/search/detail/?ITMCODE=r6e4m4e8a5s8u9r1e89 HTTP/1.1" 301 9095 "-" "Mozilla/5.0 (Linux; Android 6.0.1; Nexus 5X Build/MMB29P) AppleWebKit/537.36 (KHTML, like Gecko) Chrome/153.0.8010.52 Mobile Safari/537.36 (compatible; Googlebot/2.1; +http://www.google.com/bot.html)"
66.249.66.77 - - [25/Sep/2026:05:27:04 +0300] "GET /?sale/search/detail/?ITMCODE=t7o4n0g6a1384610 HTTP/1.1" 301 9092 "-" "Mozilla/5.0 (Linux; Android 6.0.1; Nexus 5X Build/MMB29P) AppleWebKit/537.36 (KHTML, like Gecko) Chrome/153.0.8010.52 Mobile Safari/537.36 (compatible; Googlebot/2.1; +http://www.google.com/bot.html)"
66.249.66.75 - - [25/Sep/2026:05:27:06 +0300] "GET /?sale/search/detail/?ITMCODE=i8n2i5q4u3i1t5o1u1s0ly HTTP/1.1" 301 9098 "-" "Mozilla/5.0 (Linux; Android 6.0.1; Nexus 5X Build/MMB29P) AppleWebKit/537.36 (KHTML, like Gecko) Chrome/153.0.8010.52 Mobile Safari/537.36 (compatible; Googlebot/2.1; +http://www.google.com/bot.html)"
62.83.32.159 - - [25/Sep/2026:05:27:08 +0300] "GET /wp-content/uploads/2021/07/logo-colored.png HTTP/1.1" 200 5150 "-" "tphotobot/0.1 (+https://crawler.estidraft.com/bot)"
62.83.32.159 - - [25/Sep/2026:05:27:08 +0300] "GET /wp-content/uploads/2021/07/logo.png HTTP/1.1" 200 5142 "-" "tphotobot/0.1 (+https://crawler.estidraft.com/bot)"
62.83.32.159 - - [25/Sep/2026:05:27:08 +0300] "GET /wp-content/uploads/2021/07/wifi.png HTTP/1.1" 200 5142 "-" "tphotobot/0.1 (+https://crawler.estidraft.com/bot)"
62.83.32.159 - - [25/Sep/2026:05:27:08 +0300] "GET /wp-content/uploads/2021/07/parking.png HTTP/1.1" 200 5145 "-" "tphotobot/0.1 (+https://crawler.estidraft.com/bot)"
62.83.32.159 - - [25/Sep/2026:05:27:08 +0300] "GET /wp-content/uploads/2021/07/transport.png HTTP/1.1" 200 5147 "-" "tphotobot/0.1 (+https://crawler.estidraft.com/bot)"
62.83.32.159 - - [25/Sep/2026:05:27:08 +0300] "GET /wp-content/plugins/revslider/public/assets/assets/dummy.png HTTP/1.1" 200 5221 "-" "tphotobot/0.1 (+https://crawler.estidraft.com/bot)"
62.83.32.159 - - [25/Sep/2026:05:27:08 +0300] "GET /wp-content/uploads/2021/07/beds.png HTTP/1.1" 200 5142 "-" "tphotobot/0.1 (+https://crawler.estidraft.com/bot)"
62.83.32.159 - - [25/Sep/2026:05:27:08 +0300] "GET /wp-content/uploads/2021/07/cleaning.png HTTP/1.1" 200 5146 "-" "tphotobot/0.1 (+https://crawler.estidraft.com/bot)"
62.83.32.159 - - [25/Sep/2026:05:27:08 +0300] "GET /wp-content/uploads/2021/07/breakfast.png HTTP/1.1" 200 5147 "-" "tphotobot/0.1 (+https://crawler.estidraft.com/bot)"
52.167.144.166 - - [25/Sep/2026:05:27:08 +0300] "GET /?sale/search/detail/?ITMCODE=p3n2e0u0m4o5g9a6s2t5r6ic HTTP/1.1" 200 30230 "-" "Mozilla/5.0 AppleWebKit/537.36 (KHTML, like Gecko; compatible; bingbot/2.0; +http://www.bing.com/bingbot.htm) Chrome/116.0.1938.76 Safari/537.36"
62.83.32.159 - - [25/Sep/2026:05:27:08 +0300] "GET /wp-content/uploads/2021/07/logo-colored.png HTTP/2.0" 200 4778 "-" "tphotobot/0.1 (+https://crawler.estidraft.com/bot)"
62.83.32.159 - - [25/Sep/2026:05:27:08 +0300] "GET /wp-content/uploads/2021/07/logo.png HTTP/2.0" 200 4649 "-" "tphotobot/0.1 (+https://crawler.estidraft.com/bot)"
62.83.32.159 - - [25/Sep/2026:05:27:08 +0300] "GET /wp-content/uploads/2021/07/wifi.png HTTP/2.0" 200 2677 "-" "tphotobot/0.1 (+https://crawler.estidraft.com/bot)"
62.83.32.159 - - [25/Sep/2026:05:27:08 +0300] "GET /wp-content/uploads/2021/07/parking.png HTTP/2.0" 200 1746 "-" "tphotobot/0.1 (+https://crawler.estidraft.com/bot)"
62.83.32.159 - - [25/Sep/2026:05:27:08 +0300] "GET /wp-content/uploads/2021/07/transport.png HTTP/2.0" 200 3652 "-" "tphotobot/0.1 (+https://crawler.estidraft.com/bot)"
62.83.32.159 - - [25/Sep/2026:05:27:08 +0300] "GET /wp-content/uploads/2021/07/beds.png HTTP/2.0" 200 1458 "-" "tphotobot/0.1 (+https://crawler.estidraft.com/bot)"
62.83.32.159 - - [25/Sep/2026:05:27:08 +0300] "GET /wp-content/uploads/2021/07/cleaning.png HTTP/2.0" 200 2129 "-" "tphotobot/0.1 (+https://crawler.estidraft.com/bot)"
62.83.32.159 - - [25/Sep/2026:05:27:08 +0300] "GET /wp-content/uploads/2021/07/breakfast.png HTTP/2.0" 200 2111 "-" "tphotobot/0.1 (+https://crawler.estidraft.com/bot)"
52.167.144.166 - - [25/Sep/2026:05:27:09 +0300] "GET /?sale/search/detail/?ITMCODE=a0d7m1o1n7i2s4h3m6e4nt HTTP/1.1" 200 30228 "-" "Mozilla/5.0 AppleWebKit/537.36 (KHTML, like Gecko; compatible; bingbot/2.0; +http://www.bing.com/bingbot.htm) Chrome/116.0.1938.76 Safari/537.36"
66.249.66.76 - - [25/Sep/2026:05:27:09 +0300] "GET /?sale/search/detail/?ITMCODE=l7a1c4u5n4e382302 HTTP/1.1" 301 9093 "-" "Mozilla/5.0 (Linux; Android 6.0.1; Nexus 5X Build/MMB29P) AppleWebKit/537.36 (KHTML, like Gecko) Chrome/153.0.8010.52 Mobile Safari/537.36 (compatible; Googlebot/2.1; +http://www.google.com/bot.html)"
52.167.144.166 - - [25/Sep/2026:05:27:10 +0300] "GET /?sale/search/detail/?ITMCODE=c4a2p6i0t2u4l8a6r6y72 HTTP/1.1" 200 30228 "-" "Mozilla/5.0 AppleWebKit/537.36 (KHTML, like Gecko; compatible; bingbot/2.0; +http://www.bing.com/bingbot.htm) Chrome/116.0.1938.76 Safari/537.36"
66.249.66.32 - - [25/Sep/2026:05:27:10 +0300] "GET /?sale/search/detail/?ITMCODE=l7a5r3k6i1n0g992 HTTP/1.1" 200 30224 "-" "Mozilla/5.0 (Linux; Android 6.0.1; Nexus 5X Build/MMB29P) AppleWebKit/537.36 (KHTML, like Gecko) Chrome/153.0.8010.52 Mobile Safari/537.36 (compatible; Googlebot/2.1; +http://www.google.com/bot.html)"
52.167.144.166 - - [25/Sep/2026:05:27:11 +0300] "GET /?sale/search/detail/?ITMCODE=r5a4k2i2s9h4n0e3s3s22 HTTP/1.1" 200 30227 "-" "Mozilla/5.0 AppleWebKit/537.36 (KHTML, like Gecko; compatible; bingbot/2.0; +http://www.bing.com/bingbot.htm) Chrome/116.0.1938.76 Safari/537.36"
40.77.167.224 - - [25/Sep/2026:05:27:11 +0300] "GET /?sale/search/detail/?ITMCODE=c2a1r0y4o5p8h9y4l0l4u9s HTTP/1.1" 200 30230 "-" "Mozilla/5.0 AppleWebKit/537.36 (KHTML, like Gecko; compatible; bingbot/2.0; +http://www.bing.com/bingbot.htm) Chrome/116.0.1938.76 Safari/537.36"
52.167.144.166 - - [25/Sep/2026:05:27:12 +0300] "GET /?sale/search/detail/?ITMCODE=n1o5n0s4e5g9r6e2g5a7ted HTTP/1.1" 200 30229 "-" "Mozilla/5.0 AppleWebKit/537.36 (KHTML, like Gecko; compatible; bingbot/2.0; +http://www.bing.com/bingbot.htm) Chrome/116.0.1938.76 Safari/537.36"
