57.141.20.14 - - [25/Sep/2026:05:27:12 +0300] "GET /?sale/search/detail/?ITMCODE=p1i2f7f3e3r0o3867 HTTP/1.1" 200 30224 "-" "Mozilla/5.0 (Windows NT 10.0; Win64; x64) AppleWebKit/537.36 (KHTML, like Gecko) Chrome/145.0.0.0 Safari/537.36 Edg/145.0.0.0 (compatible; meta-externalagent/1.1 (+https://developers.facebook.com/docs/sharing/webmasters/crawler))"
52.167.144.166 - - [25/Sep/2026:05:27:13 +0300] "GET /?sale/search/detail/?ITMCODE=a1f2f0o6r4c7e0m8e9n8t5 HTTP/1.1" 200 30229 "-" "Mozilla/5.0 AppleWebKit/537.36 (KHTML, like Gecko; compatible; bingbot/2.0; +http://www.bing.com/bingbot.htm) Chrome/116.0.1938.76 Safari/537.36"
52.167.144.166 - - [25/Sep/2026:05:27:13 +0300] "GET /?sale/search/detail/?ITMCODE=w2e2a2r6i1s7o0m4e1l8y2 HTTP/1.1" 200 30228 "-" "Mozilla/5.0 AppleWebKit/537.36 (KHTML, like Gecko; compatible; bingbot/2.0; +http://www.bing.com/bingbot.htm) Chrome/116.0.1938.76 Safari/537.36"
66.249.66.75 - - [25/Sep/2026:05:27:14 +0300] "GET /?sale/search/detail/?ITMCODE=f6i7r9e9w0o0r4m567 HTTP/1.1" 301 9094 "-" "Mozilla/5.0 (Linux; Android 6.0.1; Nexus 5X Build/MMB29P) AppleWebKit/537.36 (KHTML, like Gecko) Chrome/153.0.8010.52 Mobile Safari/537.36 (compatible; Googlebot/2.1; +http://www.google.com/bot.html)"
52.167.144.166 - - [25/Sep/2026:05:27:15 +0300] "GET /?sale/search/detail/?ITMCODE=a7d7s6i6g5n1i7f7i7c6ation HTTP/1.1" 200 30229 "-" "Mozilla/5.0 AppleWebKit/537.36 (KHTML, like Gecko; compatible; bingbot/2.0; +http://www.bing.com/bingbot.htm) Chrome/116.0.1938.76 Safari/537.36"
66.249.66.75 - - [25/Sep/2026:05:27:16 +0300] "GET /?sale/search/detail/?ITMCODE=r3a3c9k6w7o6r0k7553 HTTP/1.1" 301 9095 "-" "Mozilla/5.0 (Linux; Android 6.0.1; Nexus 5X Build/MMB29P) AppleWebKit/537.36 (KHTML, like Gecko) Chrome/153.0.8010.52 Mobile Safari/537.36 (compatible; Googlebot/2.1; +http://www.google.com/bot.html)"
66.249.66.33 - - [25/Sep/2026:05:27:18 +0300] "GET /?sale/search/detail/?ITMCODE=a0n1t1h2e6r9i8d4i6o9p3hore HTTP/1.1" 200 30231 "-" "Mozilla/5.0 (Linux; Android 6.0.1; Nexus 5X Build/MMB29P) AppleWebKit/537.36 (KHTML, like Gecko) Chrome/153.0.8010.52 Mobile Safari/537.36 (compatible; Googlebot/2.1; +http://www.google.com/bot.html)"
52.167.144.166 - - [25/Sep/2026:05:27:18 +0300] "GET /?sale/search/detail/?ITMCODE=i0m3p7o3s4s1i5b6l9e85 HTTP/1.1" 200 30228 "-" "Mozilla/5.0 AppleWebKit/537.36 (KHTML, like Gecko; compatible; bingbot/2.0; +http://www.bing.com/bingbot.htm) Chrome/116.0.1938.76 Safari/537.36"
66.249.66.75 - - [25/Sep/2026:05:27:19 +0300] "GET /?sale/search/detail/?ITMCODE=v8i2r6g9i2n1i5a3n6u4m2 HTTP/1.1" 301 9098 "-" "Mozilla/5.0 (Linux; Android 6.0.1; Nexus 5X Build/MMB29P) AppleWebKit/537.36 (KHTML, like Gecko) Chrome/153.0.8010.52 Mobile Safari/537.36 (compatible; Googlebot/2.1; +http://www.google.com/bot.html)"
52.167.144.166 - - [25/Sep/2026:05:27:19 +0300] "GET /?sale/search/detail/?ITMCODE=q5u1a9d7r5u7p6l0e3t40 HTTP/1.1" 200 30228 "-" "Mozilla/5.0 AppleWebKit/537.36 (KHTML, like Gecko; compatible; bingbot/2.0; +http://www.bing.com/bingbot.htm) Chrome/116.0.1938.76 Safari/537.36"
57.141.20.60 - - [25/Sep/2026:05:27:19 +0300] "GET /?sale/search/detail/?ITMCODE=u1n1w5e9a7v8e31787 HTTP/1.1" 200 30226 "-" "Mozilla/5.0 (Windows NT 10.0; Win64; x64) AppleWebKit/537.36 (KHTML, like Gecko) Chrome/145.0.0.0 Safari/537.36 (compatible; meta-externalagent/1.1 (+https://developers.facebook.com/docs/sharing/webmasters/crawler))"
52.167.144.166 - - [25/Sep/2026:05:27:20 +0300] "GET /?sale/search/detail/?ITMCODE=d3e2s7u0l1t7o8r5i2n7e7ss HTTP/1.1" 200 30230 "-" "Mozilla/5.0 AppleWebKit/537.36 (KHTML, like Gecko; compatible; bingbot/2.0; +http://www.bing.com/bingbot.htm) Chrome/116.0.1938.76 Safari/537.36"
52.167.144.166 - - [25/Sep/2026:05:27:20 +0300] "GET /?sale/search/detail/?ITMCODE=p0e2r1i4s6t3e0r2o3m4o8rphous HTTP/1.1" 200 30233 "-" "Mozilla/5.0 AppleWebKit/537.36 (KHTML, like Gecko; compatible; bingbot/2.0; +http://www.bing.com/bingbot.htm) Chrome/116.0.1938.76 Safari/537.36"
66.249.66.75 - - [25/Sep/2026:05:27:22 +0300] "GET /?sale/search/detail/?ITMCODE=b3o6u2g6i6e24307 HTTP/1.1" 301 9092 "-" "Mozilla/5.0 (Linux; Android 6.0.1; Nexus 5X Build/MMB29P) AppleWebKit/537.36 (KHTML, like Gecko) Chrome/153.0.8010.52 Mobile Safari/537.36 (compatible; Googlebot/2.1; +http://www.google.com/bot.html)"
52.167.144.166 - - [25/Sep/2026:05:27:21 +0300] "GET /?sale/search/detail/?ITMCODE=i7m3p4o7s3s7i0b7l5e13 HTTP/1.1" 200 30228 "-" "Mozilla/5.0 AppleWebKit/537.36 (KHTML, like Gecko; compatible; bingbot/2.0; +http://www.bing.com/bingbot.htm) Chrome/116.0.1938.76 Safari/537.36"
40.77.167.224 - - [25/Sep/2026:05:27:22 +0300] "GET /?sale/search/detail/?ITMCODE=i1n7d6i1v0i1d7u9a8l8ize HTTP/1.1" 200 30229 "-" "Mozilla/5.0 AppleWebKit/537.36 (KHTML, like Gecko; compatible; bingbot/2.0; +http://www.bing.com/bingbot.htm) Chrome/116.0.1938.76 Safari/537.36"
40.77.167.224 - - [25/Sep/2026:05:27:23 +0300] "GET /?sale/search/detail/?ITMCODE=r7e4t1i5n6u1l0a8e63 HTTP/1.1" 200 30226 "-" "Mozilla/5.0 AppleWebKit/537.36 (KHTML, like Gecko; compatible; bingbot/2.0; +http://www.bing.com/bingbot.htm) Chrome/116.0.1938.76 Safari/537.36"
40.77.167.224 - - [25/Sep/2026:05:27:24 +0300] "GET /?sale/search/detail/?ITMCODE=w9h3i3t2e6h3e0a3r8t94 HTTP/1.1" 200 30228 "-" "Mozilla/5.0 AppleWebKit/537.36 (KHTML, like Gecko; compatible; bingbot/2.0; +http://www.bing.com/bingbot.htm) Chrome/116.0.1938.76 Safari/537.36"
40.77.167.224 - - [25/Sep/2026:05:27:25 +0300] "GET /?sale/search/detail/?ITMCODE=e8m3b3r7y1o1g0r9a5p4h7y HTTP/1.1" 200 30230 "-" "Mozilla/5.0 AppleWebKit/537.36 (KHTML, like Gecko; compatible; bingbot/2.0; +http://www.bing.com/bingbot.htm) Chrome/116.0.1938.76 Safari/537.36"
66.249.66.75 - - [25/Sep/2026:05:27:26 +0300] "GET /?sale/search/detail/?ITMCODE=r8o2m9a7n9t2i7c4i3s8t2 HTTP/1.1" 301 9098 "-" "Mozilla/5.0 (Linux; Android 6.0.1; Nexus 5X Build/MMB29P) AppleWebKit/537.36 (KHTML, like Gecko) Chrome/153.0.8010.52 Mobile Safari/537.36 (compatible; Googlebot/2.1; +http://www.google.com/bot.html)"
40.77.167.224 - - [25/Sep/2026:05:27:26 +0300] "GET /?sale/search/detail/?ITMCODE=p5e1d8i2m1a9n0o6u6s28 HTTP/1.1" 200 30228 "-" "Mozilla/5.0 AppleWebKit/537.36 (KHTML, like Gecko; compatible; bingbot/2.0; +http://www.bing.com/bingbot.htm) Chrome/116.0.1938.76 Safari/537.36"
62.83.32.159 - - [25/Sep/2026:05:27:28 +0300] "GET /wp-content/uploads/2021/07/naxos-collage.jpg HTTP/1.1" 200 5152 "-" "tphotobot/0.1 (+https://crawler.estidraft.com/bot)"
62.83.32.159 - - [25/Sep/2026:05:27:28 +0300] "GET /wp-content/uploads/2021/07/air-condition.png HTTP/1.1" 200 5869 "-" "tphotobot/0.1 (+https://crawler.estidraft.com/bot)"
62.83.32.159 - - [25/Sep/2026:05:27:28 +0300] "GET /wp-content/uploads/2021/07/beach.png HTTP/1.1" 200 5143 "-" "tphotobot/0.1 (+https://crawler.estidraft.com/bot)"
62.83.32.159 - - [25/Sep/2026:05:27:28 +0300] "GET /wp-content/uploads/2021/07/rent-a-car.png HTTP/1.1" 200 5148 "-" "tphotobot/0.1 (+https://crawler.estidraft.com/bot)"
62.83.32.159 - - [25/Sep/2026:05:27:28 +0300] "GET /wp-content/uploads/2021/07/free-wifi.png HTTP/1.1" 200 5147 "-" "tphotobot/0.1 (+https://crawler.estidraft.com/bot)"
62.83.32.159 - - [25/Sep/2026:05:27:28 +0300] "GET /wp-content/uploads/2021/07/fridge.png HTTP/1.1" 200 5700 "-" "tphotobot/0.1 (+https://crawler.estidraft.com/bot)"
62.83.32.159 - - [25/Sep/2026:05:27:28 +0300] "GET /wp-content/uploads/2021/07/coffee-machine.png HTTP/1.1" 200 5152 "-" "tphotobot/0.1 (+https://crawler.estidraft.com/bot)"
62.83.32.159 - - [25/Sep/2026:05:27:28 +0300] "GET /wp-content/uploads/2021/07/television.png HTTP/1.1" 200 6151 "-" "tphotobot/0.1 (+https://crawler.estidraft.com/bot)"
62.83.32.159 - - [25/Sep/2026:05:27:28 +0300] "GET /wp-content/uploads/2021/07/safebox.png HTTP/1.1" 200 6163 "-" "tphotobot/0.1 (+https://crawler.estidraft.com/bot)"
62.83.32.159 - - [25/Sep/2026:05:27:28 +0300] "GET /wp-content/uploads/2021/07/soap.png HTTP/1.1" 200 5142 "-" "tphotobot/0.1 (+https://crawler.estidraft.com/bot)"
62.83.32.159 - - [25/Sep/2026:05:27:28 +0300] "GET /wp-content/uploads/2021/07/terrace.png HTTP/1.1" 200 6124 "-" "tphotobot/0.1 (+https://crawler.estidraft.com/bot)"
62.83.32.159 - - [25/Sep/2026:05:27:28 +0300] "GET /wp-content/uploads/2021/07/booking-logo.jpg HTTP/1.1" 200 5998 "-" "tphotobot/0.1 (+https://crawler.estidraft.com/bot)"
62.83.32.159 - - [25/Sep/2026:05:27:28 +0300] "GET /wp-content/uploads/2021/07/naxos-collage.jpg HTTP/2.0" 200 66227 "-" "tphotobot/0.1 (+https://crawler.estidraft.com/bot)"
62.83.32.159 - - [25/Sep/2026:05:27:28 +0300] "GET /wp-content/uploads/2021/07/beach.png HTTP/2.0" 200 2001 "-" "tphotobot/0.1 (+https://crawler.estidraft.com/bot)"
62.83.32.159 - - [25/Sep/2026:05:27:28 +0300] "GET /wp-content/uploads/2021/07/free-wifi.png HTTP/2.0" 200 1668 "-" "tphotobot/0.1 (+https://crawler.estidraft.com/bot)"
62.83.32.159 - - [25/Sep/2026:05:27:28 +0300] "GET /wp-content/uploads/2021/07/rent-a-car.png HTTP/2.0" 200 2283 "-" "tphotobot/0.1 (+https://crawler.estidraft.com/bot)"
62.83.32.159 - - [25/Sep/2026:05:27:28 +0300] "GET /wp-content/uploads/2021/07/coffee-machine.png HTTP/2.0" 200 1053 "-" "tphotobot/0.1 (+https://crawler.estidraft.com/bot)"
62.83.32.159 - - [25/Sep/2026:05:27:28 +0300] "GET /wp-content/uploads/2021/07/soap.png HTTP/2.0" 200 1547 "-" "tphotobot/0.1 (+https://crawler.estidraft.com/bot)"
62.83.32.159 - - [25/Sep/2026:05:27:29 +0300] "GET /wp-content/uploads/2021/07/princess-mare-share-img.jpg HTTP/2.0" 200 136909 "-" "tphotobot/0.1 (+https://crawler.estidraft.com/bot)"
62.83.32.159 - - [25/Sep/2026:05:27:29 +0300] "GET /wp-content/uploads/2021/07/princess-mare-share-img.jpg HTTP/1.1" 200 5162 "-" "tphotobot/0.1 (+https://crawler.estidraft.com/bot)"
66.249.66.75 - - [25/Sep/2026:05:27:28 +0300] "GET /?sale/search/detail/?ITMCODE=s9n1u5f0f0c9o4l7o9u7r8ed HTTP/1.1" 301 9100 "-" "Mozilla/5.0 (Linux; Android 6.0.1; Nexus 5X Build/MMB29P) AppleWebKit/537.36 (KHTML, like Gecko) Chrome/153.0.8010.52 Mobile Safari/537.36 (compatible; Googlebot/2.1; +http://www.google.com/bot.html)"
52.167.144.166 - - [25/Sep/2026:05:27:28 +0300] "GET /?sale/search/detail/?ITMCODE=q3u2i2n9t7u9p1l6e9n0e5rved HTTP/1.1" 200 30232 "-" "Mozilla/5.0 AppleWebKit/537.36 (KHTML, like Gecko; compatible; bingbot/2.0; +http://www.bing.com/bingbot.htm) Chrome/116.0.1938.76 Safari/537.36"
52.167.144.166 - - [25/Sep/2026:05:27:29 +0300] "GET /?sale/search/detail/?ITMCODE=o7r2t8h6o4g2o3n0a6l7l7y HTTP/1.1" 200 30229 "-" "Mozilla/5.0 AppleWebKit/537.36 (KHTML, like Gecko; compatible; bingbot/2.0; +http://www.bing.com/bingbot.htm) Chrome/116.0.1938.76 Safari/537.36"
52.167.144.166 - - [25/Sep/2026:05:27:30 +0300] "GET /?sale/search/detail/?ITMCODE=s1e3l9f6l6u7m4i8n6o7u1s HTTP/1.1" 200 30229 "-" "Mozilla/5.0 AppleWebKit/537.36 (KHTML, like Gecko; compatible; bingbot/2.0; +http://www.bing.com/bingbot.htm) Chrome/116.0.1938.76 Safari/537.36"
52.167.144.166 - - [25/Sep/2026:05:27:30 +0300] "GET /?sale/search/detail/?ITMCODE=k1r2i8t3a4r5c3h6y681 HTTP/1.1" 200 30227 "-" "Mozilla/5.0 AppleWebKit/537.36 (KHTML, like Gecko; compatible; bingbot/2.0; +http://www.bing.com/bingbot.htm) Chrome/116.0.1938.76 Safari/537.36"
66.249.66.75 - - [25/Sep/2026:05:27:31 +0300] "GET /?sale/search/detail/?ITMCODE=c0r2y7p2t0u6r2i6996 HTTP/1.1" 301 9095 "-" "Mozilla/5.0 (Linux; Android 6.0.1; Nexus 5X Build/MMB29P) AppleWebKit/537.36 (KHTML, like Gecko) Chrome/153.0.8010.52 Mobile Safari/537.36 (compatible; Googlebot/2.1; +http://www.google.com/bot.html)"
52.167.144.166 - - [25/Sep/2026:05:27:31 +0300] "GET /?sale/search/detail/?ITMCODE=d6i2s0c0l0o4s9u0r9e40 HTTP/1.1" 200 30227 "-" "Mozilla/5.0 AppleWebKit/537.36 (KHTML, like Gecko; compatible; bingbot/2.0; +http://www.bing.com/bingbot.htm) Chrome/116.0.1938.76 Safari/537.36"
66.249.66.32 - - [25/Sep/2026:05:27:31 +0300] "GET /?sale/search/detail/?ITMCODE=e8x2p8r9e0s3s0i9v2e1ness HTTP/1.1" 200 30230 "-" "Mozilla/5.0 (Linux; Android 6.0.1; Nexus 5X Build/MMB29P) AppleWebKit/537.36 (KHTML, like Gecko) Chrome/153.0.8010.52 Mobile Safari/537.36 (compatible; Googlebot/2.1; +http://www.google.com/bot.html)"
52.167.144.166 - - [25/Sep/2026:05:27:33 +0300] "GET /?sale/search/detail/?ITMCODE=w9h1e9e8l1b4a1r9r6o6w5 HTTP/1.1" 200 30229 "-" "Mozilla/5.0 AppleWebKit/537.36 (KHTML, like Gecko; compatible; bingbot/2.0; +http://www.bing.com/bingbot.htm) Chrome/116.0.1938.76 Safari/537.36"
66.249.66.75 - - [25/Sep/2026:05:27:34 +0300] "GET /?sale/search/detail/?ITMCODE=n4e1w6s1w4r7i9t1e7r56 HTTP/1.1" 301 9097 "-" "Mozilla/5.0 (Linux; Android 6.0.1; Nexus 5X Build/MMB29P) AppleWebKit/537.36 (KHTML, like Gecko) Chrome/153.0.8010.52 Mobile Safari/537.36 (compatible; Googlebot/2.1; +http://www.google.com/bot.html)"
57.141.20.62 - - [25/Sep/2026:05:27:34 +0300] "GET /?sale/search/detail/?ITMCODE=l5a3x4a1t4i3v2e9375 HTTP/1.1" 200 30226 "-" "Mozilla/5.0 (Macintosh; Intel Mac OS X 10_15_7) AppleWebKit/537.36 (KHTML, like Gecko) Chrome/145.0.0.0 Safari/537.36 (compatible; meta-externalagent/1.1 (+https://developers.facebook.com/docs/sharing/webmasters/crawler))"
52.167.144.166 - - [25/Sep/2026:05:27:34 +0300] "GET /?sale/search/detail/?ITMCODE=a2g5r0a0r7i0a8n1i4s0m HTTP/1.1" 200 30227 "-" "Mozilla/5.0 AppleWebKit/537.36 (KHTML, like Gecko; compatible; bingbot/2.0; +http://www.bing.com/bingbot.htm) Chrome/116.0.1938.76 Safari/537.36"
66.249.66.75 - - [25/Sep/2026:05:27:36 +0300] "GET /?sale/search/detail/?ITMCODE=c4o2r9n7e3t6a2p9i3s6t5on HTTP/1.1" 301 9100 "-" "Mozilla/5.0 (Linux; Android 6.0.1; Nexus 5X Build/MMB29P) AppleWebKit/537.36 (KHTML, like Gecko) Chrome/153.0.8010.52 Mobile Safari/537.36 (compatible; Googlebot/2.1; +http://www.google.com/bot.html)"
66.249.66.75 - - [25/Sep/2026:05:27:37 +0300] "GET /?sale/search/detail/?ITMCODE=s1p2o4l8i8a5t3o2r0y57 HTTP/1.1" 301 9097 "-" "Mozilla/5.0 (Linux; Android 6.0.1; Nexus 5X Build/MMB29P) AppleWebKit/537.36 (KHTML, like Gecko) Chrome/153.0.8010.52 Mobile Safari/537.36 (compatible; Googlebot/2.1; +http://www.google.com/bot.html)"
66.249.66.32 - - [25/Sep/2026:05:27:39 +0300] "GET /?sale/search/detail/?ITMCODE=u1p2h8a1f6525638 HTTP/1.1" 200 30224 "-" "Mozilla/5.0 (Linux; Android 6.0.1; Nexus 5X Build/MMB29P) AppleWebKit/537.36 (KHTML, like Gecko) Chrome/153.0.8010.52 Mobile Safari/537.36 (compatible; Googlebot/2.1; +http://www.google.com/bot.html)"
66.249.66.75 - - [25/Sep/2026:05:27:39 +0300] "GET /?sale/search/detail/?ITMCODE=n7e6e3d4l1e1s8231 HTTP/1.1" 301 9093 "-" "Mozilla/5.0 (Linux; Android 6.0.1; Nexus 5X Build/MMB29P) AppleWebKit/537.36 (KHTML, like Gecko) Chrome/153.0.8010.52 Mobile Safari/537.36 (compatible; Googlebot/2.1; +http://www.google.com/bot.html)"
40.77.167.224 - - [25/Sep/2026:05:27:41 +0300] "GET /?sale/search/detail/?ITMCODE=a2e3t8h1e0l0i4n3g450 HTTP/1.1" 200 30227 "-" "Mozilla/5.0 AppleWebKit/537.36 (KHTML, like Gecko; compatible; bingbot/2.0; +http://www.bing.com/bingbot.htm) Chrome/116.0.1938.76 Safari/537.36"
40.77.167.224 - - [25/Sep/2026:05:27:41 +0300] "GET /?sale/search/detail/?ITMCODE=d0i1r9e6f9u8l6l5y920 HTTP/1.1" 200 30227 "-" "Mozilla/5.0 AppleWebKit/537.36 (KHTML, like Gecko; compatible; bingbot/2.0; +http://www.bing.com/bingbot.htm) Chrome/116.0.1938.76 Safari/537.36"
66.249.66.75 - - [25/Sep/2026:05:27:42 +0300] "GET /?sale/search/detail/?ITMCODE=f5o2r1g4i8v2i1n7g715 HTTP/1.1" 301 9096 "-" "Mozilla/5.0 (Linux; Android 6.0.1; Nexus 5X Build/MMB29P) AppleWebKit/537.36 (KHTML, like Gecko) Chrome/153.0.8010.52 Mobile Safari/537.36 (compatible; Googlebot/2.1; +http://www.google.com/bot.html)"
40.77.167.224 - - [25/Sep/2026:05:27:42 +0300] "GET /?sale/search/detail/?ITMCODE=i8n3f9l9a0m5m0a6b6l0e6 HTTP/1.1" 200 30229 "-" "Mozilla/5.0 AppleWebKit/537.36 (KHTML, like Gecko; compatible; bingbot/2.0; +http://www.bing.com/bingbot.htm) Chrome/116.0.1938.76 Safari/537.36"
40.77.167.224 - - [25/Sep/2026:05:27:43 +0300] "GET /?sale/search/detail/?ITMCODE=a9u2g2m4e6n0t0a0b2l9e6 HTTP/1.1" 200 30228 "-" "Mozilla/5.0 AppleWebKit/537.36 (KHTML, like Gecko; compatible; bingbot/2.0; +http://www.bing.com/bingbot.htm) Chrome/116.0.1938.76 Safari/537.36"
66.249.66.75 - - [25/Sep/2026:05:27:45 +0300] "GET /?sale/search/detail/?ITMCODE=p4e6r5s6p3i9c7u3o0u0s HTTP/1.1" 301 9097 "-" "Mozilla/5.0 (Linux; Android 6.0.1; Nexus 5X Build/MMB29P) AppleWebKit/537.36 (KHTML, like Gecko) Chrome/153.0.8010.52 Mobile Safari/537.36 (compatible; Googlebot/2.1; +http://www.google.com/bot.html)"
40.77.167.224 - - [25/Sep/2026:05:27:44 +0300] "GET /?sale/search/detail/?ITMCODE=d7e3f3u6n0c2t3i2ve HTTP/1.1" 200 30225 "-" "Mozilla/5.0 AppleWebKit/537.36 (KHTML, like Gecko; compatible; bingbot/2.0; +http://www.bing.com/bingbot.htm) Chrome/116.0.1938.76 Safari/537.36"
66.249.66.32 - - [25/Sep/2026:05:27:46 +0300] "GET /?sale/search/detail/?ITMCODE=u6n8b6e8s5p0e8a4k03 HTTP/1.1" 200 30227 "-" "Mozilla/5.0 (Linux; Android 6.0.1; Nexus 5X Build/MMB29P) AppleWebKit/537.36 (KHTML, like Gecko) Chrome/153.0.8010.52 Mobile Safari/537.36 (compatible; Googlebot/2.1; +http://www.google.com/bot.html)"
66.249.66.32 - - [25/Sep/2026:05:27:47 +0300] "GET /?sale/search/detail/?ITMCODE=r6a2r0e3f5y4i2n8g007 HTTP/1.1" 200 30227 "-" "Mozilla/5.0 (Linux; Android 6.0.1; Nexus 5X Build/MMB29P) AppleWebKit/537.36 (KHTML, like Gecko) Chrome/153.0.8010.52 Mobile Safari/537.36 (compatible; Googlebot/2.1; +http://www.google.com/bot.html)"
66.249.66.75 - - [25/Sep/2026:05:27:47 +0300] "GET /?sale/search/detail/?ITMCODE=l4u2t6e6s6c5e3n9t812 HTTP/1.1" 301 9096 "-" "Mozilla/5.0 (Linux; Android 6.0.1; Nexus 5X Build/MMB29P) AppleWebKit/537.36 (KHTML, like Gecko) Chrome/153.0.8010.52 Mobile Safari/537.36 (compatible; Googlebot/2.1; +http://www.google.com/bot.html)"
52.167.144.166 - - [25/Sep/2026:05:27:47 +0300] "GET /?sale/search/detail/?ITMCODE=m9e8t9a2s7t6a2n7n7i9c HTTP/1.1" 200 30228 "-" "Mozilla/5.0 AppleWebKit/537.36 (KHTML, like Gecko; compatible; bingbot/2.0; +http://www.bing.com/bingbot.htm) Chrome/116.0.1938.76 Safari/537.36"
52.167.144.166 - - [25/Sep/2026:05:27:48 +0300] "GET /?sale/search/detail/?ITMCODE=r6h5o4d7o6p9s6i9n10 HTTP/1.1" 200 30226 "-" "Mozilla/5.0 AppleWebKit/537.36 (KHTML, like Gecko; compatible; bingbot/2.0; +http://www.bing.com/bingbot.htm) Chrome/116.0.1938.76 Safari/537.36"
52.167.144.166 - - [25/Sep/2026:05:27:49 +0300] "GET /?sale/search/detail/?ITMCODE=i4m2p9r7o1b2a2b9l5e3n0ess HTTP/1.1" 200 30230 "-" "Mozilla/5.0 AppleWebKit/537.36 (KHTML, like Gecko; compatible; bingbot/2.0; +http://www.bing.com/bingbot.htm) Chrome/116.0.1938.76 Safari/537.36"
52.167.144.166 - - [25/Sep/2026:05:27:50 +0300] "GET /?sale/search/detail/?ITMCODE=a3r3c6h0b9u4t8l2e8r43 HTTP/1.1" 200 30228 "-" "Mozilla/5.0 AppleWebKit/537.36 (KHTML, like Gecko; compatible; bingbot/2.0; +http://www.bing.com/bingbot.htm) Chrome/116.0.1938.76 Safari/537.36"
52.167.144.166 - - [25/Sep/2026:05:27:51 +0300] "GET /?sale/search/detail/?ITMCODE=i2s7o5b0a8t1h5y8t5h3ermic HTTP/1.1" 200 30230 "-" "Mozilla/5.0 AppleWebKit/537.36 (KHTML, like Gecko; compatible; bingbot/2.0; +http://www.bing.com/bingbot.htm) Chrome/116.0.1938.76 Safari/537.36"
52.167.144.166 - - [25/Sep/2026:05:27:52 +0300] "GET /?sale/search/detail/?ITMCODE=i9n2t4r6o1d0u9c9e9r71 HTTP/1.1" 200 30227 "-" "Mozilla/5.0 AppleWebKit/537.36 (KHTML, like Gecko; compatible; bingbot/2.0; +http://www.bing.com/bingbot.htm) Chrome/116.0.1938.76 Safari/537.36"
52.167.144.166 - - [25/Sep/2026:05:27:53 +0300] "GET /?sale/search/detail/?ITMCODE=r5e1p1r5e3s4e0n2t3a7t7iveness HTTP/1.1" 200 30232 "-" "Mozilla/5.0 AppleWebKit/537.36 (KHTML, like Gecko; compatible; bingbot/2.0; +http://www.bing.com/bingbot.htm) Chrome/116.0.1938.76 Safari/537.36"
66.249.66.75 - - [25/Sep/2026:05:27:54 +0300] "GET /?sale/search/detail/?ITMCODE=o3r3i8e2n5t4a6l3i2s94 HTTP/1.1" 301 9097 "-" "Mozilla/5.0 (Linux; Android 6.0.1; Nexus 5X Build/MMB29P) AppleWebKit/537.36 (KHTML, like Gecko) Chrome/153.0.8010.52 Mobile Safari/537.36 (compatible; Googlebot/2.1; +http://www.google.com/bot.html)"
66.249.66.32 - - [25/Sep/2026:05:27:54 +0300] "GET /?sale/search/detail/?ITMCODE=i3n3d5o1l9e6s35613 HTTP/1.1" 200 30225 "-" "Mozilla/5.0 (Linux; Android 6.0.1; Nexus 5X Build/MMB29P) AppleWebKit/537.36 (KHTML, like Gecko) Chrome/153.0.8010.52 Mobile Safari/537.36 (compatible; Googlebot/2.1; +http://www.google.com/bot.html)"
52.167.144.166 - - [25/Sep/2026:05:27:57 +0300] "GET /?sale/search/detail/?ITMCODE=a4d1v5a1n1c6i6n2g1e4dge HTTP/1.1" 200 30229 "-" "Mozilla/5.0 AppleWebKit/537.36 (KHTML, like Gecko; compatible; bingbot/2.0; +http://www.bing.com/bingbot.htm) Chrome/116.0.1938.76 Safari/537.36"
52.167.144.166 - - [25/Sep/2026:05:27:58 +0300] "GET /?sale/search/detail/?ITMCODE=c7a5l8l9i6g6r3a1p7h6y HTTP/1.1" 200 30228 "-" "Mozilla/5.0 AppleWebKit/537.36 (KHTML, like Gecko; compatible; bingbot/2.0; +http://www.bing.com/bingbot.htm) Chrome/116.0.1938.76 Safari/537.36"
114.119.143.14 - - [25/Sep/2026:05:27:58 +0300] "GET /shopdetail/contest/226039014 HTTP/1.1" 404 64763 "https://princessmare.com.gr/goods.php?sitemap633.xml" "Mozilla/5.0 (Linux; Android 7.0;) AppleWebKit/537.36 (HTML, like Gecko) Mobile Safari/537.36 (compatible; PetalBot;+https://webmaster.petalsearch.com/site/petalbot)"
66.249.66.75 - - [25/Sep/2026:05:27:59 +0300] "GET /?sale/search/detail/?ITMCODE=e4x3t1r8a4o0r8d5i9n2a6ries HTTP/1.1" 301 9102 "-" "Mozilla/5.0 (Linux; Android 6.0.1; Nexus 5X Build/MMB29P) AppleWebKit/537.36 (KHTML, like Gecko) Chrome/153.0.8010.52 Mobile Safari/537.36 (compatible; Googlebot/2.1; +http://www.google.com/bot.html)"
52.167.144.166 - - [25/Sep/2026:05:27:59 +0300] "GET /?sale/search/detail/?ITMCODE=s4u7m1p8i8t9a9n09 HTTP/1.1" 200 30225 "-" "Mozilla/5.0 AppleWebKit/537.36 (KHTML, like Gecko; compatible; bingbot/2.0; +http://www.bing.com/bingbot.htm) Chrome/116.0.1938.76 Safari/537.36"
52.167.144.166 - - [25/Sep/2026:05:28:00 +0300] "GET /?sale/search/detail/?ITMCODE=n1a7n7n7y5b0e3r0r4y1 HTTP/1.1" 200 30226 "-" "Mozilla/5.0 AppleWebKit/537.36 (KHTML, like Gecko; compatible; bingbot/2.0; +http://www.bing.com/bingbot.htm) Chrome/116.0.1938.76 Safari/537.36"
66.249.66.32 - - [25/Sep/2026:05:28:01 +0300] "GET /?sale/search/detail/?ITMCODE=h1o1r4o2m7e7t2r9i2c7a0l HTTP/1.1" 200 30229 "-" "Mozilla/5.0 (Linux; Android 6.0.1; Nexus 5X Build/MMB29P) AppleWebKit/537.36 (KHTML, like Gecko) Chrome/153.0.8010.52 Mobile Safari/537.36 (compatible; Googlebot/2.1; +http://www.google.com/bot.html)"
66.249.66.33 - - [25/Sep/2026:05:28:01 +0300] "GET /?sale/search/detail/?ITMCODE=i0n4t1e2r4m7e9d6e067 HTTP/1.1" 200 30226 "-" "Mozilla/5.0 (Linux; Android 6.0.1; Nexus 5X Build/MMB29P) AppleWebKit/537.36 (KHTML, like Gecko) Chrome/153.0.8010.52 Mobile Safari/537.36 (compatible; Googlebot/2.1; +http://www.google.com/bot.html)"
40.77.167.224 - - [25/Sep/2026:05:28:02 +0300] "GET /?sale/search/detail/?ITMCODE=i0n4t1e8r7m3e3d3i0a2r6ies HTTP/1.1" 200 30230 "-" "Mozilla/5.0 AppleWebKit/537.36 (KHTML, like Gecko; compatible; bingbot/2.0; +http://www.bing.com/bingbot.htm) Chrome/116.0.1938.76 Safari/537.36"
40.77.167.224 - - [25/Sep/2026:05:28:03 +0300] "GET /?sale/search/detail/?ITMCODE=c9o1u6n2t0e0r3c1a9s2t0 HTTP/1.1" 200 30227 "-" "Mozilla/5.0 AppleWebKit/537.36 (KHTML, like Gecko; compatible; bingbot/2.0; +http://www.bing.com/bingbot.htm) Chrome/116.0.1938.76 Safari/537.36"
40.77.167.224 - - [25/Sep/2026:05:28:04 +0300] "GET /?sale/search/detail/?ITMCODE=m1u3l3t1i6c4e1l9l6u6l9ar HTTP/1.1" 200 30230 "-" "Mozilla/5.0 AppleWebKit/537.36 (KHTML, like Gecko; compatible; bingbot/2.0; +http://www.bing.com/bingbot.htm) Chrome/116.0.1938.76 Safari/537.36"
57.141.20.71 - - [25/Sep/2026:05:28:04 +0300] "GET /?sale/search/detail/?ITMCODE=e8s3p9e6r2a2n9t5o289 HTTP/1.1" 200 30227 "-" "Mozilla/5.0 (Macintosh; Intel Mac OS X 10_15_7) AppleWebKit/537.36 (KHTML, like Gecko) Chrome/145.0.0.0 Safari/537.36 (compatible; meta-externalagent/1.1 (+https://developers.facebook.com/docs/sharing/webmasters/crawler))"
40.77.167.224 - - [25/Sep/2026:05:28:04 +0300] "GET /?sale/search/detail/?ITMCODE=i9n8t1r9o8s3p1e9c4t0 HTTP/1.1" 200 30227 "-" "Mozilla/5.0 AppleWebKit/537.36 (KHTML, like Gecko; compatible; bingbot/2.0; +http://www.bing.com/bingbot.htm) Chrome/116.0.1938.76 Safari/537.36"
40.77.167.224 - - [25/Sep/2026:05:28:05 +0300] "GET /?sale/search/detail/?ITMCODE=d1i3p0r2o7p0a2r6g8y0l7 HTTP/1.1" 200 30228 "-" "Mozilla/5.0 AppleWebKit/537.36 (KHTML, like Gecko; compatible; bingbot/2.0; +http://www.bing.com/bingbot.htm) Chrome/116.0.1938.76 Safari/537.36"
66.249.66.75 - - [25/Sep/2026:05:28:06 +0300] "GET /?sale/search/detail/?ITMCODE=h4a4u4g9h7t1i3e3r84 HTTP/1.1" 301 9095 "-" "Mozilla/5.0 (Linux; Android 6.0.1; Nexus 5X Build/MMB29P) AppleWebKit/537.36 (KHTML, like Gecko) Chrome/153.0.8010.52 Mobile Safari/537.36 (compatible; Googlebot/2.1; +http://www.google.com/bot.html)"
40.77.167.224 - - [25/Sep/2026:05:28:06 +0300] "GET /?sale/search/detail/?ITMCODE=w6a3n6h6o0r2n21991 HTTP/1.1" 200 30225 "-" "Mozilla/5.0 AppleWebKit/537.36 (KHTML, like Gecko; compatible; bingbot/2.0; +http://www.bing.com/bingbot.htm) Chrome/116.0.1938.76 Safari/537.36"
57.141.20.6 - - [25/Sep/2026:05:28:09 +0300] "GET /?sale/search/detail/?ITMCODE=t1r3o9i5l3i269973 HTTP/1.1" 200 30224 "-" "Mozilla/5.0 (X11; Linux x86_64) AppleWebKit/537.36 (KHTML, like Gecko) Chrome/145.0.0.0 Safari/537.36 (compatible; meta-externalagent/1.1 (+https://developers.facebook.com/docs/sharing/webmasters/crawler))"
57.141.20.6 - - [25/Sep/2026:05:28:09 +0300] "GET /?sale/search/detail/?ITMCODE=s1a2r6d6o6n0y4x9501 HTTP/1.1" 200 30226 "-" "Mozilla/5.0 (Macintosh; Intel Mac OS X 10_15_7) AppleWebKit/537.36 (KHTML, like Gecko) Chrome/145.0.0.0 Safari/537.36 (compatible; meta-externalagent/1.1 (+https://developers.facebook.com/docs/sharing/webmasters/crawler))"
52.167.144.166 - - [25/Sep/2026:05:28:10 +0300] "GET /?sale/search/detail/?ITMCODE=t8e3c2h8n7i2c9o3l3o3g8y HTTP/1.1" 200 30230 "-" "Mozilla/5.0 AppleWebKit/537.36 (KHTML, like Gecko; compatible; bingbot/2.0; +http://www.bing.com/bingbot.htm) Chrome/116.0.1938.76 Safari/537.36"
57.141.20.28 - - [25/Sep/2026:05:28:10 +0300] "GET /?sale/search/detail/?ITMCODE=g1l3y4c4o8l4u8r0i1c87 HTTP/1.1" 200 30228 "-" "Mozilla/5.0 (X11; Linux x86_64) AppleWebKit/537.36 (KHTML, like Gecko) Chrome/145.0.0.0 Safari/537.36 (compatible; meta-externalagent/1.1 (+https://developers.facebook.com/docs/sharing/webmasters/crawler))"
66.249.66.75 - - [25/Sep/2026:05:28:13 +0300] "GET /?sale/search/detail/?ITMCODE=e2n1t4h4u9s2i6a8s5t9i3c HTTP/1.1" 301 9099 "-" "Mozilla/5.0 (Linux; Android 6.0.1; Nexus 5X Build/MMB29P) AppleWebKit/537.36 (KHTML, like Gecko) Chrome/153.0.8010.52 Mobile Safari/537.36 (compatible; Googlebot/2.1; +http://www.google.com/bot.html)"
66.249.66.32 - - [25/Sep/2026:05:28:13 +0300] "GET /?sale/search/detail/?ITMCODE=u8n3m5o6t9i0v6a4t3e6d9 HTTP/1.1" 200 30229 "-" "Mozilla/5.0 (Linux; Android 6.0.1; Nexus 5X Build/MMB29P) AppleWebKit/537.36 (KHTML, like Gecko) Chrome/153.0.8010.52 Mobile Safari/537.36 (compatible; Googlebot/2.1; +http://www.google.com/bot.html)"
40.77.167.224 - - [25/Sep/2026:05:28:14 +0300] "GET /?sale/search/detail/?ITMCODE=r1i3c6h7a5r3d9s5o6n3i1a HTTP/1.1" 200 30229 "-" "Mozilla/5.0 AppleWebKit/537.36 (KHTML, like Gecko; compatible; bingbot/2.0; +http://www.bing.com/bingbot.htm) Chrome/116.0.1938.76 Safari/537.36"
40.77.167.224 - - [25/Sep/2026:05:28:15 +0300] "GET /?sale/search/detail/?ITMCODE=f7l1u4m6i5n0e0n9s8i5s3 HTTP/1.1" 200 30229 "-" "Mozilla/5.0 AppleWebKit/537.36 (KHTML, like Gecko; compatible; bingbot/2.0; +http://www.bing.com/bingbot.htm) Chrome/116.0.1938.76 Safari/537.36"
40.77.167.224 - - [25/Sep/2026:05:28:15 +0300] "GET /?sale/search/detail/?ITMCODE=o6f7f2t0h3e1s6h7e9l6f HTTP/1.1" 200 30228 "-" "Mozilla/5.0 AppleWebKit/537.36 (KHTML, like Gecko; compatible; bingbot/2.0; +http://www.bing.com/bingbot.htm) Chrome/116.0.1938.76 Safari/537.36"
40.77.167.224 - - [25/Sep/2026:05:28:17 +0300] "GET /?sale/search/detail/?ITMCODE=d6a1r7a7d1a1n0e2l9l9e2s HTTP/1.1" 200 30228 "-" "Mozilla/5.0 AppleWebKit/537.36 (KHTML, like Gecko; compatible; bingbot/2.0; +http://www.bing.com/bingbot.htm) Chrome/116.0.1938.76 Safari/537.36"
40.77.167.224 - - [25/Sep/2026:05:28:18 +0300] "GET /?sale/search/detail/?ITMCODE=i7n6t9r4o8d6u9c0t2i4on HTTP/1.1" 200 30228 "-" "Mozilla/5.0 AppleWebKit/537.36 (KHTML, like Gecko; compatible; bingbot/2.0; +http://www.bing.com/bingbot.htm) Chrome/116.0.1938.76 Safari/537.36"
66.249.66.75 - - [25/Sep/2026:05:28:19 +0300] "GET /?sale/search/detail/?ITMCODE=t3i2n3t6i2n6n0a7b1u1liferum HTTP/1.1" 301 9103 "-" "Mozilla/5.0 (Linux; Android 6.0.1; Nexus 5X Build/MMB29P) AppleWebKit/537.36 (KHTML, like Gecko) Chrome/153.0.8010.52 Mobile Safari/537.36 (compatible; Googlebot/2.1; +http://www.google.com/bot.html)"
52.167.144.166 - - [25/Sep/2026:05:28:19 +0300] "GET /?sale/search/detail/?ITMCODE=n4o3n6p6r4e0s0c2r2i6p7tion HTTP/1.1" 200 30230 "-" "Mozilla/5.0 AppleWebKit/537.36 (KHTML, like Gecko; compatible; bingbot/2.0; +http://www.bing.com/bingbot.htm) Chrome/116.0.1938.76 Safari/537.36"
66.249.66.75 - - [25/Sep/2026:05:28:20 +0300] "GET /?sale/search/detail/?ITMCODE=f1o2r9e4w6e4n3d2263 HTTP/1.1" 301 9095 "-" "Mozilla/5.0 (Linux; Android 6.0.1; Nexus 5X Build/MMB29P) AppleWebKit/537.36 (KHTML, like Gecko) Chrome/153.0.8010.52 Mobile Safari/537.36 (compatible; Googlebot/2.1; +http://www.google.com/bot.html)"
101.33.66.34 - - [25/Sep/2026:05:28:21 +0300] "GET / HTTP/1.1" 200 29909 "http://princessmare.com.gr" "Mozilla/5.0 (iPhone; CPU iPhone OS 13_2_3 like Mac OS X) AppleWebKit/605.1.15 (KHTML, like Gecko) Version/13.0.3 Mobile/15E148 Safari/604.1"
52.167.144.166 - - [25/Sep/2026:05:28:20 +0300] "GET /?sale/search/detail/?ITMCODE=o2s2s4i1c5u3l5a4t0e7d0 HTTP/1.1" 200 30228 "-" "Mozilla/5.0 AppleWebKit/537.36 (KHTML, like Gecko; compatible; bingbot/2.0; +http://www.bing.com/bingbot.htm) Chrome/116.0.1938.76 Safari/537.36"
52.167.144.166 - - [25/Sep/2026:05:28:21 +0300] "GET /?sale/search/detail/?ITMCODE=h0y4d0r0a6c3h2n2a395 HTTP/1.1" 200 30227 "-" "Mozilla/5.0 AppleWebKit/537.36 (KHTML, like Gecko; compatible; bingbot/2.0; +http://www.bing.com/bingbot.htm) Chrome/116.0.1938.76 Safari/537.36"
40.77.167.224 - - [25/Sep/2026:05:28:21 +0300] "GET /?sale/search/detail/?ITMCODE=c9y2m8n6o4b6l9a6s2t3e5a HTTP/1.1" 200 30229 "-" "Mozilla/5.0 AppleWebKit/537.36 (KHTML, like Gecko; compatible; bingbot/2.0; +http://www.bing.com/bingbot.htm) Chrome/116.0.1938.76 Safari/537.36"
52.167.144.166 - - [25/Sep/2026:05:28:22 +0300] "GET /?sale/search/detail/?ITMCODE=h4o1l2o7g3r3a1p1h5y75 HTTP/1.1" 200 30228 "-" "Mozilla/5.0 AppleWebKit/537.36 (KHTML, like Gecko; compatible; bingbot/2.0; +http://www.bing.com/bingbot.htm) Chrome/116.0.1938.76 Safari/537.36"
52.167.144.166 - - [25/Sep/2026:05:28:24 +0300] "GET /?sale/search/detail/?ITMCODE=r1a4t6i7o0c9i6n7a8t7ory HTTP/1.1" 200 30229 "-" "Mozilla/5.0 AppleWebKit/537.36 (KHTML, like Gecko; compatible; bingbot/2.0; +http://www.bing.com/bingbot.htm) Chrome/116.0.1938.76 Safari/537.36"
52.167.144.166 - - [25/Sep/2026:05:28:24 +0300] "GET /?sale/search/detail/?ITMCODE=r3e6s6c0r7i7p2t4i5v3e HTTP/1.1" 200 30228 "-" "Mozilla/5.0 AppleWebKit/537.36 (KHTML, like Gecko; compatible; bingbot/2.0; +http://www.bing.com/bingbot.htm) Chrome/116.0.1938.76 Safari/537.36"
52.167.144.166 - - [25/Sep/2026:05:28:25 +0300] "GET /?sale/search/detail/?ITMCODE=c2y3a8n8o7p0a1t2h5y87 HTTP/1.1" 200 30228 "-" "Mozilla/5.0 AppleWebKit/537.36 (KHTML, like Gecko; compatible; bingbot/2.0; +http://www.bing.com/bingbot.htm) Chrome/116.0.1938.76 Safari/537.36"
66.249.66.75 - - [25/Sep/2026:05:28:26 +0300] "GET /?sale/search/detail/?ITMCODE=g8o1d1l5e4s7s76791 HTTP/1.1" 301 9094 "-" "Mozilla/5.0 (Linux; Android 6.0.1; Nexus 5X Build/MMB29P) AppleWebKit/537.36 (KHTML, like Gecko) Chrome/153.0.8010.52 Mobile Safari/537.36 (compatible; Googlebot/2.1; +http://www.google.com/bot.html)"
66.249.66.75 - - [25/Sep/2026:05:28:27 +0300] "GET /?sale/search/detail/?ITMCODE=c4o3s8e7n2i8n6g0160 HTTP/1.1" 301 9095 "-" "Mozilla/5.0 (Linux; Android 6.0.1; Nexus 5X Build/MMB29P) AppleWebKit/537.36 (KHTML, like Gecko) Chrome/153.0.8010.52 Mobile Safari/537.36 (compatible; Googlebot/2.1; +http://www.google.com/bot.html)"
52.167.144.166 - - [25/Sep/2026:05:28:27 +0300] "GET /?sale/search/detail/?ITMCODE=i1n2v1i8s8i1b9i8l8i1t0y HTTP/1.1" 200 30229 "-" "Mozilla/5.0 AppleWebKit/537.36 (KHTML, like Gecko; compatible; bingbot/2.0; +http://www.bing.com/bingbot.htm) Chrome/116.0.1938.76 Safari/537.36"
66.249.66.75 - - [25/Sep/2026:05:28:27 +0300] "GET /shopdetail/lock/058000346 HTTP/1.1" 301 9119 "-" "Mozilla/5.0 (Linux; Android 6.0.1; Nexus 5X Build/MMB29P) AppleWebKit/537.36 (KHTML, like Gecko) Chrome/153.0.8010.52 Mobile Safari/537.36 (compatible; Googlebot/2.1; +http://www.google.com/bot.html)"
52.167.144.166 - - [25/Sep/2026:05:28:28 +0300] "GET /?sale/search/detail/?ITMCODE=w6i4n0n1o3w4e9d2455 HTTP/1.1" 200 30226 "-" "Mozilla/5.0 AppleWebKit/537.36 (KHTML, like Gecko; compatible; bingbot/2.0; +http://www.bing.com/bingbot.htm) Chrome/116.0.1938.76 Safari/537.36"
66.249.66.32 - - [25/Sep/2026:05:28:28 +0300] "GET /?sale/search/detail/?ITMCODE=s9e3m2i6a7b1s2t6r4a5c1t HTTP/1.1" 200 30229 "-" "Mozilla/5.0 (Linux; Android 6.0.1; Nexus 5X Build/MMB29P) AppleWebKit/537.36 (KHTML, like Gecko) Chrome/153.0.8010.52 Mobile Safari/537.36 (compatible; Googlebot/2.1; +http://www.google.com/bot.html)"
52.167.144.166 - - [25/Sep/2026:05:28:29 +0300] "GET /?sale/search/detail/?ITMCODE=w6a1r6k8l9o7o3m0863 HTTP/1.1" 200 30227 "-" "Mozilla/5.0 AppleWebKit/537.36 (KHTML, like Gecko; compatible; bingbot/2.0; +http://www.bing.com/bingbot.htm) Chrome/116.0.1938.76 Safari/537.36"
52.167.144.166 - - [25/Sep/2026:05:28:30 +0300] "GET /?sale/search/detail/?ITMCODE=a8u2g5m9e7n6t2a3t2i2v6e HTTP/1.1" 200 30229 "-" "Mozilla/5.0 AppleWebKit/537.36 (KHTML, like Gecko; compatible; bingbot/2.0; +http://www.bing.com/bingbot.htm) Chrome/116.0.1938.76 Safari/537.36"
66.249.66.75 - - [25/Sep/2026:05:28:33 +0300] "GET /?sale/search/detail/?ITMCODE=f7r3i8n5g7i9l8l8i6d8a3e HTTP/1.1" 301 9099 "-" "Mozilla/5.0 (Linux; Android 6.0.1; Nexus 5X Build/MMB29P) AppleWebKit/537.36 (KHTML, like Gecko) Chrome/153.0.8010.52 Mobile Safari/537.36 (compatible; Googlebot/2.1; +http://www.google.com/bot.html)"
40.77.167.224 - - [25/Sep/2026:05:28:34 +0300] "GET /?sale/search/detail/?ITMCODE=r6e6s3i7s0t2f4u1l53 HTTP/1.1" 200 30226 "-" "Mozilla/5.0 AppleWebKit/537.36 (KHTML, like Gecko; compatible; bingbot/2.0; +http://www.bing.com/bingbot.htm) Chrome/116.0.1938.76 Safari/537.36"
57.141.20.41 - - [25/Sep/2026:05:28:35 +0300] "GET /?sale/search/detail/?ITMCODE=t5u3n4g6s6t7i5c5958 HTTP/1.1" 200 30226 "-" "Mozilla/5.0 (Windows NT 10.0; Win64; x64) AppleWebKit/537.36 (KHTML, like Gecko) Chrome/145.0.0.0 Safari/537.36 (compatible; meta-externalagent/1.1 (+https://developers.facebook.com/docs/sharing/webmasters/crawler))"
40.77.167.224 - - [25/Sep/2026:05:28:35 +0300] "GET /?sale/search/detail/?ITMCODE=b3a9s3a6l2t2i2f7o1r5m HTTP/1.1" 200 30227 "-" "Mozilla/5.0 AppleWebKit/537.36 (KHTML, like Gecko; compatible; bingbot/2.0; +http://www.bing.com/bingbot.htm) Chrome/116.0.1938.76 Safari/537.36"
40.77.167.224 - - [25/Sep/2026:05:28:37 +0300] "GET /?sale/search/detail/?ITMCODE=m1a1g8n5i7f3y4i8n9g43 HTTP/1.1" 200 30228 "-" "Mozilla/5.0 AppleWebKit/537.36 (KHTML, like Gecko; compatible; bingbot/2.0; +http://www.bing.com/bingbot.htm) Chrome/116.0.1938.76 Safari/537.36"
57.141.20.64 - - [25/Sep/2026:05:28:37 +0300] "GET /?sale/search/detail/?ITMCODE=a1e6g7i3a3l7i7t2i9s1 HTTP/1.1" 200 30226 "-" "Mozilla/5.0 (Macintosh; Intel Mac OS X 10_15_7) AppleWebKit/537.36 (KHTML, like Gecko) Chrome/145.0.0.0 Safari/537.36 (compatible; meta-externalagent/1.1 (+https://developers.facebook.com/docs/sharing/webmasters/crawler))"
40.77.167.224 - - [25/Sep/2026:05:28:39 +0300] "GET /?sale/search/detail/?ITMCODE=h2e1p1a4t2o1c8y0s7t3i1c HTTP/1.1" 200 30229 "-" "Mozilla/5.0 AppleWebKit/537.36 (KHTML, like Gecko; compatible; bingbot/2.0; +http://www.bing.com/bingbot.htm) Chrome/116.0.1938.76 Safari/537.36"
66.249.66.75 - - [25/Sep/2026:05:28:40 +0300] "GET /?sale/search/detail/?ITMCODE=p7i5s9t8i7l0l3i2f2e0rous HTTP/1.1" 301 9100 "-" "Mozilla/5.0 (Linux; Android 6.0.1; Nexus 5X Build/MMB29P) AppleWebKit/537.36 (KHTML, like Gecko) Chrome/153.0.8010.52 Mobile Safari/537.36 (compatible; Googlebot/2.1; +http://www.google.com/bot.html)"
52.167.144.166 - - [25/Sep/2026:05:28:39 +0300] "GET /?sale/search/detail/?ITMCODE=h0y1d3r2o1s6u1l3p3h1a4te HTTP/1.1" 200 30230 "-" "Mozilla/5.0 AppleWebKit/537.36 (KHTML, like Gecko; compatible; bingbot/2.0; +http://www.bing.com/bingbot.htm) Chrome/116.0.1938.76 Safari/537.36"
40.77.167.224 - - [25/Sep/2026:05:28:40 +0300] "GET /?sale/search/detail/?ITMCODE=i2n3s6i6n5c8e9r3e4l6y5 HTTP/1.1" 200 30229 "-" "Mozilla/5.0 AppleWebKit/537.36 (KHTML, like Gecko; compatible; bingbot/2.0; +http://www.bing.com/bingbot.htm) Chrome/116.0.1938.76 Safari/537.36"
57.141.20.10 - - [25/Sep/2026:05:28:40 +0300] "GET /?sale/search/detail/?ITMCODE=a1n1e4a8r2299108 HTTP/1.1" 200 30223 "-" "Mozilla/5.0 (Windows NT 10.0; Win64; x64) AppleWebKit/537.36 (KHTML, like Gecko) Chrome/145.0.0.0 Safari/537.36 (compatible; meta-externalagent/1.1 (+https://developers.facebook.com/docs/sharing/webmasters/crawler))"
52.167.144.166 - - [25/Sep/2026:05:28:41 +0300] "GET /?sale/search/detail/?ITMCODE=o0n3t1o4l3o3g0i0c9a9l2 HTTP/1.1" 200 30228 "-" "Mozilla/5.0 AppleWebKit/537.36 (KHTML, like Gecko; compatible; bingbot/2.0; +http://www.bing.com/bingbot.htm) Chrome/116.0.1938.76 Safari/537.36"
66.249.66.32 - - [25/Sep/2026:05:28:42 +0300] "GET /?sale/search/detail/?ITMCODE=f0o2r5e5s0e8i1z8e359 HTTP/1.1" 200 30227 "-" "Mozilla/5.0 (Linux; Android 6.0.1; Nexus 5X Build/MMB29P) AppleWebKit/537.36 (KHTML, like Gecko) Chrome/153.0.8010.52 Mobile Safari/537.36 (compatible; Googlebot/2.1; +http://www.google.com/bot.html)"
52.167.144.166 - - [25/Sep/2026:05:28:44 +0300] "GET /?sale/search/detail/?ITMCODE=i6n2n5o2d9a9t2i1n7g98 HTTP/1.1" 200 30227 "-" "Mozilla/5.0 AppleWebKit/537.36 (KHTML, like Gecko; compatible; bingbot/2.0; +http://www.bing.com/bingbot.htm) Chrome/116.0.1938.76 Safari/537.36"
66.249.66.75 - - [25/Sep/2026:05:28:45 +0300] "GET /?sale/search/detail/?ITMCODE=n6o2n6a0m9e7r13231 HTTP/1.1" 301 9094 "-" "Mozilla/5.0 (Linux; Android 6.0.1; Nexus 5X Build/MMB29P) AppleWebKit/537.36 (KHTML, like Gecko) Chrome/153.0.8010.52 Mobile Safari/537.36 (compatible; Googlebot/2.1; +http://www.google.com/bot.html)"
40.77.167.224 - - [25/Sep/2026:05:28:45 +0300] "GET /?sale/search/detail/?ITMCODE=a4c3c2o8m7m4o6d5a4t2e0ness HTTP/1.1" 200 30231 "-" "Mozilla/5.0 AppleWebKit/537.36 (KHTML, like Gecko; compatible; bingbot/2.0; +http://www.bing.com/bingbot.htm) Chrome/116.0.1938.76 Safari/537.36"
52.167.144.166 - - [25/Sep/2026:05:28:45 +0300] "GET /?sale/search/detail/?ITMCODE=o4m3m4a7t6e3a4l735 HTTP/1.1" 200 30225 "-" "Mozilla/5.0 AppleWebKit/537.36 (KHTML, like Gecko; compatible; bingbot/2.0; +http://www.bing.com/bingbot.htm) Chrome/116.0.1938.76 Safari/537.36"
40.77.167.224 - - [25/Sep/2026:05:28:47 +0300] "GET /?sale/search/detail/?ITMCODE=r6e1i6t5e8r4a5n7t914 HTTP/1.1" 200 30226 "-" "Mozilla/5.0 AppleWebKit/537.36 (KHTML, like Gecko; compatible; bingbot/2.0; +http://www.bing.com/bingbot.htm) Chrome/116.0.1938.76 Safari/537.36"
40.77.167.224 - - [25/Sep/2026:05:28:48 +0300] "GET /?sale/search/detail/?ITMCODE=d3e2c4a9h4e3d6r6a2l88 HTTP/1.1" 200 30228 "-" "Mozilla/5.0 AppleWebKit/537.36 (KHTML, like Gecko; compatible; bingbot/2.0; +http://www.bing.com/bingbot.htm) Chrome/116.0.1938.76 Safari/537.36"
66.249.66.75 - - [25/Sep/2026:05:28:51 +0300] "GET /?sale/search/detail/?ITMCODE=s8u9b8s9e0r3o3u6s44 HTTP/1.1" 301 9095 "-" "Mozilla/5.0 (Linux; Android 6.0.1; Nexus 5X Build/MMB29P) AppleWebKit/537.36 (KHTML, like Gecko) Chrome/153.0.8010.52 Mobile Safari/537.36 (compatible; Googlebot/2.1; +http://www.google.com/bot.html)"
66.249.66.75 - - [25/Sep/2026:05:28:51 +0300] "GET /?sale/search/detail/?ITMCODE=a5m6p2h2o8r0a1754 HTTP/1.1" 301 9093 "-" "Mozilla/5.0 (Linux; Android 6.0.1; Nexus 5X Build/MMB29P) AppleWebKit/537.36 (KHTML, like Gecko) Chrome/153.0.8010.52 Mobile Safari/537.36 (compatible; Googlebot/2.1; +http://www.google.com/bot.html)"
66.249.66.75 - - [25/Sep/2026:05:28:52 +0300] "GET /?sale/search/detail/?ITMCODE=d6i2s8p0e7n5s9a7t5o5r7ies HTTP/1.1" 301 9101 "-" "Mozilla/5.0 (Linux; Android 6.0.1; Nexus 5X Build/MMB29P) AppleWebKit/537.36 (KHTML, like Gecko) Chrome/153.0.8010.52 Mobile Safari/537.36 (compatible; Googlebot/2.1; +http://www.google.com/bot.html)"
66.249.66.75 - - [25/Sep/2026:05:28:53 +0300] "GET /?sale/search/detail/?ITMCODE=s2y1n4t3o2n2i4c9a3l08 HTTP/1.1" 301 9097 "-" "Mozilla/5.0 (Linux; Android 6.0.1; Nexus 5X Build/MMB29P) AppleWebKit/537.36 (KHTML, like Gecko) Chrome/153.0.8010.52 Mobile Safari/537.36 (compatible; Googlebot/2.1; +http://www.google.com/bot.html)"
52.167.144.166 - - [25/Sep/2026:05:28:53 +0300] "GET /?sale/search/detail/?ITMCODE=i6n2a8i5d5a7b2l4e113 HTTP/1.1" 200 30226 "-" "Mozilla/5.0 AppleWebKit/537.36 (KHTML, like Gecko; compatible; bingbot/2.0; +http://www.bing.com/bingbot.htm) Chrome/116.0.1938.76 Safari/537.36"
66.249.66.34 - - [25/Sep/2026:05:28:55 +0300] "GET /?sale/search/detail/?ITMCODE=v4a4r3i4c3o6l1o4r0e5d HTTP/1.1" 200 30227 "-" "Mozilla/5.0 (Linux; Android 6.0.1; Nexus 5X Build/MMB29P) AppleWebKit/537.36 (KHTML, like Gecko) Chrome/153.0.8010.52 Mobile Safari/537.36 (compatible; Googlebot/2.1; +http://www.google.com/bot.html)"
66.249.66.75 - - [25/Sep/2026:05:28:56 +0300] "GET /?sale/search/detail/?ITMCODE=a1s1c7i5d4i4o0z6o3o2i9d HTTP/1.1" 301 9099 "-" "Mozilla/5.0 (Linux; Android 6.0.1; Nexus 5X Build/MMB29P) AppleWebKit/537.36 (KHTML, like Gecko) Chrome/153.0.8010.52 Mobile Safari/537.36 (compatible; Googlebot/2.1; +http://www.google.com/bot.html)"
52.167.144.166 - - [25/Sep/2026:05:28:58 +0300] "GET /?sale/search/detail/?ITMCODE=r6e2j9u9v6e0n6e0s5c1e8nt HTTP/1.1" 200 30230 "-" "Mozilla/5.0 AppleWebKit/537.36 (KHTML, like Gecko; compatible; bingbot/2.0; +http://www.bing.com/bingbot.htm) Chrome/116.0.1938.76 Safari/537.36"
66.249.66.75 - - [25/Sep/2026:05:28:59 +0300] "GET /?sale/search/detail/?ITMCODE=a8r1b9o4r4i8f6o6r6m17 HTTP/1.1" 301 9097 "-" "Mozilla/5.0 (Linux; Android 6.0.1; Nexus 5X Build/MMB29P) AppleWebKit/537.36 (KHTML, like Gecko) Chrome/153.0.8010.52 Mobile Safari/537.36 (compatible; Googlebot/2.1; +http://www.google.com/bot.html)"
57.141.20.35 - - [25/Sep/2026:05:29:01 +0300] "GET /?sale/search/detail/?ITMCODE=p1i5t4t6e7d87614 HTTP/1.1" 200 30223 "-" "Mozilla/5.0 (Macintosh; Intel Mac OS X 10_15_7) AppleWebKit/537.36 (KHTML, like Gecko) Chrome/145.0.0.0 Safari/537.36 (compatible; meta-externalagent/1.1 (+https://developers.facebook.com/docs/sharing/webmasters/crawler))"
66.249.66.77 - - [25/Sep/2026:05:29:02 +0300] "GET /?sale/search/detail/?ITMCODE=c1r3y4o2s4c6o7p0e134 HTTP/1.1" 301 9096 "-" "Mozilla/5.0 (Linux; Android 6.0.1; Nexus 5X Build/MMB29P) AppleWebKit/537.36 (KHTML, like Gecko) Chrome/153.0.8010.52 Mobile Safari/537.36 (compatible; Googlebot/2.1; +http://www.google.com/bot.html)"
66.249.66.76 - - [25/Sep/2026:05:29:05 +0300] "GET /?sale/search/detail/?ITMCODE=n2u2g1a7t0i6o7n449 HTTP/1.1" 301 9094 "-" "Mozilla/5.0 (Linux; Android 6.0.1; Nexus 5X Build/MMB29P) AppleWebKit/537.36 (KHTML, like Gecko) Chrome/153.0.8010.52 Mobile Safari/537.36 (compatible; Googlebot/2.1; +http://www.google.com/bot.html)"
66.249.66.75 - - [25/Sep/2026:05:29:07 +0300] "GET /?sale/search/detail/?ITMCODE=c1o2e1x4t2e3n0d6i3n2g7 HTTP/1.1" 301 9098 "-" "Mozilla/5.0 (Linux; Android 6.0.1; Nexus 5X Build/MMB29P) AppleWebKit/537.36 (KHTML, like Gecko) Chrome/153.0.8010.52 Mobile Safari/537.36 (compatible; Googlebot/2.1; +http://www.google.com/bot.html)"
40.77.167.224 - - [25/Sep/2026:05:29:08 +0300] "GET /?sale/search/detail/?ITMCODE=p8l5u0m4b3i1n2g694 HTTP/1.1" 200 30225 "-" "Mozilla/5.0 AppleWebKit/537.36 (KHTML, like Gecko; compatible; bingbot/2.0; +http://www.bing.com/bingbot.htm) Chrome/116.0.1938.76 Safari/537.36"
40.77.167.224 - - [25/Sep/2026:05:29:09 +0300] "GET /?sale/search/detail/?ITMCODE=t1o3m1b1e5s8t5e7r364 HTTP/1.1" 200 30226 "-" "Mozilla/5.0 AppleWebKit/537.36 (KHTML, like Gecko; compatible; bingbot/2.0; +http://www.bing.com/bingbot.htm) Chrome/116.0.1938.76 Safari/537.36"
40.77.167.224 - - [25/Sep/2026:05:29:10 +0300] "GET /?sale/search/detail/?ITMCODE=g4r2a8s6s7l1e9s4s786 HTTP/1.1" 200 30227 "-" "Mozilla/5.0 AppleWebKit/537.36 (KHTML, like Gecko; compatible; bingbot/2.0; +http://www.bing.com/bingbot.htm) Chrome/116.0.1938.76 Safari/537.36"
40.77.167.224 - - [25/Sep/2026:05:29:11 +0300] "GET /?sale/search/detail/?ITMCODE=h9u3m5m1i9n0g5b3i0r0d3 HTTP/1.1" 200 30229 "-" "Mozilla/5.0 AppleWebKit/537.36 (KHTML, like Gecko; compatible; bingbot/2.0; +http://www.bing.com/bingbot.htm) Chrome/116.0.1938.76 Safari/537.36"
40.77.167.224 - - [25/Sep/2026:05:29:12 +0300] "GET /?sale/search/detail/?ITMCODE=w5i1n2n8e0b6a1g9o5e0s5 HTTP/1.1" 200 30229 "-" "Mozilla/5.0 AppleWebKit/537.36 (KHTML, like Gecko; compatible; bingbot/2.0; +http://www.bing.com/bingbot.htm) Chrome/116.0.1938.76 Safari/537.36"
40.77.167.224 - - [25/Sep/2026:05:29:13 +0300] "GET /?sale/search/detail/?ITMCODE=b5o2m2b4y8l0i0i3d3a7e1 HTTP/1.1" 200 30228 "-" "Mozilla/5.0 AppleWebKit/537.36 (KHTML, like Gecko; compatible; bingbot/2.0; +http://www.bing.com/bingbot.htm) Chrome/116.0.1938.76 Safari/537.36"
66.249.66.75 - - [25/Sep/2026:05:29:14 +0300] "GET /?sale/search/detail/?ITMCODE=e4x2p8e0n8d3i0n1g399 HTTP/1.1" 301 9096 "-" "Mozilla/5.0 (Linux; Android 6.0.1; Nexus 5X Build/MMB29P) AppleWebKit/537.36 (KHTML, like Gecko) Chrome/153.0.8010.52 Mobile Safari/537.36 (compatible; Googlebot/2.1; +http://www.google.com/bot.html)"
40.77.167.24 - - [25/Sep/2026:05:29:15 +0300] "GET /?sale/search/detail/?ITMCODE=p4e2r0s2i3c131374 HTTP/1.1" 301 9093 "-" "Mozilla/5.0 AppleWebKit/537.36 (KHTML, like Gecko; compatible; bingbot/2.0; +http://www.bing.com/bingbot.htm) Chrome/116.0.1938.76 Safari/537.36"
40.77.167.24 - - [25/Sep/2026:05:29:16 +0300] "GET /?sale/search/detail/?ITMCODE=g6i3l0d4e1n196334 HTTP/1.1" 301 9093 "-" "Mozilla/5.0 AppleWebKit/537.36 (KHTML, like Gecko; compatible; bingbot/2.0; +http://www.bing.com/bingbot.htm) Chrome/116.0.1938.76 Safari/537.36"
40.77.167.24 - - [25/Sep/2026:05:29:16 +0300] "GET /?sale/search/detail/?ITMCODE=h6i2g8h4a2n9d5m8i2g6h9ty HTTP/1.1" 301 9100 "-" "Mozilla/5.0 AppleWebKit/537.36 (KHTML, like Gecko; compatible; bingbot/2.0; +http://www.bing.com/bingbot.htm) Chrome/116.0.1938.76 Safari/537.36"
40.77.167.24 - - [25/Sep/2026:05:29:16 +0300] "GET /?sale/search/detail/?ITMCODE=c9r2u0d1e3l6i3s5641 HTTP/1.1" 301 9095 "-" "Mozilla/5.0 AppleWebKit/537.36 (KHTML, like Gecko; compatible; bingbot/2.0; +http://www.bing.com/bingbot.htm) Chrome/116.0.1938.76 Safari/537.36"
40.77.167.24 - - [25/Sep/2026:05:29:17 +0300] "GET /?sale/search/detail/?ITMCODE=d8a8s1t2a7r6d0i3z6i1ng HTTP/1.1" 301 9098 "-" "Mozilla/5.0 AppleWebKit/537.36 (KHTML, like Gecko; compatible; bingbot/2.0; +http://www.bing.com/bingbot.htm) Chrome/116.0.1938.76 Safari/537.36"
114.119.131.88 - - [25/Sep/2026:05:29:20 +0300] "GET /shopdetail/initial/222019944 HTTP/1.1" 404 64763 "https://princessmare.com.gr/goods.php?sitemap633.xml" "Mozilla/5.0 (Linux; Android 7.0;) AppleWebKit/537.36 (HTML, like Gecko) Mobile Safari/537.36 (compatible; PetalBot;+https://webmaster.petalsearch.com/site/petalbot)"
66.249.66.75 - - [25/Sep/2026:05:29:21 +0300] "GET /?sale/search/detail/?ITMCODE=g3l1a2n3d8u3l0a6t6i7o3n HTTP/1.1" 301 9099 "-" "Mozilla/5.0 (Linux; Android 6.0.1; Nexus 5X Build/MMB29P) AppleWebKit/537.36 (KHTML, like Gecko) Chrome/153.0.8010.52 Mobile Safari/537.36 (compatible; Googlebot/2.1; +http://www.google.com/bot.html)"
52.167.144.166 - - [25/Sep/2026:05:29:22 +0300] "GET /?sale/search/detail/?ITMCODE=b2r2e4g7m7a925201 HTTP/1.1" 200 30224 "-" "Mozilla/5.0 AppleWebKit/537.36 (KHTML, like Gecko; compatible; bingbot/2.0; +http://www.bing.com/bingbot.htm) Chrome/116.0.1938.76 Safari/537.36"
52.167.144.166 - - [25/Sep/2026:05:29:23 +0300] "GET /?sale/search/detail/?ITMCODE=s0i3m7u7l4a6t8e7367 HTTP/1.1" 200 30226 "-" "Mozilla/5.0 AppleWebKit/537.36 (KHTML, like Gecko; compatible; bingbot/2.0; +http://www.bing.com/bingbot.htm) Chrome/116.0.1938.76 Safari/537.36"
52.167.144.166 - - [25/Sep/2026:05:29:24 +0300] "GET /?sale/search/detail/?ITMCODE=r0a4d1i7o9s8t7r2o8n3t6ium HTTP/1.1" 200 30250 "-" "Mozilla/5.0 AppleWebKit/537.36 (KHTML, like Gecko; compatible; bingbot/2.0; +http://www.bing.com/bingbot.htm) Chrome/116.0.1938.76 Safari/537.36"
40.77.167.143 - - [25/Sep/2026:05:29:25 +0300] "GET /?sale/search/detail/?ITMCODE=g2e4s2t0a5e883861 HTTP/1.1" 301 9093 "-" "Mozilla/5.0 AppleWebKit/537.36 (KHTML, like Gecko; compatible; bingbot/2.0; +http://www.bing.com/bingbot.htm) Chrome/116.0.1938.76 Safari/537.36"
66.249.66.32 - - [25/Sep/2026:05:29:25 +0300] "GET /?sale/search/detail/?ITMCODE=l3o2l3i3u8m067652 HTTP/1.1" 200 30224 "-" "Mozilla/5.0 (Linux; Android 6.0.1; Nexus 5X Build/MMB29P) AppleWebKit/537.36 (KHTML, like Gecko) Chrome/153.0.8010.52 Mobile Safari/537.36 (compatible; Googlebot/2.1; +http://www.google.com/bot.html)"
52.167.144.166 - - [25/Sep/2026:05:29:25 +0300] "GET /?sale/search/detail/?ITMCODE=u6n6n1e2t6h6e30 HTTP/1.1" 200 30223 "-" "Mozilla/5.0 AppleWebKit/537.36 (KHTML, like Gecko; compatible; bingbot/2.0; +http://www.bing.com/bingbot.htm) Chrome/116.0.1938.76 Safari/537.36"
66.249.66.32 - - [25/Sep/2026:05:29:25 +0300] "GET /?sale/search/detail/?ITMCODE=s0a3l9o3n8971109 HTTP/1.1" 200 30223 "-" "Mozilla/5.0 (Linux; Android 6.0.1; Nexus 5X Build/MMB29P) AppleWebKit/537.36 (KHTML, like Gecko) Chrome/153.0.8010.52 Mobile Safari/537.36 (compatible; Googlebot/2.1; +http://www.google.com/bot.html)"
52.167.144.166 - - [25/Sep/2026:05:29:26 +0300] "GET /?sale/search/detail/?ITMCODE=l6u2m0p8e7c3t7o2m8y98 HTTP/1.1" 200 30228 "-" "Mozilla/5.0 AppleWebKit/537.36 (KHTML, like Gecko; compatible; bingbot/2.0; +http://www.bing.com/bingbot.htm) Chrome/116.0.1938.76 Safari/537.36"
