57.141.20.62 - - [24/Sep/2026:04:11:31 +0300] "GET /?sale/search/detail/?ITMCODE=d1e3l1u2d5i3n4g8249 HTTP/1.1" 200 30035 "-" "Mozilla/5.0 (Windows NT 10.0; Win64; x64) AppleWebKit/537.36 (KHTML, like Gecko) Chrome/145.0.0.0 Safari/537.36 (compatible; meta-externalagent/1.1 (+https://developers.facebook.com/docs/sharing/webmasters/crawler))"
40.77.167.58 - - [24/Sep/2026:04:11:32 +0300] "GET /?sale/search/detail/?ITMCODE=d1e1m7y0t2h1o2l2o7g5i1ze HTTP/1.1" 200 30039 "-" "Mozilla/5.0 AppleWebKit/537.36 (KHTML, like Gecko; compatible; bingbot/2.0; +http://www.bing.com/bingbot.htm) Chrome/116.0.1938.76 Safari/537.36"
40.77.167.58 - - [24/Sep/2026:04:11:33 +0300] "GET /?sale/search/detail/?ITMCODE=d8e3c8i7d9e4d87023 HTTP/1.1" 200 30034 "-" "Mozilla/5.0 AppleWebKit/537.36 (KHTML, like Gecko; compatible; bingbot/2.0; +http://www.bing.com/bingbot.htm) Chrome/116.0.1938.76 Safari/537.36"
40.77.167.58 - - [24/Sep/2026:04:11:35 +0300] "GET /?sale/search/detail/?ITMCODE=f4u1t7u7r0o7l3o4g8i5c9al HTTP/1.1" 200 30040 "-" "Mozilla/5.0 AppleWebKit/537.36 (KHTML, like Gecko; compatible; bingbot/2.0; +http://www.bing.com/bingbot.htm) Chrome/116.0.1938.76 Safari/537.36"
52.167.144.20 - - [24/Sep/2026:04:11:36 +0300] "GET /?sale/search/detail/?ITMCODE=b9r2u7m6a7i0r8e5110 HTTP/1.1" 200 30036 "-" "Mozilla/5.0 AppleWebKit/537.36 (KHTML, like Gecko; compatible; bingbot/2.0; +http://www.bing.com/bingbot.htm) Chrome/116.0.1938.76 Safari/537.36"
52.167.144.20 - - [24/Sep/2026:04:11:37 +0300] "GET /?sale/search/detail/?ITMCODE=s1i3c6k9l2e6d04159 HTTP/1.1" 200 30035 "-" "Mozilla/5.0 AppleWebKit/537.36 (KHTML, like Gecko; compatible; bingbot/2.0; +http://www.bing.com/bingbot.htm) Chrome/116.0.1938.76 Safari/537.36"
52.167.144.20 - - [24/Sep/2026:04:11:38 +0300] "GET /?sale/search/detail/?ITMCODE=d9e3p8l0o8r5e2d3n3e8s1s HTTP/1.1" 200 30039 "-" "Mozilla/5.0 AppleWebKit/537.36 (KHTML, like Gecko; compatible; bingbot/2.0; +http://www.bing.com/bingbot.htm) Chrome/116.0.1938.76 Safari/537.36"
52.167.144.20 - - [24/Sep/2026:04:11:39 +0300] "GET /?sale/search/detail/?ITMCODE=s2o4u1v3e0n5a4n1c1e84 HTTP/1.1" 200 30037 "-" "Mozilla/5.0 AppleWebKit/537.36 (KHTML, like Gecko; compatible; bingbot/2.0; +http://www.bing.com/bingbot.htm) Chrome/116.0.1938.76 Safari/537.36"
52.167.144.139 - - [24/Sep/2026:04:11:40 +0300] "GET /?sale/search/detail/?ITMCODE=b7a3k5e9r0871099 HTTP/1.1" 200 30033 "-" "Mozilla/5.0 AppleWebKit/537.36 (KHTML, like Gecko; compatible; bingbot/2.0; +http://www.bing.com/bingbot.htm) Chrome/116.0.1938.76 Safari/537.36"
52.167.144.139 - - [24/Sep/2026:04:11:41 +0300] "GET /?sale/search/detail/?ITMCODE=b6a3r0g2a1i2n9e5d34 HTTP/1.1" 200 30034 "-" "Mozilla/5.0 AppleWebKit/537.36 (KHTML, like Gecko; compatible; bingbot/2.0; +http://www.bing.com/bingbot.htm) Chrome/116.0.1938.76 Safari/537.36"
62.83.35.38 - - [24/Sep/2026:04:11:42 +0300] "GET /wp-content/uploads/2021/07/rent-a-car.png HTTP/1.1" 200 5148 "-" "tphotobot/0.1 (+https://crawler.estidraft.com/bot)"
62.83.35.38 - - [24/Sep/2026:04:11:42 +0300] "GET /wp-content/uploads/2021/07/beach.png HTTP/1.1" 200 5143 "-" "tphotobot/0.1 (+https://crawler.estidraft.com/bot)"
62.83.35.38 - - [24/Sep/2026:04:11:42 +0300] "GET /wp-content/uploads/2021/07/naxos-collage.jpg HTTP/1.1" 200 5152 "-" "tphotobot/0.1 (+https://crawler.estidraft.com/bot)"
62.83.35.38 - - [24/Sep/2026:04:11:42 +0300] "GET /wp-content/uploads/2021/07/air-condition.png HTTP/1.1" 200 5869 "-" "tphotobot/0.1 (+https://crawler.estidraft.com/bot)"
52.167.144.139 - - [24/Sep/2026:04:11:42 +0300] "GET /?sale/search/detail/?ITMCODE=u0n1s9u0i4t1e5d6431 HTTP/1.1" 200 30035 "-" "Mozilla/5.0 AppleWebKit/537.36 (KHTML, like Gecko; compatible; bingbot/2.0; +http://www.bing.com/bingbot.htm) Chrome/116.0.1938.76 Safari/537.36"
62.83.35.38 - - [24/Sep/2026:04:11:42 +0300] "GET /wp-content/uploads/2021/07/free-wifi.png HTTP/1.1" 200 5147 "-" "tphotobot/0.1 (+https://crawler.estidraft.com/bot)"
62.83.35.38 - - [24/Sep/2026:04:11:42 +0300] "GET /wp-content/uploads/2021/07/fridge.png HTTP/1.1" 200 5700 "-" "tphotobot/0.1 (+https://crawler.estidraft.com/bot)"
62.83.35.38 - - [24/Sep/2026:04:11:42 +0300] "GET /wp-content/uploads/2021/07/coffee-machine.png HTTP/1.1" 200 5152 "-" "tphotobot/0.1 (+https://crawler.estidraft.com/bot)"
62.83.35.38 - - [24/Sep/2026:04:11:42 +0300] "GET /wp-content/uploads/2021/07/television.png HTTP/1.1" 200 6151 "-" "tphotobot/0.1 (+https://crawler.estidraft.com/bot)"
62.83.35.38 - - [24/Sep/2026:04:11:42 +0300] "GET /wp-content/uploads/2021/07/safebox.png HTTP/1.1" 200 6163 "-" "tphotobot/0.1 (+https://crawler.estidraft.com/bot)"
62.83.35.38 - - [24/Sep/2026:04:11:42 +0300] "GET /wp-content/uploads/2021/07/soap.png HTTP/1.1" 200 5142 "-" "tphotobot/0.1 (+https://crawler.estidraft.com/bot)"
62.83.35.38 - - [24/Sep/2026:04:11:42 +0300] "GET /wp-content/uploads/2021/07/terrace.png HTTP/1.1" 200 6124 "-" "tphotobot/0.1 (+https://crawler.estidraft.com/bot)"
62.83.35.38 - - [24/Sep/2026:04:11:42 +0300] "GET /wp-content/uploads/2021/07/booking-logo.jpg HTTP/1.1" 200 5998 "-" "tphotobot/0.1 (+https://crawler.estidraft.com/bot)"
62.83.35.38 - - [24/Sep/2026:04:11:42 +0300] "GET /wp-content/uploads/2021/07/rent-a-car.png HTTP/2.0" 200 2283 "-" "tphotobot/0.1 (+https://crawler.estidraft.com/bot)"
62.83.35.38 - - [24/Sep/2026:04:11:42 +0300] "GET /wp-content/uploads/2021/07/beach.png HTTP/2.0" 200 2001 "-" "tphotobot/0.1 (+https://crawler.estidraft.com/bot)"
62.83.35.38 - - [24/Sep/2026:04:11:42 +0300] "GET /wp-content/uploads/2021/07/naxos-collage.jpg HTTP/2.0" 200 66227 "-" "tphotobot/0.1 (+https://crawler.estidraft.com/bot)"
62.83.35.38 - - [24/Sep/2026:04:11:42 +0300] "GET /wp-content/uploads/2021/07/free-wifi.png HTTP/2.0" 200 1668 "-" "tphotobot/0.1 (+https://crawler.estidraft.com/bot)"
62.83.35.38 - - [24/Sep/2026:04:11:42 +0300] "GET /wp-content/uploads/2021/07/coffee-machine.png HTTP/2.0" 200 1053 "-" "tphotobot/0.1 (+https://crawler.estidraft.com/bot)"
62.83.35.38 - - [24/Sep/2026:04:11:42 +0300] "GET /wp-content/uploads/2021/07/soap.png HTTP/2.0" 200 1547 "-" "tphotobot/0.1 (+https://crawler.estidraft.com/bot)"
62.83.35.38 - - [24/Sep/2026:04:11:43 +0300] "GET /wp-content/uploads/2021/07/princess-mare-share-img.jpg HTTP/2.0" 200 136909 "-" "tphotobot/0.1 (+https://crawler.estidraft.com/bot)"
62.83.35.38 - - [24/Sep/2026:04:11:43 +0300] "GET /wp-content/uploads/2021/07/princess-mare-share-img.jpg HTTP/1.1" 200 5162 "-" "tphotobot/0.1 (+https://crawler.estidraft.com/bot)"
52.167.144.139 - - [24/Sep/2026:04:11:43 +0300] "GET /?sale/search/detail/?ITMCODE=g4o2l7i7a1t4h5u0s048 HTTP/1.1" 200 30036 "-" "Mozilla/5.0 AppleWebKit/537.36 (KHTML, like Gecko; compatible; bingbot/2.0; +http://www.bing.com/bingbot.htm) Chrome/116.0.1938.76 Safari/537.36"
52.167.144.139 - - [24/Sep/2026:04:11:43 +0300] "GET /?sale/search/detail/?ITMCODE=i6n4d0u8s6t2r0i9o8u7s9ly HTTP/1.1" 200 30040 "-" "Mozilla/5.0 AppleWebKit/537.36 (KHTML, like Gecko; compatible; bingbot/2.0; +http://www.bing.com/bingbot.htm) Chrome/116.0.1938.76 Safari/537.36"
40.77.167.58 - - [24/Sep/2026:04:11:44 +0300] "GET /?sale/search/detail/?ITMCODE=c1a2p2r6i4m2u3l1g2i5f8ormes HTTP/1.1" 200 30040 "-" "Mozilla/5.0 AppleWebKit/537.36 (KHTML, like Gecko; compatible; bingbot/2.0; +http://www.bing.com/bingbot.htm) Chrome/116.0.1938.76 Safari/537.36"
66.249.66.32 - - [24/Sep/2026:04:11:44 +0300] "GET /?sale/search/detail/?ITMCODE=f4i3s7s5i2g6e2m2m2a9t2ion HTTP/1.1" 200 30039 "-" "Mozilla/5.0 (Linux; Android 6.0.1; Nexus 5X Build/MMB29P) AppleWebKit/537.36 (KHTML, like Gecko) Chrome/153.0.8010.52 Mobile Safari/537.36 (compatible; Googlebot/2.1; +http://www.google.com/bot.html)"
52.167.144.139 - - [24/Sep/2026:04:11:44 +0300] "GET /?sale/search/detail/?ITMCODE=i9n4a0m7o4r4a2t9e9l8y6 HTTP/1.1" 200 30038 "-" "Mozilla/5.0 AppleWebKit/537.36 (KHTML, like Gecko; compatible; bingbot/2.0; +http://www.bing.com/bingbot.htm) Chrome/116.0.1938.76 Safari/537.36"
52.167.144.139 - - [24/Sep/2026:04:11:45 +0300] "GET /?sale/search/detail/?ITMCODE=r9e2e5d0b1u5c5k8659 HTTP/1.1" 200 30035 "-" "Mozilla/5.0 AppleWebKit/537.36 (KHTML, like Gecko; compatible; bingbot/2.0; +http://www.bing.com/bingbot.htm) Chrome/116.0.1938.76 Safari/537.36"
52.167.144.20 - - [24/Sep/2026:04:11:46 +0300] "GET /?sale/search/detail/?ITMCODE=z1o2o7p7h6y2t9o7l6o4g2y HTTP/1.1" 200 30039 "-" "Mozilla/5.0 AppleWebKit/537.36 (KHTML, like Gecko; compatible; bingbot/2.0; +http://www.bing.com/bingbot.htm) Chrome/116.0.1938.76 Safari/537.36"
52.167.144.139 - - [24/Sep/2026:04:11:46 +0300] "GET /?sale/search/detail/?ITMCODE=p7u5r8v6i7e0w6798 HTTP/1.1" 200 30035 "-" "Mozilla/5.0 AppleWebKit/537.36 (KHTML, like Gecko; compatible; bingbot/2.0; +http://www.bing.com/bingbot.htm) Chrome/116.0.1938.76 Safari/537.36"
66.249.66.32 - - [24/Sep/2026:04:11:47 +0300] "GET /?sale/search/detail/?ITMCODE=a1l9p7i7n0u5s5618 HTTP/1.1" 200 30033 "-" "Mozilla/5.0 (Linux; Android 6.0.1; Nexus 5X Build/MMB29P) AppleWebKit/537.36 (KHTML, like Gecko) Chrome/153.0.8010.52 Mobile Safari/537.36 (compatible; Googlebot/2.1; +http://www.google.com/bot.html)"
52.167.144.139 - - [24/Sep/2026:04:11:47 +0300] "GET /?sale/search/detail/?ITMCODE=p7e2r7s6o3n3a0t4o3r84 HTTP/1.1" 200 30038 "-" "Mozilla/5.0 AppleWebKit/537.36 (KHTML, like Gecko; compatible; bingbot/2.0; +http://www.bing.com/bingbot.htm) Chrome/116.0.1938.76 Safari/537.36"
52.167.144.139 - - [24/Sep/2026:04:11:48 +0300] "GET /?sale/search/detail/?ITMCODE=c4r1e1a9m7f9a6c2e8d71 HTTP/1.1" 200 30037 "-" "Mozilla/5.0 AppleWebKit/537.36 (KHTML, like Gecko; compatible; bingbot/2.0; +http://www.bing.com/bingbot.htm) Chrome/116.0.1938.76 Safari/537.36"
52.167.144.139 - - [24/Sep/2026:04:11:49 +0300] "GET /?sale/search/detail/?ITMCODE=d1i2a0m8o4n5d5p5o2i8n6t HTTP/1.1" 200 30038 "-" "Mozilla/5.0 AppleWebKit/537.36 (KHTML, like Gecko; compatible; bingbot/2.0; +http://www.bing.com/bingbot.htm) Chrome/116.0.1938.76 Safari/537.36"
57.141.20.71 - - [24/Sep/2026:04:11:49 +0300] "GET /?sale/search/detail/?ITMCODE=i1n7s4o0l7e5n5t8l6y2 HTTP/1.1" 200 30036 "-" "Mozilla/5.0 (Windows NT 10.0; Win64; x64) AppleWebKit/537.36 (KHTML, like Gecko) Chrome/145.0.0.0 Safari/537.36 (compatible; meta-externalagent/1.1 (+https://developers.facebook.com/docs/sharing/webmasters/crawler))"
66.249.66.32 - - [24/Sep/2026:04:11:49 +0300] "GET /?sale/search/detail/?ITMCODE=c8l2a7m6m6i6l8y0213 HTTP/1.1" 200 30034 "-" "Mozilla/5.0 (Linux; Android 6.0.1; Nexus 5X Build/MMB29P) AppleWebKit/537.36 (KHTML, like Gecko) Chrome/153.0.8010.52 Mobile Safari/537.36 (compatible; Googlebot/2.1; +http://www.google.com/bot.html)"
52.167.144.139 - - [24/Sep/2026:04:11:50 +0300] "GET /?sale/search/detail/?ITMCODE=p6r3e2s6c4r0i7b4e892 HTTP/1.1" 200 30036 "-" "Mozilla/5.0 AppleWebKit/537.36 (KHTML, like Gecko; compatible; bingbot/2.0; +http://www.bing.com/bingbot.htm) Chrome/116.0.1938.76 Safari/537.36"
52.167.144.139 - - [24/Sep/2026:04:11:50 +0300] "GET /?sale/search/detail/?ITMCODE=h2a2l3f5b5r0e7e6d753 HTTP/1.1" 200 30036 "-" "Mozilla/5.0 AppleWebKit/537.36 (KHTML, like Gecko; compatible; bingbot/2.0; +http://www.bing.com/bingbot.htm) Chrome/116.0.1938.76 Safari/537.36"
52.167.144.139 - - [24/Sep/2026:04:11:51 +0300] "GET /?sale/search/detail/?ITMCODE=m7a1t4e4r6i0a8l0i6z7a8tion HTTP/1.1" 200 30040 "-" "Mozilla/5.0 AppleWebKit/537.36 (KHTML, like Gecko; compatible; bingbot/2.0; +http://www.bing.com/bingbot.htm) Chrome/116.0.1938.76 Safari/537.36"
52.167.144.139 - - [24/Sep/2026:04:11:52 +0300] "GET /?sale/search/detail/?ITMCODE=b3i2l5h1a6r9z8i8a325 HTTP/1.1" 200 30036 "-" "Mozilla/5.0 AppleWebKit/537.36 (KHTML, like Gecko; compatible; bingbot/2.0; +http://www.bing.com/bingbot.htm) Chrome/116.0.1938.76 Safari/537.36"
66.249.66.32 - - [24/Sep/2026:04:11:52 +0300] "GET /?sale/search/detail/?ITMCODE=s7i2d8e3b4o6a1r3d584 HTTP/1.1" 200 30036 "-" "Mozilla/5.0 (Linux; Android 6.0.1; Nexus 5X Build/MMB29P) AppleWebKit/537.36 (KHTML, like Gecko) Chrome/153.0.8010.52 Mobile Safari/537.36 (compatible; Googlebot/2.1; +http://www.google.com/bot.html)"
52.167.144.139 - - [24/Sep/2026:04:11:53 +0300] "GET /?sale/search/detail/?ITMCODE=l6u2m4i1n2o0u2s7l3y2 HTTP/1.1" 200 30036 "-" "Mozilla/5.0 AppleWebKit/537.36 (KHTML, like Gecko; compatible; bingbot/2.0; +http://www.bing.com/bingbot.htm) Chrome/116.0.1938.76 Safari/537.36"
66.249.66.32 - - [24/Sep/2026:04:11:55 +0300] "GET /wp-content/plugins/Ultimate_VC_Addons/assets/min-js/custom.min.js?ver=3.19.10 HTTP/1.1" 200 5185 "https://princessmare.com.gr/?sale/search/detail/?ITMCODE=r2o2l1l6u7l3u4s7525" "Mozilla/5.0 (Linux; Android 6.0.1; Nexus 5X Build/MMB29P) AppleWebKit/537.36 (KHTML, like Gecko) Chrome/153.0.8010.52 Mobile Safari/537.36 (compatible; Googlebot/2.1; +http://www.google.com/bot.html)"
66.249.66.32 - - [24/Sep/2026:04:11:55 +0300] "GET /wp-content/themes/dt-the7/css/main.min.css?ver=9.14.1 HTTP/1.1" 200 5148 "https://princessmare.com.gr/?sale/search/detail/?ITMCODE=r2o2l1l6u7l3u4s7525" "Mozilla/5.0 (Linux; Android 6.0.1; Nexus 5X Build/MMB29P) AppleWebKit/537.36 (KHTML, like Gecko) Chrome/153.0.8010.52 Mobile Safari/537.36 (compatible; Googlebot/2.1; +http://www.google.com/bot.html)"
57.141.20.57 - - [24/Sep/2026:04:11:55 +0300] "GET /?sale/search/detail/?ITMCODE=o1n2s5h3o8r1e44771 HTTP/1.1" 200 30035 "-" "Mozilla/5.0 (Windows NT 10.0; Win64; x64) AppleWebKit/537.36 (KHTML, like Gecko) Chrome/145.0.0.0 Safari/537.36 (compatible; meta-externalagent/1.1 (+https://developers.facebook.com/docs/sharing/webmasters/crawler))"
66.249.66.32 - - [24/Sep/2026:04:11:55 +0300] "GET /wp-content/plugins/Ultimate_VC_Addons/assets/min-js/custom.min.js?ver=3.19.10 HTTP/1.1" 200 4456 "https://princessmare.com.gr/?sale/search/detail/?ITMCODE=r2o2l1l6u7l3u4s7525" "Mozilla/5.0 (Linux; Android 6.0.1; Nexus 5X Build/MMB29P) AppleWebKit/537.36 (KHTML, like Gecko) Chrome/153.0.8010.52 Mobile Safari/537.36 (compatible; Googlebot/2.1; +http://www.google.com/bot.html)"
66.249.66.32 - - [24/Sep/2026:04:11:55 +0300] "GET /wp-content/themes/dt-the7/css/main.min.css?ver=9.14.1 HTTP/1.1" 200 38611 "https://princessmare.com.gr/?sale/search/detail/?ITMCODE=r2o2l1l6u7l3u4s7525" "Mozilla/5.0 (Linux; Android 6.0.1; Nexus 5X Build/MMB29P) AppleWebKit/537.36 (KHTML, like Gecko) Chrome/153.0.8010.52 Mobile Safari/537.36 (compatible; Googlebot/2.1; +http://www.google.com/bot.html)"
66.249.66.32 - - [24/Sep/2026:04:11:56 +0300] "GET /?sale/search/detail/?ITMCODE=f1e1o9d3a7l999284 HTTP/1.1" 200 30034 "-" "Mozilla/5.0 (Linux; Android 6.0.1; Nexus 5X Build/MMB29P) AppleWebKit/537.36 (KHTML, like Gecko) Chrome/153.0.8010.52 Mobile Safari/537.36 (compatible; Googlebot/2.1; +http://www.google.com/bot.html)"
57.141.20.72 - - [24/Sep/2026:04:11:57 +0300] "GET /?sale/search/detail/?ITMCODE=c1l1a9s8t7i3c16137 HTTP/1.1" 200 30034 "-" "Mozilla/5.0 (X11; Linux x86_64) AppleWebKit/537.36 (KHTML, like Gecko) Chrome/145.0.0.0 Safari/537.36 (compatible; meta-externalagent/1.1 (+https://developers.facebook.com/docs/sharing/webmasters/crawler))"
40.77.167.58 - - [24/Sep/2026:04:11:57 +0300] "GET /?sale/search/detail/?ITMCODE=m1a8s7s7p3r8o1d2u2c7e HTTP/1.1" 200 30037 "-" "Mozilla/5.0 AppleWebKit/537.36 (KHTML, like Gecko; compatible; bingbot/2.0; +http://www.bing.com/bingbot.htm) Chrome/116.0.1938.76 Safari/537.36"
66.249.66.32 - - [24/Sep/2026:04:11:59 +0300] "GET /?sale/search/detail/?ITMCODE=m6a2l7i0c9i1o0u7s0n0e1ss HTTP/1.1" 200 30040 "-" "Mozilla/5.0 (Linux; Android 6.0.1; Nexus 5X Build/MMB29P) AppleWebKit/537.36 (KHTML, like Gecko) Chrome/153.0.8010.52 Mobile Safari/537.36 (compatible; Googlebot/2.1; +http://www.google.com/bot.html)"
52.167.144.139 - - [24/Sep/2026:04:12:01 +0300] "GET /?sale/search/detail/?ITMCODE=p8h2y9s1i5o2l3o2g7i6e8s HTTP/1.1" 200 30038 "-" "Mozilla/5.0 AppleWebKit/537.36 (KHTML, like Gecko; compatible; bingbot/2.0; +http://www.bing.com/bingbot.htm) Chrome/116.0.1938.76 Safari/537.36"
52.167.144.139 - - [24/Sep/2026:04:12:02 +0300] "GET /?sale/search/detail/?ITMCODE=j1a4c5k2s6t6r9a7w2s0 HTTP/1.1" 200 30035 "-" "Mozilla/5.0 AppleWebKit/537.36 (KHTML, like Gecko; compatible; bingbot/2.0; +http://www.bing.com/bingbot.htm) Chrome/116.0.1938.76 Safari/537.36"
52.167.144.139 - - [24/Sep/2026:04:12:03 +0300] "GET /?sale/search/detail/?ITMCODE=t8h1u2j0o5n4e2027 HTTP/1.1" 200 30034 "-" "Mozilla/5.0 AppleWebKit/537.36 (KHTML, like Gecko; compatible; bingbot/2.0; +http://www.bing.com/bingbot.htm) Chrome/116.0.1938.76 Safari/537.36"
66.249.66.32 - - [24/Sep/2026:04:12:03 +0300] "GET /?sale/search/detail/?ITMCODE=m5o8t7m0o8t03628 HTTP/1.1" 200 30032 "-" "Mozilla/5.0 (Linux; Android 6.0.1; Nexus 5X Build/MMB29P) AppleWebKit/537.36 (KHTML, like Gecko) Chrome/153.0.8010.52 Mobile Safari/537.36 (compatible; Googlebot/2.1; +http://www.google.com/bot.html)"
52.167.144.139 - - [24/Sep/2026:04:12:04 +0300] "GET /?sale/search/detail/?ITMCODE=s3t3y5l7i1s3h9l4y214 HTTP/1.1" 200 30035 "-" "Mozilla/5.0 AppleWebKit/537.36 (KHTML, like Gecko; compatible; bingbot/2.0; +http://www.bing.com/bingbot.htm) Chrome/116.0.1938.76 Safari/537.36"
52.167.144.139 - - [24/Sep/2026:04:12:04 +0300] "GET /?sale/search/detail/?ITMCODE=t3r7i2l4e0m6m6a49 HTTP/1.1" 200 30034 "-" "Mozilla/5.0 AppleWebKit/537.36 (KHTML, like Gecko; compatible; bingbot/2.0; +http://www.bing.com/bingbot.htm) Chrome/116.0.1938.76 Safari/537.36"
52.167.144.139 - - [24/Sep/2026:04:12:05 +0300] "GET /?sale/search/detail/?ITMCODE=a8c1e2p4h9a2l5o2c9y4s7t HTTP/1.1" 200 30058 "-" "Mozilla/5.0 AppleWebKit/537.36 (KHTML, like Gecko; compatible; bingbot/2.0; +http://www.bing.com/bingbot.htm) Chrome/116.0.1938.76 Safari/537.36"
66.249.66.32 - - [24/Sep/2026:04:12:08 +0300] "GET /wp-content/plugins/Ultimate_VC_Addons/assets/min-js/custom.min.js?ver=3.19.10 HTTP/1.1" 200 5185 "https://princessmare.com.gr/?sale/search/detail/?ITMCODE=p1r2a6k2r6i6t8i7c284" "Mozilla/5.0 (Linux; Android 6.0.1; Nexus 5X Build/MMB29P) AppleWebKit/537.36 (KHTML, like Gecko) Chrome/153.0.8010.52 Mobile Safari/537.36 (compatible; Googlebot/2.1; +http://www.google.com/bot.html)"
66.249.66.32 - - [24/Sep/2026:04:12:08 +0300] "GET /wp-content/plugins/Ultimate_VC_Addons/assets/min-js/custom.min.js?ver=3.19.10 HTTP/1.1" 200 5185 "https://princessmare.com.gr/?sale/search/detail/?ITMCODE=m5o8t7m0o8t03628" "Mozilla/5.0 (Linux; Android 6.0.1; Nexus 5X Build/MMB29P) AppleWebKit/537.36 (KHTML, like Gecko) Chrome/153.0.8010.52 Mobile Safari/537.36 (compatible; Googlebot/2.1; +http://www.google.com/bot.html)"
52.167.144.139 - - [24/Sep/2026:04:12:08 +0300] "GET /?sale/search/detail/?ITMCODE=s8e3c3e8s9s9i5o0n4i9s6t HTTP/1.1" 200 30039 "-" "Mozilla/5.0 AppleWebKit/537.36 (KHTML, like Gecko; compatible; bingbot/2.0; +http://www.bing.com/bingbot.htm) Chrome/116.0.1938.76 Safari/537.36"
40.77.167.58 - - [24/Sep/2026:04:12:08 +0300] "GET /?sale/search/detail/?ITMCODE=s8c2h2o9e4n3o0p7r9a2s7um HTTP/1.1" 200 30039 "-" "Mozilla/5.0 AppleWebKit/537.36 (KHTML, like Gecko; compatible; bingbot/2.0; +http://www.bing.com/bingbot.htm) Chrome/116.0.1938.76 Safari/537.36"
66.249.66.32 - - [24/Sep/2026:04:12:08 +0300] "GET /wp-content/themes/dt-the7/fonts/FontAwesome/css/all.min.css?ver=9.14.1 HTTP/1.1" 200 5165 "https://princessmare.com.gr/?sale/search/detail/?ITMCODE=b7o3k3a7d7a1m8707" "Mozilla/5.0 (Linux; Android 6.0.1; Nexus 5X Build/MMB29P) AppleWebKit/537.36 (KHTML, like Gecko) Chrome/153.0.8010.52 Mobile Safari/537.36 (compatible; Googlebot/2.1; +http://www.google.com/bot.html)"
66.249.66.32 - - [24/Sep/2026:04:12:08 +0300] "GET /wp-content/plugins/Ultimate_VC_Addons/assets/min-js/custom.min.js?ver=3.19.10 HTTP/1.1" 200 4456 "https://princessmare.com.gr/?sale/search/detail/?ITMCODE=p1r2a6k2r6i6t8i7c284" "Mozilla/5.0 (Linux; Android 6.0.1; Nexus 5X Build/MMB29P) AppleWebKit/537.36 (KHTML, like Gecko) Chrome/153.0.8010.52 Mobile Safari/537.36 (compatible; Googlebot/2.1; +http://www.google.com/bot.html)"
66.249.66.32 - - [24/Sep/2026:04:12:08 +0300] "GET /wp-content/plugins/Ultimate_VC_Addons/assets/min-js/custom.min.js?ver=3.19.10 HTTP/1.1" 200 4456 "https://princessmare.com.gr/?sale/search/detail/?ITMCODE=m5o8t7m0o8t03628" "Mozilla/5.0 (Linux; Android 6.0.1; Nexus 5X Build/MMB29P) AppleWebKit/537.36 (KHTML, like Gecko) Chrome/153.0.8010.52 Mobile Safari/537.36 (compatible; Googlebot/2.1; +http://www.google.com/bot.html)"
66.249.66.32 - - [24/Sep/2026:04:12:08 +0300] "GET /wp-content/themes/dt-the7/fonts/FontAwesome/css/all.min.css?ver=9.14.1 HTTP/1.1" 200 12361 "https://princessmare.com.gr/?sale/search/detail/?ITMCODE=b7o3k3a7d7a1m8707" "Mozilla/5.0 (Linux; Android 6.0.1; Nexus 5X Build/MMB29P) AppleWebKit/537.36 (KHTML, like Gecko) Chrome/153.0.8010.52 Mobile Safari/537.36 (compatible; Googlebot/2.1; +http://www.google.com/bot.html)"
40.77.167.58 - - [24/Sep/2026:04:12:09 +0300] "GET /?sale/search/detail/?ITMCODE=u2n8v4i7s8i9b4l4e02 HTTP/1.1" 200 30035 "-" "Mozilla/5.0 AppleWebKit/537.36 (KHTML, like Gecko; compatible; bingbot/2.0; +http://www.bing.com/bingbot.htm) Chrome/116.0.1938.76 Safari/537.36"
40.77.167.58 - - [24/Sep/2026:04:12:09 +0300] "GET /?sale/search/detail/?ITMCODE=a4r1m9i6f9e9r9o5u3s15 HTTP/1.1" 200 30037 "-" "Mozilla/5.0 AppleWebKit/537.36 (KHTML, like Gecko; compatible; bingbot/2.0; +http://www.bing.com/bingbot.htm) Chrome/116.0.1938.76 Safari/537.36"
40.77.167.58 - - [24/Sep/2026:04:12:10 +0300] "GET /?sale/search/detail/?ITMCODE=b6e2f0r2i7e3n1d4m8e4n3t HTTP/1.1" 200 30038 "-" "Mozilla/5.0 AppleWebKit/537.36 (KHTML, like Gecko; compatible; bingbot/2.0; +http://www.bing.com/bingbot.htm) Chrome/116.0.1938.76 Safari/537.36"
40.77.167.58 - - [24/Sep/2026:04:12:11 +0300] "GET /?sale/search/detail/?ITMCODE=u0n9d7e2c0e4n6c8y43 HTTP/1.1" 200 30036 "-" "Mozilla/5.0 AppleWebKit/537.36 (KHTML, like Gecko; compatible; bingbot/2.0; +http://www.bing.com/bingbot.htm) Chrome/116.0.1938.76 Safari/537.36"
66.249.66.32 - - [24/Sep/2026:04:12:13 +0300] "GET /?sale/search/detail/?ITMCODE=b3e2n6z1o2p9y1r4a0z6ole HTTP/1.1" 200 30039 "-" "Mozilla/5.0 (Linux; Android 6.0.1; Nexus 5X Build/MMB29P) AppleWebKit/537.36 (KHTML, like Gecko) Chrome/153.0.8010.52 Mobile Safari/537.36 (compatible; Googlebot/2.1; +http://www.google.com/bot.html)"
66.249.66.32 - - [24/Sep/2026:04:12:15 +0300] "GET /wp-content/plugins/Ultimate_VC_Addons/assets/min-js/custom.min.js?ver=3.19.10 HTTP/1.1" 200 5185 "https://princessmare.com.gr/?sale/search/detail/?ITMCODE=a1l9p7i7n0u5s5618" "Mozilla/5.0 (Linux; Android 6.0.1; Nexus 5X Build/MMB29P) AppleWebKit/537.36 (KHTML, like Gecko) Chrome/153.0.8010.52 Mobile Safari/537.36 (compatible; Googlebot/2.1; +http://www.google.com/bot.html)"
66.249.66.32 - - [24/Sep/2026:04:12:15 +0300] "GET /wp-content/plugins/Ultimate_VC_Addons/assets/min-js/custom.min.js?ver=3.19.10 HTTP/1.1" 200 4456 "https://princessmare.com.gr/?sale/search/detail/?ITMCODE=a1l9p7i7n0u5s5618" "Mozilla/5.0 (Linux; Android 6.0.1; Nexus 5X Build/MMB29P) AppleWebKit/537.36 (KHTML, like Gecko) Chrome/153.0.8010.52 Mobile Safari/537.36 (compatible; Googlebot/2.1; +http://www.google.com/bot.html)"
40.77.167.58 - - [24/Sep/2026:04:12:16 +0300] "GET /?sale/search/detail/?ITMCODE=l5i1q7u4i3d2a8t9e0d92 HTTP/1.1" 200 30037 "-" "Mozilla/5.0 AppleWebKit/537.36 (KHTML, like Gecko; compatible; bingbot/2.0; +http://www.bing.com/bingbot.htm) Chrome/116.0.1938.76 Safari/537.36"
66.249.66.32 - - [24/Sep/2026:04:12:16 +0300] "GET /?sale/search/detail/?ITMCODE=l4a3m4i7n0g630267 HTTP/1.1" 200 30034 "-" "Mozilla/5.0 (Linux; Android 6.0.1; Nexus 5X Build/MMB29P) AppleWebKit/537.36 (KHTML, like Gecko) Chrome/153.0.8010.52 Mobile Safari/537.36 (compatible; Googlebot/2.1; +http://www.google.com/bot.html)"
40.77.167.58 - - [24/Sep/2026:04:12:16 +0300] "GET /?sale/search/detail/?ITMCODE=p2a2r6t9i4c4i5p4a5t4ion HTTP/1.1" 200 30037 "-" "Mozilla/5.0 AppleWebKit/537.36 (KHTML, like Gecko; compatible; bingbot/2.0; +http://www.bing.com/bingbot.htm) Chrome/116.0.1938.76 Safari/537.36"
40.77.167.58 - - [24/Sep/2026:04:12:17 +0300] "GET /?sale/search/detail/?ITMCODE=d9e4c0l4a6r5e6d6l4y85 HTTP/1.1" 200 30038 "-" "Mozilla/5.0 AppleWebKit/537.36 (KHTML, like Gecko; compatible; bingbot/2.0; +http://www.bing.com/bingbot.htm) Chrome/116.0.1938.76 Safari/537.36"
66.249.66.32 - - [24/Sep/2026:04:12:18 +0300] "GET /?sale/search/detail/?ITMCODE=c3h3e3s0t3e1r2f4i4e3l6d HTTP/1.1" 200 30039 "-" "Mozilla/5.0 (Linux; Android 6.0.1; Nexus 5X Build/MMB29P) AppleWebKit/537.36 (KHTML, like Gecko) Chrome/153.0.8010.52 Mobile Safari/537.36 (compatible; Googlebot/2.1; +http://www.google.com/bot.html)"
40.77.167.58 - - [24/Sep/2026:04:12:18 +0300] "GET /?sale/search/detail/?ITMCODE=i8m2p3a5s0s5i9b9i0l2i4ty HTTP/1.1" 200 30039 "-" "Mozilla/5.0 AppleWebKit/537.36 (KHTML, like Gecko; compatible; bingbot/2.0; +http://www.bing.com/bingbot.htm) Chrome/116.0.1938.76 Safari/537.36"
40.77.167.58 - - [24/Sep/2026:04:12:19 +0300] "GET /?sale/search/detail/?ITMCODE=s7h4e2l4d8r8a3k4e685 HTTP/1.1" 200 30037 "-" "Mozilla/5.0 AppleWebKit/537.36 (KHTML, like Gecko; compatible; bingbot/2.0; +http://www.bing.com/bingbot.htm) Chrome/116.0.1938.76 Safari/537.36"
52.167.144.20 - - [24/Sep/2026:04:12:21 +0300] "GET /?sale/search/detail/?ITMCODE=n7i4t4r7o0b7e4n7z0e9ne HTTP/1.1" 200 30038 "-" "Mozilla/5.0 AppleWebKit/537.36 (KHTML, like Gecko; compatible; bingbot/2.0; +http://www.bing.com/bingbot.htm) Chrome/116.0.1938.76 Safari/537.36"
66.249.66.32 - - [24/Sep/2026:04:12:21 +0300] "GET /?sale/search/detail/?ITMCODE=p3a1n6s5l1a1v9i7c199 HTTP/1.1" 200 30036 "-" "Mozilla/5.0 (Linux; Android 6.0.1; Nexus 5X Build/MMB29P) AppleWebKit/537.36 (KHTML, like Gecko) Chrome/153.0.8010.52 Mobile Safari/537.36 (compatible; Googlebot/2.1; +http://www.google.com/bot.html)"
66.249.66.32 - - [24/Sep/2026:04:12:22 +0300] "GET /wp-content/plugins/Ultimate_VC_Addons/assets/min-js/custom.min.js?ver=3.19.10 HTTP/1.1" 200 5185 "https://princessmare.com.gr/?sale/search/detail/?ITMCODE=b3e2n6z1o2p9y1r4a0z6ole" "Mozilla/5.0 (Linux; Android 6.0.1; Nexus 5X Build/MMB29P) AppleWebKit/537.36 (KHTML, like Gecko) Chrome/153.0.8010.52 Mobile Safari/537.36 (compatible; Googlebot/2.1; +http://www.google.com/bot.html)"
66.249.66.32 - - [24/Sep/2026:04:12:22 +0300] "GET /wp-content/plugins/Ultimate_VC_Addons/assets/min-js/custom.min.js?ver=3.19.10 HTTP/1.1" 200 5185 "https://princessmare.com.gr/?sale/search/detail/?ITMCODE=l4a3m4i7n0g630267" "Mozilla/5.0 (Linux; Android 6.0.1; Nexus 5X Build/MMB29P) AppleWebKit/537.36 (KHTML, like Gecko) Chrome/153.0.8010.52 Mobile Safari/537.36 (compatible; Googlebot/2.1; +http://www.google.com/bot.html)"
52.167.144.20 - - [24/Sep/2026:04:12:21 +0300] "GET /?sale/search/detail/?ITMCODE=p4h3o3t4o6p4h4i1l1o9u3s HTTP/1.1" 200 30038 "-" "Mozilla/5.0 AppleWebKit/537.36 (KHTML, like Gecko; compatible; bingbot/2.0; +http://www.bing.com/bingbot.htm) Chrome/116.0.1938.76 Safari/537.36"
66.249.66.32 - - [24/Sep/2026:04:12:22 +0300] "GET /wp-content/themes/dt-the7/css/main.min.css?ver=9.14.1 HTTP/1.1" 200 5148 "https://princessmare.com.gr/?sale/search/detail/?ITMCODE=f1e1o9d3a7l999284" "Mozilla/5.0 (Linux; Android 6.0.1; Nexus 5X Build/MMB29P) AppleWebKit/537.36 (KHTML, like Gecko) Chrome/153.0.8010.52 Mobile Safari/537.36 (compatible; Googlebot/2.1; +http://www.google.com/bot.html)"
57.141.20.71 - - [24/Sep/2026:04:12:22 +0300] "GET /?sale/search/detail/?ITMCODE=a1n9t3i9i0m4p3e1r9i1alism HTTP/1.1" 200 30037 "-" "Mozilla/5.0 (Macintosh; Intel Mac OS X 10_15_7) AppleWebKit/537.36 (KHTML, like Gecko) Chrome/145.0.0.0 Safari/537.36 (compatible; meta-externalagent/1.1 (+https://developers.facebook.com/docs/sharing/webmasters/crawler))"
52.167.144.20 - - [24/Sep/2026:04:12:22 +0300] "GET /?sale/search/detail/?ITMCODE=r2e3n5d9e1z2v1o4u5s0e7d HTTP/1.1" 200 30039 "-" "Mozilla/5.0 AppleWebKit/537.36 (KHTML, like Gecko; compatible; bingbot/2.0; +http://www.bing.com/bingbot.htm) Chrome/116.0.1938.76 Safari/537.36"
66.249.66.32 - - [24/Sep/2026:04:12:22 +0300] "GET /wp-content/plugins/Ultimate_VC_Addons/assets/min-js/custom.min.js?ver=3.19.10 HTTP/1.1" 200 4456 "https://princessmare.com.gr/?sale/search/detail/?ITMCODE=b3e2n6z1o2p9y1r4a0z6ole" "Mozilla/5.0 (Linux; Android 6.0.1; Nexus 5X Build/MMB29P) AppleWebKit/537.36 (KHTML, like Gecko) Chrome/153.0.8010.52 Mobile Safari/537.36 (compatible; Googlebot/2.1; +http://www.google.com/bot.html)"
66.249.66.32 - - [24/Sep/2026:04:12:22 +0300] "GET /wp-content/plugins/Ultimate_VC_Addons/assets/min-js/custom.min.js?ver=3.19.10 HTTP/1.1" 200 4456 "https://princessmare.com.gr/?sale/search/detail/?ITMCODE=l4a3m4i7n0g630267" "Mozilla/5.0 (Linux; Android 6.0.1; Nexus 5X Build/MMB29P) AppleWebKit/537.36 (KHTML, like Gecko) Chrome/153.0.8010.52 Mobile Safari/537.36 (compatible; Googlebot/2.1; +http://www.google.com/bot.html)"
66.249.66.32 - - [24/Sep/2026:04:12:22 +0300] "GET /wp-content/themes/dt-the7/css/main.min.css?ver=9.14.1 HTTP/1.1" 200 38611 "https://princessmare.com.gr/?sale/search/detail/?ITMCODE=f1e1o9d3a7l999284" "Mozilla/5.0 (Linux; Android 6.0.1; Nexus 5X Build/MMB29P) AppleWebKit/537.36 (KHTML, like Gecko) Chrome/153.0.8010.52 Mobile Safari/537.36 (compatible; Googlebot/2.1; +http://www.google.com/bot.html)"
52.167.144.20 - - [24/Sep/2026:04:12:23 +0300] "GET /?sale/search/detail/?ITMCODE=w7e2e4z4e8l626277 HTTP/1.1" 200 30035 "-" "Mozilla/5.0 AppleWebKit/537.36 (KHTML, like Gecko; compatible; bingbot/2.0; +http://www.bing.com/bingbot.htm) Chrome/116.0.1938.76 Safari/537.36"
66.249.66.32 - - [24/Sep/2026:04:12:25 +0300] "GET /wp-content/plugins/Ultimate_VC_Addons/assets/min-js/custom.min.js?ver=3.19.10 HTTP/1.1" 200 5185 "https://princessmare.com.gr/?sale/search/detail/?ITMCODE=p3a1n6s5l1a1v9i7c199" "Mozilla/5.0 (Linux; Android 6.0.1; Nexus 5X Build/MMB29P) AppleWebKit/537.36 (KHTML, like Gecko) Chrome/153.0.8010.52 Mobile Safari/537.36 (compatible; Googlebot/2.1; +http://www.google.com/bot.html)"
52.167.144.20 - - [24/Sep/2026:04:12:24 +0300] "GET /?sale/search/detail/?ITMCODE=e3p4i0s8t5o9l8a5r2y45 HTTP/1.1" 200 30037 "-" "Mozilla/5.0 AppleWebKit/537.36 (KHTML, like Gecko; compatible; bingbot/2.0; +http://www.bing.com/bingbot.htm) Chrome/116.0.1938.76 Safari/537.36"
66.249.66.32 - - [24/Sep/2026:04:12:25 +0300] "GET /wp-content/plugins/Ultimate_VC_Addons/assets/min-js/custom.min.js?ver=3.19.10 HTTP/1.1" 200 5185 "https://princessmare.com.gr/?sale/search/detail/?ITMCODE=r2o2l1l6u7l3u4s7525" "Mozilla/5.0 (Linux; Android 6.0.1; Nexus 5X Build/MMB29P) AppleWebKit/537.36 (KHTML, like Gecko) Chrome/153.0.8010.52 Mobile Safari/537.36 (compatible; Googlebot/2.1; +http://www.google.com/bot.html)"
57.141.20.28 - - [24/Sep/2026:04:12:25 +0300] "GET /?sale/search/detail/?ITMCODE=t1i1t0h2i4n4g9m9e8n97 HTTP/1.1" 200 30036 "-" "Mozilla/5.0 (Macintosh; Intel Mac OS X 10_15_7) AppleWebKit/537.36 (KHTML, like Gecko) Chrome/145.0.0.0 Safari/537.36 (compatible; meta-externalagent/1.1 (+https://developers.facebook.com/docs/sharing/webmasters/crawler))"
52.167.144.20 - - [24/Sep/2026:04:12:25 +0300] "GET /?sale/search/detail/?ITMCODE=c4o8m8i7c1a5l0i2t4y4 HTTP/1.1" 200 30037 "-" "Mozilla/5.0 AppleWebKit/537.36 (KHTML, like Gecko; compatible; bingbot/2.0; +http://www.bing.com/bingbot.htm) Chrome/116.0.1938.76 Safari/537.36"
66.249.66.32 - - [24/Sep/2026:04:12:25 +0300] "GET /?sale/search/detail/?ITMCODE=m4a1r8a2s9m3u9s1181 HTTP/1.1" 200 30034 "-" "Mozilla/5.0 (Linux; Android 6.0.1; Nexus 5X Build/MMB29P) AppleWebKit/537.36 (KHTML, like Gecko) Chrome/153.0.8010.52 Mobile Safari/537.36 (compatible; Googlebot/2.1; +http://www.google.com/bot.html)"
66.249.66.32 - - [24/Sep/2026:04:12:25 +0300] "GET /wp-content/plugins/Ultimate_VC_Addons/assets/min-js/custom.min.js?ver=3.19.10 HTTP/1.1" 200 4456 "https://princessmare.com.gr/?sale/search/detail/?ITMCODE=p3a1n6s5l1a1v9i7c199" "Mozilla/5.0 (Linux; Android 6.0.1; Nexus 5X Build/MMB29P) AppleWebKit/537.36 (KHTML, like Gecko) Chrome/153.0.8010.52 Mobile Safari/537.36 (compatible; Googlebot/2.1; +http://www.google.com/bot.html)"
66.249.66.32 - - [24/Sep/2026:04:12:25 +0300] "GET /wp-content/plugins/Ultimate_VC_Addons/assets/min-js/custom.min.js?ver=3.19.10 HTTP/1.1" 200 4456 "https://princessmare.com.gr/?sale/search/detail/?ITMCODE=r2o2l1l6u7l3u4s7525" "Mozilla/5.0 (Linux; Android 6.0.1; Nexus 5X Build/MMB29P) AppleWebKit/537.36 (KHTML, like Gecko) Chrome/153.0.8010.52 Mobile Safari/537.36 (compatible; Googlebot/2.1; +http://www.google.com/bot.html)"
52.167.144.20 - - [24/Sep/2026:04:12:26 +0300] "GET /?sale/search/detail/?ITMCODE=h1y2d4r7o4m3a8g4n9e8s9ite HTTP/1.1" 200 30040 "-" "Mozilla/5.0 AppleWebKit/537.36 (KHTML, like Gecko; compatible; bingbot/2.0; +http://www.bing.com/bingbot.htm) Chrome/116.0.1938.76 Safari/537.36"
52.167.144.20 - - [24/Sep/2026:04:12:27 +0300] "GET /?sale/search/detail/?ITMCODE=a2n9a4l2y6s5e0r338 HTTP/1.1" 200 30035 "-" "Mozilla/5.0 AppleWebKit/537.36 (KHTML, like Gecko; compatible; bingbot/2.0; +http://www.bing.com/bingbot.htm) Chrome/116.0.1938.76 Safari/537.36"
66.249.66.32 - - [24/Sep/2026:04:12:28 +0300] "GET /?sale/search/detail/?ITMCODE=m1e2d5i5i5889715 HTTP/1.1" 200 30032 "-" "Mozilla/5.0 (Linux; Android 6.0.1; Nexus 5X Build/MMB29P) AppleWebKit/537.36 (KHTML, like Gecko) Chrome/153.0.8010.52 Mobile Safari/537.36 (compatible; Googlebot/2.1; +http://www.google.com/bot.html)"
66.249.66.32 - - [24/Sep/2026:04:12:29 +0300] "GET /wp-content/plugins/Ultimate_VC_Addons/assets/min-js/custom.min.js?ver=3.19.10 HTTP/1.1" 200 5185 "https://princessmare.com.gr/?sale/search/detail/?ITMCODE=m4a1r8a2s9m3u9s1181" "Mozilla/5.0 (Linux; Android 6.0.1; Nexus 5X Build/MMB29P) AppleWebKit/537.36 (KHTML, like Gecko) Chrome/153.0.8010.52 Mobile Safari/537.36 (compatible; Googlebot/2.1; +http://www.google.com/bot.html)"
52.167.144.139 - - [24/Sep/2026:04:12:28 +0300] "GET /?sale/search/detail/?ITMCODE=b0l3a0c5k1a1m4o7o3r62 HTTP/1.1" 200 30037 "-" "Mozilla/5.0 AppleWebKit/537.36 (KHTML, like Gecko; compatible; bingbot/2.0; +http://www.bing.com/bingbot.htm) Chrome/116.0.1938.76 Safari/537.36"
52.167.144.139 - - [24/Sep/2026:04:12:29 +0300] "GET /?sale/search/detail/?ITMCODE=p1o2l3y9o5m3m5a8t1o0u1s HTTP/1.1" 200 30039 "-" "Mozilla/5.0 AppleWebKit/537.36 (KHTML, like Gecko; compatible; bingbot/2.0; +http://www.bing.com/bingbot.htm) Chrome/116.0.1938.76 Safari/537.36"
66.249.66.32 - - [24/Sep/2026:04:12:29 +0300] "GET /wp-content/plugins/Ultimate_VC_Addons/assets/min-js/custom.min.js?ver=3.19.10 HTTP/1.1" 200 4456 "https://princessmare.com.gr/?sale/search/detail/?ITMCODE=m4a1r8a2s9m3u9s1181" "Mozilla/5.0 (Linux; Android 6.0.1; Nexus 5X Build/MMB29P) AppleWebKit/537.36 (KHTML, like Gecko) Chrome/153.0.8010.52 Mobile Safari/537.36 (compatible; Googlebot/2.1; +http://www.google.com/bot.html)"
52.167.144.139 - - [24/Sep/2026:04:12:31 +0300] "GET /?sale/search/detail/?ITMCODE=a8d3a6n6c1e314488 HTTP/1.1" 200 30034 "-" "Mozilla/5.0 AppleWebKit/537.36 (KHTML, like Gecko; compatible; bingbot/2.0; +http://www.bing.com/bingbot.htm) Chrome/116.0.1938.76 Safari/537.36"
66.249.66.32 - - [24/Sep/2026:04:12:32 +0300] "GET /wp-content/plugins/js_composer/assets/css/js_composer.min.css?ver=6.6.0.1 HTTP/1.1" 200 5167 "https://princessmare.com.gr/?sale/search/detail/?ITMCODE=m4a1r8a2s9m3u9s1181" "Mozilla/5.0 (Linux; Android 6.0.1; Nexus 5X Build/MMB29P) AppleWebKit/537.36 (KHTML, like Gecko) Chrome/153.0.8010.52 Mobile Safari/537.36 (compatible; Googlebot/2.1; +http://www.google.com/bot.html)"
66.249.66.32 - - [24/Sep/2026:04:12:31 +0300] "GET /?sale/search/detail/?ITMCODE=o1u1t7s3e2t212663 HTTP/1.1" 200 30032 "-" "Mozilla/5.0 (Linux; Android 6.0.1; Nexus 5X Build/MMB29P) AppleWebKit/537.36 (KHTML, like Gecko) Chrome/153.0.8010.52 Mobile Safari/537.36 (compatible; Googlebot/2.1; +http://www.google.com/bot.html)"
52.167.144.139 - - [24/Sep/2026:04:12:32 +0300] "GET /?sale/search/detail/?ITMCODE=p2e3t6r2e2s1c6e7n2t87 HTTP/1.1" 200 30036 "-" "Mozilla/5.0 AppleWebKit/537.36 (KHTML, like Gecko; compatible; bingbot/2.0; +http://www.bing.com/bingbot.htm) Chrome/116.0.1938.76 Safari/537.36"
66.249.66.32 - - [24/Sep/2026:04:12:32 +0300] "GET /wp-content/plugins/js_composer/assets/css/js_composer.min.css?ver=6.6.0.1 HTTP/1.1" 200 40493 "https://princessmare.com.gr/?sale/search/detail/?ITMCODE=m4a1r8a2s9m3u9s1181" "Mozilla/5.0 (Linux; Android 6.0.1; Nexus 5X Build/MMB29P) AppleWebKit/537.36 (KHTML, like Gecko) Chrome/153.0.8010.52 Mobile Safari/537.36 (compatible; Googlebot/2.1; +http://www.google.com/bot.html)"
66.249.66.32 - - [24/Sep/2026:04:12:34 +0300] "GET /?sale/search/detail/?ITMCODE=m3u9l4l0e3i2n9922 HTTP/1.1" 200 30034 "-" "Mozilla/5.0 (Linux; Android 6.0.1; Nexus 5X Build/MMB29P) AppleWebKit/537.36 (KHTML, like Gecko) Chrome/153.0.8010.52 Mobile Safari/537.36 (compatible; Googlebot/2.1; +http://www.google.com/bot.html)"
40.77.167.58 - - [24/Sep/2026:04:12:35 +0300] "GET /?sale/search/detail/?ITMCODE=h0e2a9t7h1e8n2n4e0s1s7 HTTP/1.1" 200 30038 "-" "Mozilla/5.0 AppleWebKit/537.36 (KHTML, like Gecko; compatible; bingbot/2.0; +http://www.bing.com/bingbot.htm) Chrome/116.0.1938.76 Safari/537.36"
52.167.144.139 - - [24/Sep/2026:04:12:36 +0300] "GET /?sale/search/detail/?ITMCODE=c0o9h0o5r6t62486 HTTP/1.1" 200 30033 "-" "Mozilla/5.0 AppleWebKit/537.36 (KHTML, like Gecko; compatible; bingbot/2.0; +http://www.bing.com/bingbot.htm) Chrome/116.0.1938.76 Safari/537.36"
66.249.66.33 - - [24/Sep/2026:04:12:37 +0300] "GET /?sale/search/detail/?ITMCODE=c7o2n0t8r8a1t4e6350 HTTP/1.1" 200 30035 "-" "Mozilla/5.0 (Linux; Android 6.0.1; Nexus 5X Build/MMB29P) AppleWebKit/537.36 (KHTML, like Gecko) Chrome/153.0.8010.52 Mobile Safari/537.36 (compatible; Googlebot/2.1; +http://www.google.com/bot.html)"
52.167.144.20 - - [24/Sep/2026:04:12:39 +0300] "GET /?sale/search/detail/?ITMCODE=r6e4m2a8d6e829367 HTTP/1.1" 200 30034 "-" "Mozilla/5.0 AppleWebKit/537.36 (KHTML, like Gecko; compatible; bingbot/2.0; +http://www.bing.com/bingbot.htm) Chrome/116.0.1938.76 Safari/537.36"
57.141.20.26 - - [24/Sep/2026:04:12:40 +0300] "GET /?sale/search/detail/?ITMCODE=l1e3s2t2e1r669525 HTTP/1.1" 200 30033 "-" "Mozilla/5.0 (Macintosh; Intel Mac OS X 10_15_7) AppleWebKit/537.36 (KHTML, like Gecko) Chrome/145.0.0.0 Safari/537.36 (compatible; meta-externalagent/1.1 (+https://developers.facebook.com/docs/sharing/webmasters/crawler))"
52.167.144.20 - - [24/Sep/2026:04:12:40 +0300] "GET /?sale/search/detail/?ITMCODE=i6m3p6r4o5v2i7s2a0t1e3d HTTP/1.1" 200 30039 "-" "Mozilla/5.0 AppleWebKit/537.36 (KHTML, like Gecko; compatible; bingbot/2.0; +http://www.bing.com/bingbot.htm) Chrome/116.0.1938.76 Safari/537.36"
57.141.20.9 - - [24/Sep/2026:04:12:41 +0300] "GET /?sale/search/detail/?ITMCODE=g1l3o0a1t4i9n8g4046 HTTP/1.1" 200 30036 "-" "Mozilla/5.0 (Windows NT 10.0; Win64; x64) AppleWebKit/537.36 (KHTML, like Gecko) Chrome/145.0.0.0 Safari/537.36 Edg/145.0.0.0 (compatible; meta-externalagent/1.1 (+https://developers.facebook.com/docs/sharing/webmasters/crawler))"
52.167.144.20 - - [24/Sep/2026:04:12:41 +0300] "GET /?sale/search/detail/?ITMCODE=r9e1c2o4n1c3e4n8t8r6a1do HTTP/1.1" 200 30040 "-" "Mozilla/5.0 AppleWebKit/537.36 (KHTML, like Gecko; compatible; bingbot/2.0; +http://www.bing.com/bingbot.htm) Chrome/116.0.1938.76 Safari/537.36"
66.249.66.33 - - [24/Sep/2026:04:12:42 +0300] "GET /?sale/search/detail/?ITMCODE=d1i2e0s6i5s552123 HTTP/1.1" 200 30033 "-" "Mozilla/5.0 (Linux; Android 6.0.1; Nexus 5X Build/MMB29P) AppleWebKit/537.36 (KHTML, like Gecko) Chrome/153.0.8010.52 Mobile Safari/537.36 (compatible; Googlebot/2.1; +http://www.google.com/bot.html)"
52.167.144.20 - - [24/Sep/2026:04:12:42 +0300] "GET /?sale/search/detail/?ITMCODE=o7l3i7v4a3e4f1o0r6m2i0s HTTP/1.1" 200 30039 "-" "Mozilla/5.0 AppleWebKit/537.36 (KHTML, like Gecko; compatible; bingbot/2.0; +http://www.bing.com/bingbot.htm) Chrome/116.0.1938.76 Safari/537.36"
52.167.144.20 - - [24/Sep/2026:04:12:43 +0300] "GET /?sale/search/detail/?ITMCODE=a4p4p9e2t3e89084 HTTP/1.1" 200 30034 "-" "Mozilla/5.0 AppleWebKit/537.36 (KHTML, like Gecko; compatible; bingbot/2.0; +http://www.bing.com/bingbot.htm) Chrome/116.0.1938.76 Safari/537.36"
52.167.144.20 - - [24/Sep/2026:04:12:44 +0300] "GET /?sale/search/detail/?ITMCODE=p0u2n2c7t9u6a9l8i2t9y8 HTTP/1.1" 200 30038 "-" "Mozilla/5.0 AppleWebKit/537.36 (KHTML, like Gecko; compatible; bingbot/2.0; +http://www.bing.com/bingbot.htm) Chrome/116.0.1938.76 Safari/537.36"
66.249.66.33 - - [24/Sep/2026:04:12:44 +0300] "GET /?sale/search/detail/?ITMCODE=x4y5l2e9m698656 HTTP/1.1" 200 30029 "-" "Mozilla/5.0 (Linux; Android 6.0.1; Nexus 5X Build/MMB29P) AppleWebKit/537.36 (KHTML, like Gecko) Chrome/153.0.8010.52 Mobile Safari/537.36 (compatible; Googlebot/2.1; +http://www.google.com/bot.html)"
52.167.144.20 - - [24/Sep/2026:04:12:45 +0300] "GET /?sale/search/detail/?ITMCODE=w0e4a1t0h3e8r2w8i4s2e7 HTTP/1.1" 200 30038 "-" "Mozilla/5.0 AppleWebKit/537.36 (KHTML, like Gecko; compatible; bingbot/2.0; +http://www.bing.com/bingbot.htm) Chrome/116.0.1938.76 Safari/537.36"
52.167.144.20 - - [24/Sep/2026:04:12:45 +0300] "GET /?sale/search/detail/?ITMCODE=m1i2s8s5e6l6d5e0n115 HTTP/1.1" 200 30036 "-" "Mozilla/5.0 AppleWebKit/537.36 (KHTML, like Gecko; compatible; bingbot/2.0; +http://www.bing.com/bingbot.htm) Chrome/116.0.1938.76 Safari/537.36"
66.249.66.32 - - [24/Sep/2026:04:12:46 +0300] "GET /?sale/search/detail/?ITMCODE=f4r1a0n5c8o5l1i5n316 HTTP/1.1" 200 30035 "-" "Mozilla/5.0 (Linux; Android 6.0.1; Nexus 5X Build/MMB29P) AppleWebKit/537.36 (KHTML, like Gecko) Chrome/153.0.8010.52 Mobile Safari/537.36 (compatible; Googlebot/2.1; +http://www.google.com/bot.html)"
66.249.66.33 - - [24/Sep/2026:04:12:47 +0300] "GET /?sale/search/detail/?ITMCODE=b9e3c7l9i5p3p2e5d515 HTTP/1.1" 200 30035 "-" "Mozilla/5.0 (Linux; Android 6.0.1; Nexus 5X Build/MMB29P) AppleWebKit/537.36 (KHTML, like Gecko) Chrome/153.0.8010.52 Mobile Safari/537.36 (compatible; Googlebot/2.1; +http://www.google.com/bot.html)"
52.167.144.20 - - [24/Sep/2026:04:12:48 +0300] "GET /?sale/search/detail/?ITMCODE=r9i3d6i0c4l9e8582 HTTP/1.1" 200 30034 "-" "Mozilla/5.0 AppleWebKit/537.36 (KHTML, like Gecko; compatible; bingbot/2.0; +http://www.bing.com/bingbot.htm) Chrome/116.0.1938.76 Safari/537.36"
66.249.66.32 - - [24/Sep/2026:04:12:49 +0300] "GET /wp-content/uploads/the7-css/media.css?ver=a11134ae5739 HTTP/1.1" 200 5143 "https://princessmare.com.gr/?sale/search/detail/?ITMCODE=f4r1a0n5c8o5l1i5n316" "Mozilla/5.0 (Linux; Android 6.0.1; Nexus 5X Build/MMB29P) AppleWebKit/537.36 (KHTML, like Gecko) Chrome/153.0.8010.52 Mobile Safari/537.36 (compatible; Googlebot/2.1; +http://www.google.com/bot.html)"
52.167.144.20 - - [24/Sep/2026:04:12:48 +0300] "GET /?sale/search/detail/?ITMCODE=r2e3s6i1s8t8f0u7l278 HTTP/1.1" 200 30036 "-" "Mozilla/5.0 AppleWebKit/537.36 (KHTML, like Gecko; compatible; bingbot/2.0; +http://www.bing.com/bingbot.htm) Chrome/116.0.1938.76 Safari/537.36"
52.167.144.20 - - [24/Sep/2026:04:12:49 +0300] "GET /?sale/search/detail/?ITMCODE=w8i4s1h4e4d4l1y9871 HTTP/1.1" 200 30035 "-" "Mozilla/5.0 AppleWebKit/537.36 (KHTML, like Gecko; compatible; bingbot/2.0; +http://www.bing.com/bingbot.htm) Chrome/116.0.1938.76 Safari/537.36"
66.249.66.32 - - [24/Sep/2026:04:12:49 +0300] "GET /wp-content/uploads/the7-css/media.css?ver=a11134ae5739 HTTP/1.1" 200 9612 "https://princessmare.com.gr/?sale/search/detail/?ITMCODE=f4r1a0n5c8o5l1i5n316" "Mozilla/5.0 (Linux; Android 6.0.1; Nexus 5X Build/MMB29P) AppleWebKit/537.36 (KHTML, like Gecko) Chrome/153.0.8010.52 Mobile Safari/537.36 (compatible; Googlebot/2.1; +http://www.google.com/bot.html)"
52.167.144.20 - - [24/Sep/2026:04:12:50 +0300] "GET /?sale/search/detail/?ITMCODE=a2r1t5h4r7o3d2y4n3i3c1 HTTP/1.1" 200 30037 "-" "Mozilla/5.0 AppleWebKit/537.36 (KHTML, like Gecko; compatible; bingbot/2.0; +http://www.bing.com/bingbot.htm) Chrome/116.0.1938.76 Safari/537.36"
66.249.66.33 - - [24/Sep/2026:04:12:52 +0300] "GET /?sale/search/detail/?ITMCODE=r6e2p5u3d3i9a9t2i9n5g8 HTTP/1.1" 200 30037 "-" "Mozilla/5.0 (Linux; Android 6.0.1; Nexus 5X Build/MMB29P) AppleWebKit/537.36 (KHTML, like Gecko) Chrome/153.0.8010.52 Mobile Safari/537.36 (compatible; Googlebot/2.1; +http://www.google.com/bot.html)"
40.77.167.58 - - [24/Sep/2026:04:12:54 +0300] "GET /?sale/search/detail/?ITMCODE=m9n4i2a4c3e6a0e0152 HTTP/1.1" 200 30036 "-" "Mozilla/5.0 AppleWebKit/537.36 (KHTML, like Gecko; compatible; bingbot/2.0; +http://www.bing.com/bingbot.htm) Chrome/116.0.1938.76 Safari/537.36"
66.249.66.32 - - [24/Sep/2026:04:12:55 +0300] "GET /?sale/search/detail/?ITMCODE=r9e5e1n9f3o1r7c5e1d0 HTTP/1.1" 200 30036 "-" "Mozilla/5.0 (Linux; Android 6.0.1; Nexus 5X Build/MMB29P) AppleWebKit/537.36 (KHTML, like Gecko) Chrome/153.0.8010.52 Mobile Safari/537.36 (compatible; Googlebot/2.1; +http://www.google.com/bot.html)"
40.77.167.58 - - [24/Sep/2026:04:12:55 +0300] "GET /?sale/search/detail/?ITMCODE=d3i1a0t2h8e3r4m8a1n5i5sm HTTP/1.1" 200 30039 "-" "Mozilla/5.0 AppleWebKit/537.36 (KHTML, like Gecko; compatible; bingbot/2.0; +http://www.bing.com/bingbot.htm) Chrome/116.0.1938.76 Safari/537.36"
40.77.167.58 - - [24/Sep/2026:04:12:56 +0300] "GET /?sale/search/detail/?ITMCODE=m7i2d5o0c7t3o8b5e5r53 HTTP/1.1" 200 30037 "-" "Mozilla/5.0 AppleWebKit/537.36 (KHTML, like Gecko; compatible; bingbot/2.0; +http://www.bing.com/bingbot.htm) Chrome/116.0.1938.76 Safari/537.36"
40.77.167.58 - - [24/Sep/2026:04:12:57 +0300] "GET /?sale/search/detail/?ITMCODE=r4e2q2u5i8e4t0o0r6y8 HTTP/1.1" 200 30037 "-" "Mozilla/5.0 AppleWebKit/537.36 (KHTML, like Gecko; compatible; bingbot/2.0; +http://www.bing.com/bingbot.htm) Chrome/116.0.1938.76 Safari/537.36"
40.77.167.58 - - [24/Sep/2026:04:12:58 +0300] "GET /?sale/search/detail/?ITMCODE=b2u1c2c4i4n9o7i2d551 HTTP/1.1" 200 30037 "-" "Mozilla/5.0 AppleWebKit/537.36 (KHTML, like Gecko; compatible; bingbot/2.0; +http://www.bing.com/bingbot.htm) Chrome/116.0.1938.76 Safari/537.36"
52.167.144.20 - - [24/Sep/2026:04:12:59 +0300] "GET /?sale/search/detail/?ITMCODE=p2e9d3e9s4t8r8i2a8l7 HTTP/1.1" 200 30035 "-" "Mozilla/5.0 AppleWebKit/537.36 (KHTML, like Gecko; compatible; bingbot/2.0; +http://www.bing.com/bingbot.htm) Chrome/116.0.1938.76 Safari/537.36"
66.249.66.32 - - [24/Sep/2026:04:13:00 +0300] "GET /?sale/search/detail/?ITMCODE=d1i4a1n6o9e6t2i0c769 HTTP/1.1" 200 30036 "-" "Mozilla/5.0 (Linux; Android 6.0.1; Nexus 5X Build/MMB29P) AppleWebKit/537.36 (KHTML, like Gecko) Chrome/153.0.8010.52 Mobile Safari/537.36 (compatible; Googlebot/2.1; +http://www.google.com/bot.html)"
66.249.66.34 - - [24/Sep/2026:04:13:01 +0300] "GET /?sale/search/detail/?ITMCODE=c3a1r1o9l1l6e8d0260 HTTP/1.1" 200 30036 "-" "Mozilla/5.0 (Linux; Android 6.0.1; Nexus 5X Build/MMB29P) AppleWebKit/537.36 (KHTML, like Gecko) Chrome/153.0.8010.52 Mobile Safari/537.36 (compatible; Googlebot/2.1; +http://www.google.com/bot.html)"
66.249.66.32 - - [24/Sep/2026:04:13:04 +0300] "GET /?sale/search/detail/?ITMCODE=o2x2i6d5i5s4e5329 HTTP/1.1" 200 30034 "-" "Mozilla/5.0 (Linux; Android 6.0.1; Nexus 5X Build/MMB29P) AppleWebKit/537.36 (KHTML, like Gecko) Chrome/153.0.8010.52 Mobile Safari/537.36 (compatible; Googlebot/2.1; +http://www.google.com/bot.html)"
40.77.167.58 - - [24/Sep/2026:04:13:04 +0300] "GET /?sale/search/detail/?ITMCODE=l6i1a9i6s3o1n62592 HTTP/1.1" 200 30035 "-" "Mozilla/5.0 AppleWebKit/537.36 (KHTML, like Gecko; compatible; bingbot/2.0; +http://www.bing.com/bingbot.htm) Chrome/116.0.1938.76 Safari/537.36"
40.77.167.58 - - [24/Sep/2026:04:13:05 +0300] "GET /?sale/search/detail/?ITMCODE=c1u1b5o6o1c9t8a3h3e2d5ral HTTP/1.1" 200 30040 "-" "Mozilla/5.0 AppleWebKit/537.36 (KHTML, like Gecko; compatible; bingbot/2.0; +http://www.bing.com/bingbot.htm) Chrome/116.0.1938.76 Safari/537.36"
40.77.167.58 - - [24/Sep/2026:04:13:06 +0300] "GET /?sale/search/detail/?ITMCODE=b4i8g3s2h1o2u9l8d7e1red HTTP/1.1" 200 30038 "-" "Mozilla/5.0 AppleWebKit/537.36 (KHTML, like Gecko; compatible; bingbot/2.0; +http://www.bing.com/bingbot.htm) Chrome/116.0.1938.76 Safari/537.36"
40.77.167.58 - - [24/Sep/2026:04:13:07 +0300] "GET /?sale/search/detail/?ITMCODE=m6a1i5d4h9o6o1d7894 HTTP/1.1" 200 30036 "-" "Mozilla/5.0 AppleWebKit/537.36 (KHTML, like Gecko; compatible; bingbot/2.0; +http://www.bing.com/bingbot.htm) Chrome/116.0.1938.76 Safari/537.36"
66.249.66.32 - - [24/Sep/2026:04:13:07 +0300] "GET /?sale/search/detail/?ITMCODE=c3o1s2t9a9r7d3m8o6n4g6er HTTP/1.1" 200 30040 "-" "Mozilla/5.0 (Linux; Android 6.0.1; Nexus 5X Build/MMB29P) AppleWebKit/537.36 (KHTML, like Gecko) Chrome/153.0.8010.52 Mobile Safari/537.36 (compatible; Googlebot/2.1; +http://www.google.com/bot.html)"
52.167.144.20 - - [24/Sep/2026:04:13:09 +0300] "GET /?sale/search/detail/?ITMCODE=f1l2u3g1e8l0h1o0r9n80 HTTP/1.1" 200 30038 "-" "Mozilla/5.0 AppleWebKit/537.36 (KHTML, like Gecko; compatible; bingbot/2.0; +http://www.bing.com/bingbot.htm) Chrome/116.0.1938.76 Safari/537.36"
52.167.144.20 - - [24/Sep/2026:04:13:10 +0300] "GET /?sale/search/detail/?ITMCODE=f7r2i0z3z2e6d26231 HTTP/1.1" 200 30036 "-" "Mozilla/5.0 AppleWebKit/537.36 (KHTML, like Gecko; compatible; bingbot/2.0; +http://www.bing.com/bingbot.htm) Chrome/116.0.1938.76 Safari/537.36"
66.249.66.32 - - [24/Sep/2026:04:13:12 +0300] "GET /?sale/search/detail/?ITMCODE=p9a2d2d7y8m3e8l8on HTTP/1.1" 200 30035 "-" "Mozilla/5.0 (Linux; Android 6.0.1; Nexus 5X Build/MMB29P) AppleWebKit/537.36 (KHTML, like Gecko) Chrome/153.0.8010.52 Mobile Safari/537.36 (compatible; Googlebot/2.1; +http://www.google.com/bot.html)"
40.77.167.58 - - [24/Sep/2026:04:13:14 +0300] "GET /?sale/search/detail/?ITMCODE=h5u3m5b0u2g3g2e9d865 HTTP/1.1" 200 30036 "-" "Mozilla/5.0 AppleWebKit/537.36 (KHTML, like Gecko; compatible; bingbot/2.0; +http://www.bing.com/bingbot.htm) Chrome/116.0.1938.76 Safari/537.36"
40.77.167.58 - - [24/Sep/2026:04:13:15 +0300] "GET /?sale/search/detail/?ITMCODE=a9e2s0o8p3i6c36559 HTTP/1.1" 200 30034 "-" "Mozilla/5.0 AppleWebKit/537.36 (KHTML, like Gecko; compatible; bingbot/2.0; +http://www.bing.com/bingbot.htm) Chrome/116.0.1938.76 Safari/537.36"
40.77.167.58 - - [24/Sep/2026:04:13:16 +0300] "GET /?sale/search/detail/?ITMCODE=a2p1i2a5r3i4u1s0381 HTTP/1.1" 200 30035 "-" "Mozilla/5.0 AppleWebKit/537.36 (KHTML, like Gecko; compatible; bingbot/2.0; +http://www.bing.com/bingbot.htm) Chrome/116.0.1938.76 Safari/537.36"
