40.77.167.14 - - [24/Sep/2026:04:09:27 +0300] "GET /?sale/search/detail/?ITMCODE=i3t2a2c6o8l2u5m4i5t2e0 HTTP/1.1" 301 5194 "-" "Mozilla/5.0 AppleWebKit/537.36 (KHTML, like Gecko; compatible; bingbot/2.0; +http://www.bing.com/bingbot.htm) Chrome/116.0.1938.76 Safari/537.36"
40.77.167.58 - - [24/Sep/2026:04:09:27 +0300] "GET /?sale/search/detail/?ITMCODE=b6r3o2m3a3n3i2l3357 HTTP/1.1" 200 30035 "-" "Mozilla/5.0 AppleWebKit/537.36 (KHTML, like Gecko; compatible; bingbot/2.0; +http://www.bing.com/bingbot.htm) Chrome/116.0.1938.76 Safari/537.36"
52.167.144.234 - - [24/Sep/2026:04:09:28 +0300] "GET /?sale/search/detail/?ITMCODE=l0i2p7i1d7e329568 HTTP/1.1" 200 30034 "-" "Mozilla/5.0 AppleWebKit/537.36 (KHTML, like Gecko; compatible; bingbot/2.0; +http://www.bing.com/bingbot.htm) Chrome/116.0.1938.76 Safari/537.36"
66.249.66.32 - - [24/Sep/2026:04:09:28 +0300] "GET /?sale/search/detail/?ITMCODE=e6x7c3l0a6i3m6e8r59 HTTP/1.1" 200 30035 "-" "Mozilla/5.0 (Linux; Android 6.0.1; Nexus 5X Build/MMB29P) AppleWebKit/537.36 (KHTML, like Gecko) Chrome/153.0.8010.52 Mobile Safari/537.36 (compatible; Googlebot/2.1; +http://www.google.com/bot.html)"
52.167.144.234 - - [24/Sep/2026:04:09:29 +0300] "GET /?sale/search/detail/?ITMCODE=s1e3l0e0c1t4e8d3841 HTTP/1.1" 200 30036 "-" "Mozilla/5.0 AppleWebKit/537.36 (KHTML, like Gecko; compatible; bingbot/2.0; +http://www.bing.com/bingbot.htm) Chrome/116.0.1938.76 Safari/537.36"
52.167.144.234 - - [24/Sep/2026:04:09:30 +0300] "GET /?sale/search/detail/?ITMCODE=n4o3n0g2l1u7t4i9n1o6u9s HTTP/1.1" 200 30039 "-" "Mozilla/5.0 AppleWebKit/537.36 (KHTML, like Gecko; compatible; bingbot/2.0; +http://www.bing.com/bingbot.htm) Chrome/116.0.1938.76 Safari/537.36"
66.249.66.32 - - [24/Sep/2026:04:09:31 +0300] "GET /?sale/search/detail/?ITMCODE=l3e3t6h7a4l340244 HTTP/1.1" 200 30034 "-" "Mozilla/5.0 (Linux; Android 6.0.1; Nexus 5X Build/MMB29P) AppleWebKit/537.36 (KHTML, like Gecko) Chrome/153.0.8010.52 Mobile Safari/537.36 (compatible; Googlebot/2.1; +http://www.google.com/bot.html)"
52.167.144.234 - - [24/Sep/2026:04:09:31 +0300] "GET /?sale/search/detail/?ITMCODE=n9o1r6t7h7w7e6s7t7w9a5rd HTTP/1.1" 200 30039 "-" "Mozilla/5.0 AppleWebKit/537.36 (KHTML, like Gecko; compatible; bingbot/2.0; +http://www.bing.com/bingbot.htm) Chrome/116.0.1938.76 Safari/537.36"
66.249.66.32 - - [24/Sep/2026:04:09:32 +0300] "GET /shopdetail/intact/033000487 HTTP/1.1" 404 60888 "-" "Mozilla/5.0 (Linux; Android 6.0.1; Nexus 5X Build/MMB29P) AppleWebKit/537.36 (KHTML, like Gecko) Chrome/153.0.8010.52 Mobile Safari/537.36 (compatible; Googlebot/2.1; +http://www.google.com/bot.html)"
52.167.144.234 - - [24/Sep/2026:04:09:32 +0300] "GET /?sale/search/detail/?ITMCODE=b1l1u4e1b5l9i2n3d326 HTTP/1.1" 200 30036 "-" "Mozilla/5.0 AppleWebKit/537.36 (KHTML, like Gecko; compatible; bingbot/2.0; +http://www.bing.com/bingbot.htm) Chrome/116.0.1938.76 Safari/537.36"
66.249.66.32 - - [24/Sep/2026:04:09:32 +0300] "GET /?sale/search/detail/?ITMCODE=l3e3n1t9i8g6i8n4o3s9e1 HTTP/1.1" 200 30037 "-" "Mozilla/5.0 (Linux; Android 6.0.1; Nexus 5X Build/MMB29P) AppleWebKit/537.36 (KHTML, like Gecko) Chrome/153.0.8010.52 Mobile Safari/537.36 (compatible; Googlebot/2.1; +http://www.google.com/bot.html)"
66.249.66.32 - - [24/Sep/2026:04:09:34 +0300] "GET /wp-content/plugins/Ultimate_VC_Addons/assets/min-js/ultimate_bg.min.js?ver=3.19.10 HTTP/1.1" 200 5190 "https://princessmare.com.gr/?sale/search/detail/?ITMCODE=l3e3t6h7a4l340244" "Mozilla/5.0 (Linux; Android 6.0.1; Nexus 5X Build/MMB29P) AppleWebKit/537.36 (KHTML, like Gecko) Chrome/153.0.8010.52 Mobile Safari/537.36 (compatible; Googlebot/2.1; +http://www.google.com/bot.html)"
66.249.66.32 - - [24/Sep/2026:04:09:34 +0300] "GET /wp-content/plugins/Ultimate_VC_Addons/assets/min-js/ultimate_bg.min.js?ver=3.19.10 HTTP/1.1" 200 8670 "https://princessmare.com.gr/?sale/search/detail/?ITMCODE=l3e3t6h7a4l340244" "Mozilla/5.0 (Linux; Android 6.0.1; Nexus 5X Build/MMB29P) AppleWebKit/537.36 (KHTML, like Gecko) Chrome/153.0.8010.52 Mobile Safari/537.36 (compatible; Googlebot/2.1; +http://www.google.com/bot.html)"
57.141.20.54 - - [24/Sep/2026:04:09:38 +0300] "GET /?sale/search/detail/?ITMCODE=u1n3s1p8a3r5i9n5g6n1e5ss HTTP/1.1" 200 30039 "-" "Mozilla/5.0 (Windows NT 10.0; Win64; x64) AppleWebKit/537.36 (KHTML, like Gecko) Chrome/145.0.0.0 Safari/537.36 (compatible; meta-externalagent/1.1 (+https://developers.facebook.com/docs/sharing/webmasters/crawler))"
52.167.144.181 - - [24/Sep/2026:04:09:40 +0300] "GET /?sale/search/detail/?ITMCODE=v9i2t0a4s9c6o2p1e229 HTTP/1.1" 301 5192 "-" "Mozilla/5.0 AppleWebKit/537.36 (KHTML, like Gecko; compatible; bingbot/2.0; +http://www.bing.com/bingbot.htm) Chrome/116.0.1938.76 Safari/537.36"
66.249.66.32 - - [24/Sep/2026:04:09:39 +0300] "GET /?sale/search/detail/?ITMCODE=h5e2r3n3e0522470 HTTP/1.1" 200 30033 "-" "Mozilla/5.0 (Linux; Android 6.0.1; Nexus 5X Build/MMB29P) AppleWebKit/537.36 (KHTML, like Gecko) Chrome/153.0.8010.52 Mobile Safari/537.36 (compatible; Googlebot/2.1; +http://www.google.com/bot.html)"
52.167.144.181 - - [24/Sep/2026:04:09:40 +0300] "GET /?sale/search/detail/?ITMCODE=w6a1t2c8h4e5d54383 HTTP/1.1" 301 5190 "-" "Mozilla/5.0 AppleWebKit/537.36 (KHTML, like Gecko; compatible; bingbot/2.0; +http://www.bing.com/bingbot.htm) Chrome/116.0.1938.76 Safari/537.36"
52.167.144.20 - - [24/Sep/2026:04:09:40 +0300] "GET /?sale/search/detail/?ITMCODE=e6c9c6h7y1m5o7s3e6s2 HTTP/1.1" 200 30036 "-" "Mozilla/5.0 AppleWebKit/537.36 (KHTML, like Gecko; compatible; bingbot/2.0; +http://www.bing.com/bingbot.htm) Chrome/116.0.1938.76 Safari/537.36"
52.167.144.181 - - [24/Sep/2026:04:09:40 +0300] "GET /?sale/search/detail/?ITMCODE=s4i2p2p3i4n7g10232 HTTP/1.1" 301 5190 "-" "Mozilla/5.0 AppleWebKit/537.36 (KHTML, like Gecko; compatible; bingbot/2.0; +http://www.bing.com/bingbot.htm) Chrome/116.0.1938.76 Safari/537.36"
52.167.144.20 - - [24/Sep/2026:04:09:42 +0300] "GET /?sale/search/detail/?ITMCODE=b4o4m0b9a3c8a8c6e3a6e4 HTTP/1.1" 200 30039 "-" "Mozilla/5.0 AppleWebKit/537.36 (KHTML, like Gecko; compatible; bingbot/2.0; +http://www.bing.com/bingbot.htm) Chrome/116.0.1938.76 Safari/537.36"
52.167.144.20 - - [24/Sep/2026:04:09:43 +0300] "GET /?sale/search/detail/?ITMCODE=k5n3o5c0k0o2f5f8826 HTTP/1.1" 200 30036 "-" "Mozilla/5.0 AppleWebKit/537.36 (KHTML, like Gecko; compatible; bingbot/2.0; +http://www.bing.com/bingbot.htm) Chrome/116.0.1938.76 Safari/537.36"
57.141.20.52 - - [24/Sep/2026:04:09:44 +0300] "GET /?sale/search/detail/?ITMCODE=t1r1i8a0n5g0u2l6a5r3l2y HTTP/1.1" 200 30039 "-" "Mozilla/5.0 (Windows NT 10.0; Win64; x64) AppleWebKit/537.36 (KHTML, like Gecko) Chrome/145.0.0.0 Safari/537.36 (compatible; meta-externalagent/1.1 (+https://developers.facebook.com/docs/sharing/webmasters/crawler))"
52.167.144.20 - - [24/Sep/2026:04:09:45 +0300] "GET /?sale/search/detail/?ITMCODE=s1e8k5e2s663783 HTTP/1.1" 200 30031 "-" "Mozilla/5.0 AppleWebKit/537.36 (KHTML, like Gecko; compatible; bingbot/2.0; +http://www.bing.com/bingbot.htm) Chrome/116.0.1938.76 Safari/537.36"
40.77.167.58 - - [24/Sep/2026:04:09:46 +0300] "GET /?sale/search/detail/?ITMCODE=b9e2f5r1i2n2g6e6491 HTTP/1.1" 200 30036 "-" "Mozilla/5.0 AppleWebKit/537.36 (KHTML, like Gecko; compatible; bingbot/2.0; +http://www.bing.com/bingbot.htm) Chrome/116.0.1938.76 Safari/537.36"
52.167.144.20 - - [24/Sep/2026:04:09:46 +0300] "GET /?sale/search/detail/?ITMCODE=s0i3l5v6e4r0i5n6g190 HTTP/1.1" 200 30036 "-" "Mozilla/5.0 AppleWebKit/537.36 (KHTML, like Gecko; compatible; bingbot/2.0; +http://www.bing.com/bingbot.htm) Chrome/116.0.1938.76 Safari/537.36"
40.77.167.58 - - [24/Sep/2026:04:09:47 +0300] "GET /?sale/search/detail/?ITMCODE=n8o8c9i5v9e1091 HTTP/1.1" 200 30032 "-" "Mozilla/5.0 AppleWebKit/537.36 (KHTML, like Gecko; compatible; bingbot/2.0; +http://www.bing.com/bingbot.htm) Chrome/116.0.1938.76 Safari/537.36"
40.77.167.58 - - [24/Sep/2026:04:09:48 +0300] "GET /?sale/search/detail/?ITMCODE=u3n1b7e3l3i9e1f4243 HTTP/1.1" 200 30035 "-" "Mozilla/5.0 AppleWebKit/537.36 (KHTML, like Gecko; compatible; bingbot/2.0; +http://www.bing.com/bingbot.htm) Chrome/116.0.1938.76 Safari/537.36"
52.167.144.20 - - [24/Sep/2026:04:09:48 +0300] "GET /?sale/search/detail/?ITMCODE=i9n3c1i6s5u1r9e9482 HTTP/1.1" 200 30035 "-" "Mozilla/5.0 AppleWebKit/537.36 (KHTML, like Gecko; compatible; bingbot/2.0; +http://www.bing.com/bingbot.htm) Chrome/116.0.1938.76 Safari/537.36"
40.77.167.58 - - [24/Sep/2026:04:09:48 +0300] "GET /?sale/search/detail/?ITMCODE=e3x1o7r5a5b0l0e460 HTTP/1.1" 200 30034 "-" "Mozilla/5.0 AppleWebKit/537.36 (KHTML, like Gecko; compatible; bingbot/2.0; +http://www.bing.com/bingbot.htm) Chrome/116.0.1938.76 Safari/537.36"
66.249.66.32 - - [24/Sep/2026:04:09:48 +0300] "GET /?sale/search/detail/?ITMCODE=t7r1a1n7s5u6b2s1t2a2n1tiation HTTP/1.1" 200 30040 "-" "Mozilla/5.0 (Linux; Android 6.0.1; Nexus 5X Build/MMB29P) AppleWebKit/537.36 (KHTML, like Gecko) Chrome/153.0.8010.52 Mobile Safari/537.36 (compatible; Googlebot/2.1; +http://www.google.com/bot.html)"
52.167.144.20 - - [24/Sep/2026:04:09:49 +0300] "GET /?sale/search/detail/?ITMCODE=m4a2n8i5f1o5l6d7l3y49 HTTP/1.1" 200 30036 "-" "Mozilla/5.0 AppleWebKit/537.36 (KHTML, like Gecko; compatible; bingbot/2.0; +http://www.bing.com/bingbot.htm) Chrome/116.0.1938.76 Safari/537.36"
40.77.167.58 - - [24/Sep/2026:04:09:49 +0300] "GET /?sale/search/detail/?ITMCODE=u6m3b9r7a6c6u6l2i5f7e1rous HTTP/1.1" 200 30040 "-" "Mozilla/5.0 AppleWebKit/537.36 (KHTML, like Gecko; compatible; bingbot/2.0; +http://www.bing.com/bingbot.htm) Chrome/116.0.1938.76 Safari/537.36"
40.77.167.58 - - [24/Sep/2026:04:09:50 +0300] "GET /?sale/search/detail/?ITMCODE=d1i3s3d8e2i9f0y0049 HTTP/1.1" 200 30036 "-" "Mozilla/5.0 AppleWebKit/537.36 (KHTML, like Gecko; compatible; bingbot/2.0; +http://www.bing.com/bingbot.htm) Chrome/116.0.1938.76 Safari/537.36"
52.167.144.234 - - [24/Sep/2026:04:09:52 +0300] "GET /?sale/search/detail/?ITMCODE=a1n1a1c6h5r0o0n2o8u2s3 HTTP/1.1" 200 30038 "-" "Mozilla/5.0 AppleWebKit/537.36 (KHTML, like Gecko; compatible; bingbot/2.0; +http://www.bing.com/bingbot.htm) Chrome/116.0.1938.76 Safari/537.36"
52.167.144.234 - - [24/Sep/2026:04:09:53 +0300] "GET /?sale/search/detail/?ITMCODE=c1o2g3n0o0s3c5e4n8t7i1 HTTP/1.1" 200 30036 "-" "Mozilla/5.0 AppleWebKit/537.36 (KHTML, like Gecko; compatible; bingbot/2.0; +http://www.bing.com/bingbot.htm) Chrome/116.0.1938.76 Safari/537.36"
52.167.144.234 - - [24/Sep/2026:04:09:54 +0300] "GET /?sale/search/detail/?ITMCODE=i5n2o2f5f1i9c6i1o5u2s0 HTTP/1.1" 200 30037 "-" "Mozilla/5.0 AppleWebKit/537.36 (KHTML, like Gecko; compatible; bingbot/2.0; +http://www.bing.com/bingbot.htm) Chrome/116.0.1938.76 Safari/537.36"
52.167.144.234 - - [24/Sep/2026:04:09:55 +0300] "GET /?sale/search/detail/?ITMCODE=d1i3s0c0o9l0o2r8a1t6i3on HTTP/1.1" 200 30038 "-" "Mozilla/5.0 AppleWebKit/537.36 (KHTML, like Gecko; compatible; bingbot/2.0; +http://www.bing.com/bingbot.htm) Chrome/116.0.1938.76 Safari/537.36"
52.167.144.234 - - [24/Sep/2026:04:09:56 +0300] "GET /?sale/search/detail/?ITMCODE=s3m4i1l6e8d927522 HTTP/1.1" 200 30033 "-" "Mozilla/5.0 AppleWebKit/537.36 (KHTML, like Gecko; compatible; bingbot/2.0; +http://www.bing.com/bingbot.htm) Chrome/116.0.1938.76 Safari/537.36"
66.249.66.32 - - [24/Sep/2026:04:09:56 +0300] "GET /?sale/search/detail/?ITMCODE=n4e2p9h6a8l5i7s6t723 HTTP/1.1" 200 30036 "-" "Mozilla/5.0 (Linux; Android 6.0.1; Nexus 5X Build/MMB29P) AppleWebKit/537.36 (KHTML, like Gecko) Chrome/153.0.8010.52 Mobile Safari/537.36 (compatible; Googlebot/2.1; +http://www.google.com/bot.html)"
40.77.167.58 - - [24/Sep/2026:04:09:57 +0300] "GET /?sale/search/detail/?ITMCODE=c3h4o0l0t1r9y14260 HTTP/1.1" 200 30034 "-" "Mozilla/5.0 AppleWebKit/537.36 (KHTML, like Gecko; compatible; bingbot/2.0; +http://www.bing.com/bingbot.htm) Chrome/116.0.1938.76 Safari/537.36"
40.77.167.58 - - [24/Sep/2026:04:09:58 +0300] "GET /?sale/search/detail/?ITMCODE=a3t4t0r4a7c9t0i4n2g71 HTTP/1.1" 200 30037 "-" "Mozilla/5.0 AppleWebKit/537.36 (KHTML, like Gecko; compatible; bingbot/2.0; +http://www.bing.com/bingbot.htm) Chrome/116.0.1938.76 Safari/537.36"
40.77.167.58 - - [24/Sep/2026:04:09:58 +0300] "GET /?sale/search/detail/?ITMCODE=c3a1m2e2l0s3h7a4i3r50 HTTP/1.1" 200 30037 "-" "Mozilla/5.0 AppleWebKit/537.36 (KHTML, like Gecko; compatible; bingbot/2.0; +http://www.bing.com/bingbot.htm) Chrome/116.0.1938.76 Safari/537.36"
66.249.66.32 - - [24/Sep/2026:04:09:59 +0300] "GET /?sale/search/detail/?ITMCODE=h5u3m7i8n2911606 HTTP/1.1" 200 30034 "-" "Mozilla/5.0 (Linux; Android 6.0.1; Nexus 5X Build/MMB29P) AppleWebKit/537.36 (KHTML, like Gecko) Chrome/153.0.8010.52 Mobile Safari/537.36 (compatible; Googlebot/2.1; +http://www.google.com/bot.html)"
40.77.167.58 - - [24/Sep/2026:04:09:59 +0300] "GET /?sale/search/detail/?ITMCODE=c0o1u6n7t3e0r0s5i3g6n9ing HTTP/1.1" 200 30039 "-" "Mozilla/5.0 AppleWebKit/537.36 (KHTML, like Gecko; compatible; bingbot/2.0; +http://www.bing.com/bingbot.htm) Chrome/116.0.1938.76 Safari/537.36"
40.77.167.58 - - [24/Sep/2026:04:10:00 +0300] "GET /?sale/search/detail/?ITMCODE=d5o1w6a3y6753336 HTTP/1.1" 200 30033 "-" "Mozilla/5.0 AppleWebKit/537.36 (KHTML, like Gecko; compatible; bingbot/2.0; +http://www.bing.com/bingbot.htm) Chrome/116.0.1938.76 Safari/537.36"
40.77.167.58 - - [24/Sep/2026:04:10:01 +0300] "GET /?sale/search/detail/?ITMCODE=a2c9i8p6e3n1s0e7r5idae HTTP/1.1" 200 30038 "-" "Mozilla/5.0 AppleWebKit/537.36 (KHTML, like Gecko; compatible; bingbot/2.0; +http://www.bing.com/bingbot.htm) Chrome/116.0.1938.76 Safari/537.36"
52.167.144.20 - - [24/Sep/2026:04:10:02 +0300] "GET /?sale/search/detail/?ITMCODE=g9l3e1e5f2u4l78070 HTTP/1.1" 200 30034 "-" "Mozilla/5.0 AppleWebKit/537.36 (KHTML, like Gecko; compatible; bingbot/2.0; +http://www.bing.com/bingbot.htm) Chrome/116.0.1938.76 Safari/537.36"
66.249.66.68 - - [24/Sep/2026:04:10:03 +0300] "GET /?sale/search/detail/?ITMCODE=r5e2n7d9e6r8a9b1l8e09 HTTP/1.1" 200 30037 "-" "Mozilla/5.0 (Linux; Android 6.0.1; Nexus 5X Build/MMB29P) AppleWebKit/537.36 (KHTML, like Gecko) Chrome/153.0.8010.52 Mobile Safari/537.36 (compatible; Googlebot/2.1; +http://www.google.com/bot.html)"
52.167.144.20 - - [24/Sep/2026:04:10:03 +0300] "GET /?sale/search/detail/?ITMCODE=d6i1s1p1e1n8s5e8r949 HTTP/1.1" 200 30036 "-" "Mozilla/5.0 AppleWebKit/537.36 (KHTML, like Gecko; compatible; bingbot/2.0; +http://www.bing.com/bingbot.htm) Chrome/116.0.1938.76 Safari/537.36"
66.249.66.68 - - [24/Sep/2026:04:10:04 +0300] "GET /?sale/search/detail/?ITMCODE=d0i2s0s9e7c0t6e7d214 HTTP/1.1" 200 30035 "-" "Mozilla/5.0 (Linux; Android 6.0.1; Nexus 5X Build/MMB29P) AppleWebKit/537.36 (KHTML, like Gecko) Chrome/153.0.8010.52 Mobile Safari/537.36 (compatible; Googlebot/2.1; +http://www.google.com/bot.html)"
52.167.144.20 - - [24/Sep/2026:04:10:04 +0300] "GET /?sale/search/detail/?ITMCODE=j9o2c3k1e9y6i9s5m490 HTTP/1.1" 200 30036 "-" "Mozilla/5.0 AppleWebKit/537.36 (KHTML, like Gecko; compatible; bingbot/2.0; +http://www.bing.com/bingbot.htm) Chrome/116.0.1938.76 Safari/537.36"
52.167.144.20 - - [24/Sep/2026:04:10:05 +0300] "GET /?sale/search/detail/?ITMCODE=p7l3a9y0f8e6e1r5522 HTTP/1.1" 200 30034 "-" "Mozilla/5.0 AppleWebKit/537.36 (KHTML, like Gecko; compatible; bingbot/2.0; +http://www.bing.com/bingbot.htm) Chrome/116.0.1938.76 Safari/537.36"
52.167.144.20 - - [24/Sep/2026:04:10:06 +0300] "GET /?sale/search/detail/?ITMCODE=b6u4r1n2e9d6o3u0t6p2r2enominal HTTP/1.1" 200 30044 "-" "Mozilla/5.0 AppleWebKit/537.36 (KHTML, like Gecko; compatible; bingbot/2.0; +http://www.bing.com/bingbot.htm) Chrome/116.0.1938.76 Safari/537.36"
66.249.66.32 - - [24/Sep/2026:04:10:08 +0300] "GET /?sale/search/detail/?ITMCODE=c6h4a0r1t9e0r1e5r382 HTTP/1.1" 200 30034 "-" "Mozilla/5.0 (Linux; Android 6.0.1; Nexus 5X Build/MMB29P) AppleWebKit/537.36 (KHTML, like Gecko) Chrome/153.0.8010.52 Mobile Safari/537.36 (compatible; Googlebot/2.1; +http://www.google.com/bot.html)"
40.77.167.58 - - [24/Sep/2026:04:10:08 +0300] "GET /?sale/search/detail/?ITMCODE=c8o4m3m5o9n7w7e9a7l9 HTTP/1.1" 200 30037 "-" "Mozilla/5.0 AppleWebKit/537.36 (KHTML, like Gecko; compatible; bingbot/2.0; +http://www.bing.com/bingbot.htm) Chrome/116.0.1938.76 Safari/537.36"
40.77.167.58 - - [24/Sep/2026:04:10:09 +0300] "GET /?sale/search/detail/?ITMCODE=d2i8r8e9c3t4e9d850 HTTP/1.1" 200 30035 "-" "Mozilla/5.0 AppleWebKit/537.36 (KHTML, like Gecko; compatible; bingbot/2.0; +http://www.bing.com/bingbot.htm) Chrome/116.0.1938.76 Safari/537.36"
40.77.167.58 - - [24/Sep/2026:04:10:09 +0300] "GET /?sale/search/detail/?ITMCODE=h1a7n9d1b6r4a9k0e35 HTTP/1.1" 200 30036 "-" "Mozilla/5.0 AppleWebKit/537.36 (KHTML, like Gecko; compatible; bingbot/2.0; +http://www.bing.com/bingbot.htm) Chrome/116.0.1938.76 Safari/537.36"
40.77.167.58 - - [24/Sep/2026:04:10:10 +0300] "GET /?sale/search/detail/?ITMCODE=d1e3w3p4o0i2n1t04 HTTP/1.1" 200 30033 "-" "Mozilla/5.0 AppleWebKit/537.36 (KHTML, like Gecko; compatible; bingbot/2.0; +http://www.bing.com/bingbot.htm) Chrome/116.0.1938.76 Safari/537.36"
66.249.66.196 - - [24/Sep/2026:04:10:11 +0300] "GET /?sale/search/detail/?ITMCODE=b0i3t4t2e6r1n3e1s2s02 HTTP/1.1" 200 30037 "-" "Mozilla/5.0 (Linux; Android 6.0.1; Nexus 5X Build/MMB29P) AppleWebKit/537.36 (KHTML, like Gecko) Chrome/153.0.8010.52 Mobile Safari/537.36 (compatible; Googlebot/2.1; +http://www.google.com/bot.html)"
40.77.167.58 - - [24/Sep/2026:04:10:11 +0300] "GET /?sale/search/detail/?ITMCODE=a7s1s7o2c1i4a0t2i7n6g9 HTTP/1.1" 200 30037 "-" "Mozilla/5.0 AppleWebKit/537.36 (KHTML, like Gecko; compatible; bingbot/2.0; +http://www.bing.com/bingbot.htm) Chrome/116.0.1938.76 Safari/537.36"
52.167.144.20 - - [24/Sep/2026:04:10:14 +0300] "GET /?sale/search/detail/?ITMCODE=p8h1o3l7a9d9i3d2a1e80 HTTP/1.1" 200 30035 "-" "Mozilla/5.0 AppleWebKit/537.36 (KHTML, like Gecko; compatible; bingbot/2.0; +http://www.bing.com/bingbot.htm) Chrome/116.0.1938.76 Safari/537.36"
66.249.66.196 - - [24/Sep/2026:04:10:15 +0300] "GET /?sale/search/detail/?ITMCODE=r2o2l1l6u7l3u4s7525 HTTP/1.1" 200 30035 "-" "Mozilla/5.0 (Linux; Android 6.0.1; Nexus 5X Build/MMB29P) AppleWebKit/537.36 (KHTML, like Gecko) Chrome/153.0.8010.52 Mobile Safari/537.36 (compatible; Googlebot/2.1; +http://www.google.com/bot.html)"
52.167.144.20 - - [24/Sep/2026:04:10:15 +0300] "GET /?sale/search/detail/?ITMCODE=b6e4c2l0a9p99154 HTTP/1.1" 200 30033 "-" "Mozilla/5.0 AppleWebKit/537.36 (KHTML, like Gecko; compatible; bingbot/2.0; +http://www.bing.com/bingbot.htm) Chrome/116.0.1938.76 Safari/537.36"
52.167.144.20 - - [24/Sep/2026:04:10:16 +0300] "GET /?sale/search/detail/?ITMCODE=b5u2b8b2l5e5d12517 HTTP/1.1" 200 30035 "-" "Mozilla/5.0 AppleWebKit/537.36 (KHTML, like Gecko; compatible; bingbot/2.0; +http://www.bing.com/bingbot.htm) Chrome/116.0.1938.76 Safari/537.36"
66.249.66.164 - - [24/Sep/2026:04:10:17 +0300] "GET /wp-content/plugins/js_composer/assets/js/dist/js_composer_front.min.js?ver=6.6.0.1 HTTP/1.1" 200 5190 "https://princessmare.com.gr/?sale/search/detail/?ITMCODE=b0i3t4t2e6r1n3e1s2s02" "Mozilla/5.0 (Linux; Android 6.0.1; Nexus 5X Build/MMB29P) AppleWebKit/537.36 (KHTML, like Gecko) Chrome/153.0.8010.52 Mobile Safari/537.36 (compatible; Googlebot/2.1; +http://www.google.com/bot.html)"
52.167.144.20 - - [24/Sep/2026:04:10:17 +0300] "GET /?sale/search/detail/?ITMCODE=i3n7d8o9r7s2a3b2l0e9 HTTP/1.1" 200 30036 "-" "Mozilla/5.0 AppleWebKit/537.36 (KHTML, like Gecko; compatible; bingbot/2.0; +http://www.bing.com/bingbot.htm) Chrome/116.0.1938.76 Safari/537.36"
66.249.66.164 - - [24/Sep/2026:04:10:17 +0300] "GET /wp-content/plugins/js_composer/assets/js/dist/js_composer_front.min.js?ver=6.6.0.1 HTTP/1.1" 200 5553 "https://princessmare.com.gr/?sale/search/detail/?ITMCODE=b0i3t4t2e6r1n3e1s2s02" "Mozilla/5.0 (Linux; Android 6.0.1; Nexus 5X Build/MMB29P) AppleWebKit/537.36 (KHTML, like Gecko) Chrome/153.0.8010.52 Mobile Safari/537.36 (compatible; Googlebot/2.1; +http://www.google.com/bot.html)"
52.167.144.20 - - [24/Sep/2026:04:10:18 +0300] "GET /?sale/search/detail/?ITMCODE=l9i4t2h7o8g8l9y7p7h0i0c HTTP/1.1" 200 30039 "-" "Mozilla/5.0 AppleWebKit/537.36 (KHTML, like Gecko; compatible; bingbot/2.0; +http://www.bing.com/bingbot.htm) Chrome/116.0.1938.76 Safari/537.36"
66.249.66.196 - - [24/Sep/2026:04:10:24 +0300] "GET /?sale/search/detail/?ITMCODE=n5o3r0r8o5y66763 HTTP/1.1" 200 30033 "-" "Mozilla/5.0 (Linux; Android 6.0.1; Nexus 5X Build/MMB29P) AppleWebKit/537.36 (KHTML, like Gecko) Chrome/153.0.8010.52 Mobile Safari/537.36 (compatible; Googlebot/2.1; +http://www.google.com/bot.html)"
40.77.167.58 - - [24/Sep/2026:04:10:25 +0300] "GET /?sale/search/detail/?ITMCODE=s0t1a8i9n6d8e1r5073 HTTP/1.1" 200 30035 "-" "Mozilla/5.0 AppleWebKit/537.36 (KHTML, like Gecko; compatible; bingbot/2.0; +http://www.bing.com/bingbot.htm) Chrome/116.0.1938.76 Safari/537.36"
40.77.167.58 - - [24/Sep/2026:04:10:26 +0300] "GET /?sale/search/detail/?ITMCODE=t3h2e2c2o7d9o1n0t037 HTTP/1.1" 200 30036 "-" "Mozilla/5.0 AppleWebKit/537.36 (KHTML, like Gecko; compatible; bingbot/2.0; +http://www.bing.com/bingbot.htm) Chrome/116.0.1938.76 Safari/537.36"
40.77.167.58 - - [24/Sep/2026:04:10:27 +0300] "GET /?sale/search/detail/?ITMCODE=s7o3l8e5n5o0c4o9n8c5h5a HTTP/1.1" 200 30040 "-" "Mozilla/5.0 AppleWebKit/537.36 (KHTML, like Gecko; compatible; bingbot/2.0; +http://www.bing.com/bingbot.htm) Chrome/116.0.1938.76 Safari/537.36"
66.249.66.196 - - [24/Sep/2026:04:10:27 +0300] "GET /?sale/search/detail/?ITMCODE=s7c2h8i8s1m2a7t2i3z0e HTTP/1.1" 200 30038 "-" "Mozilla/5.0 (Linux; Android 6.0.1; Nexus 5X Build/MMB29P) AppleWebKit/537.36 (KHTML, like Gecko) Chrome/153.0.8010.52 Mobile Safari/537.36 (compatible; Googlebot/2.1; +http://www.google.com/bot.html)"
57.141.20.14 - - [24/Sep/2026:04:10:28 +0300] "GET /?sale/search/detail/?ITMCODE=l1i3t2t9e9r8y2031 HTTP/1.1" 200 30034 "-" "Mozilla/5.0 (Macintosh; Intel Mac OS X 10_15_7) AppleWebKit/537.36 (KHTML, like Gecko) Chrome/145.0.0.0 Safari/537.36 (compatible; meta-externalagent/1.1 (+https://developers.facebook.com/docs/sharing/webmasters/crawler))"
57.141.20.62 - - [24/Sep/2026:04:10:29 +0300] "GET /?sale/search/detail/?ITMCODE=e1m8b5o0i5l85483 HTTP/1.1" 200 30034 "-" "Mozilla/5.0 (Windows NT 10.0; Win64; x64) AppleWebKit/537.36 (KHTML, like Gecko) Chrome/145.0.0.0 Safari/537.36 (compatible; meta-externalagent/1.1 (+https://developers.facebook.com/docs/sharing/webmasters/crawler))"
52.167.144.20 - - [24/Sep/2026:04:10:29 +0300] "GET /?sale/search/detail/?ITMCODE=l8a6s3c4i0v3i9o2u5s0 HTTP/1.1" 200 30036 "-" "Mozilla/5.0 AppleWebKit/537.36 (KHTML, like Gecko; compatible; bingbot/2.0; +http://www.bing.com/bingbot.htm) Chrome/116.0.1938.76 Safari/537.36"
52.167.144.20 - - [24/Sep/2026:04:10:30 +0300] "GET /?sale/search/detail/?ITMCODE=s7u1b1e3r4o4n7e8617 HTTP/1.1" 200 30036 "-" "Mozilla/5.0 AppleWebKit/537.36 (KHTML, like Gecko; compatible; bingbot/2.0; +http://www.bing.com/bingbot.htm) Chrome/116.0.1938.76 Safari/537.36"
52.167.144.20 - - [24/Sep/2026:04:10:31 +0300] "GET /?sale/search/detail/?ITMCODE=r5e2i4n1v6e6s4t8m9e0n6t HTTP/1.1" 200 30039 "-" "Mozilla/5.0 AppleWebKit/537.36 (KHTML, like Gecko; compatible; bingbot/2.0; +http://www.bing.com/bingbot.htm) Chrome/116.0.1938.76 Safari/537.36"
66.249.66.196 - - [24/Sep/2026:04:10:32 +0300] "GET /?sale/search/detail/?ITMCODE=g0a2u3d4i5n6g29498 HTTP/1.1" 200 30036 "-" "Mozilla/5.0 (Linux; Android 6.0.1; Nexus 5X Build/MMB29P) AppleWebKit/537.36 (KHTML, like Gecko) Chrome/153.0.8010.52 Mobile Safari/537.36 (compatible; Googlebot/2.1; +http://www.google.com/bot.html)"
52.167.144.20 - - [24/Sep/2026:04:10:33 +0300] "GET /?sale/search/detail/?ITMCODE=u0n2b6a1r2r6i4c9a1d7oed HTTP/1.1" 200 30038 "-" "Mozilla/5.0 AppleWebKit/537.36 (KHTML, like Gecko; compatible; bingbot/2.0; +http://www.bing.com/bingbot.htm) Chrome/116.0.1938.76 Safari/537.36"
66.249.66.196 - - [24/Sep/2026:04:10:33 +0300] "GET /?sale/search/detail/?ITMCODE=p1o2r8w4i0g4l9e9115 HTTP/1.1" 200 30035 "-" "Mozilla/5.0 (Linux; Android 6.0.1; Nexus 5X Build/MMB29P) AppleWebKit/537.36 (KHTML, like Gecko) Chrome/153.0.8010.52 Mobile Safari/537.36 (compatible; Googlebot/2.1; +http://www.google.com/bot.html)"
66.249.66.32 - - [24/Sep/2026:04:10:34 +0300] "GET /?sale/search/detail/?ITMCODE=s2t6e9p2u7p87796 HTTP/1.1" 200 30033 "-" "Mozilla/5.0 (Linux; Android 6.0.1; Nexus 5X Build/MMB29P) AppleWebKit/537.36 (KHTML, like Gecko) Chrome/153.0.8010.52 Mobile Safari/537.36 (compatible; Googlebot/2.1; +http://www.google.com/bot.html)"
40.77.167.58 - - [24/Sep/2026:04:10:35 +0300] "GET /?sale/search/detail/?ITMCODE=f4a3n7t0a2s8t8i0c1a6l7ness HTTP/1.1" 200 30041 "-" "Mozilla/5.0 AppleWebKit/537.36 (KHTML, like Gecko; compatible; bingbot/2.0; +http://www.bing.com/bingbot.htm) Chrome/116.0.1938.76 Safari/537.36"
57.141.20.8 - - [24/Sep/2026:04:10:35 +0300] "GET /?sale/search/detail/?ITMCODE=c1o1i1s4t6r4i7l6931 HTTP/1.1" 200 30035 "-" "Mozilla/5.0 (Macintosh; Intel Mac OS X 10_15_7) AppleWebKit/537.36 (KHTML, like Gecko) Chrome/145.0.0.0 Safari/537.36 (compatible; meta-externalagent/1.1 (+https://developers.facebook.com/docs/sharing/webmasters/crawler))"
40.77.167.58 - - [24/Sep/2026:04:10:36 +0300] "GET /?sale/search/detail/?ITMCODE=i7m4b0o4s7o2m27266 HTTP/1.1" 200 30035 "-" "Mozilla/5.0 AppleWebKit/537.36 (KHTML, like Gecko; compatible; bingbot/2.0; +http://www.bing.com/bingbot.htm) Chrome/116.0.1938.76 Safari/537.36"
40.77.167.58 - - [24/Sep/2026:04:10:37 +0300] "GET /?sale/search/detail/?ITMCODE=b9o1u0q7u3e0t56760 HTTP/1.1" 200 30035 "-" "Mozilla/5.0 AppleWebKit/537.36 (KHTML, like Gecko; compatible; bingbot/2.0; +http://www.bing.com/bingbot.htm) Chrome/116.0.1938.76 Safari/537.36"
57.141.20.3 - - [24/Sep/2026:04:10:37 +0300] "GET /?sale/search/detail/?ITMCODE=e1n7g5l8a7n1d4600 HTTP/1.1" 200 30032 "-" "Mozilla/5.0 (Windows NT 10.0; Win64; x64) AppleWebKit/537.36 (KHTML, like Gecko) Chrome/145.0.0.0 Safari/537.36 (compatible; meta-externalagent/1.1 (+https://developers.facebook.com/docs/sharing/webmasters/crawler))"
66.249.66.196 - - [24/Sep/2026:04:10:38 +0300] "GET /?sale/search/detail/?ITMCODE=t4h1e1a5n5t9h2r0o1p4i0st HTTP/1.1" 200 30040 "-" "Mozilla/5.0 (Linux; Android 6.0.1; Nexus 5X Build/MMB29P) AppleWebKit/537.36 (KHTML, like Gecko) Chrome/153.0.8010.52 Mobile Safari/537.36 (compatible; Googlebot/2.1; +http://www.google.com/bot.html)"
52.167.144.139 - - [24/Sep/2026:04:10:39 +0300] "GET /?sale/search/detail/?ITMCODE=h3a9r9a9n1g1u9e3r08 HTTP/1.1" 200 30036 "-" "Mozilla/5.0 AppleWebKit/537.36 (KHTML, like Gecko; compatible; bingbot/2.0; +http://www.bing.com/bingbot.htm) Chrome/116.0.1938.76 Safari/537.36"
52.167.144.139 - - [24/Sep/2026:04:10:40 +0300] "GET /?sale/search/detail/?ITMCODE=c2o3m9a0n7d2r6a7141 HTTP/1.1" 200 30035 "-" "Mozilla/5.0 AppleWebKit/537.36 (KHTML, like Gecko; compatible; bingbot/2.0; +http://www.bing.com/bingbot.htm) Chrome/116.0.1938.76 Safari/537.36"
52.167.144.139 - - [24/Sep/2026:04:10:41 +0300] "GET /?sale/search/detail/?ITMCODE=c5o1m1r2a1d6e1r2y644 HTTP/1.1" 200 30036 "-" "Mozilla/5.0 AppleWebKit/537.36 (KHTML, like Gecko; compatible; bingbot/2.0; +http://www.bing.com/bingbot.htm) Chrome/116.0.1938.76 Safari/537.36"
57.141.20.55 - - [24/Sep/2026:04:10:41 +0300] "GET /?sale/search/detail/?ITMCODE=c1u3d5d3l6i2n3g4647 HTTP/1.1" 200 30035 "-" "Mozilla/5.0 (Macintosh; Intel Mac OS X 10_15_7) AppleWebKit/537.36 (KHTML, like Gecko) Chrome/145.0.0.0 Safari/537.36 (compatible; meta-externalagent/1.1 (+https://developers.facebook.com/docs/sharing/webmasters/crawler))"
52.167.144.139 - - [24/Sep/2026:04:10:42 +0300] "GET /?sale/search/detail/?ITMCODE=s0h6o0t6p9r4o8o1f69 HTTP/1.1" 200 30035 "-" "Mozilla/5.0 AppleWebKit/537.36 (KHTML, like Gecko; compatible; bingbot/2.0; +http://www.bing.com/bingbot.htm) Chrome/116.0.1938.76 Safari/537.36"
66.249.66.32 - - [24/Sep/2026:04:10:42 +0300] "GET /?sale/search/detail/?ITMCODE=e3m1b3a8r8k171817 HTTP/1.1" 200 30034 "-" "Mozilla/5.0 (Linux; Android 6.0.1; Nexus 5X Build/MMB29P) AppleWebKit/537.36 (KHTML, like Gecko) Chrome/153.0.8010.52 Mobile Safari/537.36 (compatible; Googlebot/2.1; +http://www.google.com/bot.html)"
52.167.144.139 - - [24/Sep/2026:04:10:43 +0300] "GET /?sale/search/detail/?ITMCODE=i8d3r8o9s7i6s16806 HTTP/1.1" 200 30034 "-" "Mozilla/5.0 AppleWebKit/537.36 (KHTML, like Gecko; compatible; bingbot/2.0; +http://www.bing.com/bingbot.htm) Chrome/116.0.1938.76 Safari/537.36"
66.249.66.32 - - [24/Sep/2026:04:10:43 +0300] "GET /?sale/search/detail/?ITMCODE=s9t1i5l7l1i5o2n2163 HTTP/1.1" 200 30034 "-" "Mozilla/5.0 (Linux; Android 6.0.1; Nexus 5X Build/MMB29P) AppleWebKit/537.36 (KHTML, like Gecko) Chrome/153.0.8010.52 Mobile Safari/537.36 (compatible; Googlebot/2.1; +http://www.google.com/bot.html)"
52.167.144.139 - - [24/Sep/2026:04:10:44 +0300] "GET /?sale/search/detail/?ITMCODE=b6o6n3d3a4b2l2e466 HTTP/1.1" 200 30035 "-" "Mozilla/5.0 AppleWebKit/537.36 (KHTML, like Gecko; compatible; bingbot/2.0; +http://www.bing.com/bingbot.htm) Chrome/116.0.1938.76 Safari/537.36"
66.249.66.32 - - [24/Sep/2026:04:10:44 +0300] "GET /?sale/search/detail/?ITMCODE=t8a2r7d7a7t6i9o5n229 HTTP/1.1" 200 30035 "-" "Mozilla/5.0 (Linux; Android 6.0.1; Nexus 5X Build/MMB29P) AppleWebKit/537.36 (KHTML, like Gecko) Chrome/153.0.8010.52 Mobile Safari/537.36 (compatible; Googlebot/2.1; +http://www.google.com/bot.html)"
52.167.144.139 - - [24/Sep/2026:04:10:44 +0300] "GET /?sale/search/detail/?ITMCODE=h2a7n6s5a4r3d2978 HTTP/1.1" 200 30033 "-" "Mozilla/5.0 AppleWebKit/537.36 (KHTML, like Gecko; compatible; bingbot/2.0; +http://www.bing.com/bingbot.htm) Chrome/116.0.1938.76 Safari/537.36"
40.77.167.58 - - [24/Sep/2026:04:10:45 +0300] "GET /?sale/search/detail/?ITMCODE=f0i3r7e6r7o9o4m9445 HTTP/1.1" 200 30036 "-" "Mozilla/5.0 AppleWebKit/537.36 (KHTML, like Gecko; compatible; bingbot/2.0; +http://www.bing.com/bingbot.htm) Chrome/116.0.1938.76 Safari/537.36"
52.167.144.139 - - [24/Sep/2026:04:10:45 +0300] "GET /?sale/search/detail/?ITMCODE=u0n4a0p3p3e8a4l7a0b8l5y HTTP/1.1" 200 30038 "-" "Mozilla/5.0 AppleWebKit/537.36 (KHTML, like Gecko; compatible; bingbot/2.0; +http://www.bing.com/bingbot.htm) Chrome/116.0.1938.76 Safari/537.36"
52.167.144.20 - - [24/Sep/2026:04:10:46 +0300] "GET /?sale/search/detail/?ITMCODE=u8n3k2n4i0t704956 HTTP/1.1" 200 30034 "-" "Mozilla/5.0 AppleWebKit/537.36 (KHTML, like Gecko; compatible; bingbot/2.0; +http://www.bing.com/bingbot.htm) Chrome/116.0.1938.76 Safari/537.36"
52.167.144.139 - - [24/Sep/2026:04:10:46 +0300] "GET /?sale/search/detail/?ITMCODE=b2i3s1k4a2r6a55609 HTTP/1.1" 200 30034 "-" "Mozilla/5.0 AppleWebKit/537.36 (KHTML, like Gecko; compatible; bingbot/2.0; +http://www.bing.com/bingbot.htm) Chrome/116.0.1938.76 Safari/537.36"
66.249.66.33 - - [24/Sep/2026:04:10:47 +0300] "GET /?sale/search/detail/?ITMCODE=b3e1h5e1a4d99813 HTTP/1.1" 200 30033 "-" "Mozilla/5.0 (Linux; Android 6.0.1; Nexus 5X Build/MMB29P) AppleWebKit/537.36 (KHTML, like Gecko) Chrome/153.0.8010.52 Mobile Safari/537.36 (compatible; Googlebot/2.1; +http://www.google.com/bot.html)"
52.167.144.139 - - [24/Sep/2026:04:10:47 +0300] "GET /?sale/search/detail/?ITMCODE=b5l8e4n7c9h1e2d754 HTTP/1.1" 200 30035 "-" "Mozilla/5.0 AppleWebKit/537.36 (KHTML, like Gecko; compatible; bingbot/2.0; +http://www.bing.com/bingbot.htm) Chrome/116.0.1938.76 Safari/537.36"
57.141.20.66 - - [24/Sep/2026:04:10:47 +0300] "GET /?sale/search/detail/?ITMCODE=t1h3y9r5s2o3p0t7e7r3i1s HTTP/1.1" 200 30038 "-" "Mozilla/5.0 (X11; Linux x86_64; rv:146.0) Gecko/20100101 Firefox/146.0 (compatible; meta-externalagent/1.1 (+https://developers.facebook.com/docs/sharing/webmasters/crawler))"
52.167.144.139 - - [24/Sep/2026:04:10:48 +0300] "GET /?sale/search/detail/?ITMCODE=a5n3t8i0s7t0r0o3p7h3e6 HTTP/1.1" 200 30038 "-" "Mozilla/5.0 AppleWebKit/537.36 (KHTML, like Gecko; compatible; bingbot/2.0; +http://www.bing.com/bingbot.htm) Chrome/116.0.1938.76 Safari/537.36"
52.167.144.139 - - [24/Sep/2026:04:10:49 +0300] "GET /?sale/search/detail/?ITMCODE=s4p5h2a7c0e9l5a0t5e7d HTTP/1.1" 200 30037 "-" "Mozilla/5.0 AppleWebKit/537.36 (KHTML, like Gecko; compatible; bingbot/2.0; +http://www.bing.com/bingbot.htm) Chrome/116.0.1938.76 Safari/537.36"
52.167.144.139 - - [24/Sep/2026:04:10:50 +0300] "GET /?sale/search/detail/?ITMCODE=w1o2r4b2l6e903537 HTTP/1.1" 200 30033 "-" "Mozilla/5.0 AppleWebKit/537.36 (KHTML, like Gecko; compatible; bingbot/2.0; +http://www.bing.com/bingbot.htm) Chrome/116.0.1938.76 Safari/537.36"
52.167.144.139 - - [24/Sep/2026:04:10:50 +0300] "GET /?sale/search/detail/?ITMCODE=b0u1o5y4a8n8t7l9y398 HTTP/1.1" 200 30036 "-" "Mozilla/5.0 AppleWebKit/537.36 (KHTML, like Gecko; compatible; bingbot/2.0; +http://www.bing.com/bingbot.htm) Chrome/116.0.1938.76 Safari/537.36"
66.249.66.32 - - [24/Sep/2026:04:10:51 +0300] "GET /?sale/search/detail/?ITMCODE=c7y1p9r7i9n3o4i4d5e3a5 HTTP/1.1" 200 30038 "-" "Mozilla/5.0 (Linux; Android 6.0.1; Nexus 5X Build/MMB29P) AppleWebKit/537.36 (KHTML, like Gecko) Chrome/153.0.8010.52 Mobile Safari/537.36 (compatible; Googlebot/2.1; +http://www.google.com/bot.html)"
52.167.144.139 - - [24/Sep/2026:04:10:51 +0300] "GET /?sale/search/detail/?ITMCODE=f0i2s6h6i0n5e2s4s084 HTTP/1.1" 200 30036 "-" "Mozilla/5.0 AppleWebKit/537.36 (KHTML, like Gecko; compatible; bingbot/2.0; +http://www.bing.com/bingbot.htm) Chrome/116.0.1938.76 Safari/537.36"
66.249.66.32 - - [24/Sep/2026:04:10:53 +0300] "GET /wp-includes/js/jquery/jquery.min.js?ver=3.7.1 HTTP/1.1" 200 5155 "https://princessmare.com.gr/?sale/search/detail/?ITMCODE=t4h1e1a5n5t9h2r0o1p4i0st" "Mozilla/5.0 (Linux; Android 6.0.1; Nexus 5X Build/MMB29P) AppleWebKit/537.36 (KHTML, like Gecko) Chrome/153.0.8010.52 Mobile Safari/537.36 (compatible; Googlebot/2.1; +http://www.google.com/bot.html)"
52.167.144.139 - - [24/Sep/2026:04:10:52 +0300] "GET /?sale/search/detail/?ITMCODE=u6n1p4e6r5i7s2h5a2b3l6y HTTP/1.1" 200 30039 "-" "Mozilla/5.0 AppleWebKit/537.36 (KHTML, like Gecko; compatible; bingbot/2.0; +http://www.bing.com/bingbot.htm) Chrome/116.0.1938.76 Safari/537.36"
52.167.144.139 - - [24/Sep/2026:04:10:53 +0300] "GET /?sale/search/detail/?ITMCODE=t9r1u6m1p3e0t2s9h0a9p1ed HTTP/1.1" 200 30039 "-" "Mozilla/5.0 AppleWebKit/537.36 (KHTML, like Gecko; compatible; bingbot/2.0; +http://www.bing.com/bingbot.htm) Chrome/116.0.1938.76 Safari/537.36"
66.249.66.32 - - [24/Sep/2026:04:10:53 +0300] "GET /wp-includes/js/jquery/jquery.min.js?ver=3.7.1 HTTP/1.1" 200 29610 "https://princessmare.com.gr/?sale/search/detail/?ITMCODE=t4h1e1a5n5t9h2r0o1p4i0st" "Mozilla/5.0 (Linux; Android 6.0.1; Nexus 5X Build/MMB29P) AppleWebKit/537.36 (KHTML, like Gecko) Chrome/153.0.8010.52 Mobile Safari/537.36 (compatible; Googlebot/2.1; +http://www.google.com/bot.html)"
52.167.144.139 - - [24/Sep/2026:04:10:54 +0300] "GET /?sale/search/detail/?ITMCODE=m9i4s0s5o5u9r1i9a1n5 HTTP/1.1" 200 30036 "-" "Mozilla/5.0 AppleWebKit/537.36 (KHTML, like Gecko; compatible; bingbot/2.0; +http://www.bing.com/bingbot.htm) Chrome/116.0.1938.76 Safari/537.36"
52.167.144.139 - - [24/Sep/2026:04:10:55 +0300] "GET /?sale/search/detail/?ITMCODE=a9l1l8e1l4e963692 HTTP/1.1" 200 30034 "-" "Mozilla/5.0 AppleWebKit/537.36 (KHTML, like Gecko; compatible; bingbot/2.0; +http://www.bing.com/bingbot.htm) Chrome/116.0.1938.76 Safari/537.36"
52.167.144.139 - - [24/Sep/2026:04:10:56 +0300] "GET /?sale/search/detail/?ITMCODE=l9o6r9i7c0u5l7u9s61 HTTP/1.1" 200 30035 "-" "Mozilla/5.0 AppleWebKit/537.36 (KHTML, like Gecko; compatible; bingbot/2.0; +http://www.bing.com/bingbot.htm) Chrome/116.0.1938.76 Safari/537.36"
66.249.66.32 - - [24/Sep/2026:04:10:56 +0300] "GET /?sale/search/detail/?ITMCODE=m8o9c9k3e4r84478 HTTP/1.1" 200 30033 "-" "Mozilla/5.0 (Linux; Android 6.0.1; Nexus 5X Build/MMB29P) AppleWebKit/537.36 (KHTML, like Gecko) Chrome/153.0.8010.52 Mobile Safari/537.36 (compatible; Googlebot/2.1; +http://www.google.com/bot.html)"
57.141.20.13 - - [24/Sep/2026:04:10:56 +0300] "GET /?sale/search/detail/?ITMCODE=p1l1e8u7r3o6g1r7a2m3m4us HTTP/1.1" 200 30039 "-" "Mozilla/5.0 (Windows NT 10.0; Win64; x64) AppleWebKit/537.36 (KHTML, like Gecko) Chrome/145.0.0.0 Safari/537.36 (compatible; meta-externalagent/1.1 (+https://developers.facebook.com/docs/sharing/webmasters/crawler))"
52.167.144.139 - - [24/Sep/2026:04:10:57 +0300] "GET /?sale/search/detail/?ITMCODE=t8u8n4e8f4u0l2n1e7s7s HTTP/1.1" 200 30038 "-" "Mozilla/5.0 AppleWebKit/537.36 (KHTML, like Gecko; compatible; bingbot/2.0; +http://www.bing.com/bingbot.htm) Chrome/116.0.1938.76 Safari/537.36"
52.167.144.139 - - [24/Sep/2026:04:10:58 +0300] "GET /?sale/search/detail/?ITMCODE=e0q2u5i5l8i0b8r8a8t4e1 HTTP/1.1" 200 30038 "-" "Mozilla/5.0 AppleWebKit/537.36 (KHTML, like Gecko; compatible; bingbot/2.0; +http://www.bing.com/bingbot.htm) Chrome/116.0.1938.76 Safari/537.36"
66.249.66.32 - - [24/Sep/2026:04:10:58 +0300] "GET /?sale/search/detail/?ITMCODE=c3o3a6t1r0o5o2m3660 HTTP/1.1" 200 30034 "-" "Mozilla/5.0 (Linux; Android 6.0.1; Nexus 5X Build/MMB29P) AppleWebKit/537.36 (KHTML, like Gecko) Chrome/153.0.8010.52 Mobile Safari/537.36 (compatible; Googlebot/2.1; +http://www.google.com/bot.html)"
40.77.167.58 - - [24/Sep/2026:04:11:01 +0300] "GET /?sale/search/detail/?ITMCODE=r0o3s5i6l3y195138 HTTP/1.1" 200 30033 "-" "Mozilla/5.0 AppleWebKit/537.36 (KHTML, like Gecko; compatible; bingbot/2.0; +http://www.bing.com/bingbot.htm) Chrome/116.0.1938.76 Safari/537.36"
66.249.66.34 - - [24/Sep/2026:04:11:02 +0300] "GET /?sale/search/detail/?ITMCODE=g6a2v2a2g6e003019 HTTP/1.1" 200 30034 "-" "Mozilla/5.0 (Linux; Android 6.0.1; Nexus 5X Build/MMB29P) AppleWebKit/537.36 (KHTML, like Gecko) Chrome/153.0.8010.52 Mobile Safari/537.36 (compatible; Googlebot/2.1; +http://www.google.com/bot.html)"
40.77.167.58 - - [24/Sep/2026:04:11:02 +0300] "GET /?sale/search/detail/?ITMCODE=e7p1i1s1t7y0l2e5544 HTTP/1.1" 200 30035 "-" "Mozilla/5.0 AppleWebKit/537.36 (KHTML, like Gecko; compatible; bingbot/2.0; +http://www.bing.com/bingbot.htm) Chrome/116.0.1938.76 Safari/537.36"
57.141.20.52 - - [24/Sep/2026:04:11:03 +0300] "GET /?sale/search/detail/?ITMCODE=s1t4o2u3t0e5r12483 HTTP/1.1" 200 30034 "-" "Mozilla/5.0 (Windows NT 10.0; Win64; x64) AppleWebKit/537.36 (KHTML, like Gecko) Chrome/145.0.0.0 Safari/537.36 (compatible; meta-externalagent/1.1 (+https://developers.facebook.com/docs/sharing/webmasters/crawler))"
40.77.167.58 - - [24/Sep/2026:04:11:03 +0300] "GET /?sale/search/detail/?ITMCODE=b9e1a5u9t3i3f8u9l9n1e8ss HTTP/1.1" 200 30039 "-" "Mozilla/5.0 AppleWebKit/537.36 (KHTML, like Gecko; compatible; bingbot/2.0; +http://www.bing.com/bingbot.htm) Chrome/116.0.1938.76 Safari/537.36"
40.77.167.58 - - [24/Sep/2026:04:11:04 +0300] "GET /?sale/search/detail/?ITMCODE=c3h3o7s8e7n731069 HTTP/1.1" 200 30034 "-" "Mozilla/5.0 AppleWebKit/537.36 (KHTML, like Gecko; compatible; bingbot/2.0; +http://www.bing.com/bingbot.htm) Chrome/116.0.1938.76 Safari/537.36"
40.77.167.58 - - [24/Sep/2026:04:11:05 +0300] "GET /?sale/search/detail/?ITMCODE=w4a1l8l7o4w0e9r8958 HTTP/1.1" 200 30037 "-" "Mozilla/5.0 AppleWebKit/537.36 (KHTML, like Gecko; compatible; bingbot/2.0; +http://www.bing.com/bingbot.htm) Chrome/116.0.1938.76 Safari/537.36"
52.167.144.20 - - [24/Sep/2026:04:11:06 +0300] "GET /?sale/search/detail/?ITMCODE=s0u7p7e7r2d8o8m1i8n4ant HTTP/1.1" 200 30039 "-" "Mozilla/5.0 AppleWebKit/537.36 (KHTML, like Gecko; compatible; bingbot/2.0; +http://www.bing.com/bingbot.htm) Chrome/116.0.1938.76 Safari/537.36"
52.167.144.20 - - [24/Sep/2026:04:11:07 +0300] "GET /?sale/search/detail/?ITMCODE=d1i4s0r7e4s8p4e1c2t4a0ble HTTP/1.1" 200 30039 "-" "Mozilla/5.0 AppleWebKit/537.36 (KHTML, like Gecko; compatible; bingbot/2.0; +http://www.bing.com/bingbot.htm) Chrome/116.0.1938.76 Safari/537.36"
66.249.66.32 - - [24/Sep/2026:04:11:08 +0300] "GET /?sale/search/detail/?ITMCODE=t8a4m0e8s7t344685 HTTP/1.1" 200 30034 "-" "Mozilla/5.0 (Linux; Android 6.0.1; Nexus 5X Build/MMB29P) AppleWebKit/537.36 (KHTML, like Gecko) Chrome/153.0.8010.52 Mobile Safari/537.36 (compatible; Googlebot/2.1; +http://www.google.com/bot.html)"
66.249.66.32 - - [24/Sep/2026:04:11:09 +0300] "GET /wp-content/plugins/dt-the7-core/assets/css/post-type.min.css?ver=2.5.7.1 HTTP/1.1" 200 5166 "https://princessmare.com.gr/?sale/search/detail/?ITMCODE=d9a4g8d0a805664" "Mozilla/5.0 (Linux; Android 6.0.1; Nexus 5X Build/MMB29P) AppleWebKit/537.36 (KHTML, like Gecko) Chrome/153.0.8010.52 Mobile Safari/537.36 (compatible; Googlebot/2.1; +http://www.google.com/bot.html)"
52.167.144.20 - - [24/Sep/2026:04:11:08 +0300] "GET /?sale/search/detail/?ITMCODE=a3p2o4g3a1m8i6c0880 HTTP/1.1" 200 30037 "-" "Mozilla/5.0 AppleWebKit/537.36 (KHTML, like Gecko; compatible; bingbot/2.0; +http://www.bing.com/bingbot.htm) Chrome/116.0.1938.76 Safari/537.36"
52.167.144.20 - - [24/Sep/2026:04:11:09 +0300] "GET /?sale/search/detail/?ITMCODE=c9a2t8p2i5p2e99364 HTTP/1.1" 200 30035 "-" "Mozilla/5.0 AppleWebKit/537.36 (KHTML, like Gecko; compatible; bingbot/2.0; +http://www.bing.com/bingbot.htm) Chrome/116.0.1938.76 Safari/537.36"
66.249.66.32 - - [24/Sep/2026:04:11:09 +0300] "GET /wp-content/plugins/dt-the7-core/assets/css/post-type.min.css?ver=2.5.7.1 HTTP/1.1" 200 5965 "https://princessmare.com.gr/?sale/search/detail/?ITMCODE=d9a4g8d0a805664" "Mozilla/5.0 (Linux; Android 6.0.1; Nexus 5X Build/MMB29P) AppleWebKit/537.36 (KHTML, like Gecko) Chrome/153.0.8010.52 Mobile Safari/537.36 (compatible; Googlebot/2.1; +http://www.google.com/bot.html)"
52.167.144.20 - - [24/Sep/2026:04:11:10 +0300] "GET /?sale/search/detail/?ITMCODE=a2s1s6u1m9i6n5g4324 HTTP/1.1" 200 30034 "-" "Mozilla/5.0 AppleWebKit/537.36 (KHTML, like Gecko; compatible; bingbot/2.0; +http://www.bing.com/bingbot.htm) Chrome/116.0.1938.76 Safari/537.36"
52.167.144.20 - - [24/Sep/2026:04:11:11 +0300] "GET /?sale/search/detail/?ITMCODE=a4r3c2h3i5t6e9c5t4o9r5 HTTP/1.1" 200 30038 "-" "Mozilla/5.0 AppleWebKit/537.36 (KHTML, like Gecko; compatible; bingbot/2.0; +http://www.bing.com/bingbot.htm) Chrome/116.0.1938.76 Safari/537.36"
57.141.18.77 - - [24/Sep/2026:04:11:11 +0300] "GET / HTTP/1.1" 200 29992 "-" "facebookexternalhit/1.1 (+http://www.facebook.com/externalhit_uatext.php)"
66.249.66.32 - - [24/Sep/2026:04:11:11 +0300] "GET /?sale/search/detail/?ITMCODE=k2e1c1k0e4d740218 HTTP/1.1" 200 30034 "-" "Mozilla/5.0 (Linux; Android 6.0.1; Nexus 5X Build/MMB29P) AppleWebKit/537.36 (KHTML, like Gecko) Chrome/153.0.8010.52 Mobile Safari/537.36 (compatible; Googlebot/2.1; +http://www.google.com/bot.html)"
40.77.167.58 - - [24/Sep/2026:04:11:14 +0300] "GET /?sale/search/detail/?ITMCODE=q6u1a3e3r9e63641 HTTP/1.1" 200 30034 "-" "Mozilla/5.0 AppleWebKit/537.36 (KHTML, like Gecko; compatible; bingbot/2.0; +http://www.bing.com/bingbot.htm) Chrome/116.0.1938.76 Safari/537.36"
66.249.66.32 - - [24/Sep/2026:04:11:15 +0300] "GET /?sale/search/detail/?ITMCODE=p0r5e7v9e4n8t0a2b8l1e HTTP/1.1" 200 30037 "-" "Mozilla/5.0 (Linux; Android 6.0.1; Nexus 5X Build/MMB29P) AppleWebKit/537.36 (KHTML, like Gecko) Chrome/153.0.8010.52 Mobile Safari/537.36 (compatible; Googlebot/2.1; +http://www.google.com/bot.html)"
40.77.167.58 - - [24/Sep/2026:04:11:15 +0300] "GET /?sale/search/detail/?ITMCODE=s1c3h9i0z1o8m3y3c6e0t3es HTTP/1.1" 200 30040 "-" "Mozilla/5.0 AppleWebKit/537.36 (KHTML, like Gecko; compatible; bingbot/2.0; +http://www.bing.com/bingbot.htm) Chrome/116.0.1938.76 Safari/537.36"
40.77.167.58 - - [24/Sep/2026:04:11:16 +0300] "GET /?sale/search/detail/?ITMCODE=a3b2o6m6a7s9a2l1925 HTTP/1.1" 200 30035 "-" "Mozilla/5.0 AppleWebKit/537.36 (KHTML, like Gecko; compatible; bingbot/2.0; +http://www.bing.com/bingbot.htm) Chrome/116.0.1938.76 Safari/537.36"
40.77.167.58 - - [24/Sep/2026:04:11:17 +0300] "GET /?sale/search/detail/?ITMCODE=c7r2e3a9m8e0r7y4043 HTTP/1.1" 200 30035 "-" "Mozilla/5.0 AppleWebKit/537.36 (KHTML, like Gecko; compatible; bingbot/2.0; +http://www.bing.com/bingbot.htm) Chrome/116.0.1938.76 Safari/537.36"
66.249.66.32 - - [24/Sep/2026:04:11:18 +0300] "GET /wp-includes/js/jquery/jquery.min.js?ver=3.7.1 HTTP/1.1" 200 5155 "https://princessmare.com.gr/?sale/search/detail/?ITMCODE=p6r3o6s0c1o2l7e7x378" "Mozilla/5.0 (Linux; Android 6.0.1; Nexus 5X Build/MMB29P) AppleWebKit/537.36 (KHTML, like Gecko) Chrome/153.0.8010.52 Mobile Safari/537.36 (compatible; Googlebot/2.1; +http://www.google.com/bot.html)"
66.249.66.32 - - [24/Sep/2026:04:11:18 +0300] "GET /wp-includes/js/jquery/jquery.min.js?ver=3.7.1 HTTP/1.1" 200 29610 "https://princessmare.com.gr/?sale/search/detail/?ITMCODE=p6r3o6s0c1o2l7e7x378" "Mozilla/5.0 (Linux; Android 6.0.1; Nexus 5X Build/MMB29P) AppleWebKit/537.36 (KHTML, like Gecko) Chrome/153.0.8010.52 Mobile Safari/537.36 (compatible; Googlebot/2.1; +http://www.google.com/bot.html)"
52.167.144.20 - - [24/Sep/2026:04:11:19 +0300] "GET /?sale/search/detail/?ITMCODE=p7i2s5t4o1l6e8e5r829 HTTP/1.1" 200 30036 "-" "Mozilla/5.0 AppleWebKit/537.36 (KHTML, like Gecko; compatible; bingbot/2.0; +http://www.bing.com/bingbot.htm) Chrome/116.0.1938.76 Safari/537.36"
66.249.66.32 - - [24/Sep/2026:04:11:19 +0300] "GET /?sale/search/detail/?ITMCODE=g4l2o7s2s3o3e2p4i1g6l2ottic HTTP/1.1" 200 30039 "-" "Mozilla/5.0 (Linux; Android 6.0.1; Nexus 5X Build/MMB29P) AppleWebKit/537.36 (KHTML, like Gecko) Chrome/153.0.8010.52 Mobile Safari/537.36 (compatible; Googlebot/2.1; +http://www.google.com/bot.html)"
52.167.144.20 - - [24/Sep/2026:04:11:20 +0300] "GET /?sale/search/detail/?ITMCODE=c2a1l8o5p7e6r5d0i8x86 HTTP/1.1" 200 30037 "-" "Mozilla/5.0 AppleWebKit/537.36 (KHTML, like Gecko; compatible; bingbot/2.0; +http://www.bing.com/bingbot.htm) Chrome/116.0.1938.76 Safari/537.36"
62.83.35.38 - - [24/Sep/2026:04:11:21 +0300] "GET /wp-content/uploads/2021/07/logo.png HTTP/1.1" 200 5142 "-" "tphotobot/0.1 (+https://crawler.estidraft.com/bot)"
62.83.35.38 - - [24/Sep/2026:04:11:21 +0300] "GET /wp-content/uploads/2021/07/wifi.png HTTP/1.1" 200 5142 "-" "tphotobot/0.1 (+https://crawler.estidraft.com/bot)"
62.83.35.38 - - [24/Sep/2026:04:11:21 +0300] "GET /wp-content/uploads/2021/07/logo-colored.png HTTP/1.1" 200 5150 "-" "tphotobot/0.1 (+https://crawler.estidraft.com/bot)"
62.83.35.38 - - [24/Sep/2026:04:11:21 +0300] "GET /wp-content/uploads/2021/07/transport.png HTTP/1.1" 200 5147 "-" "tphotobot/0.1 (+https://crawler.estidraft.com/bot)"
62.83.35.38 - - [24/Sep/2026:04:11:21 +0300] "GET /wp-content/plugins/revslider/public/assets/assets/dummy.png HTTP/1.1" 200 5221 "-" "tphotobot/0.1 (+https://crawler.estidraft.com/bot)"
62.83.35.38 - - [24/Sep/2026:04:11:21 +0300] "GET /wp-content/uploads/2021/07/parking.png HTTP/1.1" 200 5145 "-" "tphotobot/0.1 (+https://crawler.estidraft.com/bot)"
62.83.35.38 - - [24/Sep/2026:04:11:21 +0300] "GET /wp-content/uploads/2021/07/beds.png HTTP/1.1" 200 5142 "-" "tphotobot/0.1 (+https://crawler.estidraft.com/bot)"
62.83.35.38 - - [24/Sep/2026:04:11:21 +0300] "GET /wp-content/uploads/2021/07/cleaning.png HTTP/1.1" 200 5146 "-" "tphotobot/0.1 (+https://crawler.estidraft.com/bot)"
62.83.35.38 - - [24/Sep/2026:04:11:21 +0300] "GET /wp-content/uploads/2021/07/breakfast.png HTTP/1.1" 200 5147 "-" "tphotobot/0.1 (+https://crawler.estidraft.com/bot)"
52.167.144.20 - - [24/Sep/2026:04:11:21 +0300] "GET /?sale/search/detail/?ITMCODE=w9e4d2g7e0226693 HTTP/1.1" 200 30032 "-" "Mozilla/5.0 AppleWebKit/537.36 (KHTML, like Gecko; compatible; bingbot/2.0; +http://www.bing.com/bingbot.htm) Chrome/116.0.1938.76 Safari/537.36"
62.83.35.38 - - [24/Sep/2026:04:11:21 +0300] "GET /wp-content/uploads/2021/07/logo.png HTTP/2.0" 200 4649 "-" "tphotobot/0.1 (+https://crawler.estidraft.com/bot)"
62.83.35.38 - - [24/Sep/2026:04:11:21 +0300] "GET /wp-content/uploads/2021/07/wifi.png HTTP/2.0" 200 2677 "-" "tphotobot/0.1 (+https://crawler.estidraft.com/bot)"
62.83.35.38 - - [24/Sep/2026:04:11:21 +0300] "GET /wp-content/uploads/2021/07/logo-colored.png HTTP/2.0" 200 4778 "-" "tphotobot/0.1 (+https://crawler.estidraft.com/bot)"
62.83.35.38 - - [24/Sep/2026:04:11:21 +0300] "GET /wp-content/uploads/2021/07/transport.png HTTP/2.0" 200 3652 "-" "tphotobot/0.1 (+https://crawler.estidraft.com/bot)"
62.83.35.38 - - [24/Sep/2026:04:11:21 +0300] "GET /wp-content/uploads/2021/07/parking.png HTTP/2.0" 200 1746 "-" "tphotobot/0.1 (+https://crawler.estidraft.com/bot)"
62.83.35.38 - - [24/Sep/2026:04:11:21 +0300] "GET /wp-content/uploads/2021/07/beds.png HTTP/2.0" 200 1458 "-" "tphotobot/0.1 (+https://crawler.estidraft.com/bot)"
62.83.35.38 - - [24/Sep/2026:04:11:21 +0300] "GET /wp-content/uploads/2021/07/cleaning.png HTTP/2.0" 200 2129 "-" "tphotobot/0.1 (+https://crawler.estidraft.com/bot)"
62.83.35.38 - - [24/Sep/2026:04:11:21 +0300] "GET /wp-content/uploads/2021/07/breakfast.png HTTP/2.0" 200 2111 "-" "tphotobot/0.1 (+https://crawler.estidraft.com/bot)"
66.249.66.32 - - [24/Sep/2026:04:11:22 +0300] "GET /?sale/search/detail/?ITMCODE=b7o3k3a7d7a1m8707 HTTP/1.1" 200 30034 "-" "Mozilla/5.0 (Linux; Android 6.0.1; Nexus 5X Build/MMB29P) AppleWebKit/537.36 (KHTML, like Gecko) Chrome/153.0.8010.52 Mobile Safari/537.36 (compatible; Googlebot/2.1; +http://www.google.com/bot.html)"
66.249.66.32 - - [24/Sep/2026:04:11:24 +0300] "GET /?sale/search/detail/?ITMCODE=k2i1n9e7p3o6c1k2836 HTTP/1.1" 200 30036 "-" "Mozilla/5.0 (Linux; Android 6.0.1; Nexus 5X Build/MMB29P) AppleWebKit/537.36 (KHTML, like Gecko) Chrome/153.0.8010.52 Mobile Safari/537.36 (compatible; Googlebot/2.1; +http://www.google.com/bot.html)"
52.167.144.20 - - [24/Sep/2026:04:11:26 +0300] "GET /?sale/search/detail/?ITMCODE=a7r2o4m4a6t9i1z6e6r34 HTTP/1.1" 200 30038 "-" "Mozilla/5.0 AppleWebKit/537.36 (KHTML, like Gecko; compatible; bingbot/2.0; +http://www.bing.com/bingbot.htm) Chrome/116.0.1938.76 Safari/537.36"
40.77.167.58 - - [24/Sep/2026:04:11:30 +0300] "GET /?sale/search/detail/?ITMCODE=r5e3s7t8r5a1i5n6i8n1g HTTP/1.1" 200 30037 "-" "Mozilla/5.0 AppleWebKit/537.36 (KHTML, like Gecko; compatible; bingbot/2.0; +http://www.bing.com/bingbot.htm) Chrome/116.0.1938.76 Safari/537.36"
40.77.167.58 - - [24/Sep/2026:04:11:31 +0300] "GET /?sale/search/detail/?ITMCODE=b9u5t0t4o7n3s4195 HTTP/1.1" 200 30034 "-" "Mozilla/5.0 AppleWebKit/537.36 (KHTML, like Gecko; compatible; bingbot/2.0; +http://www.bing.com/bingbot.htm) Chrome/116.0.1938.76 Safari/537.36"
