106.128.106.38 - - [24/Sep/2026:04:28:18 +0300] "GET /wp-content/themes/dt-the7/lib/custom-scrollbar/custom-scrollbar.min.js?ver=9.14.1 HTTP/2.0" 200 11382 "https://princessmare.com.gr/?sale/search/detail/?ITMCODE=p8e3c3t9o4r5i2l2o5q6u0y" "Mozilla/5.0 (iPhone; CPU iPhone OS 18_7_5 like Mac OS X) AppleWebKit/605.1.15 (KHTML, like Gecko) Mobile/15E148 Version/18.7.5 YJApp-IOS jp.co.yahoo.ipn.appli/4.172.0"
106.128.106.38 - - [24/Sep/2026:04:28:18 +0300] "GET /wp-content/themes/dt-the7/lib/jquery-mousewheel/jquery-mousewheel.min.js?ver=9.14.1 HTTP/2.0" 200 1037 "https://princessmare.com.gr/?sale/search/detail/?ITMCODE=p8e3c3t9o4r5i2l2o5q6u0y" "Mozilla/5.0 (iPhone; CPU iPhone OS 18_7_5 like Mac OS X) AppleWebKit/605.1.15 (KHTML, like Gecko) Mobile/15E148 Version/18.7.5 YJApp-IOS jp.co.yahoo.ipn.appli/4.172.0"
106.128.106.38 - - [24/Sep/2026:04:28:18 +0300] "GET /wp-content/plugins/dt-the7-core/assets/js/post-type.min.js?ver=2.5.7.1 HTTP/2.0" 200 4685 "https://princessmare.com.gr/?sale/search/detail/?ITMCODE=p8e3c3t9o4r5i2l2o5q6u0y" "Mozilla/5.0 (iPhone; CPU iPhone OS 18_7_5 like Mac OS X) AppleWebKit/605.1.15 (KHTML, like Gecko) Mobile/15E148 Version/18.7.5 YJApp-IOS jp.co.yahoo.ipn.appli/4.172.0"
106.128.106.38 - - [24/Sep/2026:04:28:18 +0300] "GET /wp-content/plugins/js_composer/assets/js/dist/js_composer_front.min.js?ver=6.6.0.1 HTTP/2.0" 200 5540 "https://princessmare.com.gr/?sale/search/detail/?ITMCODE=p8e3c3t9o4r5i2l2o5q6u0y" "Mozilla/5.0 (iPhone; CPU iPhone OS 18_7_5 like Mac OS X) AppleWebKit/605.1.15 (KHTML, like Gecko) Mobile/15E148 Version/18.7.5 YJApp-IOS jp.co.yahoo.ipn.appli/4.172.0"
106.128.106.38 - - [24/Sep/2026:04:28:18 +0300] "GET /wp-content/plugins/Ultimate_VC_Addons/assets/min-js/jquery-appear.min.js?ver=3.19.10 HTTP/2.0" 200 576 "https://princessmare.com.gr/?sale/search/detail/?ITMCODE=p8e3c3t9o4r5i2l2o5q6u0y" "Mozilla/5.0 (iPhone; CPU iPhone OS 18_7_5 like Mac OS X) AppleWebKit/605.1.15 (KHTML, like Gecko) Mobile/15E148 Version/18.7.5 YJApp-IOS jp.co.yahoo.ipn.appli/4.172.0"
106.128.106.38 - - [24/Sep/2026:04:28:18 +0300] "GET /wp-content/plugins/Ultimate_VC_Addons/assets/min-js/ultimate_bg.min.js?ver=3.19.10 HTTP/2.0" 200 8657 "https://princessmare.com.gr/?sale/search/detail/?ITMCODE=p8e3c3t9o4r5i2l2o5q6u0y" "Mozilla/5.0 (iPhone; CPU iPhone OS 18_7_5 like Mac OS X) AppleWebKit/605.1.15 (KHTML, like Gecko) Mobile/15E148 Version/18.7.5 YJApp-IOS jp.co.yahoo.ipn.appli/4.172.0"
106.128.106.38 - - [24/Sep/2026:04:28:18 +0300] "GET /wp-content/plugins/cookie-notice/js/front.min.js?ver=2.1.0 HTTP/2.0" 200 1788 "https://princessmare.com.gr/?sale/search/detail/?ITMCODE=p8e3c3t9o4r5i2l2o5q6u0y" "Mozilla/5.0 (iPhone; CPU iPhone OS 18_7_5 like Mac OS X) AppleWebKit/605.1.15 (KHTML, like Gecko) Mobile/15E148 Version/18.7.5 YJApp-IOS jp.co.yahoo.ipn.appli/4.172.0"
106.128.106.38 - - [24/Sep/2026:04:28:18 +0300] "GET /wp-content/plugins/revslider/public/assets/js/rs6.min.js?ver=6.5.3 HTTP/2.0" 200 90133 "https://princessmare.com.gr/?sale/search/detail/?ITMCODE=p8e3c3t9o4r5i2l2o5q6u0y" "Mozilla/5.0 (iPhone; CPU iPhone OS 18_7_5 like Mac OS X) AppleWebKit/605.1.15 (KHTML, like Gecko) Mobile/15E148 Version/18.7.5 YJApp-IOS jp.co.yahoo.ipn.appli/4.172.0"
106.128.106.38 - - [24/Sep/2026:04:28:18 +0300] "GET /wp-content/plugins/revslider/public/assets/fonts/revicons/revicons.woff?5510888 HTTP/2.0" 200 7536 "https://princessmare.com.gr/?sale/search/detail/?ITMCODE=p8e3c3t9o4r5i2l2o5q6u0y" "Mozilla/5.0 (iPhone; CPU iPhone OS 18_7_5 like Mac OS X) AppleWebKit/605.1.15 (KHTML, like Gecko) Mobile/15E148 Version/18.7.5 YJApp-IOS jp.co.yahoo.ipn.appli/4.172.0"
106.128.106.38 - - [24/Sep/2026:04:28:18 +0300] "GET /wp-content/plugins/revslider/public/assets/js/rbtools.min.js?ver=6.5.3 HTTP/2.0" 200 45281 "https://princessmare.com.gr/?sale/search/detail/?ITMCODE=p8e3c3t9o4r5i2l2o5q6u0y" "Mozilla/5.0 (iPhone; CPU iPhone OS 18_7_5 like Mac OS X) AppleWebKit/605.1.15 (KHTML, like Gecko) Mobile/15E148 Version/18.7.5 YJApp-IOS jp.co.yahoo.ipn.appli/4.172.0"
106.128.106.38 - - [24/Sep/2026:04:28:19 +0300] "GET /wp-content/uploads/2021/07/logo.png HTTP/2.0" 200 4649 "https://princessmare.com.gr/?sale/search/detail/?ITMCODE=p8e3c3t9o4r5i2l2o5q6u0y" "Mozilla/5.0 (iPhone; CPU iPhone OS 18_7_5 like Mac OS X) AppleWebKit/605.1.15 (KHTML, like Gecko) Mobile/15E148 Version/18.7.5 YJApp-IOS jp.co.yahoo.ipn.appli/4.172.0"
106.128.106.38 - - [24/Sep/2026:04:28:19 +0300] "GET /wp-content/themes/dt-the7-child/fonts/PalatinoLinotype/PalatinoLinotype-Roman.woff HTTP/2.0" 200 292252 "https://princessmare.com.gr/?sale/search/detail/?ITMCODE=p8e3c3t9o4r5i2l2o5q6u0y" "Mozilla/5.0 (iPhone; CPU iPhone OS 18_7_5 like Mac OS X) AppleWebKit/605.1.15 (KHTML, like Gecko) Mobile/15E148 Version/18.7.5 YJApp-IOS jp.co.yahoo.ipn.appli/4.172.0"
106.128.106.38 - - [24/Sep/2026:04:28:19 +0300] "GET /wp-content/uploads/2021/07/logo.png HTTP/1.1" 200 5142 "https://princessmare.com.gr/?sale/search/detail/?ITMCODE=p8e3c3t9o4r5i2l2o5q6u0y" "Mozilla/5.0 (iPhone; CPU iPhone OS 18_7_5 like Mac OS X) AppleWebKit/605.1.15 (KHTML, like Gecko) Mobile/15E148 Version/18.7.5 YJApp-IOS jp.co.yahoo.ipn.appli/4.172.0"
106.128.106.38 - - [24/Sep/2026:04:28:19 +0300] "GET /wp-content/themes/dt-the7-child/fonts/PalatinoLinotype/PalatinoLinotype-Roman.woff HTTP/1.1" 200 5184 "https://princessmare.com.gr/?sale/search/detail/?ITMCODE=p8e3c3t9o4r5i2l2o5q6u0y" "Mozilla/5.0 (iPhone; CPU iPhone OS 18_7_5 like Mac OS X) AppleWebKit/605.1.15 (KHTML, like Gecko) Mobile/15E148 Version/18.7.5 YJApp-IOS jp.co.yahoo.ipn.appli/4.172.0"
106.128.106.38 - - [24/Sep/2026:04:28:19 +0300] "GET /wp-content/themes/dt-the7/fonts/icomoon-the7-font/icomoon-the7-font.ttf?wi57p5 HTTP/1.1" 200 5172 "https://princessmare.com.gr/?sale/search/detail/?ITMCODE=p8e3c3t9o4r5i2l2o5q6u0y" "Mozilla/5.0 (iPhone; CPU iPhone OS 18_7_5 like Mac OS X) AppleWebKit/605.1.15 (KHTML, like Gecko) Mobile/15E148 Version/18.7.5 YJApp-IOS jp.co.yahoo.ipn.appli/4.172.0"
106.128.106.38 - - [24/Sep/2026:04:28:19 +0300] "GET /wp-content/uploads/2021/07/genral-services-bg.jpg HTTP/1.1" 200 5157 "https://princessmare.com.gr/?sale/search/detail/?ITMCODE=p8e3c3t9o4r5i2l2o5q6u0y" "Mozilla/5.0 (iPhone; CPU iPhone OS 18_7_5 like Mac OS X) AppleWebKit/605.1.15 (KHTML, like Gecko) Mobile/15E148 Version/18.7.5 YJApp-IOS jp.co.yahoo.ipn.appli/4.172.0"
52.167.144.221 - - [24/Sep/2026:04:28:19 +0300] "GET /?sale/search/detail/?ITMCODE=t8a1r3t0r9o3n3a3t3e29 HTTP/1.1" 200 30037 "-" "Mozilla/5.0 AppleWebKit/537.36 (KHTML, like Gecko; compatible; bingbot/2.0; +http://www.bing.com/bingbot.htm) Chrome/116.0.1938.76 Safari/537.36"
52.167.144.221 - - [24/Sep/2026:04:28:20 +0300] "GET /?sale/search/detail/?ITMCODE=w1e1d7g0e2t6a3i0l5e7d0 HTTP/1.1" 200 30038 "-" "Mozilla/5.0 AppleWebKit/537.36 (KHTML, like Gecko; compatible; bingbot/2.0; +http://www.bing.com/bingbot.htm) Chrome/116.0.1938.76 Safari/537.36"
106.128.106.38 - - [24/Sep/2026:04:28:20 +0300] "GET /wp-content/themes/dt-the7/fonts/icomoon-the7-font/icomoon-the7-font.ttf?wi57p5 HTTP/2.0" 200 48020 "https://princessmare.com.gr/?sale/search/detail/?ITMCODE=p8e3c3t9o4r5i2l2o5q6u0y" "Mozilla/5.0 (iPhone; CPU iPhone OS 18_7_5 like Mac OS X) AppleWebKit/605.1.15 (KHTML, like Gecko) Mobile/15E148 Version/18.7.5 YJApp-IOS jp.co.yahoo.ipn.appli/4.172.0"
106.128.106.38 - - [24/Sep/2026:04:28:20 +0300] "GET /wp-content/uploads/2021/07/genral-services-bg.jpg HTTP/2.0" 200 31955 "https://princessmare.com.gr/?sale/search/detail/?ITMCODE=p8e3c3t9o4r5i2l2o5q6u0y" "Mozilla/5.0 (iPhone; CPU iPhone OS 18_7_5 like Mac OS X) AppleWebKit/605.1.15 (KHTML, like Gecko) Mobile/15E148 Version/18.7.5 YJApp-IOS jp.co.yahoo.ipn.appli/4.172.0"
106.128.106.38 - - [24/Sep/2026:04:28:21 +0300] "GET /wp-content/uploads/2021/07/logo-colored.png HTTP/2.0" 200 4778 "https://princessmare.com.gr/?sale/search/detail/?ITMCODE=p8e3c3t9o4r5i2l2o5q6u0y" "Mozilla/5.0 (iPhone; CPU iPhone OS 18_7_5 like Mac OS X) AppleWebKit/605.1.15 (KHTML, like Gecko) Mobile/15E148 Version/18.7.5 YJApp-IOS jp.co.yahoo.ipn.appli/4.172.0"
106.128.106.38 - - [24/Sep/2026:04:28:21 +0300] "GET /wp-content/uploads/2021/07/wifi.png HTTP/2.0" 200 2677 "https://princessmare.com.gr/?sale/search/detail/?ITMCODE=p8e3c3t9o4r5i2l2o5q6u0y" "Mozilla/5.0 (iPhone; CPU iPhone OS 18_7_5 like Mac OS X) AppleWebKit/605.1.15 (KHTML, like Gecko) Mobile/15E148 Version/18.7.5 YJApp-IOS jp.co.yahoo.ipn.appli/4.172.0"
106.128.106.38 - - [24/Sep/2026:04:28:21 +0300] "GET /wp-content/uploads/2021/07/testimonials-bg.jpg HTTP/2.0" 200 14395 "https://princessmare.com.gr/?sale/search/detail/?ITMCODE=p8e3c3t9o4r5i2l2o5q6u0y" "Mozilla/5.0 (iPhone; CPU iPhone OS 18_7_5 like Mac OS X) AppleWebKit/605.1.15 (KHTML, like Gecko) Mobile/15E148 Version/18.7.5 YJApp-IOS jp.co.yahoo.ipn.appli/4.172.0"
106.128.106.38 - - [24/Sep/2026:04:28:21 +0300] "GET /wp-content/uploads/2021/07/beds.png HTTP/2.0" 200 1458 "https://princessmare.com.gr/?sale/search/detail/?ITMCODE=p8e3c3t9o4r5i2l2o5q6u0y" "Mozilla/5.0 (iPhone; CPU iPhone OS 18_7_5 like Mac OS X) AppleWebKit/605.1.15 (KHTML, like Gecko) Mobile/15E148 Version/18.7.5 YJApp-IOS jp.co.yahoo.ipn.appli/4.172.0"
106.128.106.38 - - [24/Sep/2026:04:28:21 +0300] "GET /wp-content/uploads/2021/07/naxos-map-outline.jpg HTTP/2.0" 200 12701 "https://princessmare.com.gr/?sale/search/detail/?ITMCODE=p8e3c3t9o4r5i2l2o5q6u0y" "Mozilla/5.0 (iPhone; CPU iPhone OS 18_7_5 like Mac OS X) AppleWebKit/605.1.15 (KHTML, like Gecko) Mobile/15E148 Version/18.7.5 YJApp-IOS jp.co.yahoo.ipn.appli/4.172.0"
106.128.106.38 - - [24/Sep/2026:04:28:21 +0300] "GET /wp-content/uploads/2021/07/parking.png HTTP/2.0" 200 1746 "https://princessmare.com.gr/?sale/search/detail/?ITMCODE=p8e3c3t9o4r5i2l2o5q6u0y" "Mozilla/5.0 (iPhone; CPU iPhone OS 18_7_5 like Mac OS X) AppleWebKit/605.1.15 (KHTML, like Gecko) Mobile/15E148 Version/18.7.5 YJApp-IOS jp.co.yahoo.ipn.appli/4.172.0"
106.128.106.38 - - [24/Sep/2026:04:28:21 +0300] "GET /wp-content/uploads/2021/07/background-rooms.jpg HTTP/2.0" 200 17688 "https://princessmare.com.gr/?sale/search/detail/?ITMCODE=p8e3c3t9o4r5i2l2o5q6u0y" "Mozilla/5.0 (iPhone; CPU iPhone OS 18_7_5 like Mac OS X) AppleWebKit/605.1.15 (KHTML, like Gecko) Mobile/15E148 Version/18.7.5 YJApp-IOS jp.co.yahoo.ipn.appli/4.172.0"
106.128.106.38 - - [24/Sep/2026:04:28:21 +0300] "GET /wp-content/uploads/2021/07/transport.png HTTP/2.0" 200 3652 "https://princessmare.com.gr/?sale/search/detail/?ITMCODE=p8e3c3t9o4r5i2l2o5q6u0y" "Mozilla/5.0 (iPhone; CPU iPhone OS 18_7_5 like Mac OS X) AppleWebKit/605.1.15 (KHTML, like Gecko) Mobile/15E148 Version/18.7.5 YJApp-IOS jp.co.yahoo.ipn.appli/4.172.0"
106.128.106.38 - - [24/Sep/2026:04:28:21 +0300] "GET /wp-content/uploads/2021/07/rent-a-car-bg-new.jpg HTTP/2.0" 200 110796 "https://princessmare.com.gr/?sale/search/detail/?ITMCODE=p8e3c3t9o4r5i2l2o5q6u0y" "Mozilla/5.0 (iPhone; CPU iPhone OS 18_7_5 like Mac OS X) AppleWebKit/605.1.15 (KHTML, like Gecko) Mobile/15E148 Version/18.7.5 YJApp-IOS jp.co.yahoo.ipn.appli/4.172.0"
106.128.106.38 - - [24/Sep/2026:04:28:21 +0300] "GET /wp-content/uploads/2021/07/cleaning.png HTTP/2.0" 200 2129 "https://princessmare.com.gr/?sale/search/detail/?ITMCODE=p8e3c3t9o4r5i2l2o5q6u0y" "Mozilla/5.0 (iPhone; CPU iPhone OS 18_7_5 like Mac OS X) AppleWebKit/605.1.15 (KHTML, like Gecko) Mobile/15E148 Version/18.7.5 YJApp-IOS jp.co.yahoo.ipn.appli/4.172.0"
106.128.106.38 - - [24/Sep/2026:04:28:21 +0300] "GET /wp-content/uploads/2021/07/logo-colored.png HTTP/1.1" 200 5150 "https://princessmare.com.gr/?sale/search/detail/?ITMCODE=p8e3c3t9o4r5i2l2o5q6u0y" "Mozilla/5.0 (iPhone; CPU iPhone OS 18_7_5 like Mac OS X) AppleWebKit/605.1.15 (KHTML, like Gecko) Mobile/15E148 Version/18.7.5 YJApp-IOS jp.co.yahoo.ipn.appli/4.172.0"
106.128.106.38 - - [24/Sep/2026:04:28:21 +0300] "GET /wp-content/plugins/revslider/public/assets/assets/dummy.png HTTP/1.1" 200 5221 "https://princessmare.com.gr/?sale/search/detail/?ITMCODE=p8e3c3t9o4r5i2l2o5q6u0y" "Mozilla/5.0 (iPhone; CPU iPhone OS 18_7_5 like Mac OS X) AppleWebKit/605.1.15 (KHTML, like Gecko) Mobile/15E148 Version/18.7.5 YJApp-IOS jp.co.yahoo.ipn.appli/4.172.0"
106.128.106.38 - - [24/Sep/2026:04:28:21 +0300] "GET /wp-content/uploads/2021/07/wifi.png HTTP/1.1" 200 5142 "https://princessmare.com.gr/?sale/search/detail/?ITMCODE=p8e3c3t9o4r5i2l2o5q6u0y" "Mozilla/5.0 (iPhone; CPU iPhone OS 18_7_5 like Mac OS X) AppleWebKit/605.1.15 (KHTML, like Gecko) Mobile/15E148 Version/18.7.5 YJApp-IOS jp.co.yahoo.ipn.appli/4.172.0"
106.128.106.38 - - [24/Sep/2026:04:28:21 +0300] "GET /wp-content/uploads/2021/07/testimonials-bg.jpg HTTP/1.1" 200 5154 "https://princessmare.com.gr/?sale/search/detail/?ITMCODE=p8e3c3t9o4r5i2l2o5q6u0y" "Mozilla/5.0 (iPhone; CPU iPhone OS 18_7_5 like Mac OS X) AppleWebKit/605.1.15 (KHTML, like Gecko) Mobile/15E148 Version/18.7.5 YJApp-IOS jp.co.yahoo.ipn.appli/4.172.0"
106.128.106.38 - - [24/Sep/2026:04:28:21 +0300] "GET /wp-content/uploads/2021/07/beds.png HTTP/1.1" 200 5142 "https://princessmare.com.gr/?sale/search/detail/?ITMCODE=p8e3c3t9o4r5i2l2o5q6u0y" "Mozilla/5.0 (iPhone; CPU iPhone OS 18_7_5 like Mac OS X) AppleWebKit/605.1.15 (KHTML, like Gecko) Mobile/15E148 Version/18.7.5 YJApp-IOS jp.co.yahoo.ipn.appli/4.172.0"
106.128.106.38 - - [24/Sep/2026:04:28:21 +0300] "GET /wp-content/uploads/2021/07/naxos-map-outline.jpg HTTP/1.1" 200 5156 "https://princessmare.com.gr/?sale/search/detail/?ITMCODE=p8e3c3t9o4r5i2l2o5q6u0y" "Mozilla/5.0 (iPhone; CPU iPhone OS 18_7_5 like Mac OS X) AppleWebKit/605.1.15 (KHTML, like Gecko) Mobile/15E148 Version/18.7.5 YJApp-IOS jp.co.yahoo.ipn.appli/4.172.0"
106.128.106.38 - - [24/Sep/2026:04:28:21 +0300] "GET /wp-content/uploads/2021/07/background-rooms.jpg HTTP/1.1" 200 5155 "https://princessmare.com.gr/?sale/search/detail/?ITMCODE=p8e3c3t9o4r5i2l2o5q6u0y" "Mozilla/5.0 (iPhone; CPU iPhone OS 18_7_5 like Mac OS X) AppleWebKit/605.1.15 (KHTML, like Gecko) Mobile/15E148 Version/18.7.5 YJApp-IOS jp.co.yahoo.ipn.appli/4.172.0"
106.128.106.38 - - [24/Sep/2026:04:28:21 +0300] "GET /wp-content/uploads/2021/07/parking.png HTTP/1.1" 200 5145 "https://princessmare.com.gr/?sale/search/detail/?ITMCODE=p8e3c3t9o4r5i2l2o5q6u0y" "Mozilla/5.0 (iPhone; CPU iPhone OS 18_7_5 like Mac OS X) AppleWebKit/605.1.15 (KHTML, like Gecko) Mobile/15E148 Version/18.7.5 YJApp-IOS jp.co.yahoo.ipn.appli/4.172.0"
106.128.106.38 - - [24/Sep/2026:04:28:21 +0300] "GET /wp-content/uploads/2021/07/transport.png HTTP/1.1" 200 5147 "https://princessmare.com.gr/?sale/search/detail/?ITMCODE=p8e3c3t9o4r5i2l2o5q6u0y" "Mozilla/5.0 (iPhone; CPU iPhone OS 18_7_5 like Mac OS X) AppleWebKit/605.1.15 (KHTML, like Gecko) Mobile/15E148 Version/18.7.5 YJApp-IOS jp.co.yahoo.ipn.appli/4.172.0"
106.128.106.38 - - [24/Sep/2026:04:28:21 +0300] "GET /wp-content/uploads/2021/07/rent-a-car-bg-new.jpg HTTP/1.1" 200 5156 "https://princessmare.com.gr/?sale/search/detail/?ITMCODE=p8e3c3t9o4r5i2l2o5q6u0y" "Mozilla/5.0 (iPhone; CPU iPhone OS 18_7_5 like Mac OS X) AppleWebKit/605.1.15 (KHTML, like Gecko) Mobile/15E148 Version/18.7.5 YJApp-IOS jp.co.yahoo.ipn.appli/4.172.0"
106.128.106.38 - - [24/Sep/2026:04:28:21 +0300] "GET /wp-content/uploads/2021/07/instagram-static.png HTTP/1.1" 200 5665 "https://princessmare.com.gr/?sale/search/detail/?ITMCODE=p8e3c3t9o4r5i2l2o5q6u0y" "Mozilla/5.0 (iPhone; CPU iPhone OS 18_7_5 like Mac OS X) AppleWebKit/605.1.15 (KHTML, like Gecko) Mobile/15E148 Version/18.7.5 YJApp-IOS jp.co.yahoo.ipn.appli/4.172.0"
106.128.106.38 - - [24/Sep/2026:04:28:21 +0300] "GET /wp-content/uploads/2021/07/cleaning.png HTTP/1.1" 200 5146 "https://princessmare.com.gr/?sale/search/detail/?ITMCODE=p8e3c3t9o4r5i2l2o5q6u0y" "Mozilla/5.0 (iPhone; CPU iPhone OS 18_7_5 like Mac OS X) AppleWebKit/605.1.15 (KHTML, like Gecko) Mobile/15E148 Version/18.7.5 YJApp-IOS jp.co.yahoo.ipn.appli/4.172.0"
106.128.106.38 - - [24/Sep/2026:04:28:21 +0300] "GET /wp-content/uploads/2021/07/princessmare-header-banner.jpg HTTP/1.1" 200 5165 "https://princessmare.com.gr/?sale/search/detail/?ITMCODE=p8e3c3t9o4r5i2l2o5q6u0y" "Mozilla/5.0 (iPhone; CPU iPhone OS 18_7_5 like Mac OS X) AppleWebKit/605.1.15 (KHTML, like Gecko) Mobile/15E148 Version/18.7.5 YJApp-IOS jp.co.yahoo.ipn.appli/4.172.0"
106.128.106.38 - - [24/Sep/2026:04:28:21 +0300] "GET /wp-content/uploads/2021/07/facebook-static.png HTTP/1.1" 200 5603 "https://princessmare.com.gr/?sale/search/detail/?ITMCODE=p8e3c3t9o4r5i2l2o5q6u0y" "Mozilla/5.0 (iPhone; CPU iPhone OS 18_7_5 like Mac OS X) AppleWebKit/605.1.15 (KHTML, like Gecko) Mobile/15E148 Version/18.7.5 YJApp-IOS jp.co.yahoo.ipn.appli/4.172.0"
106.128.106.38 - - [24/Sep/2026:04:28:21 +0300] "GET /wp-content/uploads/2021/12/e-bannerespaE%CE%A4%CE%A0%CE%91120X60.jpg HTTP/1.1" 200 5164 "https://princessmare.com.gr/?sale/search/detail/?ITMCODE=p8e3c3t9o4r5i2l2o5q6u0y" "Mozilla/5.0 (iPhone; CPU iPhone OS 18_7_5 like Mac OS X) AppleWebKit/605.1.15 (KHTML, like Gecko) Mobile/15E148 Version/18.7.5 YJApp-IOS jp.co.yahoo.ipn.appli/4.172.0"
106.128.106.38 - - [24/Sep/2026:04:28:21 +0300] "GET /wp-content/uploads/2021/07/beach.png HTTP/1.1" 200 5143 "https://princessmare.com.gr/?sale/search/detail/?ITMCODE=p8e3c3t9o4r5i2l2o5q6u0y" "Mozilla/5.0 (iPhone; CPU iPhone OS 18_7_5 like Mac OS X) AppleWebKit/605.1.15 (KHTML, like Gecko) Mobile/15E148 Version/18.7.5 YJApp-IOS jp.co.yahoo.ipn.appli/4.172.0"
106.128.106.38 - - [24/Sep/2026:04:28:21 +0300] "GET /wp-content/uploads/2021/07/breakfast.png HTTP/1.1" 200 5147 "https://princessmare.com.gr/?sale/search/detail/?ITMCODE=p8e3c3t9o4r5i2l2o5q6u0y" "Mozilla/5.0 (iPhone; CPU iPhone OS 18_7_5 like Mac OS X) AppleWebKit/605.1.15 (KHTML, like Gecko) Mobile/15E148 Version/18.7.5 YJApp-IOS jp.co.yahoo.ipn.appli/4.172.0"
106.128.106.38 - - [24/Sep/2026:04:28:21 +0300] "GET /wp-content/uploads/2022/03/e-bannerespaE%CE%A4%CE%A0%CE%91460X60.jpg HTTP/1.1" 200 5164 "https://princessmare.com.gr/?sale/search/detail/?ITMCODE=p8e3c3t9o4r5i2l2o5q6u0y" "Mozilla/5.0 (iPhone; CPU iPhone OS 18_7_5 like Mac OS X) AppleWebKit/605.1.15 (KHTML, like Gecko) Mobile/15E148 Version/18.7.5 YJApp-IOS jp.co.yahoo.ipn.appli/4.172.0"
106.128.106.38 - - [24/Sep/2026:04:28:21 +0300] "GET /wp-content/uploads/2021/07/rent-a-car.png HTTP/1.1" 200 5148 "https://princessmare.com.gr/?sale/search/detail/?ITMCODE=p8e3c3t9o4r5i2l2o5q6u0y" "Mozilla/5.0 (iPhone; CPU iPhone OS 18_7_5 like Mac OS X) AppleWebKit/605.1.15 (KHTML, like Gecko) Mobile/15E148 Version/18.7.5 YJApp-IOS jp.co.yahoo.ipn.appli/4.172.0"
52.167.144.221 - - [24/Sep/2026:04:28:21 +0300] "GET /?sale/search/detail/?ITMCODE=p0y1r5o9t0h4o6n6i0d6e6 HTTP/1.1" 200 30038 "-" "Mozilla/5.0 AppleWebKit/537.36 (KHTML, like Gecko; compatible; bingbot/2.0; +http://www.bing.com/bingbot.htm) Chrome/116.0.1938.76 Safari/537.36"
52.167.144.221 - - [24/Sep/2026:04:28:22 +0300] "GET /?sale/search/detail/?ITMCODE=p7t3e0r1y3l9o6g1r5a8p1hy HTTP/1.1" 200 30040 "-" "Mozilla/5.0 AppleWebKit/537.36 (KHTML, like Gecko; compatible; bingbot/2.0; +http://www.bing.com/bingbot.htm) Chrome/116.0.1938.76 Safari/537.36"
66.249.66.32 - - [24/Sep/2026:04:28:23 +0300] "GET /?sale/search/detail/?ITMCODE=b1a6t1t9i4n5g7971 HTTP/1.1" 200 30034 "-" "Mozilla/5.0 (Linux; Android 6.0.1; Nexus 5X Build/MMB29P) AppleWebKit/537.36 (KHTML, like Gecko) Chrome/153.0.8010.52 Mobile Safari/537.36 (compatible; Googlebot/2.1; +http://www.google.com/bot.html)"
106.128.106.38 - - [24/Sep/2026:04:28:23 +0300] "GET /wp-content/uploads/2021/07/princessmare-header-banner.jpg HTTP/2.0" 200 205375 "https://princessmare.com.gr/?sale/search/detail/?ITMCODE=p8e3c3t9o4r5i2l2o5q6u0y" "Mozilla/5.0 (iPhone; CPU iPhone OS 18_7_5 like Mac OS X) AppleWebKit/605.1.15 (KHTML, like Gecko) Mobile/15E148 Version/18.7.5 YJApp-IOS jp.co.yahoo.ipn.appli/4.172.0"
106.128.106.38 - - [24/Sep/2026:04:28:23 +0300] "GET /wp-content/uploads/2021/12/e-bannerespaE%CE%A4%CE%A0%CE%91120X60.jpg HTTP/2.0" 200 25966 "https://princessmare.com.gr/?sale/search/detail/?ITMCODE=p8e3c3t9o4r5i2l2o5q6u0y" "Mozilla/5.0 (iPhone; CPU iPhone OS 18_7_5 like Mac OS X) AppleWebKit/605.1.15 (KHTML, like Gecko) Mobile/15E148 Version/18.7.5 YJApp-IOS jp.co.yahoo.ipn.appli/4.172.0"
106.128.106.38 - - [24/Sep/2026:04:28:23 +0300] "GET /wp-content/uploads/2021/07/beach.png HTTP/2.0" 200 2001 "https://princessmare.com.gr/?sale/search/detail/?ITMCODE=p8e3c3t9o4r5i2l2o5q6u0y" "Mozilla/5.0 (iPhone; CPU iPhone OS 18_7_5 like Mac OS X) AppleWebKit/605.1.15 (KHTML, like Gecko) Mobile/15E148 Version/18.7.5 YJApp-IOS jp.co.yahoo.ipn.appli/4.172.0"
106.128.106.38 - - [24/Sep/2026:04:28:23 +0300] "GET /wp-content/uploads/2021/07/breakfast.png HTTP/2.0" 200 2111 "https://princessmare.com.gr/?sale/search/detail/?ITMCODE=p8e3c3t9o4r5i2l2o5q6u0y" "Mozilla/5.0 (iPhone; CPU iPhone OS 18_7_5 like Mac OS X) AppleWebKit/605.1.15 (KHTML, like Gecko) Mobile/15E148 Version/18.7.5 YJApp-IOS jp.co.yahoo.ipn.appli/4.172.0"
106.128.106.38 - - [24/Sep/2026:04:28:23 +0300] "GET /wp-content/uploads/2022/03/e-bannerespaE%CE%A4%CE%A0%CE%91460X60.jpg HTTP/2.0" 200 60978 "https://princessmare.com.gr/?sale/search/detail/?ITMCODE=p8e3c3t9o4r5i2l2o5q6u0y" "Mozilla/5.0 (iPhone; CPU iPhone OS 18_7_5 like Mac OS X) AppleWebKit/605.1.15 (KHTML, like Gecko) Mobile/15E148 Version/18.7.5 YJApp-IOS jp.co.yahoo.ipn.appli/4.172.0"
106.128.106.38 - - [24/Sep/2026:04:28:23 +0300] "GET /wp-content/uploads/2021/07/rent-a-car.png HTTP/2.0" 200 2283 "https://princessmare.com.gr/?sale/search/detail/?ITMCODE=p8e3c3t9o4r5i2l2o5q6u0y" "Mozilla/5.0 (iPhone; CPU iPhone OS 18_7_5 like Mac OS X) AppleWebKit/605.1.15 (KHTML, like Gecko) Mobile/15E148 Version/18.7.5 YJApp-IOS jp.co.yahoo.ipn.appli/4.172.0"
66.249.66.32 - - [24/Sep/2026:04:28:25 +0300] "GET /wp-content/themes/dt-the7/lib/custom-scrollbar/custom-scrollbar.min.js?ver=9.14.1 HTTP/1.1" 200 11395 "https://princessmare.com.gr/?sale/search/detail/?ITMCODE=o4r7t0h4o1d9o2n1t9i3cs" "Mozilla/5.0 (Linux; Android 6.0.1; Nexus 5X Build/MMB29P) AppleWebKit/537.36 (KHTML, like Gecko) Chrome/153.0.8010.52 Mobile Safari/537.36 (compatible; Googlebot/2.1; +http://www.google.com/bot.html)"
66.249.66.32 - - [24/Sep/2026:04:28:25 +0300] "GET /wp-content/themes/dt-the7/lib/custom-scrollbar/custom-scrollbar.min.js?ver=9.14.1 HTTP/1.1" 200 5190 "https://princessmare.com.gr/?sale/search/detail/?ITMCODE=o4r7t0h4o1d9o2n1t9i3cs" "Mozilla/5.0 (Linux; Android 6.0.1; Nexus 5X Build/MMB29P) AppleWebKit/537.36 (KHTML, like Gecko) Chrome/153.0.8010.52 Mobile Safari/537.36 (compatible; Googlebot/2.1; +http://www.google.com/bot.html)"
52.167.144.232 - - [24/Sep/2026:04:28:26 +0300] "GET /?sale/search/detail/?ITMCODE=r0e1p4r0o4d6u2c8t4o3r2y HTTP/1.1" 200 30038 "-" "Mozilla/5.0 AppleWebKit/537.36 (KHTML, like Gecko; compatible; bingbot/2.0; +http://www.bing.com/bingbot.htm) Chrome/116.0.1938.76 Safari/537.36"
66.249.66.32 - - [24/Sep/2026:04:28:27 +0300] "GET /?sale/search/detail/?ITMCODE=a3m2o8r2e2t3t2e370 HTTP/1.1" 200 30034 "-" "Mozilla/5.0 (Linux; Android 6.0.1; Nexus 5X Build/MMB29P) AppleWebKit/537.36 (KHTML, like Gecko) Chrome/153.0.8010.52 Mobile Safari/537.36 (compatible; Googlebot/2.1; +http://www.google.com/bot.html)"
52.167.144.232 - - [24/Sep/2026:04:28:27 +0300] "GET /?sale/search/detail/?ITMCODE=g0e2l0e9c0h4i6i6d808 HTTP/1.1" 200 30037 "-" "Mozilla/5.0 AppleWebKit/537.36 (KHTML, like Gecko; compatible; bingbot/2.0; +http://www.bing.com/bingbot.htm) Chrome/116.0.1938.76 Safari/537.36"
106.128.106.38 - - [24/Sep/2026:04:28:30 +0300] "GET /wp-content/uploads/2021/07/naxos-collage.jpg HTTP/1.1" 200 5152 "https://princessmare.com.gr/?sale/search/detail/?ITMCODE=p8e3c3t9o4r5i2l2o5q6u0y" "Mozilla/5.0 (iPhone; CPU iPhone OS 18_7_5 like Mac OS X) AppleWebKit/605.1.15 (KHTML, like Gecko) Mobile/15E148 Version/18.7.5 YJApp-IOS jp.co.yahoo.ipn.appli/4.172.0"
106.128.106.38 - - [24/Sep/2026:04:28:30 +0300] "GET /wp-content/uploads/2021/07/naxos-collage.jpg HTTP/2.0" 200 66227 "https://princessmare.com.gr/?sale/search/detail/?ITMCODE=p8e3c3t9o4r5i2l2o5q6u0y" "Mozilla/5.0 (iPhone; CPU iPhone OS 18_7_5 like Mac OS X) AppleWebKit/605.1.15 (KHTML, like Gecko) Mobile/15E148 Version/18.7.5 YJApp-IOS jp.co.yahoo.ipn.appli/4.172.0"
106.128.106.38 - - [24/Sep/2026:04:28:31 +0300] "GET /wp-content/uploads/2021/07/free-wifi.png HTTP/2.0" 200 1668 "https://princessmare.com.gr/?sale/search/detail/?ITMCODE=p8e3c3t9o4r5i2l2o5q6u0y" "Mozilla/5.0 (iPhone; CPU iPhone OS 18_7_5 like Mac OS X) AppleWebKit/605.1.15 (KHTML, like Gecko) Mobile/15E148 Version/18.7.5 YJApp-IOS jp.co.yahoo.ipn.appli/4.172.0"
106.128.106.38 - - [24/Sep/2026:04:28:31 +0300] "GET /wp-content/uploads/2021/07/coffee-machine.png HTTP/2.0" 200 1053 "https://princessmare.com.gr/?sale/search/detail/?ITMCODE=p8e3c3t9o4r5i2l2o5q6u0y" "Mozilla/5.0 (iPhone; CPU iPhone OS 18_7_5 like Mac OS X) AppleWebKit/605.1.15 (KHTML, like Gecko) Mobile/15E148 Version/18.7.5 YJApp-IOS jp.co.yahoo.ipn.appli/4.172.0"
106.128.106.38 - - [24/Sep/2026:04:28:31 +0300] "GET /wp-content/uploads/2021/07/soap.png HTTP/2.0" 200 1547 "https://princessmare.com.gr/?sale/search/detail/?ITMCODE=p8e3c3t9o4r5i2l2o5q6u0y" "Mozilla/5.0 (iPhone; CPU iPhone OS 18_7_5 like Mac OS X) AppleWebKit/605.1.15 (KHTML, like Gecko) Mobile/15E148 Version/18.7.5 YJApp-IOS jp.co.yahoo.ipn.appli/4.172.0"
106.128.106.38 - - [24/Sep/2026:04:28:31 +0300] "GET /wp-content/uploads/2021/07/air-condition.png HTTP/1.1" 200 5869 "https://princessmare.com.gr/?sale/search/detail/?ITMCODE=p8e3c3t9o4r5i2l2o5q6u0y" "Mozilla/5.0 (iPhone; CPU iPhone OS 18_7_5 like Mac OS X) AppleWebKit/605.1.15 (KHTML, like Gecko) Mobile/15E148 Version/18.7.5 YJApp-IOS jp.co.yahoo.ipn.appli/4.172.0"
106.128.106.38 - - [24/Sep/2026:04:28:31 +0300] "GET /wp-content/uploads/2021/07/free-wifi.png HTTP/1.1" 200 5147 "https://princessmare.com.gr/?sale/search/detail/?ITMCODE=p8e3c3t9o4r5i2l2o5q6u0y" "Mozilla/5.0 (iPhone; CPU iPhone OS 18_7_5 like Mac OS X) AppleWebKit/605.1.15 (KHTML, like Gecko) Mobile/15E148 Version/18.7.5 YJApp-IOS jp.co.yahoo.ipn.appli/4.172.0"
106.128.106.38 - - [24/Sep/2026:04:28:31 +0300] "GET /wp-content/uploads/2021/07/fridge.png HTTP/1.1" 200 5700 "https://princessmare.com.gr/?sale/search/detail/?ITMCODE=p8e3c3t9o4r5i2l2o5q6u0y" "Mozilla/5.0 (iPhone; CPU iPhone OS 18_7_5 like Mac OS X) AppleWebKit/605.1.15 (KHTML, like Gecko) Mobile/15E148 Version/18.7.5 YJApp-IOS jp.co.yahoo.ipn.appli/4.172.0"
106.128.106.38 - - [24/Sep/2026:04:28:31 +0300] "GET /wp-content/uploads/2021/07/coffee-machine.png HTTP/1.1" 200 5152 "https://princessmare.com.gr/?sale/search/detail/?ITMCODE=p8e3c3t9o4r5i2l2o5q6u0y" "Mozilla/5.0 (iPhone; CPU iPhone OS 18_7_5 like Mac OS X) AppleWebKit/605.1.15 (KHTML, like Gecko) Mobile/15E148 Version/18.7.5 YJApp-IOS jp.co.yahoo.ipn.appli/4.172.0"
106.128.106.38 - - [24/Sep/2026:04:28:31 +0300] "GET /wp-content/uploads/2021/07/television.png HTTP/1.1" 200 6151 "https://princessmare.com.gr/?sale/search/detail/?ITMCODE=p8e3c3t9o4r5i2l2o5q6u0y" "Mozilla/5.0 (iPhone; CPU iPhone OS 18_7_5 like Mac OS X) AppleWebKit/605.1.15 (KHTML, like Gecko) Mobile/15E148 Version/18.7.5 YJApp-IOS jp.co.yahoo.ipn.appli/4.172.0"
106.128.106.38 - - [24/Sep/2026:04:28:31 +0300] "GET /wp-content/uploads/2021/07/safebox.png HTTP/1.1" 200 6163 "https://princessmare.com.gr/?sale/search/detail/?ITMCODE=p8e3c3t9o4r5i2l2o5q6u0y" "Mozilla/5.0 (iPhone; CPU iPhone OS 18_7_5 like Mac OS X) AppleWebKit/605.1.15 (KHTML, like Gecko) Mobile/15E148 Version/18.7.5 YJApp-IOS jp.co.yahoo.ipn.appli/4.172.0"
106.128.106.38 - - [24/Sep/2026:04:28:31 +0300] "GET /wp-content/uploads/2021/07/soap.png HTTP/1.1" 200 5142 "https://princessmare.com.gr/?sale/search/detail/?ITMCODE=p8e3c3t9o4r5i2l2o5q6u0y" "Mozilla/5.0 (iPhone; CPU iPhone OS 18_7_5 like Mac OS X) AppleWebKit/605.1.15 (KHTML, like Gecko) Mobile/15E148 Version/18.7.5 YJApp-IOS jp.co.yahoo.ipn.appli/4.172.0"
106.128.106.38 - - [24/Sep/2026:04:28:31 +0300] "GET /wp-content/uploads/2021/07/terrace.png HTTP/1.1" 200 6124 "https://princessmare.com.gr/?sale/search/detail/?ITMCODE=p8e3c3t9o4r5i2l2o5q6u0y" "Mozilla/5.0 (iPhone; CPU iPhone OS 18_7_5 like Mac OS X) AppleWebKit/605.1.15 (KHTML, like Gecko) Mobile/15E148 Version/18.7.5 YJApp-IOS jp.co.yahoo.ipn.appli/4.172.0"
52.167.144.168 - - [24/Sep/2026:04:28:32 +0300] "GET /?sale/search/detail/?ITMCODE=i0n2d8i3s9c9e7r5p4t4i4bility HTTP/1.1" 200 30041 "-" "Mozilla/5.0 AppleWebKit/537.36 (KHTML, like Gecko; compatible; bingbot/2.0; +http://www.bing.com/bingbot.htm) Chrome/116.0.1938.76 Safari/537.36"
66.249.66.32 - - [24/Sep/2026:04:28:32 +0300] "GET /?sale/search/detail/?ITMCODE=d4e3f3e6r8m4e2n7t371 HTTP/1.1" 200 30036 "-" "Mozilla/5.0 (Linux; Android 6.0.1; Nexus 5X Build/MMB29P) AppleWebKit/537.36 (KHTML, like Gecko) Chrome/153.0.8010.52 Mobile Safari/537.36 (compatible; Googlebot/2.1; +http://www.google.com/bot.html)"
106.128.106.38 - - [24/Sep/2026:04:28:32 +0300] "GET /wp-content/uploads/2021/07/princessmare-image-6-799x628.jpg HTTP/1.1" 200 5167 "https://princessmare.com.gr/?sale/search/detail/?ITMCODE=p8e3c3t9o4r5i2l2o5q6u0y" "Mozilla/5.0 (iPhone; CPU iPhone OS 18_7_5 like Mac OS X) AppleWebKit/605.1.15 (KHTML, like Gecko) Mobile/15E148 Version/18.7.5 YJApp-IOS jp.co.yahoo.ipn.appli/4.172.0"
52.167.144.168 - - [24/Sep/2026:04:28:32 +0300] "GET /?sale/search/detail/?ITMCODE=i1n1v1o2l3u6c2r4u6m84 HTTP/1.1" 200 30038 "-" "Mozilla/5.0 AppleWebKit/537.36 (KHTML, like Gecko; compatible; bingbot/2.0; +http://www.bing.com/bingbot.htm) Chrome/116.0.1938.76 Safari/537.36"
106.128.106.38 - - [24/Sep/2026:04:28:32 +0300] "GET /wp-content/uploads/2021/07/princessmare-image-6-799x628.jpg HTTP/2.0" 200 52317 "https://princessmare.com.gr/?sale/search/detail/?ITMCODE=p8e3c3t9o4r5i2l2o5q6u0y" "Mozilla/5.0 (iPhone; CPU iPhone OS 18_7_5 like Mac OS X) AppleWebKit/605.1.15 (KHTML, like Gecko) Mobile/15E148 Version/18.7.5 YJApp-IOS jp.co.yahoo.ipn.appli/4.172.0"
106.128.106.38 - - [24/Sep/2026:04:28:34 +0300] "GET /wp-content/uploads/2021/07/princessmare-image-29-799x628.jpg HTTP/2.0" 200 51142 "https://princessmare.com.gr/?sale/search/detail/?ITMCODE=p8e3c3t9o4r5i2l2o5q6u0y" "Mozilla/5.0 (iPhone; CPU iPhone OS 18_7_5 like Mac OS X) AppleWebKit/605.1.15 (KHTML, like Gecko) Mobile/15E148 Version/18.7.5 YJApp-IOS jp.co.yahoo.ipn.appli/4.172.0"
106.128.106.38 - - [24/Sep/2026:04:28:34 +0300] "GET /wp-content/uploads/2021/07/princessmare-image-8-799x628.jpg HTTP/2.0" 200 64916 "https://princessmare.com.gr/?sale/search/detail/?ITMCODE=p8e3c3t9o4r5i2l2o5q6u0y" "Mozilla/5.0 (iPhone; CPU iPhone OS 18_7_5 like Mac OS X) AppleWebKit/605.1.15 (KHTML, like Gecko) Mobile/15E148 Version/18.7.5 YJApp-IOS jp.co.yahoo.ipn.appli/4.172.0"
106.128.106.38 - - [24/Sep/2026:04:28:34 +0300] "GET /wp-content/uploads/2021/07/princessmare-image-29-799x628.jpg HTTP/1.1" 200 5168 "https://princessmare.com.gr/?sale/search/detail/?ITMCODE=p8e3c3t9o4r5i2l2o5q6u0y" "Mozilla/5.0 (iPhone; CPU iPhone OS 18_7_5 like Mac OS X) AppleWebKit/605.1.15 (KHTML, like Gecko) Mobile/15E148 Version/18.7.5 YJApp-IOS jp.co.yahoo.ipn.appli/4.172.0"
106.128.106.38 - - [24/Sep/2026:04:28:34 +0300] "GET /wp-content/uploads/2021/07/princessmare-image-8-799x628.jpg HTTP/1.1" 200 5167 "https://princessmare.com.gr/?sale/search/detail/?ITMCODE=p8e3c3t9o4r5i2l2o5q6u0y" "Mozilla/5.0 (iPhone; CPU iPhone OS 18_7_5 like Mac OS X) AppleWebKit/605.1.15 (KHTML, like Gecko) Mobile/15E148 Version/18.7.5 YJApp-IOS jp.co.yahoo.ipn.appli/4.172.0"
52.167.144.168 - - [24/Sep/2026:04:28:33 +0300] "GET /?sale/search/detail/?ITMCODE=r9u1f4f6i5a5n8a6g4e38 HTTP/1.1" 200 30036 "-" "Mozilla/5.0 AppleWebKit/537.36 (KHTML, like Gecko; compatible; bingbot/2.0; +http://www.bing.com/bingbot.htm) Chrome/116.0.1938.76 Safari/537.36"
106.128.106.38 - - [24/Sep/2026:04:28:35 +0300] "GET /wp-content/uploads/2021/07/booking-logo.jpg HTTP/1.1" 200 5998 "https://princessmare.com.gr/?sale/search/detail/?ITMCODE=p8e3c3t9o4r5i2l2o5q6u0y" "Mozilla/5.0 (iPhone; CPU iPhone OS 18_7_5 like Mac OS X) AppleWebKit/605.1.15 (KHTML, like Gecko) Mobile/15E148 Version/18.7.5 YJApp-IOS jp.co.yahoo.ipn.appli/4.172.0"
52.167.144.168 - - [24/Sep/2026:04:28:34 +0300] "GET /?sale/search/detail/?ITMCODE=b6u3n8n8y2476729 HTTP/1.1" 200 30033 "-" "Mozilla/5.0 AppleWebKit/537.36 (KHTML, like Gecko; compatible; bingbot/2.0; +http://www.bing.com/bingbot.htm) Chrome/116.0.1938.76 Safari/537.36"
52.167.144.168 - - [24/Sep/2026:04:28:35 +0300] "GET /?sale/search/detail/?ITMCODE=c1o2n6v2a4l6l6a9r9i7a5 HTTP/1.1" 200 30037 "-" "Mozilla/5.0 AppleWebKit/537.36 (KHTML, like Gecko; compatible; bingbot/2.0; +http://www.bing.com/bingbot.htm) Chrome/116.0.1938.76 Safari/537.36"
52.167.144.168 - - [24/Sep/2026:04:28:36 +0300] "GET /?sale/search/detail/?ITMCODE=g4a4l1l9i3a1m6b0i3c86 HTTP/1.1" 200 30036 "-" "Mozilla/5.0 AppleWebKit/537.36 (KHTML, like Gecko; compatible; bingbot/2.0; +http://www.bing.com/bingbot.htm) Chrome/116.0.1938.76 Safari/537.36"
52.167.144.232 - - [24/Sep/2026:04:28:37 +0300] "GET /?sale/search/detail/?ITMCODE=d4u2m8p3e5r360623 HTTP/1.1" 200 30033 "-" "Mozilla/5.0 AppleWebKit/537.36 (KHTML, like Gecko; compatible; bingbot/2.0; +http://www.bing.com/bingbot.htm) Chrome/116.0.1938.76 Safari/537.36"
52.167.144.168 - - [24/Sep/2026:04:28:38 +0300] "GET /?sale/search/detail/?ITMCODE=p4r1o2m3i3s6c8u2i4t4y7 HTTP/1.1" 200 30038 "-" "Mozilla/5.0 AppleWebKit/537.36 (KHTML, like Gecko; compatible; bingbot/2.0; +http://www.bing.com/bingbot.htm) Chrome/116.0.1938.76 Safari/537.36"
66.249.66.32 - - [24/Sep/2026:04:28:38 +0300] "GET /?sale/search/detail/?ITMCODE=m8o1n0o3d2e1l5p4h872 HTTP/1.1" 200 30037 "-" "Mozilla/5.0 (Linux; Android 6.0.1; Nexus 5X Build/MMB29P) AppleWebKit/537.36 (KHTML, like Gecko) Chrome/153.0.8010.52 Mobile Safari/537.36 (compatible; Googlebot/2.1; +http://www.google.com/bot.html)"
52.167.144.221 - - [24/Sep/2026:04:28:39 +0300] "GET /?sale/search/detail/?ITMCODE=i9m1p9e8r6t9r6a4n6s8i4ble HTTP/1.1" 200 30041 "-" "Mozilla/5.0 AppleWebKit/537.36 (KHTML, like Gecko; compatible; bingbot/2.0; +http://www.bing.com/bingbot.htm) Chrome/116.0.1938.76 Safari/537.36"
52.167.144.221 - - [24/Sep/2026:04:28:40 +0300] "GET /?sale/search/detail/?ITMCODE=i1m2m9e0d4i0a6t3e1n9e4ss HTTP/1.1" 200 30039 "-" "Mozilla/5.0 AppleWebKit/537.36 (KHTML, like Gecko; compatible; bingbot/2.0; +http://www.bing.com/bingbot.htm) Chrome/116.0.1938.76 Safari/537.36"
66.249.66.32 - - [24/Sep/2026:04:28:40 +0300] "GET /?sale/search/detail/?ITMCODE=d7u1r1e6l1e3s4s4275 HTTP/1.1" 200 30035 "-" "Mozilla/5.0 (Linux; Android 6.0.1; Nexus 5X Build/MMB29P) AppleWebKit/537.36 (KHTML, like Gecko) Chrome/153.0.8010.52 Mobile Safari/537.36 (compatible; Googlebot/2.1; +http://www.google.com/bot.html)"
52.167.144.221 - - [24/Sep/2026:04:28:41 +0300] "GET /?sale/search/detail/?ITMCODE=u8n4d0i9s0t0i8n5g3u9i4shed HTTP/1.1" 200 30041 "-" "Mozilla/5.0 AppleWebKit/537.36 (KHTML, like Gecko; compatible; bingbot/2.0; +http://www.bing.com/bingbot.htm) Chrome/116.0.1938.76 Safari/537.36"
52.167.144.221 - - [24/Sep/2026:04:28:42 +0300] "GET /?sale/search/detail/?ITMCODE=b8r4e1e7c6h5b4l0o5c5k0 HTTP/1.1" 200 30038 "-" "Mozilla/5.0 AppleWebKit/537.36 (KHTML, like Gecko; compatible; bingbot/2.0; +http://www.bing.com/bingbot.htm) Chrome/116.0.1938.76 Safari/537.36"
66.249.66.32 - - [24/Sep/2026:04:28:44 +0300] "GET /?sale/search/detail/?ITMCODE=e1x3s3i6c4c4a5t6i6n1g7 HTTP/1.1" 200 30039 "-" "Mozilla/5.0 (Linux; Android 6.0.1; Nexus 5X Build/MMB29P) AppleWebKit/537.36 (KHTML, like Gecko) Chrome/153.0.8010.52 Mobile Safari/537.36 (compatible; Googlebot/2.1; +http://www.google.com/bot.html)"
52.167.144.232 - - [24/Sep/2026:04:28:46 +0300] "GET /?sale/search/detail/?ITMCODE=a7n2t4h6r4o0p0o3g0e7n3y HTTP/1.1" 200 30040 "-" "Mozilla/5.0 AppleWebKit/537.36 (KHTML, like Gecko; compatible; bingbot/2.0; +http://www.bing.com/bingbot.htm) Chrome/116.0.1938.76 Safari/537.36"
52.167.144.232 - - [24/Sep/2026:04:28:47 +0300] "GET /?sale/search/detail/?ITMCODE=n6e3c0r9o6p8h5a8g6a69 HTTP/1.1" 200 30038 "-" "Mozilla/5.0 AppleWebKit/537.36 (KHTML, like Gecko; compatible; bingbot/2.0; +http://www.bing.com/bingbot.htm) Chrome/116.0.1938.76 Safari/537.36"
66.249.66.32 - - [24/Sep/2026:04:28:47 +0300] "GET /?sale/search/detail/?ITMCODE=l6a2b5i4l7e984334 HTTP/1.1" 200 30034 "-" "Mozilla/5.0 (Linux; Android 6.0.1; Nexus 5X Build/MMB29P) AppleWebKit/537.36 (KHTML, like Gecko) Chrome/153.0.8010.52 Mobile Safari/537.36 (compatible; Googlebot/2.1; +http://www.google.com/bot.html)"
52.167.144.232 - - [24/Sep/2026:04:28:47 +0300] "GET /?sale/search/detail/?ITMCODE=r6h2y0n0c6h1o4c3o2e1l8ous HTTP/1.1" 200 30041 "-" "Mozilla/5.0 AppleWebKit/537.36 (KHTML, like Gecko; compatible; bingbot/2.0; +http://www.bing.com/bingbot.htm) Chrome/116.0.1938.76 Safari/537.36"
52.167.144.232 - - [24/Sep/2026:04:28:49 +0300] "GET /?sale/search/detail/?ITMCODE=w8h1e2r7e7w9i6t5h476 HTTP/1.1" 200 30036 "-" "Mozilla/5.0 AppleWebKit/537.36 (KHTML, like Gecko; compatible; bingbot/2.0; +http://www.bing.com/bingbot.htm) Chrome/116.0.1938.76 Safari/537.36"
52.167.144.232 - - [24/Sep/2026:04:28:50 +0300] "GET /?sale/search/detail/?ITMCODE=i9n3f9e5o6d6a4t7i5o2n2 HTTP/1.1" 200 30038 "-" "Mozilla/5.0 AppleWebKit/537.36 (KHTML, like Gecko; compatible; bingbot/2.0; +http://www.bing.com/bingbot.htm) Chrome/116.0.1938.76 Safari/537.36"
52.167.144.221 - - [24/Sep/2026:04:28:50 +0300] "GET /?sale/search/detail/?ITMCODE=u7n3b2o3r5r5o0w5e4d55 HTTP/1.1" 200 30036 "-" "Mozilla/5.0 AppleWebKit/537.36 (KHTML, like Gecko; compatible; bingbot/2.0; +http://www.bing.com/bingbot.htm) Chrome/116.0.1938.76 Safari/537.36"
52.167.144.221 - - [24/Sep/2026:04:28:51 +0300] "GET /?sale/search/detail/?ITMCODE=i8m1p1o8l2i7t2i8c1n8e0ss HTTP/1.1" 200 30059 "-" "Mozilla/5.0 AppleWebKit/537.36 (KHTML, like Gecko; compatible; bingbot/2.0; +http://www.bing.com/bingbot.htm) Chrome/116.0.1938.76 Safari/537.36"
52.167.144.221 - - [24/Sep/2026:04:28:53 +0300] "GET /?sale/search/detail/?ITMCODE=t1r3a0v2a6i9l6o6u1s7l8y HTTP/1.1" 200 30039 "-" "Mozilla/5.0 AppleWebKit/537.36 (KHTML, like Gecko; compatible; bingbot/2.0; +http://www.bing.com/bingbot.htm) Chrome/116.0.1938.76 Safari/537.36"
66.249.66.32 - - [24/Sep/2026:04:28:53 +0300] "GET /?sale/search/detail/?ITMCODE=t5r4a2j9e3t823157 HTTP/1.1" 200 30036 "-" "Mozilla/5.0 (Linux; Android 6.0.1; Nexus 5X Build/MMB29P) AppleWebKit/537.36 (KHTML, like Gecko) Chrome/153.0.8010.52 Mobile Safari/537.36 (compatible; Googlebot/2.1; +http://www.google.com/bot.html)"
52.167.144.221 - - [24/Sep/2026:04:28:54 +0300] "GET /?sale/search/detail/?ITMCODE=i5r3r3e9c0o6n0c3i0l6a4bility HTTP/1.1" 200 30040 "-" "Mozilla/5.0 AppleWebKit/537.36 (KHTML, like Gecko; compatible; bingbot/2.0; +http://www.bing.com/bingbot.htm) Chrome/116.0.1938.76 Safari/537.36"
52.167.144.232 - - [24/Sep/2026:04:28:56 +0300] "GET /?sale/search/detail/?ITMCODE=e2p2i7c6y0c3l8e507 HTTP/1.1" 200 30035 "-" "Mozilla/5.0 AppleWebKit/537.36 (KHTML, like Gecko; compatible; bingbot/2.0; +http://www.bing.com/bingbot.htm) Chrome/116.0.1938.76 Safari/537.36"
66.249.66.32 - - [24/Sep/2026:04:28:56 +0300] "GET /?sale/search/detail/?ITMCODE=i1n2t4e0n4d0e2d8l7y02 HTTP/1.1" 200 30037 "-" "Mozilla/5.0 (Linux; Android 6.0.1; Nexus 5X Build/MMB29P) AppleWebKit/537.36 (KHTML, like Gecko) Chrome/153.0.8010.52 Mobile Safari/537.36 (compatible; Googlebot/2.1; +http://www.google.com/bot.html)"
66.249.66.32 - - [24/Sep/2026:04:28:57 +0300] "GET /?sale/search/detail/?ITMCODE=s0e8l4f6a4n5n9i6h8i9lated HTTP/1.1" 200 30039 "-" "Mozilla/5.0 (Linux; Android 6.0.1; Nexus 5X Build/MMB29P) AppleWebKit/537.36 (KHTML, like Gecko) Chrome/153.0.8010.52 Mobile Safari/537.36 (compatible; Googlebot/2.1; +http://www.google.com/bot.html)"
57.141.20.72 - - [24/Sep/2026:04:29:00 +0300] "GET /?sale/search/detail/?ITMCODE=h1a8r6m1i5n0e6510 HTTP/1.1" 200 30034 "-" "Mozilla/5.0 (Windows NT 10.0; Win64; x64) AppleWebKit/537.36 (KHTML, like Gecko) Chrome/145.0.0.0 Safari/537.36 (compatible; meta-externalagent/1.1 (+https://developers.facebook.com/docs/sharing/webmasters/crawler))"
52.167.144.168 - - [24/Sep/2026:04:29:01 +0300] "GET /?sale/search/detail/?ITMCODE=f5o2r6e0l4a4y1067 HTTP/1.1" 200 30033 "-" "Mozilla/5.0 AppleWebKit/537.36 (KHTML, like Gecko; compatible; bingbot/2.0; +http://www.bing.com/bingbot.htm) Chrome/116.0.1938.76 Safari/537.36"
66.249.66.34 - - [24/Sep/2026:04:29:02 +0300] "GET /?sale/search/detail/?ITMCODE=f7a2t7e0f9u9l91164 HTTP/1.1" 200 30034 "-" "Mozilla/5.0 (Linux; Android 6.0.1; Nexus 5X Build/MMB29P) AppleWebKit/537.36 (KHTML, like Gecko) Chrome/153.0.8010.52 Mobile Safari/537.36 (compatible; Googlebot/2.1; +http://www.google.com/bot.html)"
52.167.144.168 - - [24/Sep/2026:04:29:02 +0300] "GET /?sale/search/detail/?ITMCODE=z3a2b3u8c5a2j0o2059 HTTP/1.1" 200 30036 "-" "Mozilla/5.0 AppleWebKit/537.36 (KHTML, like Gecko; compatible; bingbot/2.0; +http://www.bing.com/bingbot.htm) Chrome/116.0.1938.76 Safari/537.36"
52.167.144.168 - - [24/Sep/2026:04:29:03 +0300] "GET /?sale/search/detail/?ITMCODE=d6i1s0c0e1r9n8i3b7l6e5 HTTP/1.1" 200 30038 "-" "Mozilla/5.0 AppleWebKit/537.36 (KHTML, like Gecko; compatible; bingbot/2.0; +http://www.bing.com/bingbot.htm) Chrome/116.0.1938.76 Safari/537.36"
52.167.144.168 - - [24/Sep/2026:04:29:04 +0300] "GET /?sale/search/detail/?ITMCODE=u9n5h1a6r3m0o1n3i8o9usly HTTP/1.1" 200 30040 "-" "Mozilla/5.0 AppleWebKit/537.36 (KHTML, like Gecko; compatible; bingbot/2.0; +http://www.bing.com/bingbot.htm) Chrome/116.0.1938.76 Safari/537.36"
52.167.144.168 - - [24/Sep/2026:04:29:04 +0300] "GET /?sale/search/detail/?ITMCODE=o7z1o1n7i6f0i2c5a2t7i4on HTTP/1.1" 200 30040 "-" "Mozilla/5.0 AppleWebKit/537.36 (KHTML, like Gecko; compatible; bingbot/2.0; +http://www.bing.com/bingbot.htm) Chrome/116.0.1938.76 Safari/537.36"
66.249.66.33 - - [24/Sep/2026:04:29:06 +0300] "GET /?sale/search/detail/?ITMCODE=b2o8u9l8d0e1r1y892 HTTP/1.1" 200 30035 "-" "Mozilla/5.0 (Linux; Android 6.0.1; Nexus 5X Build/MMB29P) AppleWebKit/537.36 (KHTML, like Gecko) Chrome/153.0.8010.52 Mobile Safari/537.36 (compatible; Googlebot/2.1; +http://www.google.com/bot.html)"
52.167.144.221 - - [24/Sep/2026:04:29:07 +0300] "GET /?sale/search/detail/?ITMCODE=t8u3n8n7e3l1l6e9d802 HTTP/1.1" 200 30037 "-" "Mozilla/5.0 AppleWebKit/537.36 (KHTML, like Gecko; compatible; bingbot/2.0; +http://www.bing.com/bingbot.htm) Chrome/116.0.1938.76 Safari/537.36"
52.167.144.157 - - [24/Sep/2026:04:29:08 +0300] "GET /?sale/search/detail/?ITMCODE=c2u3n0i8c7u7l4a1r3i7a6 HTTP/1.1" 200 30039 "-" "Mozilla/5.0 AppleWebKit/537.36 (KHTML, like Gecko; compatible; bingbot/2.0; +http://www.bing.com/bingbot.htm) Chrome/116.0.1938.76 Safari/537.36"
52.167.144.157 - - [24/Sep/2026:04:29:09 +0300] "GET /?sale/search/detail/?ITMCODE=d8e2n3t3i1l7o2q6u4y64 HTTP/1.1" 200 30038 "-" "Mozilla/5.0 AppleWebKit/537.36 (KHTML, like Gecko; compatible; bingbot/2.0; +http://www.bing.com/bingbot.htm) Chrome/116.0.1938.76 Safari/537.36"
66.249.66.33 - - [24/Sep/2026:04:29:10 +0300] "GET /?sale/search/detail/?ITMCODE=s4t1e2p3c0h4i4l3d274 HTTP/1.1" 200 30036 "-" "Mozilla/5.0 (Linux; Android 6.0.1; Nexus 5X Build/MMB29P) AppleWebKit/537.36 (KHTML, like Gecko) Chrome/153.0.8010.52 Mobile Safari/537.36 (compatible; Googlebot/2.1; +http://www.google.com/bot.html)"
52.167.144.157 - - [24/Sep/2026:04:29:10 +0300] "GET /?sale/search/detail/?ITMCODE=e3s3o7p2h1a0g9e8a2l23 HTTP/1.1" 200 30037 "-" "Mozilla/5.0 AppleWebKit/537.36 (KHTML, like Gecko; compatible; bingbot/2.0; +http://www.bing.com/bingbot.htm) Chrome/116.0.1938.76 Safari/537.36"
57.141.20.43 - - [24/Sep/2026:04:29:15 +0300] "GET /?sale/search/detail/?ITMCODE=c1o3m9m0a8n9d5i9n7g74 HTTP/1.1" 200 30038 "-" "Mozilla/5.0 (Windows NT 10.0; Win64; x64) AppleWebKit/537.36 (KHTML, like Gecko) Chrome/145.0.0.0 Safari/537.36 Edg/145.0.0.0 (compatible; meta-externalagent/1.1 (+https://developers.facebook.com/docs/sharing/webmasters/crawler))"
66.249.66.75 - - [24/Sep/2026:04:29:16 +0300] "GET /?sale/search/detail/?ITMCODE=d5e2h2y6d0r5o6g1e9n1ation HTTP/1.1" 301 5197 "-" "Mozilla/5.0 (Linux; Android 6.0.1; Nexus 5X Build/MMB29P) AppleWebKit/537.36 (KHTML, like Gecko) Chrome/153.0.8010.52 Mobile Safari/537.36 (compatible; Googlebot/2.1; +http://www.google.com/bot.html)"
52.167.144.221 - - [24/Sep/2026:04:29:16 +0300] "GET /shop/category/categorylist.aspx HTTP/1.1" 404 60888 "-" "Mozilla/5.0 AppleWebKit/537.36 (KHTML, like Gecko; compatible; bingbot/2.0; +http://www.bing.com/bingbot.htm) Chrome/116.0.1938.76 Safari/537.36"
52.167.144.221 - - [24/Sep/2026:04:29:17 +0300] "GET /?sale/search/detail/?ITMCODE=c2h4o0l9e2c7y4s3t6is HTTP/1.1" 200 30036 "-" "Mozilla/5.0 AppleWebKit/537.36 (KHTML, like Gecko; compatible; bingbot/2.0; +http://www.bing.com/bingbot.htm) Chrome/116.0.1938.76 Safari/537.36"
66.249.66.77 - - [24/Sep/2026:04:29:17 +0300] "GET /?sale/search/detail/?ITMCODE=c7l3e1r9i5d8a7e3666 HTTP/1.1" 301 5191 "-" "Mozilla/5.0 (Linux; Android 6.0.1; Nexus 5X Build/MMB29P) AppleWebKit/537.36 (KHTML, like Gecko) Chrome/153.0.8010.52 Mobile Safari/537.36 (compatible; Googlebot/2.1; +http://www.google.com/bot.html)"
52.167.144.168 - - [24/Sep/2026:04:29:18 +0300] "GET /?sale/search/detail/?ITMCODE=d0i3v8e3s7t435311 HTTP/1.1" 200 30032 "-" "Mozilla/5.0 AppleWebKit/537.36 (KHTML, like Gecko; compatible; bingbot/2.0; +http://www.bing.com/bingbot.htm) Chrome/116.0.1938.76 Safari/537.36"
52.167.144.221 - - [24/Sep/2026:04:29:18 +0300] "GET /?sale/search/detail/?ITMCODE=t4e2l6e9o7z3o3i2c739 HTTP/1.1" 200 30037 "-" "Mozilla/5.0 AppleWebKit/537.36 (KHTML, like Gecko; compatible; bingbot/2.0; +http://www.bing.com/bingbot.htm) Chrome/116.0.1938.76 Safari/537.36"
66.249.66.32 - - [24/Sep/2026:04:29:18 +0300] "GET /?sale/search/detail/?ITMCODE=r5e1p2r2o5a9c6h7i2n4g9 HTTP/1.1" 200 30038 "-" "Mozilla/5.0 (Linux; Android 6.0.1; Nexus 5X Build/MMB29P) AppleWebKit/537.36 (KHTML, like Gecko) Chrome/153.0.8010.52 Mobile Safari/537.36 (compatible; Googlebot/2.1; +http://www.google.com/bot.html)"
52.167.144.221 - - [24/Sep/2026:04:29:18 +0300] "GET /?sale/search/detail/?ITMCODE=l1i3b5e3r8a7l4i4z6e9d7 HTTP/1.1" 200 30039 "-" "Mozilla/5.0 AppleWebKit/537.36 (KHTML, like Gecko; compatible; bingbot/2.0; +http://www.bing.com/bingbot.htm) Chrome/116.0.1938.76 Safari/537.36"
52.167.144.221 - - [24/Sep/2026:04:29:19 +0300] "GET /?sale/search/detail/?ITMCODE=d2e2m0u2r5r4a1g8e868 HTTP/1.1" 200 30037 "-" "Mozilla/5.0 AppleWebKit/537.36 (KHTML, like Gecko; compatible; bingbot/2.0; +http://www.bing.com/bingbot.htm) Chrome/116.0.1938.76 Safari/537.36"
52.167.144.157 - - [24/Sep/2026:04:29:20 +0300] "GET /?sale/search/detail/?ITMCODE=i3n2f0l2a3m4m6a6t2o3r9y HTTP/1.1" 200 30038 "-" "Mozilla/5.0 AppleWebKit/537.36 (KHTML, like Gecko; compatible; bingbot/2.0; +http://www.bing.com/bingbot.htm) Chrome/116.0.1938.76 Safari/537.36"
66.249.66.32 - - [24/Sep/2026:04:29:21 +0300] "GET /?sale/search/detail/?ITMCODE=s8i3g0m7o5d9o5n9t5e6s0 HTTP/1.1" 200 30037 "-" "Mozilla/5.0 (Linux; Android 6.0.1; Nexus 5X Build/MMB29P) AppleWebKit/537.36 (KHTML, like Gecko) Chrome/153.0.8010.52 Mobile Safari/537.36 (compatible; Googlebot/2.1; +http://www.google.com/bot.html)"
52.167.144.157 - - [24/Sep/2026:04:29:21 +0300] "GET /?sale/search/detail/?ITMCODE=u2r6o9h0y9a8l2856 HTTP/1.1" 200 30035 "-" "Mozilla/5.0 AppleWebKit/537.36 (KHTML, like Gecko; compatible; bingbot/2.0; +http://www.bing.com/bingbot.htm) Chrome/116.0.1938.76 Safari/537.36"
66.249.66.32 - - [24/Sep/2026:04:29:23 +0300] "GET /wp-content/plugins/revslider/public/assets/js/rs6.min.js?ver=6.5.3 HTTP/1.1" 200 5176 "https://princessmare.com.gr/?sale/search/detail/?ITMCODE=a3d3d2u0c5i8n9g1332" "Mozilla/5.0 (Linux; Android 6.0.1; Nexus 5X Build/MMB29P) AppleWebKit/537.36 (KHTML, like Gecko) Chrome/153.0.8010.52 Mobile Safari/537.36 (compatible; Googlebot/2.1; +http://www.google.com/bot.html)"
52.167.144.157 - - [24/Sep/2026:04:29:22 +0300] "GET /?sale/search/detail/?ITMCODE=k7e3r6n0e2l7l6i0n4g2 HTTP/1.1" 200 30036 "-" "Mozilla/5.0 AppleWebKit/537.36 (KHTML, like Gecko; compatible; bingbot/2.0; +http://www.bing.com/bingbot.htm) Chrome/116.0.1938.76 Safari/537.36"
52.167.144.157 - - [24/Sep/2026:04:29:23 +0300] "GET /?sale/search/detail/?ITMCODE=r8e3a7s4o8n6a1b8l6e4n8ess HTTP/1.1" 200 30040 "-" "Mozilla/5.0 AppleWebKit/537.36 (KHTML, like Gecko; compatible; bingbot/2.0; +http://www.bing.com/bingbot.htm) Chrome/116.0.1938.76 Safari/537.36"
66.249.66.32 - - [24/Sep/2026:04:29:23 +0300] "GET /wp-content/plugins/revslider/public/assets/js/rs6.min.js?ver=6.5.3 HTTP/1.1" 200 90147 "https://princessmare.com.gr/?sale/search/detail/?ITMCODE=a3d3d2u0c5i8n9g1332" "Mozilla/5.0 (Linux; Android 6.0.1; Nexus 5X Build/MMB29P) AppleWebKit/537.36 (KHTML, like Gecko) Chrome/153.0.8010.52 Mobile Safari/537.36 (compatible; Googlebot/2.1; +http://www.google.com/bot.html)"
66.249.66.32 - - [24/Sep/2026:04:29:26 +0300] "GET /wp-content/plugins/revslider/public/assets/js/rs6.min.js?ver=6.5.3 HTTP/1.1" 200 90147 "https://princessmare.com.gr/?sale/search/detail/?ITMCODE=m4o1r3t3a7l6n8e0s1s2" "Mozilla/5.0 (Linux; Android 6.0.1; Nexus 5X Build/MMB29P) AppleWebKit/537.36 (KHTML, like Gecko) Chrome/153.0.8010.52 Mobile Safari/537.36 (compatible; Googlebot/2.1; +http://www.google.com/bot.html)"
66.249.66.32 - - [24/Sep/2026:04:29:26 +0300] "GET /wp-content/plugins/revslider/public/assets/js/rs6.min.js?ver=6.5.3 HTTP/1.1" 200 5176 "https://princessmare.com.gr/?sale/search/detail/?ITMCODE=m4o1r3t3a7l6n8e0s1s2" "Mozilla/5.0 (Linux; Android 6.0.1; Nexus 5X Build/MMB29P) AppleWebKit/537.36 (KHTML, like Gecko) Chrome/153.0.8010.52 Mobile Safari/537.36 (compatible; Googlebot/2.1; +http://www.google.com/bot.html)"
52.167.144.221 - - [24/Sep/2026:04:29:26 +0300] "GET /?sale/search/detail/?ITMCODE=p3a3r1a4g0e1n8e0s9i9s9 HTTP/1.1" 200 30038 "-" "Mozilla/5.0 AppleWebKit/537.36 (KHTML, like Gecko; compatible; bingbot/2.0; +http://www.bing.com/bingbot.htm) Chrome/116.0.1938.76 Safari/537.36"
