40.77.167.130 - - [24/Sep/2026:05:08:51 +0300] "GET /?sale/search/detail/?ITMCODE=e3l1e4e5m9o9s6y7n5a0r2y HTTP/1.1" 200 30039 "-" "Mozilla/5.0 AppleWebKit/537.36 (KHTML, like Gecko; compatible; bingbot/2.0; +http://www.bing.com/bingbot.htm) Chrome/116.0.1938.76 Safari/537.36"
40.77.167.130 - - [24/Sep/2026:05:08:52 +0300] "GET /?sale/search/detail/?ITMCODE=r9o3l9o6d4e7x0r1149 HTTP/1.1" 200 30035 "-" "Mozilla/5.0 AppleWebKit/537.36 (KHTML, like Gecko; compatible; bingbot/2.0; +http://www.bing.com/bingbot.htm) Chrome/116.0.1938.76 Safari/537.36"
57.141.24.122 - - [24/Sep/2026:05:08:53 +0300] "GET / HTTP/1.1" 200 29992 "-" "facebookexternalhit/1.1 (+http://www.facebook.com/externalhit_uatext.php)"
40.77.167.130 - - [24/Sep/2026:05:08:53 +0300] "GET /?sale/search/detail/?ITMCODE=f9o2r0m6u6l0a75702 HTTP/1.1" 200 30034 "-" "Mozilla/5.0 AppleWebKit/537.36 (KHTML, like Gecko; compatible; bingbot/2.0; +http://www.bing.com/bingbot.htm) Chrome/116.0.1938.76 Safari/537.36"
40.77.167.28 - - [24/Sep/2026:05:08:56 +0300] "GET /?sale/search/detail/?ITMCODE=d1e1s6p3i5c8i2e6n0c6y6 HTTP/1.1" 200 30038 "-" "Mozilla/5.0 AppleWebKit/537.36 (KHTML, like Gecko; compatible; bingbot/2.0; +http://www.bing.com/bingbot.htm) Chrome/116.0.1938.76 Safari/537.36"
40.77.167.28 - - [24/Sep/2026:05:08:57 +0300] "GET /?sale/search/detail/?ITMCODE=p2h3o5t9o3s0y8n0t4h4e0tic HTTP/1.1" 200 30040 "-" "Mozilla/5.0 AppleWebKit/537.36 (KHTML, like Gecko; compatible; bingbot/2.0; +http://www.bing.com/bingbot.htm) Chrome/116.0.1938.76 Safari/537.36"
40.77.167.28 - - [24/Sep/2026:05:08:57 +0300] "GET /?sale/search/detail/?ITMCODE=i9n1c7o6n3g4r4u7o6u3s9 HTTP/1.1" 200 30037 "-" "Mozilla/5.0 AppleWebKit/537.36 (KHTML, like Gecko; compatible; bingbot/2.0; +http://www.bing.com/bingbot.htm) Chrome/116.0.1938.76 Safari/537.36"
40.77.167.28 - - [24/Sep/2026:05:08:58 +0300] "GET /?sale/search/detail/?ITMCODE=a6n3n6i6h7i9l2a9t0e8d4 HTTP/1.1" 200 30038 "-" "Mozilla/5.0 AppleWebKit/537.36 (KHTML, like Gecko; compatible; bingbot/2.0; +http://www.bing.com/bingbot.htm) Chrome/116.0.1938.76 Safari/537.36"
40.77.167.28 - - [24/Sep/2026:05:08:59 +0300] "GET /?sale/search/detail/?ITMCODE=a0s4s1u5m5e7n3t6696 HTTP/1.1" 200 30035 "-" "Mozilla/5.0 AppleWebKit/537.36 (KHTML, like Gecko; compatible; bingbot/2.0; +http://www.bing.com/bingbot.htm) Chrome/116.0.1938.76 Safari/537.36"
40.77.167.28 - - [24/Sep/2026:05:09:00 +0300] "GET /?sale/search/detail/?ITMCODE=e1u4c6a9l9y2n8254 HTTP/1.1" 200 30034 "-" "Mozilla/5.0 AppleWebKit/537.36 (KHTML, like Gecko; compatible; bingbot/2.0; +http://www.bing.com/bingbot.htm) Chrome/116.0.1938.76 Safari/537.36"
40.77.167.28 - - [24/Sep/2026:05:09:01 +0300] "GET /?sale/search/detail/?ITMCODE=a4s6c1e0n5d8a1b5l1e0 HTTP/1.1" 200 30035 "-" "Mozilla/5.0 AppleWebKit/537.36 (KHTML, like Gecko; compatible; bingbot/2.0; +http://www.bing.com/bingbot.htm) Chrome/116.0.1938.76 Safari/537.36"
40.77.167.28 - - [24/Sep/2026:05:09:02 +0300] "GET /?sale/search/detail/?ITMCODE=t9u3p4p1e2r2w9a2r9e30 HTTP/1.1" 200 30036 "-" "Mozilla/5.0 AppleWebKit/537.36 (KHTML, like Gecko; compatible; bingbot/2.0; +http://www.bing.com/bingbot.htm) Chrome/116.0.1938.76 Safari/537.36"
40.77.167.28 - - [24/Sep/2026:05:09:03 +0300] "GET /?sale/search/detail/?ITMCODE=a0b2a3c8i5s3t98126 HTTP/1.1" 200 30035 "-" "Mozilla/5.0 AppleWebKit/537.36 (KHTML, like Gecko; compatible; bingbot/2.0; +http://www.bing.com/bingbot.htm) Chrome/116.0.1938.76 Safari/537.36"
66.249.66.33 - - [24/Sep/2026:05:09:04 +0300] "GET /?sale/search/detail/?ITMCODE=l8o3a3n1e0d334829 HTTP/1.1" 200 30034 "-" "Mozilla/5.0 (Linux; Android 6.0.1; Nexus 5X Build/MMB29P) AppleWebKit/537.36 (KHTML, like Gecko) Chrome/153.0.8010.52 Mobile Safari/537.36 (compatible; Googlebot/2.1; +http://www.google.com/bot.html)"
66.249.66.77 - - [24/Sep/2026:05:09:05 +0300] "GET /?sale/search/detail/?ITMCODE=h2a2n2o3v3e6r34821 HTTP/1.1" 301 5190 "-" "Mozilla/5.0 (Linux; Android 6.0.1; Nexus 5X Build/MMB29P) AppleWebKit/537.36 (KHTML, like Gecko) Chrome/153.0.8010.52 Mobile Safari/537.36 (compatible; Googlebot/2.1; +http://www.google.com/bot.html)"
40.77.167.51 - - [24/Sep/2026:05:09:05 +0300] "GET /?sale/search/detail/?ITMCODE=t7h3e5r6m6o9p4i9l4e07 HTTP/1.1" 200 30037 "-" "Mozilla/5.0 AppleWebKit/537.36 (KHTML, like Gecko; compatible; bingbot/2.0; +http://www.bing.com/bingbot.htm) Chrome/116.0.1938.76 Safari/537.36"
40.77.167.51 - - [24/Sep/2026:05:09:06 +0300] "GET /?sale/search/detail/?ITMCODE=s4a8n2g9u2i9f5e1r7o3us HTTP/1.1" 200 30038 "-" "Mozilla/5.0 AppleWebKit/537.36 (KHTML, like Gecko; compatible; bingbot/2.0; +http://www.bing.com/bingbot.htm) Chrome/116.0.1938.76 Safari/537.36"
40.77.167.130 - - [24/Sep/2026:05:09:11 +0300] "GET /?sale/search/detail/?ITMCODE=a8c5t1i7n7o8t6u8s64 HTTP/1.1" 200 30036 "-" "Mozilla/5.0 AppleWebKit/537.36 (KHTML, like Gecko; compatible; bingbot/2.0; +http://www.bing.com/bingbot.htm) Chrome/116.0.1938.76 Safari/537.36"
40.77.167.130 - - [24/Sep/2026:05:09:13 +0300] "GET /?sale/search/detail/?ITMCODE=c1a3t2c9h0w7a9t5e7r4 HTTP/1.1" 200 30036 "-" "Mozilla/5.0 AppleWebKit/537.36 (KHTML, like Gecko; compatible; bingbot/2.0; +http://www.bing.com/bingbot.htm) Chrome/116.0.1938.76 Safari/537.36"
40.77.167.130 - - [24/Sep/2026:05:09:14 +0300] "GET /?sale/search/detail/?ITMCODE=l6a3m5a8r4c3k5i2a8n5i0sm HTTP/1.1" 200 30040 "-" "Mozilla/5.0 AppleWebKit/537.36 (KHTML, like Gecko; compatible; bingbot/2.0; +http://www.bing.com/bingbot.htm) Chrome/116.0.1938.76 Safari/537.36"
66.249.66.32 - - [24/Sep/2026:05:09:15 +0300] "GET /?sale/search/detail/?ITMCODE=d3y3s4p1h0o9n6i9a410 HTTP/1.1" 200 30037 "-" "Mozilla/5.0 (Linux; Android 6.0.1; Nexus 5X Build/MMB29P) AppleWebKit/537.36 (KHTML, like Gecko) Chrome/153.0.8010.52 Mobile Safari/537.36 (compatible; Googlebot/2.1; +http://www.google.com/bot.html)"
66.249.66.32 - - [24/Sep/2026:05:09:15 +0300] "GET /?sale/search/detail/?ITMCODE=o2b8e9y5i2n4g6l4y14 HTTP/1.1" 200 30035 "-" "Mozilla/5.0 (Linux; Android 6.0.1; Nexus 5X Build/MMB29P) AppleWebKit/537.36 (KHTML, like Gecko) Chrome/153.0.8010.52 Mobile Safari/537.36 (compatible; Googlebot/2.1; +http://www.google.com/bot.html)"
40.77.167.28 - - [24/Sep/2026:05:09:16 +0300] "GET /?sale/search/detail/?ITMCODE=r1e1t0r3a9c3t8i8n5g5 HTTP/1.1" 200 30037 "-" "Mozilla/5.0 AppleWebKit/537.36 (KHTML, like Gecko; compatible; bingbot/2.0; +http://www.bing.com/bingbot.htm) Chrome/116.0.1938.76 Safari/537.36"
66.249.66.32 - - [24/Sep/2026:05:09:16 +0300] "GET /?sale/search/detail/?ITMCODE=s7c3a1n9d5a4l8o8u4s1ness HTTP/1.1" 200 30040 "-" "Mozilla/5.0 (Linux; Android 6.0.1; Nexus 5X Build/MMB29P) AppleWebKit/537.36 (KHTML, like Gecko) Chrome/153.0.8010.52 Mobile Safari/537.36 (compatible; Googlebot/2.1; +http://www.google.com/bot.html)"
40.77.167.28 - - [24/Sep/2026:05:09:17 +0300] "GET /?sale/search/detail/?ITMCODE=d8o3u9b9l1e0s1u3r9f4a3ced HTTP/1.1" 200 30041 "-" "Mozilla/5.0 AppleWebKit/537.36 (KHTML, like Gecko; compatible; bingbot/2.0; +http://www.bing.com/bingbot.htm) Chrome/116.0.1938.76 Safari/537.36"
40.77.167.28 - - [24/Sep/2026:05:09:18 +0300] "GET /?sale/search/detail/?ITMCODE=e2d1r7i1o4p7h6t0h0a2l8mata HTTP/1.1" 200 30040 "-" "Mozilla/5.0 AppleWebKit/537.36 (KHTML, like Gecko; compatible; bingbot/2.0; +http://www.bing.com/bingbot.htm) Chrome/116.0.1938.76 Safari/537.36"
40.77.167.28 - - [24/Sep/2026:05:09:18 +0300] "GET /?sale/search/detail/?ITMCODE=b5a4r1o0s0c0o8p9e83 HTTP/1.1" 200 30035 "-" "Mozilla/5.0 AppleWebKit/537.36 (KHTML, like Gecko; compatible; bingbot/2.0; +http://www.bing.com/bingbot.htm) Chrome/116.0.1938.76 Safari/537.36"
66.249.66.32 - - [24/Sep/2026:05:09:19 +0300] "GET /?sale/search/detail/?ITMCODE=l8a2g8o0r0c3h5e2s6t4e6s HTTP/1.1" 200 30038 "-" "Mozilla/5.0 (Linux; Android 6.0.1; Nexus 5X Build/MMB29P) AppleWebKit/537.36 (KHTML, like Gecko) Chrome/154.0.8037.57 Mobile Safari/537.36 (compatible; Googlebot/2.1; +http://www.google.com/bot.html)"
40.77.167.28 - - [24/Sep/2026:05:09:19 +0300] "GET /?sale/search/detail/?ITMCODE=g7a3l3v5a1n8o3g3l8y6p5hy HTTP/1.1" 200 30040 "-" "Mozilla/5.0 AppleWebKit/537.36 (KHTML, like Gecko; compatible; bingbot/2.0; +http://www.bing.com/bingbot.htm) Chrome/116.0.1938.76 Safari/537.36"
40.77.167.28 - - [24/Sep/2026:05:09:20 +0300] "GET /?sale/search/detail/?ITMCODE=f0e2b1r1i6f8u8g6a6l31 HTTP/1.1" 200 30038 "-" "Mozilla/5.0 AppleWebKit/537.36 (KHTML, like Gecko; compatible; bingbot/2.0; +http://www.bing.com/bingbot.htm) Chrome/116.0.1938.76 Safari/537.36"
40.77.167.28 - - [24/Sep/2026:05:09:21 +0300] "GET /?sale/search/detail/?ITMCODE=e1m3p2l8a2s7t9r5a8t9ion HTTP/1.1" 200 30038 "-" "Mozilla/5.0 AppleWebKit/537.36 (KHTML, like Gecko; compatible; bingbot/2.0; +http://www.bing.com/bingbot.htm) Chrome/136.0.0.0 Safari/537.36 AppleWebKit/537.36 (KHTML, like Gecko; compatible; bingbot/2.0; +http://www.bing.com/bingbot.htm) Chrome/116.0.1938.76 Safari/537.36"
40.77.167.28 - - [24/Sep/2026:05:09:22 +0300] "GET /?sale/search/detail/?ITMCODE=i1m4p1e2c0u5n9i4o6u8s4 HTTP/1.1" 200 30038 "-" "Mozilla/5.0 AppleWebKit/537.36 (KHTML, like Gecko; compatible; bingbot/2.0; +http://www.bing.com/bingbot.htm) Chrome/116.0.1938.76 Safari/537.36"
40.77.167.28 - - [24/Sep/2026:05:09:23 +0300] "GET /?sale/search/detail/?ITMCODE=h8o3u3s3e3p0r5o8u9d02 HTTP/1.1" 200 30038 "-" "Mozilla/5.0 AppleWebKit/537.36 (KHTML, like Gecko; compatible; bingbot/2.0; +http://www.bing.com/bingbot.htm) Chrome/116.0.1938.76 Safari/537.36"
40.77.167.28 - - [24/Sep/2026:05:09:24 +0300] "GET /?sale/search/detail/?ITMCODE=f4l7a8c7o7u2r1t7i8a0 HTTP/1.1" 200 30037 "-" "Mozilla/5.0 AppleWebKit/537.36 (KHTML, like Gecko; compatible; bingbot/2.0; +http://www.bing.com/bingbot.htm) Chrome/116.0.1938.76 Safari/537.36"
40.77.167.130 - - [24/Sep/2026:05:09:25 +0300] "GET /?sale/search/detail/?ITMCODE=p6h1r6a1s3e2o6l0o5g9y6 HTTP/1.1" 200 30038 "-" "Mozilla/5.0 AppleWebKit/537.36 (KHTML, like Gecko; compatible; bingbot/2.0; +http://www.bing.com/bingbot.htm) Chrome/116.0.1938.76 Safari/537.36"
40.77.167.130 - - [24/Sep/2026:05:09:26 +0300] "GET /?sale/search/detail/?ITMCODE=s5u3b2s6e6c0u9t3i7v7e1 HTTP/1.1" 200 30038 "-" "Mozilla/5.0 AppleWebKit/537.36 (KHTML, like Gecko; compatible; bingbot/2.0; +http://www.bing.com/bingbot.htm) Chrome/116.0.1938.76 Safari/537.36"
40.77.167.130 - - [24/Sep/2026:05:09:27 +0300] "GET /?sale/search/detail/?ITMCODE=n4o1r0e0p3i5n1e4p3h1rine HTTP/1.1" 200 30039 "-" "Mozilla/5.0 AppleWebKit/537.36 (KHTML, like Gecko; compatible; bingbot/2.0; +http://www.bing.com/bingbot.htm) Chrome/116.0.1938.76 Safari/537.36"
66.249.66.32 - - [24/Sep/2026:05:09:29 +0300] "GET /wp-content/themes/dt-the7/fonts/FontAwesome/back-compat.min.css?ver=9.14.1 HTTP/1.1" 200 5169 "https://princessmare.com.gr/?sale/search/detail/?ITMCODE=i6n3v0i8s3i5b6l4y965" "Mozilla/5.0 (Linux; Android 6.0.1; Nexus 5X Build/MMB29P) AppleWebKit/537.36 (KHTML, like Gecko) Chrome/153.0.8010.52 Mobile Safari/537.36 (compatible; Googlebot/2.1; +http://www.google.com/bot.html)"
66.249.66.32 - - [24/Sep/2026:05:09:29 +0300] "GET /?sale/search/detail/?ITMCODE=s7a2r0m9e3n9t2o1s2e44 HTTP/1.1" 200 30037 "-" "Mozilla/5.0 (Linux; Android 6.0.1; Nexus 5X Build/MMB29P) AppleWebKit/537.36 (KHTML, like Gecko) Chrome/153.0.8010.52 Mobile Safari/537.36 (compatible; Googlebot/2.1; +http://www.google.com/bot.html)"
66.249.66.32 - - [24/Sep/2026:05:09:29 +0300] "GET /wp-content/themes/dt-the7/fonts/FontAwesome/back-compat.min.css?ver=9.14.1 HTTP/1.1" 200 3928 "https://princessmare.com.gr/?sale/search/detail/?ITMCODE=i6n3v0i8s3i5b6l4y965" "Mozilla/5.0 (Linux; Android 6.0.1; Nexus 5X Build/MMB29P) AppleWebKit/537.36 (KHTML, like Gecko) Chrome/153.0.8010.52 Mobile Safari/537.36 (compatible; Googlebot/2.1; +http://www.google.com/bot.html)"
40.77.167.130 - - [24/Sep/2026:05:09:30 +0300] "GET /?sale/search/detail/?ITMCODE=p2e2c9u6n0i7a8r1y322 HTTP/1.1" 200 30036 "-" "Mozilla/5.0 AppleWebKit/537.36 (KHTML, like Gecko; compatible; bingbot/2.0; +http://www.bing.com/bingbot.htm) Chrome/116.0.1938.76 Safari/537.36"
66.249.66.32 - - [24/Sep/2026:05:09:33 +0300] "GET /?sale/search/detail/?ITMCODE=h3o8u3s2e2f4u2l74 HTTP/1.1" 200 30034 "-" "Mozilla/5.0 (Linux; Android 6.0.1; Nexus 5X Build/MMB29P) AppleWebKit/537.36 (KHTML, like Gecko) Chrome/153.0.8010.52 Mobile Safari/537.36 (compatible; Googlebot/2.1; +http://www.google.com/bot.html)"
40.77.167.51 - - [24/Sep/2026:05:09:35 +0300] "GET /?sale/search/detail/?ITMCODE=t3h3e3r1m5o8m2e4t7r3i2c HTTP/1.1" 200 30037 "-" "Mozilla/5.0 AppleWebKit/537.36 (KHTML, like Gecko; compatible; bingbot/2.0; +http://www.bing.com/bingbot.htm) Chrome/116.0.1938.76 Safari/537.36"
57.141.20.53 - - [24/Sep/2026:05:09:36 +0300] "GET /?sale/search/detail/?ITMCODE=p1r2e2s8u2p7p5o6s2a2l1 HTTP/1.1" 200 30038 "-" "Mozilla/5.0 (Windows NT 10.0; Win64; x64) AppleWebKit/537.36 (KHTML, like Gecko) Chrome/145.0.0.0 Safari/537.36 Edg/145.0.0.0 (compatible; meta-externalagent/1.1 (+https://developers.facebook.com/docs/sharing/webmasters/crawler))"
40.77.167.51 - - [24/Sep/2026:05:09:36 +0300] "GET /?sale/search/detail/?ITMCODE=d8a3l3b0e4r9g8i9o6i1d7es HTTP/1.1" 200 30040 "-" "Mozilla/5.0 AppleWebKit/537.36 (KHTML, like Gecko; compatible; bingbot/2.0; +http://www.bing.com/bingbot.htm) Chrome/116.0.1938.76 Safari/537.36"
40.77.167.51 - - [24/Sep/2026:05:09:37 +0300] "GET /?sale/search/detail/?ITMCODE=e3x3h0i2b0i0t9i1o5n6e8r HTTP/1.1" 200 30040 "-" "Mozilla/5.0 AppleWebKit/537.36 (KHTML, like Gecko; compatible; bingbot/2.0; +http://www.bing.com/bingbot.htm) Chrome/116.0.1938.76 Safari/537.36"
40.77.167.51 - - [24/Sep/2026:05:09:38 +0300] "GET /?sale/search/detail/?ITMCODE=w3r3e4c5k0f0u2l7497 HTTP/1.1" 200 30036 "-" "Mozilla/5.0 AppleWebKit/537.36 (KHTML, like Gecko; compatible; bingbot/2.0; +http://www.bing.com/bingbot.htm) Chrome/116.0.1938.76 Safari/537.36"
66.249.66.32 - - [24/Sep/2026:05:09:38 +0300] "GET /?sale/search/detail/?ITMCODE=d5i1s7e1n9c9u8m2b6e8r4 HTTP/1.1" 200 30039 "-" "Mozilla/5.0 (Linux; Android 6.0.1; Nexus 5X Build/MMB29P) AppleWebKit/537.36 (KHTML, like Gecko) Chrome/153.0.8010.52 Mobile Safari/537.36 (compatible; Googlebot/2.1; +http://www.google.com/bot.html)"
40.77.167.51 - - [24/Sep/2026:05:09:39 +0300] "GET /?sale/search/detail/?ITMCODE=t1u3r7n2s7o0l2e4821 HTTP/1.1" 200 30035 "-" "Mozilla/5.0 AppleWebKit/537.36 (KHTML, like Gecko; compatible; bingbot/2.0; +http://www.bing.com/bingbot.htm) Chrome/116.0.1938.76 Safari/537.36"
40.77.167.130 - - [24/Sep/2026:05:09:40 +0300] "GET /?sale/search/detail/?ITMCODE=h2e1a4r6t0s3h7a8p3e9d4 HTTP/1.1" 200 30038 "-" "Mozilla/5.0 AppleWebKit/537.36 (KHTML, like Gecko; compatible; bingbot/2.0; +http://www.bing.com/bingbot.htm) Chrome/116.0.1938.76 Safari/537.36"
40.77.167.130 - - [24/Sep/2026:05:09:41 +0300] "GET /?sale/search/detail/?ITMCODE=i7m3p8e2r4s5o9n3a4t5i3on HTTP/1.1" 200 30040 "-" "Mozilla/5.0 AppleWebKit/537.36 (KHTML, like Gecko; compatible; bingbot/2.0; +http://www.bing.com/bingbot.htm) Chrome/116.0.1938.76 Safari/537.36"
66.249.66.76 - - [24/Sep/2026:05:09:43 +0300] "GET /?sale/search/detail/?ITMCODE=a1r2g9u5s9e9y4e8d929 HTTP/1.1" 301 5192 "-" "Mozilla/5.0 (Linux; Android 6.0.1; Nexus 5X Build/MMB29P) AppleWebKit/537.36 (KHTML, like Gecko) Chrome/153.0.8010.52 Mobile Safari/537.36 (compatible; Googlebot/2.1; +http://www.google.com/bot.html)"
40.77.167.130 - - [24/Sep/2026:05:09:43 +0300] "GET /?sale/search/detail/?ITMCODE=f1u2m1b1l7e026289 HTTP/1.1" 200 30033 "-" "Mozilla/5.0 AppleWebKit/537.36 (KHTML, like Gecko; compatible; bingbot/2.0; +http://www.bing.com/bingbot.htm) Chrome/116.0.1938.76 Safari/537.36"
40.77.167.51 - - [24/Sep/2026:05:09:45 +0300] "GET /?sale/search/detail/?ITMCODE=t9r3a0c8h2i4n0o6t1u9s2 HTTP/1.1" 200 30038 "-" "Mozilla/5.0 AppleWebKit/537.36 (KHTML, like Gecko; compatible; bingbot/2.0; +http://www.bing.com/bingbot.htm) Chrome/116.0.1938.76 Safari/537.36"
40.77.167.51 - - [24/Sep/2026:05:09:46 +0300] "GET /?sale/search/detail/?ITMCODE=p8t3e0r5y2g5o2p2a9l6a8tine HTTP/1.1" 200 30040 "-" "Mozilla/5.0 AppleWebKit/537.36 (KHTML, like Gecko; compatible; bingbot/2.0; +http://www.bing.com/bingbot.htm) Chrome/116.0.1938.76 Safari/537.36"
40.77.167.51 - - [24/Sep/2026:05:09:47 +0300] "GET /?sale/search/detail/?ITMCODE=s6h2r3e9w3d5e3s6t091 HTTP/1.1" 200 30036 "-" "Mozilla/5.0 AppleWebKit/537.36 (KHTML, like Gecko; compatible; bingbot/2.0; +http://www.bing.com/bingbot.htm) Chrome/116.0.1938.76 Safari/537.36"
45.227.253.15 - - [24/Sep/2026:05:09:47 +0300] "GET /index.php/jk HTTP/1.1" 301 5190 "-" "Mozilla/5.0 (iPad; U; CPU OS 4_2_3 like Mac OS X; ja) AppleWebKit/533.17.9 (KHTML, like Gecko) Version/5.0.2 Mobile/8J2 Safari/6533.18.5"
45.227.253.15 - - [24/Sep/2026:05:09:48 +0300] "GET / HTTP/1.1" 200 29580 "https://princessmare.com.gr/index.php/jk" "Mozilla/5.0 (iPad; U; CPU OS 4_2_3 like Mac OS X; ja) AppleWebKit/533.17.9 (KHTML, like Gecko) Version/5.0.2 Mobile/8J2 Safari/6533.18.5"
40.77.167.51 - - [24/Sep/2026:05:09:48 +0300] "GET /?sale/search/detail/?ITMCODE=d0o1u7g7l8a6s28714 HTTP/1.1" 200 30035 "-" "Mozilla/5.0 AppleWebKit/537.36 (KHTML, like Gecko; compatible; bingbot/2.0; +http://www.bing.com/bingbot.htm) Chrome/116.0.1938.76 Safari/537.36"
40.77.167.51 - - [24/Sep/2026:05:09:49 +0300] "GET /?sale/search/detail/?ITMCODE=r6e2f4u4t9e4r16453 HTTP/1.1" 200 30034 "-" "Mozilla/5.0 AppleWebKit/537.36 (KHTML, like Gecko; compatible; bingbot/2.0; +http://www.bing.com/bingbot.htm) Chrome/116.0.1938.76 Safari/537.36"
66.249.66.32 - - [24/Sep/2026:05:09:48 +0300] "GET /?sale/search/detail/?ITMCODE=p9a3l2e2o8g9r6a7p7h6y2 HTTP/1.1" 200 30037 "-" "Mozilla/5.0 (Linux; Android 6.0.1; Nexus 5X Build/MMB29P) AppleWebKit/537.36 (KHTML, like Gecko) Chrome/153.0.8010.52 Mobile Safari/537.36 (compatible; Googlebot/2.1; +http://www.google.com/bot.html)"
66.249.66.32 - - [24/Sep/2026:05:09:51 +0300] "GET /wp-content/uploads/the7-css/mega-menu.css?ver=a11134ae5739 HTTP/1.1" 200 5147 "https://princessmare.com.gr/?sale/search/detail/?ITMCODE=s7a2r0m9e3n9t2o1s2e44" "Mozilla/5.0 (Linux; Android 6.0.1; Nexus 5X Build/MMB29P) AppleWebKit/537.36 (KHTML, like Gecko) Chrome/153.0.8010.52 Mobile Safari/537.36 (compatible; Googlebot/2.1; +http://www.google.com/bot.html)"
66.249.66.32 - - [24/Sep/2026:05:09:51 +0300] "GET /wp-content/plugins/Ultimate_VC_Addons/assets/min-css/style.min.css?ver=3.19.10 HTTP/1.1" 200 5172 "https://princessmare.com.gr/?sale/search/detail/?ITMCODE=s7a2r0m9e3n9t2o1s2e44" "Mozilla/5.0 (Linux; Android 6.0.1; Nexus 5X Build/MMB29P) AppleWebKit/537.36 (KHTML, like Gecko) Chrome/153.0.8010.52 Mobile Safari/537.36 (compatible; Googlebot/2.1; +http://www.google.com/bot.html)"
114.119.156.99 - - [24/Sep/2026:05:09:51 +0300] "GET /sitemap796.xml HTTP/1.1" 301 5190 "-" "Mozilla/5.0 (Linux; Android 7.0;) AppleWebKit/537.36 (KHTML, like Gecko) Mobile Safari/537.36 (compatible; PetalBot;+https://webmaster.petalsearch.com/site/petalbot)"
40.77.167.130 - - [24/Sep/2026:05:09:50 +0300] "GET /?sale/search/detail/?ITMCODE=p9r1e3c9u1r7s7i9v5e7 HTTP/1.1" 200 30037 "-" "Mozilla/5.0 AppleWebKit/537.36 (KHTML, like Gecko; compatible; bingbot/2.0; +http://www.bing.com/bingbot.htm) Chrome/116.0.1938.76 Safari/537.36"
66.249.66.32 - - [24/Sep/2026:05:09:51 +0300] "GET /wp-includes/js/jquery/jquery.min.js?ver=3.7.1 HTTP/1.1" 200 5155 "https://princessmare.com.gr/?sale/search/detail/?ITMCODE=s7a2r0m9e3n9t2o1s2e44" "Mozilla/5.0 (Linux; Android 6.0.1; Nexus 5X Build/MMB29P) AppleWebKit/537.36 (KHTML, like Gecko) Chrome/153.0.8010.52 Mobile Safari/537.36 (compatible; Googlebot/2.1; +http://www.google.com/bot.html)"
66.249.66.32 - - [24/Sep/2026:05:09:51 +0300] "GET /wp-content/plugins/Ultimate_VC_Addons/assets/min-css/style.min.css?ver=3.19.10 HTTP/1.1" 200 5172 "https://princessmare.com.gr/?sale/search/detail/?ITMCODE=s7c3a1n9d5a4l8o8u4s1ness" "Mozilla/5.0 (Linux; Android 6.0.1; Nexus 5X Build/MMB29P) AppleWebKit/537.36 (KHTML, like Gecko) Chrome/153.0.8010.52 Mobile Safari/537.36 (compatible; Googlebot/2.1; +http://www.google.com/bot.html)"
66.249.66.32 - - [24/Sep/2026:05:09:51 +0300] "GET /wp-content/uploads/the7-css/mega-menu.css?ver=a11134ae5739 HTTP/1.1" 200 2735 "https://princessmare.com.gr/?sale/search/detail/?ITMCODE=s7a2r0m9e3n9t2o1s2e44" "Mozilla/5.0 (Linux; Android 6.0.1; Nexus 5X Build/MMB29P) AppleWebKit/537.36 (KHTML, like Gecko) Chrome/153.0.8010.52 Mobile Safari/537.36 (compatible; Googlebot/2.1; +http://www.google.com/bot.html)"
66.249.66.32 - - [24/Sep/2026:05:09:51 +0300] "GET /wp-content/plugins/Ultimate_VC_Addons/assets/min-css/style.min.css?ver=3.19.10 HTTP/1.1" 200 2589 "https://princessmare.com.gr/?sale/search/detail/?ITMCODE=s7a2r0m9e3n9t2o1s2e44" "Mozilla/5.0 (Linux; Android 6.0.1; Nexus 5X Build/MMB29P) AppleWebKit/537.36 (KHTML, like Gecko) Chrome/153.0.8010.52 Mobile Safari/537.36 (compatible; Googlebot/2.1; +http://www.google.com/bot.html)"
66.249.66.32 - - [24/Sep/2026:05:09:51 +0300] "GET /wp-includes/js/jquery/jquery.min.js?ver=3.7.1 HTTP/1.1" 200 29610 "https://princessmare.com.gr/?sale/search/detail/?ITMCODE=s7a2r0m9e3n9t2o1s2e44" "Mozilla/5.0 (Linux; Android 6.0.1; Nexus 5X Build/MMB29P) AppleWebKit/537.36 (KHTML, like Gecko) Chrome/153.0.8010.52 Mobile Safari/537.36 (compatible; Googlebot/2.1; +http://www.google.com/bot.html)"
66.249.66.32 - - [24/Sep/2026:05:09:51 +0300] "GET /wp-content/plugins/Ultimate_VC_Addons/assets/min-css/style.min.css?ver=3.19.10 HTTP/1.1" 200 2589 "https://princessmare.com.gr/?sale/search/detail/?ITMCODE=s7c3a1n9d5a4l8o8u4s1ness" "Mozilla/5.0 (Linux; Android 6.0.1; Nexus 5X Build/MMB29P) AppleWebKit/537.36 (KHTML, like Gecko) Chrome/153.0.8010.52 Mobile Safari/537.36 (compatible; Googlebot/2.1; +http://www.google.com/bot.html)"
66.249.66.32 - - [24/Sep/2026:05:09:52 +0300] "GET /wp-includes/js/jquery/jquery.min.js?ver=3.7.1 HTTP/1.1" 200 29610 "https://princessmare.com.gr/?sale/search/detail/?ITMCODE=s7c3a1n9d5a4l8o8u4s1ness" "Mozilla/5.0 (Linux; Android 6.0.1; Nexus 5X Build/MMB29P) AppleWebKit/537.36 (KHTML, like Gecko) Chrome/153.0.8010.52 Mobile Safari/537.36 (compatible; Googlebot/2.1; +http://www.google.com/bot.html)"
66.249.66.32 - - [24/Sep/2026:05:09:52 +0300] "GET /wp-content/uploads/the7-css/mega-menu.css?ver=a11134ae5739 HTTP/1.1" 200 2735 "https://princessmare.com.gr/?sale/search/detail/?ITMCODE=s7c3a1n9d5a4l8o8u4s1ness" "Mozilla/5.0 (Linux; Android 6.0.1; Nexus 5X Build/MMB29P) AppleWebKit/537.36 (KHTML, like Gecko) Chrome/153.0.8010.52 Mobile Safari/537.36 (compatible; Googlebot/2.1; +http://www.google.com/bot.html)"
66.249.66.32 - - [24/Sep/2026:05:09:52 +0300] "GET /wp-includes/js/jquery/jquery.min.js?ver=3.7.1 HTTP/1.1" 200 5155 "https://princessmare.com.gr/?sale/search/detail/?ITMCODE=s7c3a1n9d5a4l8o8u4s1ness" "Mozilla/5.0 (Linux; Android 6.0.1; Nexus 5X Build/MMB29P) AppleWebKit/537.36 (KHTML, like Gecko) Chrome/153.0.8010.52 Mobile Safari/537.36 (compatible; Googlebot/2.1; +http://www.google.com/bot.html)"
114.119.156.99 - - [24/Sep/2026:05:09:52 +0300] "GET / HTTP/1.1" 200 29580 "-" "Mozilla/5.0 (Linux; Android 7.0;) AppleWebKit/537.36 (KHTML, like Gecko) Mobile Safari/537.36 (compatible; PetalBot;+https://webmaster.petalsearch.com/site/petalbot)"
66.249.66.32 - - [24/Sep/2026:05:09:52 +0300] "GET /wp-content/uploads/the7-css/mega-menu.css?ver=a11134ae5739 HTTP/1.1" 200 5147 "https://princessmare.com.gr/?sale/search/detail/?ITMCODE=s7c3a1n9d5a4l8o8u4s1ness" "Mozilla/5.0 (Linux; Android 6.0.1; Nexus 5X Build/MMB29P) AppleWebKit/537.36 (KHTML, like Gecko) Chrome/153.0.8010.52 Mobile Safari/537.36 (compatible; Googlebot/2.1; +http://www.google.com/bot.html)"
40.77.167.130 - - [24/Sep/2026:05:09:51 +0300] "GET /?sale/search/detail/?ITMCODE=c0h9a2e0t7o3p9o3d7a3 HTTP/1.1" 200 30036 "-" "Mozilla/5.0 AppleWebKit/537.36 (KHTML, like Gecko; compatible; bingbot/2.0; +http://www.bing.com/bingbot.htm) Chrome/116.0.1938.76 Safari/537.36"
40.77.167.51 - - [24/Sep/2026:05:09:51 +0300] "GET /?sale/search/detail/?ITMCODE=l9i3c0h7e2n9o5g1r9a0p8hic HTTP/1.1" 200 30040 "-" "Mozilla/5.0 AppleWebKit/537.36 (KHTML, like Gecko; compatible; bingbot/2.0; +http://www.bing.com/bingbot.htm) Chrome/116.0.1938.76 Safari/537.36"
66.249.66.32 - - [24/Sep/2026:05:09:53 +0300] "GET /wp-content/plugins/revslider/public/assets/js/rs6.min.js?ver=6.5.3 HTTP/1.1" 200 5176 "https://princessmare.com.gr/?sale/search/detail/?ITMCODE=s7a2r0m9e3n9t2o1s2e44" "Mozilla/5.0 (Linux; Android 6.0.1; Nexus 5X Build/MMB29P) AppleWebKit/537.36 (KHTML, like Gecko) Chrome/153.0.8010.52 Mobile Safari/537.36 (compatible; Googlebot/2.1; +http://www.google.com/bot.html)"
66.249.66.32 - - [24/Sep/2026:05:09:53 +0300] "GET /wp-content/plugins/revslider/public/assets/js/rs6.min.js?ver=6.5.3 HTTP/1.1" 200 90147 "https://princessmare.com.gr/?sale/search/detail/?ITMCODE=s7a2r0m9e3n9t2o1s2e44" "Mozilla/5.0 (Linux; Android 6.0.1; Nexus 5X Build/MMB29P) AppleWebKit/537.36 (KHTML, like Gecko) Chrome/153.0.8010.52 Mobile Safari/537.36 (compatible; Googlebot/2.1; +http://www.google.com/bot.html)"
66.249.66.32 - - [24/Sep/2026:05:09:54 +0300] "GET /wp-content/plugins/revslider/public/assets/js/rs6.min.js?ver=6.5.3 HTTP/1.1" 200 90147 "https://princessmare.com.gr/?sale/search/detail/?ITMCODE=s7c3a1n9d5a4l8o8u4s1ness" "Mozilla/5.0 (Linux; Android 6.0.1; Nexus 5X Build/MMB29P) AppleWebKit/537.36 (KHTML, like Gecko) Chrome/153.0.8010.52 Mobile Safari/537.36 (compatible; Googlebot/2.1; +http://www.google.com/bot.html)"
66.249.66.32 - - [24/Sep/2026:05:09:54 +0300] "GET /wp-content/plugins/revslider/public/assets/js/rs6.min.js?ver=6.5.3 HTTP/1.1" 200 5176 "https://princessmare.com.gr/?sale/search/detail/?ITMCODE=s7c3a1n9d5a4l8o8u4s1ness" "Mozilla/5.0 (Linux; Android 6.0.1; Nexus 5X Build/MMB29P) AppleWebKit/537.36 (KHTML, like Gecko) Chrome/153.0.8010.52 Mobile Safari/537.36 (compatible; Googlebot/2.1; +http://www.google.com/bot.html)"
66.249.66.32 - - [24/Sep/2026:05:09:54 +0300] "GET /?sale/search/detail/?ITMCODE=m2o3d7e0r3n7i0s4a1t0i7on HTTP/1.1" 200 30039 "-" "Mozilla/5.0 (Linux; Android 6.0.1; Nexus 5X Build/MMB29P) AppleWebKit/537.36 (KHTML, like Gecko) Chrome/153.0.8010.52 Mobile Safari/537.36 (compatible; Googlebot/2.1; +http://www.google.com/bot.html)"
40.77.167.28 - - [24/Sep/2026:05:09:55 +0300] "GET /?sale/search/detail/?ITMCODE=t9a1x3e1o7p8o0d3a51 HTTP/1.1" 200 30036 "-" "Mozilla/5.0 AppleWebKit/537.36 (KHTML, like Gecko; compatible; bingbot/2.0; +http://www.bing.com/bingbot.htm) Chrome/116.0.1938.76 Safari/537.36"
40.77.167.28 - - [24/Sep/2026:05:09:56 +0300] "GET /?sale/search/detail/?ITMCODE=f9u2r3t8h2e8r1s1o6m1e1 HTTP/1.1" 200 30038 "-" "Mozilla/5.0 AppleWebKit/537.36 (KHTML, like Gecko; compatible; bingbot/2.0; +http://www.bing.com/bingbot.htm) Chrome/116.0.1938.76 Safari/537.36"
40.77.167.28 - - [24/Sep/2026:05:09:57 +0300] "GET /?sale/search/detail/?ITMCODE=t1i4p7u5l8i9f0o1r9m2is HTTP/1.1" 200 30037 "-" "Mozilla/5.0 AppleWebKit/537.36 (KHTML, like Gecko; compatible; bingbot/2.0; +http://www.bing.com/bingbot.htm) Chrome/116.0.1938.76 Safari/537.36"
40.77.167.28 - - [24/Sep/2026:05:09:58 +0300] "GET /?sale/search/detail/?ITMCODE=d6i8z3z4y3i4n0g056 HTTP/1.1" 200 30037 "-" "Mozilla/5.0 AppleWebKit/537.36 (KHTML, like Gecko; compatible; bingbot/2.0; +http://www.bing.com/bingbot.htm) Chrome/116.0.1938.76 Safari/537.36"
40.77.167.28 - - [24/Sep/2026:05:09:59 +0300] "GET /?sale/search/detail/?ITMCODE=l9e3u2c1a2n2i0l8i5n3e7 HTTP/1.1" 200 30038 "-" "Mozilla/5.0 AppleWebKit/537.36 (KHTML, like Gecko; compatible; bingbot/2.0; +http://www.bing.com/bingbot.htm) Chrome/116.0.1938.76 Safari/537.36"
57.141.20.71 - - [24/Sep/2026:05:09:59 +0300] "GET /?sale/search/detail/?ITMCODE=c1o2a7r7s5e4g7r2a0i8n8ed HTTP/1.1" 200 30039 "-" "Mozilla/5.0 (Macintosh; Intel Mac OS X 10_15_7) AppleWebKit/537.36 (KHTML, like Gecko) Chrome/145.0.0.0 Safari/537.36 (compatible; meta-externalagent/1.1 (+https://developers.facebook.com/docs/sharing/webmasters/crawler))"
40.77.167.130 - - [24/Sep/2026:05:10:01 +0300] "GET /?sale/search/detail/?ITMCODE=m9a1l6e4f8e0a8s7a4n5c3e HTTP/1.1" 200 30039 "-" "Mozilla/5.0 AppleWebKit/537.36 (KHTML, like Gecko; compatible; bingbot/2.0; +http://www.bing.com/bingbot.htm) Chrome/116.0.1938.76 Safari/537.36"
40.77.167.130 - - [24/Sep/2026:05:10:03 +0300] "GET /?sale/search/detail/?ITMCODE=p5i4g1n8o8r3a2t8i5v8e0 HTTP/1.1" 200 30038 "-" "Mozilla/5.0 AppleWebKit/537.36 (KHTML, like Gecko; compatible; bingbot/2.0; +http://www.bing.com/bingbot.htm) Chrome/116.0.1938.76 Safari/537.36"
40.77.167.28 - - [24/Sep/2026:05:10:05 +0300] "GET /?sale/search/detail/?ITMCODE=a6n6g4u5s6t1i2f5o5l5ious HTTP/1.1" 200 30040 "-" "Mozilla/5.0 AppleWebKit/537.36 (KHTML, like Gecko; compatible; bingbot/2.0; +http://www.bing.com/bingbot.htm) Chrome/116.0.1938.76 Safari/537.36"
40.77.167.28 - - [24/Sep/2026:05:10:06 +0300] "GET /?sale/search/detail/?ITMCODE=d3e2c7i9d5u9o5u3s492 HTTP/1.1" 200 30036 "-" "Mozilla/5.0 AppleWebKit/537.36 (KHTML, like Gecko; compatible; bingbot/2.0; +http://www.bing.com/bingbot.htm) Chrome/116.0.1938.76 Safari/537.36"
57.141.20.8 - - [24/Sep/2026:05:10:07 +0300] "GET /?sale/search/detail/?ITMCODE=s1a2l6t3g4r3e2e6n395 HTTP/1.1" 200 30036 "-" "Mozilla/5.0 (Windows NT 10.0; Win64; x64) AppleWebKit/537.36 (KHTML, like Gecko) Chrome/145.0.0.0 Safari/537.36 (compatible; meta-externalagent/1.1 (+https://developers.facebook.com/docs/sharing/webmasters/crawler))"
40.77.167.28 - - [24/Sep/2026:05:10:07 +0300] "GET /?sale/search/detail/?ITMCODE=i6n3g4l3o2r0i6o0u6s5n4ess HTTP/1.1" 200 30039 "-" "Mozilla/5.0 AppleWebKit/537.36 (KHTML, like Gecko; compatible; bingbot/2.0; +http://www.bing.com/bingbot.htm) Chrome/116.0.1938.76 Safari/537.36"
40.77.167.28 - - [24/Sep/2026:05:10:08 +0300] "GET /?sale/search/detail/?ITMCODE=z8y4m9o8m9e8t6e5r4 HTTP/1.1" 200 30036 "-" "Mozilla/5.0 AppleWebKit/537.36 (KHTML, like Gecko; compatible; bingbot/2.0; +http://www.bing.com/bingbot.htm) Chrome/116.0.1938.76 Safari/537.36"
66.249.66.32 - - [24/Sep/2026:05:10:08 +0300] "GET /?sale/search/detail/?ITMCODE=p0h1y8l6l5i2u9m0479 HTTP/1.1" 200 30036 "-" "Mozilla/5.0 (Linux; Android 6.0.1; Nexus 5X Build/MMB29P) AppleWebKit/537.36 (KHTML, like Gecko) Chrome/153.0.8010.52 Mobile Safari/537.36 (compatible; Googlebot/2.1; +http://www.google.com/bot.html)"
40.77.167.28 - - [24/Sep/2026:05:10:09 +0300] "GET /?sale/search/detail/?ITMCODE=m5o8u2r7n9e4r5542 HTTP/1.1" 200 30034 "-" "Mozilla/5.0 AppleWebKit/537.36 (KHTML, like Gecko; compatible; bingbot/2.0; +http://www.bing.com/bingbot.htm) Chrome/116.0.1938.76 Safari/537.36"
40.77.167.28 - - [24/Sep/2026:05:10:11 +0300] "GET /?sale/search/detail/?ITMCODE=b9r7u4n3t831452 HTTP/1.1" 200 30032 "-" "Mozilla/5.0 AppleWebKit/537.36 (KHTML, like Gecko; compatible; bingbot/2.0; +http://www.bing.com/bingbot.htm) Chrome/116.0.1938.76 Safari/537.36"
66.249.66.33 - - [24/Sep/2026:05:10:12 +0300] "GET /wp-content/plugins/Ultimate_VC_Addons/assets/min-css/style.min.css?ver=3.19.10 HTTP/1.1" 200 5172 "https://princessmare.com.gr/?sale/search/detail/?ITMCODE=b6i1l8a4t9e1r5a1l1i6t1y" "Mozilla/5.0 (Linux; Android 6.0.1; Nexus 5X Build/MMB29P) AppleWebKit/537.36 (KHTML, like Gecko) Chrome/153.0.8010.52 Mobile Safari/537.36 (compatible; Googlebot/2.1; +http://www.google.com/bot.html)"
40.77.167.130 - - [24/Sep/2026:05:10:12 +0300] "GET /?sale/search/detail/?ITMCODE=t5r1i2b0u3l4o2i9d3e1s5 HTTP/1.1" 200 30037 "-" "Mozilla/5.0 AppleWebKit/537.36 (KHTML, like Gecko; compatible; bingbot/2.0; +http://www.bing.com/bingbot.htm) Chrome/116.0.1938.76 Safari/537.36"
40.77.167.28 - - [24/Sep/2026:05:10:12 +0300] "GET /?sale/search/detail/?ITMCODE=f8a1s0c7i4a7e93661 HTTP/1.1" 200 30035 "-" "Mozilla/5.0 AppleWebKit/537.36 (KHTML, like Gecko; compatible; bingbot/2.0; +http://www.bing.com/bingbot.htm) Chrome/116.0.1938.76 Safari/537.36"
66.249.66.33 - - [24/Sep/2026:05:10:12 +0300] "GET /wp-content/plugins/Ultimate_VC_Addons/assets/min-css/style.min.css?ver=3.19.10 HTTP/1.1" 200 2589 "https://princessmare.com.gr/?sale/search/detail/?ITMCODE=b6i1l8a4t9e1r5a1l1i6t1y" "Mozilla/5.0 (Linux; Android 6.0.1; Nexus 5X Build/MMB29P) AppleWebKit/537.36 (KHTML, like Gecko) Chrome/153.0.8010.52 Mobile Safari/537.36 (compatible; Googlebot/2.1; +http://www.google.com/bot.html)"
66.249.66.32 - - [24/Sep/2026:05:10:13 +0300] "GET /wp-content/plugins/Ultimate_VC_Addons/assets/min-css/style.min.css?ver=3.19.10 HTTP/1.1" 200 2589 "https://princessmare.com.gr/?sale/search/detail/?ITMCODE=d5i1s7e1n9c9u8m2b6e8r4" "Mozilla/5.0 (Linux; Android 6.0.1; Nexus 5X Build/MMB29P) AppleWebKit/537.36 (KHTML, like Gecko) Chrome/153.0.8010.52 Mobile Safari/537.36 (compatible; Googlebot/2.1; +http://www.google.com/bot.html)"
66.249.66.32 - - [24/Sep/2026:05:10:13 +0300] "GET /wp-content/plugins/Ultimate_VC_Addons/assets/min-css/style.min.css?ver=3.19.10 HTTP/1.1" 200 5172 "https://princessmare.com.gr/?sale/search/detail/?ITMCODE=d5i1s7e1n9c9u8m2b6e8r4" "Mozilla/5.0 (Linux; Android 6.0.1; Nexus 5X Build/MMB29P) AppleWebKit/537.36 (KHTML, like Gecko) Chrome/153.0.8010.52 Mobile Safari/537.36 (compatible; Googlebot/2.1; +http://www.google.com/bot.html)"
40.77.167.28 - - [24/Sep/2026:05:10:13 +0300] "GET /?sale/search/detail/?ITMCODE=s7c1r0a7p0e7p5e9n3n4y HTTP/1.1" 200 30037 "-" "Mozilla/5.0 AppleWebKit/537.36 (KHTML, like Gecko; compatible; bingbot/2.0; +http://www.bing.com/bingbot.htm) Chrome/116.0.1938.76 Safari/537.36"
40.77.167.28 - - [24/Sep/2026:05:10:13 +0300] "GET /?sale/search/detail/?ITMCODE=u0n2d4i9o5c1e6s7e4d63 HTTP/1.1" 200 30037 "-" "Mozilla/5.0 AppleWebKit/537.36 (KHTML, like Gecko; compatible; bingbot/2.0; +http://www.bing.com/bingbot.htm) Chrome/116.0.1938.76 Safari/537.36"
66.249.66.33 - - [24/Sep/2026:05:10:14 +0300] "GET /wp-includes/js/jquery/jquery.min.js?ver=3.7.1 HTTP/1.1" 200 5155 "https://princessmare.com.gr/?sale/search/detail/?ITMCODE=d5i1s7e1n9c9u8m2b6e8r4" "Mozilla/5.0 (Linux; Android 6.0.1; Nexus 5X Build/MMB29P) AppleWebKit/537.36 (KHTML, like Gecko) Chrome/153.0.8010.52 Mobile Safari/537.36 (compatible; Googlebot/2.1; +http://www.google.com/bot.html)"
66.249.66.33 - - [24/Sep/2026:05:10:14 +0300] "GET /wp-content/themes/dt-the7/js/main.min.js?ver=9.14.1 HTTP/1.1" 200 5160 "https://princessmare.com.gr/?sale/search/detail/?ITMCODE=d5i1s7e1n9c9u8m2b6e8r4" "Mozilla/5.0 (Linux; Android 6.0.1; Nexus 5X Build/MMB29P) AppleWebKit/537.36 (KHTML, like Gecko) Chrome/153.0.8010.52 Mobile Safari/537.36 (compatible; Googlebot/2.1; +http://www.google.com/bot.html)"
40.77.167.28 - - [24/Sep/2026:05:10:14 +0300] "GET /?sale/search/detail/?ITMCODE=c2e3n5t2e3s1m7918 HTTP/1.1" 200 30033 "-" "Mozilla/5.0 AppleWebKit/537.36 (KHTML, like Gecko; compatible; bingbot/2.0; +http://www.bing.com/bingbot.htm) Chrome/116.0.1938.76 Safari/537.36"
66.249.66.33 - - [24/Sep/2026:05:10:14 +0300] "GET /wp-includes/js/jquery/jquery.min.js?ver=3.7.1 HTTP/1.1" 200 29610 "https://princessmare.com.gr/?sale/search/detail/?ITMCODE=d5i1s7e1n9c9u8m2b6e8r4" "Mozilla/5.0 (Linux; Android 6.0.1; Nexus 5X Build/MMB29P) AppleWebKit/537.36 (KHTML, like Gecko) Chrome/153.0.8010.52 Mobile Safari/537.36 (compatible; Googlebot/2.1; +http://www.google.com/bot.html)"
66.249.66.33 - - [24/Sep/2026:05:10:14 +0300] "GET /wp-content/themes/dt-the7/js/main.min.js?ver=9.14.1 HTTP/1.1" 200 77429 "https://princessmare.com.gr/?sale/search/detail/?ITMCODE=d5i1s7e1n9c9u8m2b6e8r4" "Mozilla/5.0 (Linux; Android 6.0.1; Nexus 5X Build/MMB29P) AppleWebKit/537.36 (KHTML, like Gecko) Chrome/153.0.8010.52 Mobile Safari/537.36 (compatible; Googlebot/2.1; +http://www.google.com/bot.html)"
40.77.167.28 - - [24/Sep/2026:05:10:15 +0300] "GET /?sale/search/detail/?ITMCODE=d0i1v5i6d7e0r9s5708 HTTP/1.1" 200 30036 "-" "Mozilla/5.0 AppleWebKit/537.36 (KHTML, like Gecko; compatible; bingbot/2.0; +http://www.bing.com/bingbot.htm) Chrome/116.0.1938.76 Safari/537.36"
40.77.167.51 - - [24/Sep/2026:05:10:15 +0300] "GET /?sale/search/detail/?ITMCODE=d2e1p2u9d6i2c0a6t9e91 HTTP/1.1" 200 30037 "-" "Mozilla/5.0 AppleWebKit/537.36 (KHTML, like Gecko; compatible; bingbot/2.0; +http://www.bing.com/bingbot.htm) Chrome/116.0.1938.76 Safari/537.36"
40.77.167.51 - - [24/Sep/2026:05:10:16 +0300] "GET /?sale/search/detail/?ITMCODE=i6l3l2a5q3u0e0a1t5e8d9 HTTP/1.1" 200 30038 "-" "Mozilla/5.0 AppleWebKit/537.36 (KHTML, like Gecko; compatible; bingbot/2.0; +http://www.bing.com/bingbot.htm) Chrome/116.0.1938.76 Safari/537.36"
40.77.167.51 - - [24/Sep/2026:05:10:17 +0300] "GET /?sale/search/detail/?ITMCODE=m1a1n0o5e1u5v8r3e0d17 HTTP/1.1" 200 30038 "-" "Mozilla/5.0 AppleWebKit/537.36 (KHTML, like Gecko; compatible; bingbot/2.0; +http://www.bing.com/bingbot.htm) Chrome/116.0.1938.76 Safari/537.36"
40.77.167.51 - - [24/Sep/2026:05:10:18 +0300] "GET /?sale/search/detail/?ITMCODE=r9i3v6e3r8e5d09730 HTTP/1.1" 200 30035 "-" "Mozilla/5.0 AppleWebKit/537.36 (KHTML, like Gecko; compatible; bingbot/2.0; +http://www.bing.com/bingbot.htm) Chrome/116.0.1938.76 Safari/537.36"
66.249.66.32 - - [24/Sep/2026:05:10:19 +0300] "GET /?sale/search/detail/?ITMCODE=w8i8k5k7e836389 HTTP/1.1" 200 30033 "-" "Mozilla/5.0 (Linux; Android 6.0.1; Nexus 5X Build/MMB29P) AppleWebKit/537.36 (KHTML, like Gecko) Chrome/154.0.8037.57 Mobile Safari/537.36 (compatible; Googlebot/2.1; +http://www.google.com/bot.html)"
40.77.167.51 - - [24/Sep/2026:05:10:19 +0300] "GET /?sale/search/detail/?ITMCODE=h7u3c3k8l8e7b0e0r5r1y4 HTTP/1.1" 200 30038 "-" "Mozilla/5.0 AppleWebKit/537.36 (KHTML, like Gecko; compatible; bingbot/2.0; +http://www.bing.com/bingbot.htm) Chrome/116.0.1938.76 Safari/537.36"
40.77.167.28 - - [24/Sep/2026:05:10:20 +0300] "GET /?sale/search/detail/?ITMCODE=a6c1h1a5t4o6u3r1998 HTTP/1.1" 200 30035 "-" "Mozilla/5.0 AppleWebKit/537.36 (KHTML, like Gecko; compatible; bingbot/2.0; +http://www.bing.com/bingbot.htm) Chrome/116.0.1938.76 Safari/537.36"
66.249.66.77 - - [24/Sep/2026:05:10:21 +0300] "GET /?sale/search/detail/?ITMCODE=i6n7d5e8c1o3r9o3u4s1ness HTTP/1.1" 301 5196 "-" "Mozilla/5.0 (Linux; Android 6.0.1; Nexus 5X Build/MMB29P) AppleWebKit/537.36 (KHTML, like Gecko) Chrome/153.0.8010.52 Mobile Safari/537.36 (compatible; Googlebot/2.1; +http://www.google.com/bot.html)"
40.77.167.28 - - [24/Sep/2026:05:10:21 +0300] "GET /?sale/search/detail/?ITMCODE=a1n6t7i4s2p9l6e8n8etic HTTP/1.1" 200 30038 "-" "Mozilla/5.0 AppleWebKit/537.36 (KHTML, like Gecko; compatible; bingbot/2.0; +http://www.bing.com/bingbot.htm) Chrome/116.0.1938.76 Safari/537.36"
40.77.167.28 - - [24/Sep/2026:05:10:22 +0300] "GET /?sale/search/detail/?ITMCODE=h4y4p1a4n2t4h0i9u0m5s5 HTTP/1.1" 200 30038 "-" "Mozilla/5.0 AppleWebKit/537.36 (KHTML, like Gecko; compatible; bingbot/2.0; +http://www.bing.com/bingbot.htm) Chrome/116.0.1938.76 Safari/537.36"
40.77.167.28 - - [24/Sep/2026:05:10:23 +0300] "GET /?sale/search/detail/?ITMCODE=r4e1s0t2r1i3c3t6i4v2e1ness HTTP/1.1" 200 30040 "-" "Mozilla/5.0 AppleWebKit/537.36 (KHTML, like Gecko; compatible; bingbot/2.0; +http://www.bing.com/bingbot.htm) Chrome/116.0.1938.76 Safari/537.36"
40.77.167.28 - - [24/Sep/2026:05:10:25 +0300] "GET /?sale/search/detail/?ITMCODE=c2e4p0h3a8l7o3m8y1i9a4 HTTP/1.1" 200 30038 "-" "Mozilla/5.0 AppleWebKit/537.36 (KHTML, like Gecko; compatible; bingbot/2.0; +http://www.bing.com/bingbot.htm) Chrome/116.0.1938.76 Safari/537.36"
66.249.66.32 - - [24/Sep/2026:05:10:27 +0300] "GET /shopdetail/drug/033000893 HTTP/1.1" 404 60888 "-" "Mozilla/5.0 (Linux; Android 6.0.1; Nexus 5X Build/MMB29P) AppleWebKit/537.36 (KHTML, like Gecko) Chrome/153.0.8010.52 Mobile Safari/537.36 (compatible; Googlebot/2.1; +http://www.google.com/bot.html)"
66.249.66.32 - - [24/Sep/2026:05:10:29 +0300] "GET /?sale/search/detail/?ITMCODE=m1i2l9i9t8a5r6i4s1a3t5ion HTTP/1.1" 200 30039 "-" "Mozilla/5.0 (Linux; Android 6.0.1; Nexus 5X Build/MMB29P) AppleWebKit/537.36 (KHTML, like Gecko) Chrome/153.0.8010.52 Mobile Safari/537.36 (compatible; Googlebot/2.1; +http://www.google.com/bot.html)"
40.77.167.51 - - [24/Sep/2026:05:10:31 +0300] "GET /?sale/search/detail/?ITMCODE=b1e3n3e1f9i2t7e0r187 HTTP/1.1" 200 30035 "-" "Mozilla/5.0 AppleWebKit/537.36 (KHTML, like Gecko; compatible; bingbot/2.0; +http://www.bing.com/bingbot.htm) Chrome/116.0.1938.76 Safari/537.36"
40.77.167.51 - - [24/Sep/2026:05:10:32 +0300] "GET /?sale/search/detail/?ITMCODE=d0e7s9o4p0h8i9s9ticate HTTP/1.1" 200 30036 "-" "Mozilla/5.0 AppleWebKit/537.36 (KHTML, like Gecko; compatible; bingbot/2.0; +http://www.bing.com/bingbot.htm) Chrome/116.0.1938.76 Safari/537.36"
40.77.167.51 - - [24/Sep/2026:05:10:33 +0300] "GET /?sale/search/detail/?ITMCODE=d4e2l6e5c5t0a0t8i0o7n2 HTTP/1.1" 200 30038 "-" "Mozilla/5.0 AppleWebKit/537.36 (KHTML, like Gecko; compatible; bingbot/2.0; +http://www.bing.com/bingbot.htm) Chrome/116.0.1938.76 Safari/537.36"
66.249.66.100 - - [24/Sep/2026:05:10:33 +0300] "GET /?sale/search/detail/?ITMCODE=t3r3e8m5i7e248965 HTTP/1.1" 200 30035 "-" "Mozilla/5.0 (Linux; Android 6.0.1; Nexus 5X Build/MMB29P) AppleWebKit/537.36 (KHTML, like Gecko) Chrome/153.0.8010.52 Mobile Safari/537.36 (compatible; Googlebot/2.1; +http://www.google.com/bot.html)"
40.77.167.51 - - [24/Sep/2026:05:10:34 +0300] "GET /?sale/search/detail/?ITMCODE=e0m3a2s1c6u4l2a0t6o0r5y HTTP/1.1" 200 30039 "-" "Mozilla/5.0 AppleWebKit/537.36 (KHTML, like Gecko; compatible; bingbot/2.0; +http://www.bing.com/bingbot.htm) Chrome/116.0.1938.76 Safari/537.36"
57.141.20.32 - - [24/Sep/2026:05:10:34 +0300] "GET /?sale/search/detail/?ITMCODE=r1o2u2s6s6e8t6t5e9 HTTP/1.1" 200 30034 "-" "Mozilla/5.0 (Macintosh; Intel Mac OS X 10_15_7) AppleWebKit/537.36 (KHTML, like Gecko) Chrome/145.0.0.0 Safari/537.36 (compatible; meta-externalagent/1.1 (+https://developers.facebook.com/docs/sharing/webmasters/crawler))"
40.77.167.51 - - [24/Sep/2026:05:10:35 +0300] "GET /?sale/search/detail/?ITMCODE=c8o2t9e6m3p5o5r7a4r8i5es HTTP/1.1" 200 30039 "-" "Mozilla/5.0 AppleWebKit/537.36 (KHTML, like Gecko; compatible; bingbot/2.0; +http://www.bing.com/bingbot.htm) Chrome/116.0.1938.76 Safari/537.36"
57.141.20.21 - - [24/Sep/2026:05:10:35 +0300] "GET /?sale/search/detail/?ITMCODE=f1l7y9e7r310262 HTTP/1.1" 200 30032 "-" "Mozilla/5.0 (Windows NT 10.0; Win64; x64) AppleWebKit/537.36 (KHTML, like Gecko) Chrome/145.0.0.0 Safari/537.36 (compatible; meta-externalagent/1.1 (+https://developers.facebook.com/docs/sharing/webmasters/crawler))"
40.77.167.130 - - [24/Sep/2026:05:10:36 +0300] "GET /?sale/search/detail/?ITMCODE=d3e4m2u7l9c3e52123 HTTP/1.1" 200 30034 "-" "Mozilla/5.0 AppleWebKit/537.36 (KHTML, like Gecko; compatible; bingbot/2.0; +http://www.bing.com/bingbot.htm) Chrome/116.0.1938.76 Safari/537.36"
40.77.167.130 - - [24/Sep/2026:05:10:37 +0300] "GET /?sale/search/detail/?ITMCODE=d5r2e3a2d9l8y09241 HTTP/1.1" 200 30035 "-" "Mozilla/5.0 AppleWebKit/537.36 (KHTML, like Gecko; compatible; bingbot/2.0; +http://www.bing.com/bingbot.htm) Chrome/116.0.1938.76 Safari/537.36"
40.77.167.130 - - [24/Sep/2026:05:10:37 +0300] "GET /?sale/search/detail/?ITMCODE=r5e1s0t4f6u6l9l2y692 HTTP/1.1" 200 30036 "-" "Mozilla/5.0 AppleWebKit/537.36 (KHTML, like Gecko; compatible; bingbot/2.0; +http://www.bing.com/bingbot.htm) Chrome/116.0.1938.76 Safari/537.36"
40.77.167.130 - - [24/Sep/2026:05:10:38 +0300] "GET /?sale/search/detail/?ITMCODE=o3s2t8r6a5c7i9t3e459 HTTP/1.1" 200 30036 "-" "Mozilla/5.0 AppleWebKit/537.36 (KHTML, like Gecko; compatible; bingbot/2.0; +http://www.bing.com/bingbot.htm) Chrome/116.0.1938.76 Safari/537.36"
66.249.66.68 - - [24/Sep/2026:05:10:39 +0300] "GET /?sale/search/detail/?ITMCODE=b3a2t6t3e5r6e6r7483 HTTP/1.1" 200 30034 "-" "Mozilla/5.0 (Linux; Android 6.0.1; Nexus 5X Build/MMB29P) AppleWebKit/537.36 (KHTML, like Gecko) Chrome/153.0.8010.52 Mobile Safari/537.36 (compatible; Googlebot/2.1; +http://www.google.com/bot.html)"
40.77.167.130 - - [24/Sep/2026:05:10:39 +0300] "GET /?sale/search/detail/?ITMCODE=t1i2d1o1l0o8g5y893 HTTP/1.1" 200 30034 "-" "Mozilla/5.0 AppleWebKit/537.36 (KHTML, like Gecko; compatible; bingbot/2.0; +http://www.bing.com/bingbot.htm) Chrome/116.0.1938.76 Safari/537.36"
40.77.167.130 - - [24/Sep/2026:05:10:40 +0300] "GET /?sale/search/detail/?ITMCODE=o7u2t4s2o6u8n1d292 HTTP/1.1" 200 30034 "-" "Mozilla/5.0 AppleWebKit/537.36 (KHTML, like Gecko; compatible; bingbot/2.0; +http://www.bing.com/bingbot.htm) Chrome/116.0.1938.76 Safari/537.36"
66.249.66.196 - - [24/Sep/2026:05:10:40 +0300] "GET /?sale/search/detail/?ITMCODE=g0e9r6u2n7d6i5v8e9l1y HTTP/1.1" 200 30037 "-" "Mozilla/5.0 (Linux; Android 6.0.1; Nexus 5X Build/MMB29P) AppleWebKit/537.36 (KHTML, like Gecko) Chrome/153.0.8010.52 Mobile Safari/537.36 (compatible; Googlebot/2.1; +http://www.google.com/bot.html)"
57.141.20.16 - - [24/Sep/2026:05:10:41 +0300] "GET /?sale/search/detail/?ITMCODE=g4y4b0e0d2887155 HTTP/1.1" 200 30034 "-" "Mozilla/5.0 (Windows NT 10.0; Win64; x64) AppleWebKit/537.36 (KHTML, like Gecko) Chrome/145.0.0.0 Safari/537.36 (compatible; meta-externalagent/1.1 (+https://developers.facebook.com/docs/sharing/webmasters/crawler))"
40.77.167.51 - - [24/Sep/2026:05:10:41 +0300] "GET /?sale/search/detail/?ITMCODE=d5i3s6c1o6l5o8r1a2t4i1on HTTP/1.1" 200 30039 "-" "Mozilla/5.0 AppleWebKit/537.36 (KHTML, like Gecko; compatible; bingbot/2.0; +http://www.bing.com/bingbot.htm) Chrome/116.0.1938.76 Safari/537.36"
40.77.167.130 - - [24/Sep/2026:05:10:41 +0300] "GET /?sale/search/detail/?ITMCODE=i5r4r2e5l7i3g4i7o2u5s8 HTTP/1.1" 200 30037 "-" "Mozilla/5.0 AppleWebKit/537.36 (KHTML, like Gecko; compatible; bingbot/2.0; +http://www.bing.com/bingbot.htm) Chrome/116.0.1938.76 Safari/537.36"
40.77.167.130 - - [24/Sep/2026:05:10:42 +0300] "GET /?sale/search/detail/?ITMCODE=g3l4e1d8i5t3s0c4h2i6a4 HTTP/1.1" 200 30038 "-" "Mozilla/5.0 AppleWebKit/537.36 (KHTML, like Gecko; compatible; bingbot/2.0; +http://www.bing.com/bingbot.htm) Chrome/116.0.1938.76 Safari/537.36"
57.141.20.65 - - [24/Sep/2026:05:10:45 +0300] "GET /?sale/search/detail/?ITMCODE=m1u1l5i9s6h3l6y9815 HTTP/1.1" 200 30036 "-" "Mozilla/5.0 (Windows NT 10.0; Win64; x64) AppleWebKit/537.36 (KHTML, like Gecko) Chrome/145.0.0.0 Safari/537.36 (compatible; meta-externalagent/1.1 (+https://developers.facebook.com/docs/sharing/webmasters/crawler))"
40.77.167.51 - - [24/Sep/2026:05:10:51 +0300] "GET /?sale/search/detail/?ITMCODE=c2o1m3e8s782463 HTTP/1.1" 200 30033 "-" "Mozilla/5.0 AppleWebKit/537.36 (KHTML, like Gecko; compatible; bingbot/2.0; +http://www.bing.com/bingbot.htm) Chrome/116.0.1938.76 Safari/537.36"
40.77.167.51 - - [24/Sep/2026:05:10:52 +0300] "GET /?sale/search/detail/?ITMCODE=c0l3a9s3s0i5c1i5z8e03 HTTP/1.1" 200 30037 "-" "Mozilla/5.0 AppleWebKit/537.36 (KHTML, like Gecko; compatible; bingbot/2.0; +http://www.bing.com/bingbot.htm) Chrome/116.0.1938.76 Safari/537.36"
40.77.167.51 - - [24/Sep/2026:05:10:53 +0300] "GET /?sale/search/detail/?ITMCODE=p3l3a9i8s8a2n3c9e500 HTTP/1.1" 200 30037 "-" "Mozilla/5.0 AppleWebKit/537.36 (KHTML, like Gecko; compatible; bingbot/2.0; +http://www.bing.com/bingbot.htm) Chrome/116.0.1938.76 Safari/537.36"
40.77.167.28 - - [24/Sep/2026:05:10:56 +0300] "GET /?sale/search/detail/?ITMCODE=a9d2v7e1n5t8u2r6i6s2t9ic HTTP/1.1" 200 30039 "-" "Mozilla/5.0 AppleWebKit/537.36 (KHTML, like Gecko; compatible; bingbot/2.0; +http://www.bing.com/bingbot.htm) Chrome/116.0.1938.76 Safari/537.36"
40.77.167.28 - - [24/Sep/2026:05:10:57 +0300] "GET /?sale/search/detail/?ITMCODE=s1u4p1p0o9s6i5t5o7r2i7es HTTP/1.1" 200 30038 "-" "Mozilla/5.0 AppleWebKit/537.36 (KHTML, like Gecko; compatible; bingbot/2.0; +http://www.bing.com/bingbot.htm) Chrome/116.0.1938.76 Safari/537.36"
40.77.167.28 - - [24/Sep/2026:05:10:57 +0300] "GET /?sale/search/detail/?ITMCODE=m8u3s0t0e8l1i6d1598 HTTP/1.1" 200 30036 "-" "Mozilla/5.0 AppleWebKit/537.36 (KHTML, like Gecko; compatible; bingbot/2.0; +http://www.bing.com/bingbot.htm) Chrome/116.0.1938.76 Safari/537.36"
40.77.167.28 - - [24/Sep/2026:05:10:58 +0300] "GET /?sale/search/detail/?ITMCODE=c8o1m4p7e7n0s7a5t2i6v0e HTTP/1.1" 200 30039 "-" "Mozilla/5.0 AppleWebKit/537.36 (KHTML, like Gecko; compatible; bingbot/2.0; +http://www.bing.com/bingbot.htm) Chrome/116.0.1938.76 Safari/537.36"
66.249.66.32 - - [24/Sep/2026:05:10:59 +0300] "GET /?sale/search/detail/?ITMCODE=c5r1a0s7s0i0c1a3u3d0a6ta HTTP/1.1" 200 30040 "-" "Mozilla/5.0 (Linux; Android 6.0.1; Nexus 5X Build/MMB29P) AppleWebKit/537.36 (KHTML, like Gecko) Chrome/153.0.8010.52 Mobile Safari/537.36 (compatible; Googlebot/2.1; +http://www.google.com/bot.html)"
66.249.66.75 - - [24/Sep/2026:05:10:59 +0300] "GET /?sale/search/detail/?ITMCODE=c1h7a2r6a3c6t6e6r7i8stical HTTP/1.1" 301 5198 "-" "Mozilla/5.0 (Linux; Android 6.0.1; Nexus 5X Build/MMB29P) AppleWebKit/537.36 (KHTML, like Gecko) Chrome/153.0.8010.52 Mobile Safari/537.36 (compatible; Googlebot/2.1; +http://www.google.com/bot.html)"
40.77.167.28 - - [24/Sep/2026:05:11:00 +0300] "GET /?sale/search/detail/?ITMCODE=c8h1a1l5a6z3e16900 HTTP/1.1" 200 30035 "-" "Mozilla/5.0 AppleWebKit/537.36 (KHTML, like Gecko; compatible; bingbot/2.0; +http://www.bing.com/bingbot.htm) Chrome/116.0.1938.76 Safari/537.36"
40.77.167.130 - - [24/Sep/2026:05:11:01 +0300] "GET /?sale/search/detail/?ITMCODE=s8o2l5p0u7g8i1d4e3a75 HTTP/1.1" 200 30037 "-" "Mozilla/5.0 AppleWebKit/537.36 (KHTML, like Gecko; compatible; bingbot/2.0; +http://www.bing.com/bingbot.htm) Chrome/116.0.1938.76 Safari/537.36"
40.77.167.28 - - [24/Sep/2026:05:11:01 +0300] "GET /?sale/search/detail/?ITMCODE=a5l1l9e2g6o5r3i6z7e48 HTTP/1.1" 200 30037 "-" "Mozilla/5.0 AppleWebKit/537.36 (KHTML, like Gecko; compatible; bingbot/2.0; +http://www.bing.com/bingbot.htm) Chrome/116.0.1938.76 Safari/537.36"
40.77.167.130 - - [24/Sep/2026:05:11:02 +0300] "GET /?sale/search/detail/?ITMCODE=a7n1n0a6l1i9s0t1i4c08 HTTP/1.1" 200 30037 "-" "Mozilla/5.0 AppleWebKit/537.36 (KHTML, like Gecko; compatible; bingbot/2.0; +http://www.bing.com/bingbot.htm) Chrome/116.0.1938.76 Safari/537.36"
57.141.20.57 - - [24/Sep/2026:05:11:02 +0300] "GET /?sale/search/detail/?ITMCODE=f1l9e5e7c1e7l1e7s8s4 HTTP/1.1" 200 30035 "-" "Mozilla/5.0 (Macintosh; Intel Mac OS X 10_15_7) AppleWebKit/537.36 (KHTML, like Gecko) Chrome/145.0.0.0 Safari/537.36 (compatible; meta-externalagent/1.1 (+https://developers.facebook.com/docs/sharing/webmasters/crawler))"
