40.77.167.51 - - [24/Sep/2026:05:06:35 +0300] "GET /?sale/search/detail/?ITMCODE=p1e4r0i8o5p7l4e4759 HTTP/1.1" 200 30036 "-" "Mozilla/5.0 AppleWebKit/537.36 (KHTML, like Gecko; compatible; bingbot/2.0; +http://www.bing.com/bingbot.htm) Chrome/116.0.1938.76 Safari/537.36"
40.77.167.51 - - [24/Sep/2026:05:06:39 +0300] "GET /?sale/search/detail/?ITMCODE=n5o2r3t6h2w3e8s9t1e6r4 HTTP/1.1" 200 30037 "-" "Mozilla/5.0 AppleWebKit/537.36 (KHTML, like Gecko; compatible; bingbot/2.0; +http://www.bing.com/bingbot.htm) Chrome/116.0.1938.76 Safari/537.36"
57.141.20.73 - - [24/Sep/2026:05:06:42 +0300] "GET /?sale/search/detail/?ITMCODE=c1h7i2p8p0e5w9a2y3s5 HTTP/1.1" 200 30036 "-" "Mozilla/5.0 (Windows NT 10.0; Win64; x64) AppleWebKit/537.36 (KHTML, like Gecko) Chrome/145.0.0.0 Safari/537.36 Edg/145.0.0.0 (compatible; meta-externalagent/1.1 (+https://developers.facebook.com/docs/sharing/webmasters/crawler))"
40.77.167.14 - - [24/Sep/2026:05:06:42 +0300] "GET /?sale/search/detail/?ITMCODE=c9o3r9n7e8l4i2a3n26 HTTP/1.1" 200 30034 "-" "Mozilla/5.0 AppleWebKit/537.36 (KHTML, like Gecko; compatible; bingbot/2.0; +http://www.bing.com/bingbot.htm) Chrome/116.0.1938.76 Safari/537.36"
40.77.167.14 - - [24/Sep/2026:05:06:44 +0300] "GET /?sale/search/detail/?ITMCODE=a5p2o0c4o0p1a7t0i5o6n9 HTTP/1.1" 200 30038 "-" "Mozilla/5.0 AppleWebKit/537.36 (KHTML, like Gecko; compatible; bingbot/2.0; +http://www.bing.com/bingbot.htm) Chrome/116.0.1938.76 Safari/537.36"
40.77.167.14 - - [24/Sep/2026:05:06:44 +0300] "GET /?sale/search/detail/?ITMCODE=a8r1i3s9t9o9l9o7c3h3i5aceae HTTP/1.1" 200 30042 "-" "Mozilla/5.0 AppleWebKit/537.36 (KHTML, like Gecko; compatible; bingbot/2.0; +http://www.bing.com/bingbot.htm) Chrome/116.0.1938.76 Safari/537.36"
40.77.167.14 - - [24/Sep/2026:05:06:45 +0300] "GET /?sale/search/detail/?ITMCODE=p9u1n6t2e4l164537 HTTP/1.1" 200 30033 "-" "Mozilla/5.0 AppleWebKit/537.36 (KHTML, like Gecko; compatible; bingbot/2.0; +http://www.bing.com/bingbot.htm) Chrome/116.0.1938.76 Safari/537.36"
40.77.167.14 - - [24/Sep/2026:05:06:46 +0300] "GET /?sale/search/detail/?ITMCODE=i6n1c6a1u9t9i7o2u5s4l1y HTTP/1.1" 200 30039 "-" "Mozilla/5.0 AppleWebKit/537.36 (KHTML, like Gecko; compatible; bingbot/2.0; +http://www.bing.com/bingbot.htm) Chrome/116.0.1938.76 Safari/537.36"
40.77.167.14 - - [24/Sep/2026:05:06:47 +0300] "GET /?sale/search/detail/?ITMCODE=e9n3c6h4i6s6e7l4152 HTTP/1.1" 200 30035 "-" "Mozilla/5.0 AppleWebKit/537.36 (KHTML, like Gecko; compatible; bingbot/2.0; +http://www.bing.com/bingbot.htm) Chrome/116.0.1938.76 Safari/537.36"
40.77.167.51 - - [24/Sep/2026:05:06:50 +0300] "GET /?sale/search/detail/?ITMCODE=g4a8s3t3e4r0o1p3o3d3ous HTTP/1.1" 200 30038 "-" "Mozilla/5.0 AppleWebKit/537.36 (KHTML, like Gecko; compatible; bingbot/2.0; +http://www.bing.com/bingbot.htm) Chrome/116.0.1938.76 Safari/537.36"
40.77.167.28 - - [24/Sep/2026:05:06:54 +0300] "GET /?sale/search/detail/?ITMCODE=a2n3a6p4t0y7c2h5u0s80 HTTP/1.1" 200 30038 "-" "Mozilla/5.0 AppleWebKit/537.36 (KHTML, like Gecko; compatible; bingbot/2.0; +http://www.bing.com/bingbot.htm) Chrome/116.0.1938.76 Safari/537.36"
40.77.167.28 - - [24/Sep/2026:05:06:55 +0300] "GET /?sale/search/detail/?ITMCODE=i7m2p8a1c1t0i8n6g149 HTTP/1.1" 200 30037 "-" "Mozilla/5.0 AppleWebKit/537.36 (KHTML, like Gecko; compatible; bingbot/2.0; +http://www.bing.com/bingbot.htm) Chrome/116.0.1938.76 Safari/537.36"
40.77.167.28 - - [24/Sep/2026:05:06:56 +0300] "GET /?sale/search/detail/?ITMCODE=c1e8t3a6c3e3a2n114 HTTP/1.1" 200 30034 "-" "Mozilla/5.0 AppleWebKit/537.36 (KHTML, like Gecko; compatible; bingbot/2.0; +http://www.bing.com/bingbot.htm) Chrome/116.0.1938.76 Safari/537.36"
40.77.167.28 - - [24/Sep/2026:05:06:56 +0300] "GET /?sale/search/detail/?ITMCODE=b3u1r0u5n9d5u0k5i15 HTTP/1.1" 200 30036 "-" "Mozilla/5.0 AppleWebKit/537.36 (KHTML, like Gecko; compatible; bingbot/2.0; +http://www.bing.com/bingbot.htm) Chrome/116.0.1938.76 Safari/537.36"
40.77.167.28 - - [24/Sep/2026:05:06:57 +0300] "GET /?sale/search/detail/?ITMCODE=g7l2o8m5u0l5i5f3e0r2o1us HTTP/1.1" 200 30040 "-" "Mozilla/5.0 AppleWebKit/537.36 (KHTML, like Gecko; compatible; bingbot/2.0; +http://www.bing.com/bingbot.htm) Chrome/116.0.1938.76 Safari/537.36"
57.141.20.42 - - [24/Sep/2026:05:06:57 +0300] "GET /?sale/search/detail/?ITMCODE=g1o1b1e0t1475432 HTTP/1.1" 200 30033 "-" "Mozilla/5.0 (Macintosh; Intel Mac OS X 10_15_7) AppleWebKit/537.36 (KHTML, like Gecko) Chrome/145.0.0.0 Safari/537.36 (compatible; meta-externalagent/1.1 (+https://developers.facebook.com/docs/sharing/webmasters/crawler))"
66.249.66.32 - - [24/Sep/2026:05:06:58 +0300] "GET /?sale/search/detail/?ITMCODE=p2r3u1t2e3n0i2c1358 HTTP/1.1" 200 30035 "-" "Mozilla/5.0 (Linux; Android 6.0.1; Nexus 5X Build/MMB29P) AppleWebKit/537.36 (KHTML, like Gecko) Chrome/153.0.8010.52 Mobile Safari/537.36 (compatible; Googlebot/2.1; +http://www.google.com/bot.html)"
57.141.20.64 - - [24/Sep/2026:05:06:58 +0300] "GET /?sale/search/detail/?ITMCODE=r1e3e2n5a0c6t7i1o3n64 HTTP/1.1" 200 30037 "-" "Mozilla/5.0 (X11; Linux x86_64) AppleWebKit/537.36 (KHTML, like Gecko) Chrome/145.0.0.0 Safari/537.36 (compatible; meta-externalagent/1.1 (+https://developers.facebook.com/docs/sharing/webmasters/crawler))"
66.249.66.32 - - [24/Sep/2026:05:06:58 +0300] "GET /?sale/search/detail/?ITMCODE=c7l2o8s6e7d8c9h2a1i7n9 HTTP/1.1" 200 30038 "-" "Mozilla/5.0 (Linux; Android 6.0.1; Nexus 5X Build/MMB29P) AppleWebKit/537.36 (KHTML, like Gecko) Chrome/153.0.8010.52 Mobile Safari/537.36 (compatible; Googlebot/2.1; +http://www.google.com/bot.html)"
66.249.66.32 - - [24/Sep/2026:05:06:59 +0300] "GET /?sale/search/detail/?ITMCODE=j8i2m9m8y1i6n2g0427 HTTP/1.1" 200 30037 "-" "Mozilla/5.0 (Linux; Android 6.0.1; Nexus 5X Build/MMB29P) AppleWebKit/537.36 (KHTML, like Gecko) Chrome/153.0.8010.52 Mobile Safari/537.36 (compatible; Googlebot/2.1; +http://www.google.com/bot.html)"
40.77.167.51 - - [24/Sep/2026:05:07:00 +0300] "GET /?sale/search/detail/?ITMCODE=i9n3e7l9i1g7i3b3l1e99 HTTP/1.1" 200 30037 "-" "Mozilla/5.0 AppleWebKit/537.36 (KHTML, like Gecko; compatible; bingbot/2.0; +http://www.bing.com/bingbot.htm) Chrome/116.0.1938.76 Safari/537.36"
40.77.167.51 - - [24/Sep/2026:05:07:00 +0300] "GET /?sale/search/detail/?ITMCODE=c5a1r1t5h0a4g1i1n4i0a3n HTTP/1.1" 200 30038 "-" "Mozilla/5.0 AppleWebKit/537.36 (KHTML, like Gecko; compatible; bingbot/2.0; +http://www.bing.com/bingbot.htm) Chrome/116.0.1938.76 Safari/537.36"
40.77.167.51 - - [24/Sep/2026:05:07:01 +0300] "GET /?sale/search/detail/?ITMCODE=i4m7a0g1i5n1e7338 HTTP/1.1" 200 30034 "-" "Mozilla/5.0 AppleWebKit/537.36 (KHTML, like Gecko; compatible; bingbot/2.0; +http://www.bing.com/bingbot.htm) Chrome/116.0.1938.76 Safari/537.36"
40.77.167.14 - - [24/Sep/2026:05:07:01 +0300] "GET /?sale/search/detail/?ITMCODE=u4n3a5c9k4n3o8w6l9e3d4ged HTTP/1.1" 200 30039 "-" "Mozilla/5.0 AppleWebKit/537.36 (KHTML, like Gecko; compatible; bingbot/2.0; +http://www.bing.com/bingbot.htm) Chrome/116.0.1938.76 Safari/537.36"
40.77.167.28 - - [24/Sep/2026:05:07:04 +0300] "GET /?sale/search/detail/?ITMCODE=s6c1h0i0z3o9g3e3n5e1s4is HTTP/1.1" 200 30040 "-" "Mozilla/5.0 AppleWebKit/537.36 (KHTML, like Gecko; compatible; bingbot/2.0; +http://www.bing.com/bingbot.htm) Chrome/116.0.1938.76 Safari/537.36"
114.119.135.202 - - [24/Sep/2026:05:07:04 +0300] "GET /sitemap798.xml HTTP/1.1" 301 5190 "-" "Mozilla/5.0 (Linux; Android 7.0;) AppleWebKit/537.36 (KHTML, like Gecko) Mobile Safari/537.36 (compatible; PetalBot;+https://webmaster.petalsearch.com/site/petalbot)"
40.77.167.28 - - [24/Sep/2026:05:07:05 +0300] "GET /?sale/search/detail/?ITMCODE=q0u3a2d5r2i4v1i7u7m87 HTTP/1.1" 200 30038 "-" "Mozilla/5.0 AppleWebKit/537.36 (KHTML, like Gecko; compatible; bingbot/2.0; +http://www.bing.com/bingbot.htm) Chrome/116.0.1938.76 Safari/537.36"
114.119.135.202 - - [24/Sep/2026:05:07:05 +0300] "GET / HTTP/1.1" 200 29580 "-" "Mozilla/5.0 (Linux; Android 7.0;) AppleWebKit/537.36 (KHTML, like Gecko) Mobile Safari/537.36 (compatible; PetalBot;+https://webmaster.petalsearch.com/site/petalbot)"
40.77.167.28 - - [24/Sep/2026:05:07:05 +0300] "GET /?sale/search/detail/?ITMCODE=w3o6r6t0h5f2u2l672 HTTP/1.1" 200 30034 "-" "Mozilla/5.0 AppleWebKit/537.36 (KHTML, like Gecko; compatible; bingbot/2.0; +http://www.bing.com/bingbot.htm) Chrome/116.0.1938.76 Safari/537.36"
40.77.167.28 - - [24/Sep/2026:05:07:06 +0300] "GET /?sale/search/detail/?ITMCODE=s1a1f7e4t0y298948 HTTP/1.1" 200 30034 "-" "Mozilla/5.0 AppleWebKit/537.36 (KHTML, like Gecko; compatible; bingbot/2.0; +http://www.bing.com/bingbot.htm) Chrome/116.0.1938.76 Safari/537.36"
66.249.66.32 - - [24/Sep/2026:05:07:07 +0300] "GET /?sale/search/detail/?ITMCODE=a9n3t8o0n6o8m9a8s7y04 HTTP/1.1" 200 30036 "-" "Mozilla/5.0 (Linux; Android 6.0.1; Nexus 5X Build/MMB29P) AppleWebKit/537.36 (KHTML, like Gecko) Chrome/153.0.8010.52 Mobile Safari/537.36 (compatible; Googlebot/2.1; +http://www.google.com/bot.html)"
40.77.167.28 - - [24/Sep/2026:05:07:07 +0300] "GET /?sale/search/detail/?ITMCODE=s8p1e9r8m3a6t5o7g4o7nium HTTP/1.1" 200 30040 "-" "Mozilla/5.0 AppleWebKit/537.36 (KHTML, like Gecko; compatible; bingbot/2.0; +http://www.bing.com/bingbot.htm) Chrome/116.0.1938.76 Safari/537.36"
40.77.167.51 - - [24/Sep/2026:05:07:10 +0300] "GET /?sale/search/detail/?ITMCODE=d5i7s6p9u6n1i0s8h4a2ble HTTP/1.1" 200 30039 "-" "Mozilla/5.0 AppleWebKit/537.36 (KHTML, like Gecko; compatible; bingbot/2.0; +http://www.bing.com/bingbot.htm) Chrome/116.0.1938.76 Safari/537.36"
66.249.66.77 - - [24/Sep/2026:05:07:11 +0300] "GET /?sale/search/detail/?ITMCODE=s1t4e2r2n7a4g8e6231 HTTP/1.1" 301 5191 "-" "Mozilla/5.0 (Linux; Android 6.0.1; Nexus 5X Build/MMB29P) AppleWebKit/537.36 (KHTML, like Gecko) Chrome/153.0.8010.52 Mobile Safari/537.36 (compatible; Googlebot/2.1; +http://www.google.com/bot.html)"
66.249.66.32 - - [24/Sep/2026:05:07:11 +0300] "GET /?sale/search/detail/?ITMCODE=t2r3a0n4s7p3o9r0t5e6d1ness HTTP/1.1" 200 30040 "-" "Mozilla/5.0 (Linux; Android 6.0.1; Nexus 5X Build/MMB29P) AppleWebKit/537.36 (KHTML, like Gecko) Chrome/153.0.8010.52 Mobile Safari/537.36 (compatible; Googlebot/2.1; +http://www.google.com/bot.html)"
62.83.33.178 - - [24/Sep/2026:05:07:14 +0300] "GET /wp-content/uploads/2021/07/logo.png HTTP/1.1" 200 5142 "-" "tphotobot/0.1 (+https://crawler.estidraft.com/bot)"
62.83.33.178 - - [24/Sep/2026:05:07:14 +0300] "GET /wp-content/uploads/2021/07/wifi.png HTTP/1.1" 200 5142 "-" "tphotobot/0.1 (+https://crawler.estidraft.com/bot)"
62.83.33.178 - - [24/Sep/2026:05:07:14 +0300] "GET /wp-content/uploads/2021/07/logo-colored.png HTTP/1.1" 200 5150 "-" "tphotobot/0.1 (+https://crawler.estidraft.com/bot)"
62.83.33.178 - - [24/Sep/2026:05:07:14 +0300] "GET /wp-content/plugins/revslider/public/assets/assets/dummy.png HTTP/1.1" 200 5221 "-" "tphotobot/0.1 (+https://crawler.estidraft.com/bot)"
62.83.33.178 - - [24/Sep/2026:05:07:14 +0300] "GET /wp-content/uploads/2021/07/transport.png HTTP/1.1" 200 5147 "-" "tphotobot/0.1 (+https://crawler.estidraft.com/bot)"
62.83.33.178 - - [24/Sep/2026:05:07:14 +0300] "GET /wp-content/uploads/2021/07/parking.png HTTP/1.1" 200 5145 "-" "tphotobot/0.1 (+https://crawler.estidraft.com/bot)"
62.83.33.178 - - [24/Sep/2026:05:07:14 +0300] "GET /wp-content/uploads/2021/07/beds.png HTTP/1.1" 200 5142 "-" "tphotobot/0.1 (+https://crawler.estidraft.com/bot)"
62.83.33.178 - - [24/Sep/2026:05:07:14 +0300] "GET /wp-content/uploads/2021/07/cleaning.png HTTP/1.1" 200 5146 "-" "tphotobot/0.1 (+https://crawler.estidraft.com/bot)"
62.83.33.178 - - [24/Sep/2026:05:07:14 +0300] "GET /wp-content/uploads/2021/07/breakfast.png HTTP/1.1" 200 5147 "-" "tphotobot/0.1 (+https://crawler.estidraft.com/bot)"
40.77.167.28 - - [24/Sep/2026:05:07:14 +0300] "GET /?sale/search/detail/?ITMCODE=a0u1r0o3c9h5s19749 HTTP/1.1" 200 30035 "-" "Mozilla/5.0 AppleWebKit/537.36 (KHTML, like Gecko; compatible; bingbot/2.0; +http://www.bing.com/bingbot.htm) Chrome/116.0.1938.76 Safari/537.36"
66.249.66.32 - - [24/Sep/2026:05:07:14 +0300] "GET /?sale/search/detail/?ITMCODE=p8e8t8r7o6s5i5l5i3cious HTTP/1.1" 200 30039 "-" "Mozilla/5.0 (Linux; Android 6.0.1; Nexus 5X Build/MMB29P) AppleWebKit/537.36 (KHTML, like Gecko) Chrome/153.0.8010.52 Mobile Safari/537.36 (compatible; Googlebot/2.1; +http://www.google.com/bot.html)"
62.83.33.178 - - [24/Sep/2026:05:07:14 +0300] "GET /wp-content/uploads/2021/07/logo.png HTTP/2.0" 200 4649 "-" "tphotobot/0.1 (+https://crawler.estidraft.com/bot)"
62.83.33.178 - - [24/Sep/2026:05:07:14 +0300] "GET /wp-content/uploads/2021/07/wifi.png HTTP/2.0" 200 2677 "-" "tphotobot/0.1 (+https://crawler.estidraft.com/bot)"
62.83.33.178 - - [24/Sep/2026:05:07:14 +0300] "GET /wp-content/uploads/2021/07/logo-colored.png HTTP/2.0" 200 4778 "-" "tphotobot/0.1 (+https://crawler.estidraft.com/bot)"
62.83.33.178 - - [24/Sep/2026:05:07:14 +0300] "GET /wp-content/uploads/2021/07/transport.png HTTP/2.0" 200 3652 "-" "tphotobot/0.1 (+https://crawler.estidraft.com/bot)"
62.83.33.178 - - [24/Sep/2026:05:07:14 +0300] "GET /wp-content/uploads/2021/07/parking.png HTTP/2.0" 200 1746 "-" "tphotobot/0.1 (+https://crawler.estidraft.com/bot)"
62.83.33.178 - - [24/Sep/2026:05:07:14 +0300] "GET /wp-content/uploads/2021/07/beds.png HTTP/2.0" 200 1458 "-" "tphotobot/0.1 (+https://crawler.estidraft.com/bot)"
62.83.33.178 - - [24/Sep/2026:05:07:14 +0300] "GET /wp-content/uploads/2021/07/cleaning.png HTTP/2.0" 200 2129 "-" "tphotobot/0.1 (+https://crawler.estidraft.com/bot)"
62.83.33.178 - - [24/Sep/2026:05:07:14 +0300] "GET /wp-content/uploads/2021/07/breakfast.png HTTP/2.0" 200 2111 "-" "tphotobot/0.1 (+https://crawler.estidraft.com/bot)"
40.77.167.28 - - [24/Sep/2026:05:07:15 +0300] "GET /?sale/search/detail/?ITMCODE=w8a1s1t7e9f8u1l4499 HTTP/1.1" 200 30035 "-" "Mozilla/5.0 AppleWebKit/537.36 (KHTML, like Gecko; compatible; bingbot/2.0; +http://www.bing.com/bingbot.htm) Chrome/116.0.1938.76 Safari/537.36"
40.77.167.28 - - [24/Sep/2026:05:07:16 +0300] "GET /?sale/search/detail/?ITMCODE=a6i3g6u8l1e1t97768 HTTP/1.1" 200 30034 "-" "Mozilla/5.0 AppleWebKit/537.36 (KHTML, like Gecko; compatible; bingbot/2.0; +http://www.bing.com/bingbot.htm) Chrome/116.0.1938.76 Safari/537.36"
40.77.167.28 - - [24/Sep/2026:05:07:16 +0300] "GET /?sale/search/detail/?ITMCODE=v2o1u1c4h3s8a7f4e192 HTTP/1.1" 200 30037 "-" "Mozilla/5.0 AppleWebKit/537.36 (KHTML, like Gecko; compatible; bingbot/2.0; +http://www.bing.com/bingbot.htm) Chrome/116.0.1938.76 Safari/537.36"
40.77.167.28 - - [24/Sep/2026:05:07:17 +0300] "GET /?sale/search/detail/?ITMCODE=d3e2p0r9e7s5s9o8m1o4t4or HTTP/1.1" 200 30040 "-" "Mozilla/5.0 AppleWebKit/537.36 (KHTML, like Gecko; compatible; bingbot/2.0; +http://www.bing.com/bingbot.htm) Chrome/116.0.1938.76 Safari/537.36"
66.249.66.32 - - [24/Sep/2026:05:07:18 +0300] "GET /?sale/search/detail/?ITMCODE=d4r1a2v7i3d9i0a4n434 HTTP/1.1" 200 30034 "-" "Mozilla/5.0 (Linux; Android 6.0.1; Nexus 5X Build/MMB29P) AppleWebKit/537.36 (KHTML, like Gecko) Chrome/153.0.8010.52 Mobile Safari/537.36 (compatible; Googlebot/2.1; +http://www.google.com/bot.html)"
62.83.32.169 - - [24/Sep/2026:05:07:19 +0300] "GET /wp-content/uploads/2021/07/logo.png HTTP/1.1" 200 5142 "-" "tphotobot/0.1 (+https://crawler.estidraft.com/bot)"
62.83.32.169 - - [24/Sep/2026:05:07:19 +0300] "GET /wp-content/uploads/2021/07/parking.png HTTP/1.1" 200 5145 "-" "tphotobot/0.1 (+https://crawler.estidraft.com/bot)"
62.83.32.169 - - [24/Sep/2026:05:07:19 +0300] "GET /wp-content/uploads/2021/07/transport.png HTTP/1.1" 200 5147 "-" "tphotobot/0.1 (+https://crawler.estidraft.com/bot)"
62.83.32.169 - - [24/Sep/2026:05:07:19 +0300] "GET /wp-content/uploads/2021/07/logo-colored.png HTTP/1.1" 200 5150 "-" "tphotobot/0.1 (+https://crawler.estidraft.com/bot)"
62.83.32.169 - - [24/Sep/2026:05:07:19 +0300] "GET /wp-content/uploads/2021/07/wifi.png HTTP/1.1" 200 5142 "-" "tphotobot/0.1 (+https://crawler.estidraft.com/bot)"
62.83.32.169 - - [24/Sep/2026:05:07:19 +0300] "GET /wp-content/uploads/2021/07/breakfast.png HTTP/1.1" 200 5147 "-" "tphotobot/0.1 (+https://crawler.estidraft.com/bot)"
62.83.32.169 - - [24/Sep/2026:05:07:19 +0300] "GET /wp-content/uploads/2021/07/logo.png HTTP/2.0" 200 4649 "-" "tphotobot/0.1 (+https://crawler.estidraft.com/bot)"
62.83.32.169 - - [24/Sep/2026:05:07:19 +0300] "GET /wp-content/uploads/2021/07/parking.png HTTP/2.0" 200 1746 "-" "tphotobot/0.1 (+https://crawler.estidraft.com/bot)"
62.83.32.169 - - [24/Sep/2026:05:07:19 +0300] "GET /wp-content/uploads/2021/07/transport.png HTTP/2.0" 200 3652 "-" "tphotobot/0.1 (+https://crawler.estidraft.com/bot)"
62.83.32.169 - - [24/Sep/2026:05:07:19 +0300] "GET /wp-content/uploads/2021/07/logo-colored.png HTTP/2.0" 200 4778 "-" "tphotobot/0.1 (+https://crawler.estidraft.com/bot)"
62.83.32.169 - - [24/Sep/2026:05:07:19 +0300] "GET /wp-content/uploads/2021/07/wifi.png HTTP/2.0" 200 2677 "-" "tphotobot/0.1 (+https://crawler.estidraft.com/bot)"
62.83.32.169 - - [24/Sep/2026:05:07:19 +0300] "GET /wp-content/uploads/2021/07/breakfast.png HTTP/2.0" 200 2111 "-" "tphotobot/0.1 (+https://crawler.estidraft.com/bot)"
40.77.167.51 - - [24/Sep/2026:05:07:20 +0300] "GET /?sale/search/detail/?ITMCODE=r5e7c0i1d9i0v4i2s4t5 HTTP/1.1" 200 30036 "-" "Mozilla/5.0 AppleWebKit/537.36 (KHTML, like Gecko; compatible; bingbot/2.0; +http://www.bing.com/bingbot.htm) Chrome/116.0.1938.76 Safari/537.36"
40.77.167.51 - - [24/Sep/2026:05:07:21 +0300] "GET /?sale/search/detail/?ITMCODE=o0u1t4v1e7n7o2m4874 HTTP/1.1" 200 30036 "-" "Mozilla/5.0 AppleWebKit/537.36 (KHTML, like Gecko; compatible; bingbot/2.0; +http://www.bing.com/bingbot.htm) Chrome/116.0.1938.76 Safari/537.36"
40.77.167.51 - - [24/Sep/2026:05:07:21 +0300] "GET /?sale/search/detail/?ITMCODE=b2e3s1l4u7b6b9e9r724 HTTP/1.1" 200 30037 "-" "Mozilla/5.0 AppleWebKit/537.36 (KHTML, like Gecko; compatible; bingbot/2.0; +http://www.bing.com/bingbot.htm) Chrome/116.0.1938.76 Safari/537.36"
66.249.66.32 - - [24/Sep/2026:05:07:22 +0300] "GET /?sale/search/detail/?ITMCODE=d4e3n8t5i1l4i4n8g9u8a2l HTTP/1.1" 200 30039 "-" "Mozilla/5.0 (Linux; Android 6.0.1; Nexus 5X Build/MMB29P) AppleWebKit/537.36 (KHTML, like Gecko) Chrome/153.0.8010.52 Mobile Safari/537.36 (compatible; Googlebot/2.1; +http://www.google.com/bot.html)"
40.77.167.28 - - [24/Sep/2026:05:07:25 +0300] "GET /?sale/search/detail/?ITMCODE=s1t1a1v8e9s7a3c8r6e32 HTTP/1.1" 200 30036 "-" "Mozilla/5.0 AppleWebKit/537.36 (KHTML, like Gecko; compatible; bingbot/2.0; +http://www.bing.com/bingbot.htm) Chrome/116.0.1938.76 Safari/537.36"
40.77.167.28 - - [24/Sep/2026:05:07:26 +0300] "GET /?sale/search/detail/?ITMCODE=w1e3i8s0m4a8n0n2i0s9m4 HTTP/1.1" 200 30039 "-" "Mozilla/5.0 AppleWebKit/537.36 (KHTML, like Gecko; compatible; bingbot/2.0; +http://www.bing.com/bingbot.htm) Chrome/116.0.1938.76 Safari/537.36"
40.77.167.28 - - [24/Sep/2026:05:07:27 +0300] "GET /?sale/search/detail/?ITMCODE=h0e2m2i4c4r2a0n3i4a75 HTTP/1.1" 200 30036 "-" "Mozilla/5.0 AppleWebKit/537.36 (KHTML, like Gecko; compatible; bingbot/2.0; +http://www.bing.com/bingbot.htm) Chrome/116.0.1938.76 Safari/537.36"
40.77.167.28 - - [24/Sep/2026:05:07:28 +0300] "GET /?sale/search/detail/?ITMCODE=s7e3m9i5p6h8l7o0g0i6s2ticated HTTP/1.1" 200 30041 "-" "Mozilla/5.0 AppleWebKit/537.36 (KHTML, like Gecko; compatible; bingbot/2.0; +http://www.bing.com/bingbot.htm) Chrome/116.0.1938.76 Safari/537.36"
40.77.167.28 - - [24/Sep/2026:05:07:29 +0300] "GET /?sale/search/detail/?ITMCODE=r1e3c7o1n8c3i4l0e3m6e8nt HTTP/1.1" 200 30040 "-" "Mozilla/5.0 AppleWebKit/537.36 (KHTML, like Gecko; compatible; bingbot/2.0; +http://www.bing.com/bingbot.htm) Chrome/116.0.1938.76 Safari/537.36"
40.77.167.28 - - [24/Sep/2026:05:07:31 +0300] "GET /?sale/search/detail/?ITMCODE=n4e2c9r4o9l0o3g4i5e9s6 HTTP/1.1" 200 30038 "-" "Mozilla/5.0 AppleWebKit/537.36 (KHTML, like Gecko; compatible; bingbot/2.0; +http://www.bing.com/bingbot.htm) Chrome/116.0.1938.76 Safari/537.36"
57.141.20.47 - - [24/Sep/2026:05:07:31 +0300] "GET /?sale/search/detail/?ITMCODE=b1r2e4v7i3a3r7y142 HTTP/1.1" 200 30035 "-" "Mozilla/5.0 (Windows NT 10.0; Win64; x64) AppleWebKit/537.36 (KHTML, like Gecko) Chrome/145.0.0.0 Safari/537.36 (compatible; meta-externalagent/1.1 (+https://developers.facebook.com/docs/sharing/webmasters/crawler))"
40.77.167.28 - - [24/Sep/2026:05:07:31 +0300] "GET /?sale/search/detail/?ITMCODE=i2n2c7o5n7s7t5a9n4c2y5 HTTP/1.1" 200 30038 "-" "Mozilla/5.0 AppleWebKit/537.36 (KHTML, like Gecko; compatible; bingbot/2.0; +http://www.bing.com/bingbot.htm) Chrome/116.0.1938.76 Safari/537.36"
40.77.167.28 - - [24/Sep/2026:05:07:32 +0300] "GET /?sale/search/detail/?ITMCODE=i5l3l3e9s2i0v6e6302 HTTP/1.1" 200 30035 "-" "Mozilla/5.0 AppleWebKit/537.36 (KHTML, like Gecko; compatible; bingbot/2.0; +http://www.bing.com/bingbot.htm) Chrome/116.0.1938.76 Safari/537.36"
66.249.66.32 - - [24/Sep/2026:05:07:32 +0300] "GET /?sale/search/detail/?ITMCODE=r1h1y9n2c0h3o8c5o1e6l2a HTTP/1.1" 200 30040 "-" "Mozilla/5.0 (Linux; Android 6.0.1; Nexus 5X Build/MMB29P) AppleWebKit/537.36 (KHTML, like Gecko) Chrome/153.0.8010.52 Mobile Safari/537.36 (compatible; Googlebot/2.1; +http://www.google.com/bot.html)"
62.83.33.178 - - [24/Sep/2026:05:07:33 +0300] "GET /wp-content/uploads/2021/07/rent-a-car.png HTTP/1.1" 200 5148 "-" "tphotobot/0.1 (+https://crawler.estidraft.com/bot)"
62.83.33.178 - - [24/Sep/2026:05:07:33 +0300] "GET /wp-content/uploads/2021/07/beach.png HTTP/1.1" 200 5143 "-" "tphotobot/0.1 (+https://crawler.estidraft.com/bot)"
62.83.33.178 - - [24/Sep/2026:05:07:33 +0300] "GET /wp-content/uploads/2021/07/air-condition.png HTTP/1.1" 200 5869 "-" "tphotobot/0.1 (+https://crawler.estidraft.com/bot)"
62.83.33.178 - - [24/Sep/2026:05:07:33 +0300] "GET /wp-content/uploads/2021/07/naxos-collage.jpg HTTP/1.1" 200 5152 "-" "tphotobot/0.1 (+https://crawler.estidraft.com/bot)"
62.83.33.178 - - [24/Sep/2026:05:07:33 +0300] "GET /wp-content/uploads/2021/07/free-wifi.png HTTP/1.1" 200 5147 "-" "tphotobot/0.1 (+https://crawler.estidraft.com/bot)"
62.83.33.178 - - [24/Sep/2026:05:07:33 +0300] "GET /wp-content/uploads/2021/07/fridge.png HTTP/1.1" 200 5700 "-" "tphotobot/0.1 (+https://crawler.estidraft.com/bot)"
62.83.33.178 - - [24/Sep/2026:05:07:33 +0300] "GET /wp-content/uploads/2021/07/coffee-machine.png HTTP/1.1" 200 5152 "-" "tphotobot/0.1 (+https://crawler.estidraft.com/bot)"
62.83.33.178 - - [24/Sep/2026:05:07:33 +0300] "GET /wp-content/uploads/2021/07/television.png HTTP/1.1" 200 6151 "-" "tphotobot/0.1 (+https://crawler.estidraft.com/bot)"
62.83.33.178 - - [24/Sep/2026:05:07:33 +0300] "GET /wp-content/uploads/2021/07/safebox.png HTTP/1.1" 200 6163 "-" "tphotobot/0.1 (+https://crawler.estidraft.com/bot)"
62.83.33.178 - - [24/Sep/2026:05:07:33 +0300] "GET /wp-content/uploads/2021/07/soap.png HTTP/1.1" 200 5142 "-" "tphotobot/0.1 (+https://crawler.estidraft.com/bot)"
62.83.33.178 - - [24/Sep/2026:05:07:33 +0300] "GET /wp-content/uploads/2021/07/terrace.png HTTP/1.1" 200 6124 "-" "tphotobot/0.1 (+https://crawler.estidraft.com/bot)"
62.83.33.178 - - [24/Sep/2026:05:07:33 +0300] "GET /wp-content/uploads/2021/07/booking-logo.jpg HTTP/1.1" 200 5998 "-" "tphotobot/0.1 (+https://crawler.estidraft.com/bot)"
62.83.33.178 - - [24/Sep/2026:05:07:33 +0300] "GET /wp-content/uploads/2021/07/princess-mare-share-img.jpg HTTP/1.1" 200 5162 "-" "tphotobot/0.1 (+https://crawler.estidraft.com/bot)"
40.77.167.28 - - [24/Sep/2026:05:07:32 +0300] "GET /?sale/search/detail/?ITMCODE=n4o1n0r4e4f1l5e8c7t1i9ng HTTP/1.1" 200 30038 "-" "Mozilla/5.0 AppleWebKit/537.36 (KHTML, like Gecko; compatible; bingbot/2.0; +http://www.bing.com/bingbot.htm) Chrome/116.0.1938.76 Safari/537.36"
62.83.33.178 - - [24/Sep/2026:05:07:33 +0300] "GET /wp-content/uploads/2021/07/rent-a-car.png HTTP/2.0" 200 2283 "-" "tphotobot/0.1 (+https://crawler.estidraft.com/bot)"
62.83.33.178 - - [24/Sep/2026:05:07:33 +0300] "GET /wp-content/uploads/2021/07/beach.png HTTP/2.0" 200 2001 "-" "tphotobot/0.1 (+https://crawler.estidraft.com/bot)"
62.83.33.178 - - [24/Sep/2026:05:07:33 +0300] "GET /wp-content/uploads/2021/07/naxos-collage.jpg HTTP/2.0" 200 66227 "-" "tphotobot/0.1 (+https://crawler.estidraft.com/bot)"
62.83.33.178 - - [24/Sep/2026:05:07:33 +0300] "GET /wp-content/uploads/2021/07/free-wifi.png HTTP/2.0" 200 1668 "-" "tphotobot/0.1 (+https://crawler.estidraft.com/bot)"
62.83.33.178 - - [24/Sep/2026:05:07:33 +0300] "GET /wp-content/uploads/2021/07/coffee-machine.png HTTP/2.0" 200 1053 "-" "tphotobot/0.1 (+https://crawler.estidraft.com/bot)"
62.83.33.178 - - [24/Sep/2026:05:07:33 +0300] "GET /wp-content/uploads/2021/07/soap.png HTTP/2.0" 200 1547 "-" "tphotobot/0.1 (+https://crawler.estidraft.com/bot)"
62.83.33.178 - - [24/Sep/2026:05:07:33 +0300] "GET /wp-content/uploads/2021/07/princess-mare-share-img.jpg HTTP/2.0" 200 136909 "-" "tphotobot/0.1 (+https://crawler.estidraft.com/bot)"
66.249.66.32 - - [24/Sep/2026:05:07:34 +0300] "GET /?sale/search/detail/?ITMCODE=u7n3k8e4m5p0t89848 HTTP/1.1" 200 30035 "-" "Mozilla/5.0 (Linux; Android 6.0.1; Nexus 5X Build/MMB29P) AppleWebKit/537.36 (KHTML, like Gecko) Chrome/153.0.8010.52 Mobile Safari/537.36 (compatible; Googlebot/2.1; +http://www.google.com/bot.html)"
57.141.20.25 - - [24/Sep/2026:05:07:34 +0300] "GET /?sale/search/detail/?ITMCODE=m1o1s9s7t4r3o8o6p3e6r4 HTTP/1.1" 200 30037 "-" "Mozilla/5.0 (Windows NT 10.0; Win64; x64) AppleWebKit/537.36 (KHTML, like Gecko) Chrome/145.0.0.0 Safari/537.36 (compatible; meta-externalagent/1.1 (+https://developers.facebook.com/docs/sharing/webmasters/crawler))"
66.249.66.32 - - [24/Sep/2026:05:07:34 +0300] "GET /?sale/search/detail/?ITMCODE=e5x3o9r2c7i2s5i9n1g38 HTTP/1.1" 200 30036 "-" "Mozilla/5.0 (Linux; Android 6.0.1; Nexus 5X Build/MMB29P) AppleWebKit/537.36 (KHTML, like Gecko) Chrome/153.0.8010.52 Mobile Safari/537.36 (compatible; Googlebot/2.1; +http://www.google.com/bot.html)"
40.77.167.14 - - [24/Sep/2026:05:07:35 +0300] "GET /?sale/search/detail/?ITMCODE=a5s8t1r6o3p1h7o7t1o9meter HTTP/1.1" 200 30038 "-" "Mozilla/5.0 AppleWebKit/537.36 (KHTML, like Gecko; compatible; bingbot/2.0; +http://www.bing.com/bingbot.htm) Chrome/116.0.1938.76 Safari/537.36"
40.77.167.14 - - [24/Sep/2026:05:07:36 +0300] "GET /?sale/search/detail/?ITMCODE=w6a1k4e6r9487144 HTTP/1.1" 200 30033 "-" "Mozilla/5.0 AppleWebKit/537.36 (KHTML, like Gecko; compatible; bingbot/2.0; +http://www.bing.com/bingbot.htm) Chrome/116.0.1938.76 Safari/537.36"
40.77.167.14 - - [24/Sep/2026:05:07:37 +0300] "GET /?sale/search/detail/?ITMCODE=m8u1n7t3j0a4c15436 HTTP/1.1" 200 30035 "-" "Mozilla/5.0 AppleWebKit/537.36 (KHTML, like Gecko; compatible; bingbot/2.0; +http://www.bing.com/bingbot.htm) Chrome/116.0.1938.76 Safari/537.36"
57.141.20.16 - - [24/Sep/2026:05:07:37 +0300] "GET /?sale/search/detail/?ITMCODE=o1c3t0o9t3h6o6r9p504 HTTP/1.1" 200 30036 "-" "Mozilla/5.0 (Windows NT 10.0; Win64; x64) AppleWebKit/537.36 (KHTML, like Gecko) Chrome/145.0.0.0 Safari/537.36 (compatible; meta-externalagent/1.1 (+https://developers.facebook.com/docs/sharing/webmasters/crawler))"
40.77.167.14 - - [24/Sep/2026:05:07:38 +0300] "GET /?sale/search/detail/?ITMCODE=e9p4i0s5c3o4p7i2c7i9d3e HTTP/1.1" 200 30038 "-" "Mozilla/5.0 AppleWebKit/537.36 (KHTML, like Gecko; compatible; bingbot/2.0; +http://www.bing.com/bingbot.htm) Chrome/116.0.1938.76 Safari/537.36"
62.83.32.169 - - [24/Sep/2026:05:07:39 +0300] "GET /wp-content/uploads/2021/07/rent-a-car.png HTTP/1.1" 200 5148 "-" "tphotobot/0.1 (+https://crawler.estidraft.com/bot)"
62.83.32.169 - - [24/Sep/2026:05:07:39 +0300] "GET /wp-content/uploads/2021/07/beach.png HTTP/1.1" 200 5143 "-" "tphotobot/0.1 (+https://crawler.estidraft.com/bot)"
62.83.32.169 - - [24/Sep/2026:05:07:39 +0300] "GET /wp-content/uploads/2021/07/rent-a-car.png HTTP/2.0" 200 2283 "-" "tphotobot/0.1 (+https://crawler.estidraft.com/bot)"
62.83.32.169 - - [24/Sep/2026:05:07:39 +0300] "GET /wp-content/uploads/2021/07/beach.png HTTP/2.0" 200 2001 "-" "tphotobot/0.1 (+https://crawler.estidraft.com/bot)"
62.83.32.169 - - [24/Sep/2026:05:07:40 +0300] "GET /wp-content/uploads/2021/07/naxos-collage.jpg HTTP/2.0" 200 66227 "-" "tphotobot/0.1 (+https://crawler.estidraft.com/bot)"
62.83.32.169 - - [24/Sep/2026:05:07:40 +0300] "GET /wp-content/uploads/2021/07/princess-mare-share-img.jpg HTTP/2.0" 200 136909 "-" "tphotobot/0.1 (+https://crawler.estidraft.com/bot)"
62.83.32.169 - - [24/Sep/2026:05:07:40 +0300] "GET /wp-content/uploads/2021/07/naxos-collage.jpg HTTP/1.1" 200 5152 "-" "tphotobot/0.1 (+https://crawler.estidraft.com/bot)"
62.83.32.169 - - [24/Sep/2026:05:07:40 +0300] "GET /wp-content/uploads/2021/07/television.png HTTP/1.1" 200 6151 "-" "tphotobot/0.1 (+https://crawler.estidraft.com/bot)"
40.77.167.14 - - [24/Sep/2026:05:07:39 +0300] "GET /?sale/search/detail/?ITMCODE=c7o2n1c1h2y4l4i8o8u0s8 HTTP/1.1" 200 30038 "-" "Mozilla/5.0 AppleWebKit/537.36 (KHTML, like Gecko; compatible; bingbot/2.0; +http://www.bing.com/bingbot.htm) Chrome/116.0.1938.76 Safari/537.36"
62.83.32.169 - - [24/Sep/2026:05:07:40 +0300] "GET /wp-content/uploads/2021/07/princess-mare-share-img.jpg HTTP/1.1" 200 5162 "-" "tphotobot/0.1 (+https://crawler.estidraft.com/bot)"
40.77.167.14 - - [24/Sep/2026:05:07:40 +0300] "GET /?sale/search/detail/?ITMCODE=t3h1o8m9s4o0n66605 HTTP/1.1" 200 30035 "-" "Mozilla/5.0 AppleWebKit/537.36 (KHTML, like Gecko; compatible; bingbot/2.0; +http://www.bing.com/bingbot.htm) Chrome/116.0.1938.76 Safari/537.36"
40.77.167.14 - - [24/Sep/2026:05:07:41 +0300] "GET /?sale/search/detail/?ITMCODE=w5o5o5d8b6u6r1y4t8y0pe HTTP/1.1" 200 30039 "-" "Mozilla/5.0 AppleWebKit/537.36 (KHTML, like Gecko; compatible; bingbot/2.0; +http://www.bing.com/bingbot.htm) Chrome/116.0.1938.76 Safari/537.36"
40.77.167.14 - - [24/Sep/2026:05:07:42 +0300] "GET /?sale/search/detail/?ITMCODE=u9n7h6e7a7r9d3o4f6 HTTP/1.1" 200 30035 "-" "Mozilla/5.0 AppleWebKit/537.36 (KHTML, like Gecko; compatible; bingbot/2.0; +http://www.bing.com/bingbot.htm) Chrome/116.0.1938.76 Safari/537.36"
40.77.167.14 - - [24/Sep/2026:05:07:42 +0300] "GET /?sale/search/detail/?ITMCODE=d4e3f9l3o9w7e5r3i5n2g6 HTTP/1.1" 200 30038 "-" "Mozilla/5.0 AppleWebKit/537.36 (KHTML, like Gecko; compatible; bingbot/2.0; +http://www.bing.com/bingbot.htm) Chrome/116.0.1938.76 Safari/537.36"
40.77.167.14 - - [24/Sep/2026:05:07:43 +0300] "GET /?sale/search/detail/?ITMCODE=i6n2e6x3h6a8u1s4t1e6d HTTP/1.1" 200 30038 "-" "Mozilla/5.0 AppleWebKit/537.36 (KHTML, like Gecko; compatible; bingbot/2.0; +http://www.bing.com/bingbot.htm) Chrome/116.0.1938.76 Safari/537.36"
40.77.167.51 - - [24/Sep/2026:05:07:45 +0300] "GET /?sale/search/detail/?ITMCODE=i8n3c3o0h4e2r1e7n3t7n1ess HTTP/1.1" 200 30041 "-" "Mozilla/5.0 AppleWebKit/537.36 (KHTML, like Gecko; compatible; bingbot/2.0; +http://www.bing.com/bingbot.htm) Chrome/116.0.1938.76 Safari/537.36"
40.77.167.51 - - [24/Sep/2026:05:07:46 +0300] "GET /?sale/search/detail/?ITMCODE=e5m3b3r9o3i3l0m0e2n1t4 HTTP/1.1" 200 30038 "-" "Mozilla/5.0 AppleWebKit/537.36 (KHTML, like Gecko; compatible; bingbot/2.0; +http://www.bing.com/bingbot.htm) Chrome/116.0.1938.76 Safari/537.36"
40.77.167.51 - - [24/Sep/2026:05:07:47 +0300] "GET /?sale/search/detail/?ITMCODE=m0e3s4p9r8i6s7e8188 HTTP/1.1" 200 30036 "-" "Mozilla/5.0 AppleWebKit/537.36 (KHTML, like Gecko; compatible; bingbot/2.0; +http://www.bing.com/bingbot.htm) Chrome/116.0.1938.76 Safari/537.36"
66.249.66.32 - - [24/Sep/2026:05:07:47 +0300] "GET /?sale/search/detail/?ITMCODE=b6i1l8a4t9e1r5a1l1i6t1y HTTP/1.1" 200 30038 "-" "Mozilla/5.0 (Linux; Android 6.0.1; Nexus 5X Build/MMB29P) AppleWebKit/537.36 (KHTML, like Gecko) Chrome/153.0.8010.52 Mobile Safari/537.36 (compatible; Googlebot/2.1; +http://www.google.com/bot.html)"
66.249.66.76 - - [24/Sep/2026:05:07:49 +0300] "GET /?sale/search/detail/?ITMCODE=a7b3i4d8e5137523 HTTP/1.1" 301 5188 "-" "Mozilla/5.0 (Linux; Android 6.0.1; Nexus 5X Build/MMB29P) AppleWebKit/537.36 (KHTML, like Gecko) Chrome/153.0.8010.52 Mobile Safari/537.36 (compatible; Googlebot/2.1; +http://www.google.com/bot.html)"
40.77.167.51 - - [24/Sep/2026:05:07:48 +0300] "GET /?sale/search/detail/?ITMCODE=p7h8o2n0e5i6d4o7s8c7ope HTTP/1.1" 200 30039 "-" "Mozilla/5.0 AppleWebKit/537.36 (KHTML, like Gecko; compatible; bingbot/2.0; +http://www.bing.com/bingbot.htm) Chrome/116.0.1938.76 Safari/537.36"
40.77.167.51 - - [24/Sep/2026:05:07:49 +0300] "GET /?sale/search/detail/?ITMCODE=d1e3p4e8c4t7i0b8l2e63 HTTP/1.1" 200 30037 "-" "Mozilla/5.0 AppleWebKit/537.36 (KHTML, like Gecko; compatible; bingbot/2.0; +http://www.bing.com/bingbot.htm) Chrome/116.0.1938.76 Safari/537.36"
40.77.167.51 - - [24/Sep/2026:05:07:50 +0300] "GET /?sale/search/detail/?ITMCODE=a7r8t1h5r5o1p0o5d17 HTTP/1.1" 200 30035 "-" "Mozilla/5.0 AppleWebKit/537.36 (KHTML, like Gecko; compatible; bingbot/2.0; +http://www.bing.com/bingbot.htm) Chrome/116.0.1938.76 Safari/537.36"
40.77.167.14 - - [24/Sep/2026:05:07:52 +0300] "GET /?sale/search/detail/?ITMCODE=d8o3t0t4e1r5e8l2879 HTTP/1.1" 200 30036 "-" "Mozilla/5.0 AppleWebKit/537.36 (KHTML, like Gecko; compatible; bingbot/2.0; +http://www.bing.com/bingbot.htm) Chrome/116.0.1938.76 Safari/537.36"
40.77.167.28 - - [24/Sep/2026:05:07:52 +0300] "GET /?sale/search/detail/?ITMCODE=a8m5a1n4u4e4n6s8e7s9 HTTP/1.1" 200 30037 "-" "Mozilla/5.0 AppleWebKit/537.36 (KHTML, like Gecko; compatible; bingbot/2.0; +http://www.bing.com/bingbot.htm) Chrome/116.0.1938.76 Safari/537.36"
57.141.20.35 - - [24/Sep/2026:05:07:53 +0300] "GET /?sale/search/detail/?ITMCODE=s1a3b1i4n1i4i11450 HTTP/1.1" 200 30034 "-" "Mozilla/5.0 (Windows NT 10.0; Win64; x64) AppleWebKit/537.36 (KHTML, like Gecko) Chrome/145.0.0.0 Safari/537.36 (compatible; meta-externalagent/1.1 (+https://developers.facebook.com/docs/sharing/webmasters/crawler))"
57.141.20.12 - - [24/Sep/2026:05:07:54 +0300] "GET /?sale/search/detail/?ITMCODE=a1l1l6o1p3h7o5n0e939 HTTP/1.1" 200 30035 "-" "Mozilla/5.0 (Windows NT 10.0; Win64; x64) AppleWebKit/537.36 (KHTML, like Gecko) Chrome/145.0.0.0 Safari/537.36 (compatible; meta-externalagent/1.1 (+https://developers.facebook.com/docs/sharing/webmasters/crawler))"
66.249.66.32 - - [24/Sep/2026:05:07:55 +0300] "GET /?sale/search/detail/?ITMCODE=c8o3u1l2o4m6b19142 HTTP/1.1" 200 30034 "-" "Mozilla/5.0 (Linux; Android 6.0.1; Nexus 5X Build/MMB29P) AppleWebKit/537.36 (KHTML, like Gecko) Chrome/153.0.8010.52 Mobile Safari/537.36 (compatible; Googlebot/2.1; +http://www.google.com/bot.html)"
40.77.167.28 - - [24/Sep/2026:05:07:55 +0300] "GET /?sale/search/detail/?ITMCODE=b1r5a7c1h2y1c3h7i4t9on HTTP/1.1" 200 30037 "-" "Mozilla/5.0 AppleWebKit/537.36 (KHTML, like Gecko; compatible; bingbot/2.0; +http://www.bing.com/bingbot.htm) Chrome/116.0.1938.76 Safari/537.36"
40.77.167.28 - - [24/Sep/2026:05:07:56 +0300] "GET /?sale/search/detail/?ITMCODE=e0x6p4e4n8s2i2v4e2n3ess HTTP/1.1" 200 30039 "-" "Mozilla/5.0 AppleWebKit/537.36 (KHTML, like Gecko; compatible; bingbot/2.0; +http://www.bing.com/bingbot.htm) Chrome/116.0.1938.76 Safari/537.36"
40.77.167.28 - - [24/Sep/2026:05:07:57 +0300] "GET /?sale/search/detail/?ITMCODE=a3n2t4i5m4o2n6i6a4t6e4 HTTP/1.1" 200 30038 "-" "Mozilla/5.0 AppleWebKit/537.36 (KHTML, like Gecko; compatible; bingbot/2.0; +http://www.bing.com/bingbot.htm) Chrome/116.0.1938.76 Safari/537.36"
40.77.167.28 - - [24/Sep/2026:05:07:58 +0300] "GET /?sale/search/detail/?ITMCODE=i0d1l1e3h0e5a5d8e2d33 HTTP/1.1" 200 30037 "-" "Mozilla/5.0 AppleWebKit/537.36 (KHTML, like Gecko; compatible; bingbot/2.0; +http://www.bing.com/bingbot.htm) Chrome/116.0.1938.76 Safari/537.36"
66.249.66.32 - - [24/Sep/2026:05:07:58 +0300] "GET /?sale/search/detail/?ITMCODE=n8o2m5i1n0a7t1e0140 HTTP/1.1" 200 30035 "-" "Mozilla/5.0 (Linux; Android 6.0.1; Nexus 5X Build/MMB29P) AppleWebKit/537.36 (KHTML, like Gecko) Chrome/153.0.8010.52 Mobile Safari/537.36 (compatible; Googlebot/2.1; +http://www.google.com/bot.html)"
57.141.20.10 - - [24/Sep/2026:05:07:59 +0300] "GET /?sale/search/detail/?ITMCODE=p7o9l2y2p4u8s2e8s10 HTTP/1.1" 200 30034 "-" "Mozilla/5.0 (Macintosh; Intel Mac OS X 10_15_7) AppleWebKit/537.36 (KHTML, like Gecko) Chrome/145.0.0.0 Safari/537.36 (compatible; meta-externalagent/1.1 (+https://developers.facebook.com/docs/sharing/webmasters/crawler))"
40.77.167.51 - - [24/Sep/2026:05:08:01 +0300] "GET /?sale/search/detail/?ITMCODE=i8o2d4o2u3s371808 HTTP/1.1" 200 30034 "-" "Mozilla/5.0 AppleWebKit/537.36 (KHTML, like Gecko; compatible; bingbot/2.0; +http://www.bing.com/bingbot.htm) Chrome/116.0.1938.76 Safari/537.36"
66.249.66.34 - - [24/Sep/2026:05:08:02 +0300] "GET /wp-content/plugins/revslider/public/assets/js/rs6.min.js?ver=6.5.3 HTTP/1.1" 200 5176 "https://princessmare.com.gr/?sale/search/detail/?ITMCODE=n8o2m5i1n0a7t1e0140" "Mozilla/5.0 (Linux; Android 6.0.1; Nexus 5X Build/MMB29P) AppleWebKit/537.36 (KHTML, like Gecko) Chrome/153.0.8010.52 Mobile Safari/537.36 (compatible; Googlebot/2.1; +http://www.google.com/bot.html)"
40.77.167.51 - - [24/Sep/2026:05:08:02 +0300] "GET /?sale/search/detail/?ITMCODE=p9a4c0t1o8l8i8a7n01 HTTP/1.1" 200 30036 "-" "Mozilla/5.0 AppleWebKit/537.36 (KHTML, like Gecko; compatible; bingbot/2.0; +http://www.bing.com/bingbot.htm) Chrome/116.0.1938.76 Safari/537.36"
40.77.167.51 - - [24/Sep/2026:05:08:03 +0300] "GET /?sale/search/detail/?ITMCODE=p7s3i0l5o3m5e4l9a9n8e8 HTTP/1.1" 200 30038 "-" "Mozilla/5.0 AppleWebKit/537.36 (KHTML, like Gecko; compatible; bingbot/2.0; +http://www.bing.com/bingbot.htm) Chrome/116.0.1938.76 Safari/537.36"
66.249.66.34 - - [24/Sep/2026:05:08:03 +0300] "GET /wp-content/plugins/revslider/public/assets/js/rs6.min.js?ver=6.5.3 HTTP/1.1" 200 90147 "https://princessmare.com.gr/?sale/search/detail/?ITMCODE=n8o2m5i1n0a7t1e0140" "Mozilla/5.0 (Linux; Android 6.0.1; Nexus 5X Build/MMB29P) AppleWebKit/537.36 (KHTML, like Gecko) Chrome/153.0.8010.52 Mobile Safari/537.36 (compatible; Googlebot/2.1; +http://www.google.com/bot.html)"
40.77.167.14 - - [24/Sep/2026:05:08:05 +0300] "GET /?sale/search/detail/?ITMCODE=m1e1d6i3a2e3v8a8l3l7y0 HTTP/1.1" 200 30038 "-" "Mozilla/5.0 AppleWebKit/537.36 (KHTML, like Gecko; compatible; bingbot/2.0; +http://www.bing.com/bingbot.htm) Chrome/116.0.1938.76 Safari/537.36"
40.77.167.14 - - [24/Sep/2026:05:08:06 +0300] "GET /?sale/search/detail/?ITMCODE=e7n3v3i6s0a5g8e2d806 HTTP/1.1" 200 30036 "-" "Mozilla/5.0 AppleWebKit/537.36 (KHTML, like Gecko; compatible; bingbot/2.0; +http://www.bing.com/bingbot.htm) Chrome/116.0.1938.76 Safari/537.36"
40.77.167.14 - - [24/Sep/2026:05:08:07 +0300] "GET /?sale/search/detail/?ITMCODE=c7l2i0f6f3b8r6a6k7e83 HTTP/1.1" 200 30038 "-" "Mozilla/5.0 AppleWebKit/537.36 (KHTML, like Gecko; compatible; bingbot/2.0; +http://www.bing.com/bingbot.htm) Chrome/116.0.1938.76 Safari/537.36"
40.77.167.14 - - [24/Sep/2026:05:08:08 +0300] "GET /?sale/search/detail/?ITMCODE=o7s1t8e6o4c1o5m5m2a5t1a HTTP/1.1" 200 30038 "-" "Mozilla/5.0 AppleWebKit/537.36 (KHTML, like Gecko; compatible; bingbot/2.0; +http://www.bing.com/bingbot.htm) Chrome/116.0.1938.76 Safari/537.36"
40.77.167.14 - - [24/Sep/2026:05:08:09 +0300] "GET /?sale/search/detail/?ITMCODE=c7u1r0s4e5567289 HTTP/1.1" 200 30032 "-" "Mozilla/5.0 AppleWebKit/537.36 (KHTML, like Gecko; compatible; bingbot/2.0; +http://www.bing.com/bingbot.htm) Chrome/116.0.1938.76 Safari/537.36"
40.77.167.14 - - [24/Sep/2026:05:08:10 +0300] "GET /?sale/search/detail/?ITMCODE=d9i2s6p6o0s5e4d0764 HTTP/1.1" 200 30036 "-" "Mozilla/5.0 AppleWebKit/537.36 (KHTML, like Gecko; compatible; bingbot/2.0; +http://www.bing.com/bingbot.htm) Chrome/116.0.1938.76 Safari/537.36"
40.77.167.14 - - [24/Sep/2026:05:08:11 +0300] "GET /?sale/search/detail/?ITMCODE=e3d1a6c5i7o3u0s6l4y76 HTTP/1.1" 200 30037 "-" "Mozilla/5.0 AppleWebKit/537.36 (KHTML, like Gecko; compatible; bingbot/2.0; +http://www.bing.com/bingbot.htm) Chrome/116.0.1938.76 Safari/537.36"
40.77.167.14 - - [24/Sep/2026:05:08:11 +0300] "GET /?sale/search/detail/?ITMCODE=w7h3o1r6i9s9h6n9e4ss HTTP/1.1" 200 30036 "-" "Mozilla/5.0 AppleWebKit/537.36 (KHTML, like Gecko; compatible; bingbot/2.0; +http://www.bing.com/bingbot.htm) Chrome/116.0.1938.76 Safari/537.36"
40.77.167.28 - - [24/Sep/2026:05:08:11 +0300] "GET /?sale/search/detail/?ITMCODE=e5a2r4l1y2i1s5h7280 HTTP/1.1" 200 30035 "-" "Mozilla/5.0 AppleWebKit/537.36 (KHTML, like Gecko; compatible; bingbot/2.0; +http://www.bing.com/bingbot.htm) Chrome/116.0.1938.76 Safari/537.36"
40.77.167.130 - - [24/Sep/2026:05:08:12 +0300] "GET /?sale/search/detail/?ITMCODE=c7a3t9h8a8r8t0e6s276 HTTP/1.1" 200 30037 "-" "Mozilla/5.0 AppleWebKit/537.36 (KHTML, like Gecko; compatible; bingbot/2.0; +http://www.bing.com/bingbot.htm) Chrome/116.0.1938.76 Safari/537.36"
40.77.167.51 - - [24/Sep/2026:05:08:13 +0300] "GET /?sale/search/detail/?ITMCODE=n1o7n1j1u5r7i7n4g29 HTTP/1.1" 200 30035 "-" "Mozilla/5.0 AppleWebKit/537.36 (KHTML, like Gecko; compatible; bingbot/2.0; +http://www.bing.com/bingbot.htm) Chrome/116.0.1938.76 Safari/537.36"
40.77.167.51 - - [24/Sep/2026:05:08:14 +0300] "GET /?sale/search/detail/?ITMCODE=p6y3r6o6b0o3r4i2c031 HTTP/1.1" 200 30036 "-" "Mozilla/5.0 AppleWebKit/537.36 (KHTML, like Gecko; compatible; bingbot/2.0; +http://www.bing.com/bingbot.htm) Chrome/116.0.1938.76 Safari/537.36"
66.249.66.34 - - [24/Sep/2026:05:08:14 +0300] "GET /?sale/search/detail/?ITMCODE=k9a1l3l5i1m7a40743 HTTP/1.1" 200 30035 "-" "Mozilla/5.0 (Linux; Android 6.0.1; Nexus 5X Build/MMB29P) AppleWebKit/537.36 (KHTML, like Gecko) Chrome/153.0.8010.52 Mobile Safari/537.36 (compatible; Googlebot/2.1; +http://www.google.com/bot.html)"
57.141.20.74 - - [24/Sep/2026:05:08:16 +0300] "GET /?sale/search/detail/?ITMCODE=p1e3t3r4o3s2i2l2e1x2 HTTP/1.1" 200 30035 "-" "Mozilla/5.0 (Windows NT 10.0; Win64; x64) AppleWebKit/537.36 (KHTML, like Gecko) Chrome/144.0.0.0 Safari/537.36 Edg/144.0.0.0 (compatible; meta-externalagent/1.1 (+https://developers.facebook.com/docs/sharing/webmasters/crawler))"
66.249.66.32 - - [24/Sep/2026:05:08:19 +0300] "GET /?sale/search/detail/?ITMCODE=m8e4n7d3m2e9n5t920 HTTP/1.1" 200 30035 "-" "Mozilla/5.0 (Linux; Android 6.0.1; Nexus 5X Build/MMB29P) AppleWebKit/537.36 (KHTML, like Gecko) Chrome/154.0.8037.57 Mobile Safari/537.36 (compatible; Googlebot/2.1; +http://www.google.com/bot.html)"
40.77.167.51 - - [24/Sep/2026:05:08:21 +0300] "GET /?sale/search/detail/?ITMCODE=w8h2e6a1l5w9o6r1m654 HTTP/1.1" 200 30036 "-" "Mozilla/5.0 AppleWebKit/537.36 (KHTML, like Gecko; compatible; bingbot/2.0; +http://www.bing.com/bingbot.htm) Chrome/116.0.1938.76 Safari/537.36"
40.77.167.51 - - [24/Sep/2026:05:08:22 +0300] "GET /?sale/search/detail/?ITMCODE=r4e3p7r7o2b2a8t9i6o4n2 HTTP/1.1" 200 30038 "-" "Mozilla/5.0 AppleWebKit/537.36 (KHTML, like Gecko; compatible; bingbot/2.0; +http://www.bing.com/bingbot.htm) Chrome/116.0.1938.76 Safari/537.36"
40.77.167.51 - - [24/Sep/2026:05:08:23 +0300] "GET /?sale/search/detail/?ITMCODE=e2l5e2c5t5r4o6p8h2o7rus HTTP/1.1" 200 30038 "-" "Mozilla/5.0 AppleWebKit/537.36 (KHTML, like Gecko; compatible; bingbot/2.0; +http://www.bing.com/bingbot.htm) Chrome/116.0.1938.76 Safari/537.36"
40.77.167.51 - - [24/Sep/2026:05:08:24 +0300] "GET /?sale/search/detail/?ITMCODE=c8o3u6n0t3r0y8w8i3d1e3 HTTP/1.1" 200 30039 "-" "Mozilla/5.0 AppleWebKit/537.36 (KHTML, like Gecko; compatible; bingbot/2.0; +http://www.bing.com/bingbot.htm) Chrome/116.0.1938.76 Safari/537.36"
40.77.167.51 - - [24/Sep/2026:05:08:25 +0300] "GET /?sale/search/detail/?ITMCODE=l7i2g5h0t3h3e1e2l2e9d9 HTTP/1.1" 200 30037 "-" "Mozilla/5.0 AppleWebKit/537.36 (KHTML, like Gecko; compatible; bingbot/2.0; +http://www.bing.com/bingbot.htm) Chrome/116.0.1938.76 Safari/537.36"
40.77.167.130 - - [24/Sep/2026:05:08:26 +0300] "GET /?sale/search/detail/?ITMCODE=e2v3a0p2o6r8a7t9o4r66 HTTP/1.1" 200 30037 "-" "Mozilla/5.0 AppleWebKit/537.36 (KHTML, like Gecko; compatible; bingbot/2.0; +http://www.bing.com/bingbot.htm) Chrome/116.0.1938.76 Safari/537.36"
114.119.135.202 - - [24/Sep/2026:05:08:26 +0300] "GET /sitemap797.xml HTTP/1.1" 301 5190 "-" "Mozilla/5.0 (Linux; Android 7.0;) AppleWebKit/537.36 (KHTML, like Gecko) Mobile Safari/537.36 (compatible; PetalBot;+https://webmaster.petalsearch.com/site/petalbot)"
66.249.66.77 - - [24/Sep/2026:05:08:27 +0300] "GET /?sale/search/detail/?ITMCODE=b7a3r5r1e5t2t8e0r018 HTTP/1.1" 301 5192 "-" "Mozilla/5.0 (Linux; Android 6.0.1; Nexus 5X Build/MMB29P) AppleWebKit/537.36 (KHTML, like Gecko) Chrome/153.0.8010.52 Mobile Safari/537.36 (compatible; Googlebot/2.1; +http://www.google.com/bot.html)"
40.77.167.130 - - [24/Sep/2026:05:08:27 +0300] "GET /?sale/search/detail/?ITMCODE=r4e3s1i0n5i9f5e4r9a3 HTTP/1.1" 200 30035 "-" "Mozilla/5.0 AppleWebKit/537.36 (KHTML, like Gecko; compatible; bingbot/2.0; +http://www.bing.com/bingbot.htm) Chrome/116.0.1938.76 Safari/537.36"
114.119.135.202 - - [24/Sep/2026:05:08:27 +0300] "GET / HTTP/1.1" 200 29580 "-" "Mozilla/5.0 (Linux; Android 7.0;) AppleWebKit/537.36 (KHTML, like Gecko) Mobile Safari/537.36 (compatible; PetalBot;+https://webmaster.petalsearch.com/site/petalbot)"
66.249.66.32 - - [24/Sep/2026:05:08:27 +0300] "GET /?sale/search/detail/?ITMCODE=e2n1s3l6a7v3e5d3860 HTTP/1.1" 200 30034 "-" "Mozilla/5.0 (Linux; Android 6.0.1; Nexus 5X Build/MMB29P) AppleWebKit/537.36 (KHTML, like Gecko) Chrome/153.0.8010.52 Mobile Safari/537.36 (compatible; Googlebot/2.1; +http://www.google.com/bot.html)"
40.77.167.130 - - [24/Sep/2026:05:08:27 +0300] "GET /?sale/search/detail/?ITMCODE=p4r3o7t9o4p5o8d7i0t6e3 HTTP/1.1" 200 30038 "-" "Mozilla/5.0 AppleWebKit/537.36 (KHTML, like Gecko; compatible; bingbot/2.0; +http://www.bing.com/bingbot.htm) Chrome/116.0.1938.76 Safari/537.36"
40.77.167.130 - - [24/Sep/2026:05:08:28 +0300] "GET /?sale/search/detail/?ITMCODE=d9e5c4r2e3s6c8e8n2t6 HTTP/1.1" 200 30036 "-" "Mozilla/5.0 AppleWebKit/537.36 (KHTML, like Gecko; compatible; bingbot/2.0; +http://www.bing.com/bingbot.htm) Chrome/116.0.1938.76 Safari/537.36"
40.77.167.130 - - [24/Sep/2026:05:08:29 +0300] "GET /?sale/search/detail/?ITMCODE=i8m2p9r1e0s9s6i2b6l0e3ness HTTP/1.1" 200 30040 "-" "Mozilla/5.0 AppleWebKit/537.36 (KHTML, like Gecko; compatible; bingbot/2.0; +http://www.bing.com/bingbot.htm) Chrome/116.0.1938.76 Safari/537.36"
40.77.167.51 - - [24/Sep/2026:05:08:31 +0300] "GET /?sale/search/detail/?ITMCODE=m8o8n6o7m0a6c6h4i8a9 HTTP/1.1" 200 30037 "-" "Mozilla/5.0 AppleWebKit/537.36 (KHTML, like Gecko; compatible; bingbot/2.0; +http://www.bing.com/bingbot.htm) Chrome/116.0.1938.76 Safari/537.36"
40.77.167.28 - - [24/Sep/2026:05:08:32 +0300] "GET /?sale/search/detail/?ITMCODE=d3i3f5f5u3s4e4l7y266 HTTP/1.1" 200 30036 "-" "Mozilla/5.0 AppleWebKit/537.36 (KHTML, like Gecko; compatible; bingbot/2.0; +http://www.bing.com/bingbot.htm) Chrome/116.0.1938.76 Safari/537.36"
66.249.66.32 - - [24/Sep/2026:05:08:34 +0300] "GET /?sale/search/detail/?ITMCODE=c5e6n4t1a0g2e4595 HTTP/1.1" 200 30034 "-" "Mozilla/5.0 (Linux; Android 6.0.1; Nexus 5X Build/MMB29P) AppleWebKit/537.36 (KHTML, like Gecko) Chrome/153.0.8010.52 Mobile Safari/537.36 (compatible; Googlebot/2.1; +http://www.google.com/bot.html)"
66.249.66.32 - - [24/Sep/2026:05:08:35 +0300] "GET /?sale/search/detail/?ITMCODE=i6n3v0i8s3i5b6l4y965 HTTP/1.1" 200 30038 "-" "Mozilla/5.0 (Linux; Android 6.0.1; Nexus 5X Build/MMB29P) AppleWebKit/537.36 (KHTML, like Gecko) Chrome/153.0.8010.52 Mobile Safari/537.36 (compatible; Googlebot/2.1; +http://www.google.com/bot.html)"
40.77.167.130 - - [24/Sep/2026:05:08:36 +0300] "GET /?sale/search/detail/?ITMCODE=p2r3o8t5e2a1c7e0o7u7s0 HTTP/1.1" 200 30038 "-" "Mozilla/5.0 AppleWebKit/537.36 (KHTML, like Gecko; compatible; bingbot/2.0; +http://www.bing.com/bingbot.htm) Chrome/116.0.1938.76 Safari/537.36"
40.77.167.130 - - [24/Sep/2026:05:08:36 +0300] "GET /?sale/search/detail/?ITMCODE=c1r2o6s8s6e0x2a4m8i0n5er HTTP/1.1" 200 30040 "-" "Mozilla/5.0 AppleWebKit/537.36 (KHTML, like Gecko; compatible; bingbot/2.0; +http://www.bing.com/bingbot.htm) Chrome/116.0.1938.76 Safari/537.36"
40.77.167.130 - - [24/Sep/2026:05:08:37 +0300] "GET /?sale/search/detail/?ITMCODE=n3o6t7h3o9s2a6u9r81 HTTP/1.1" 200 30036 "-" "Mozilla/5.0 AppleWebKit/537.36 (KHTML, like Gecko; compatible; bingbot/2.0; +http://www.bing.com/bingbot.htm) Chrome/116.0.1938.76 Safari/537.36"
40.77.167.130 - - [24/Sep/2026:05:08:39 +0300] "GET /?sale/search/detail/?ITMCODE=r0o2p2e8d7a7n1c5e6r58 HTTP/1.1" 200 30038 "-" "Mozilla/5.0 AppleWebKit/537.36 (KHTML, like Gecko; compatible; bingbot/2.0; +http://www.bing.com/bingbot.htm) Chrome/116.0.1938.76 Safari/537.36"
40.77.167.130 - - [24/Sep/2026:05:08:41 +0300] "GET /?sale/search/detail/?ITMCODE=f1i3e9n5d0i8s3h8500 HTTP/1.1" 200 30036 "-" "Mozilla/5.0 AppleWebKit/537.36 (KHTML, like Gecko; compatible; bingbot/2.0; +http://www.bing.com/bingbot.htm) Chrome/116.0.1938.76 Safari/537.36"
40.77.167.51 - - [24/Sep/2026:05:08:46 +0300] "GET /?sale/search/detail/?ITMCODE=m9o3u3n9t4a5n0t5052 HTTP/1.1" 200 30035 "-" "Mozilla/5.0 AppleWebKit/537.36 (KHTML, like Gecko; compatible; bingbot/2.0; +http://www.bing.com/bingbot.htm) Chrome/116.0.1938.76 Safari/537.36"
57.141.20.64 - - [24/Sep/2026:05:08:46 +0300] "GET /?sale/search/detail/?ITMCODE=h1o4l8l4a8n4d5a1i6s8e HTTP/1.1" 200 30037 "-" "Mozilla/5.0 (Windows NT 10.0; Win64; x64) AppleWebKit/537.36 (KHTML, like Gecko) Chrome/145.0.0.0 Safari/537.36 (compatible; meta-externalagent/1.1 (+https://developers.facebook.com/docs/sharing/webmasters/crawler))"
40.77.167.51 - - [24/Sep/2026:05:08:46 +0300] "GET /?sale/search/detail/?ITMCODE=s4i1r7u9p5y693976 HTTP/1.1" 200 30034 "-" "Mozilla/5.0 AppleWebKit/537.36 (KHTML, like Gecko; compatible; bingbot/2.0; +http://www.bing.com/bingbot.htm) Chrome/116.0.1938.76 Safari/537.36"
40.77.167.51 - - [24/Sep/2026:05:08:48 +0300] "GET /?sale/search/detail/?ITMCODE=p9a2g8i7n7a6t0e1967 HTTP/1.1" 200 30035 "-" "Mozilla/5.0 AppleWebKit/537.36 (KHTML, like Gecko; compatible; bingbot/2.0; +http://www.bing.com/bingbot.htm) Chrome/116.0.1938.76 Safari/537.36"
40.77.167.130 - - [24/Sep/2026:05:08:51 +0300] "GET /?sale/search/detail/?ITMCODE=b7l1a7s9t8o9m8e7r7e0 HTTP/1.1" 200 30035 "-" "Mozilla/5.0 AppleWebKit/537.36 (KHTML, like Gecko; compatible; bingbot/2.0; +http://www.bing.com/bingbot.htm) Chrome/116.0.1938.76 Safari/537.36"
