40.77.167.14 - - [24/Sep/2026:04:53:00 +0300] "GET /?sale/search/detail/?ITMCODE=l4i2n9o3x7y7n60428 HTTP/1.1" 200 30035 "-" "Mozilla/5.0 AppleWebKit/537.36 (KHTML, like Gecko; compatible; bingbot/2.0; +http://www.bing.com/bingbot.htm) Chrome/116.0.1938.76 Safari/537.36"
57.141.20.72 - - [24/Sep/2026:04:53:00 +0300] "GET /?sale/search/detail/?ITMCODE=p1r2o6t2e7s9t6a0n7t7ism HTTP/1.1" 200 30037 "-" "Mozilla/5.0 (Windows NT 10.0; Win64; x64) AppleWebKit/537.36 (KHTML, like Gecko) Chrome/145.0.0.0 Safari/537.36 (compatible; meta-externalagent/1.1 (+https://developers.facebook.com/docs/sharing/webmasters/crawler))"
40.77.167.14 - - [24/Sep/2026:04:53:01 +0300] "GET /?sale/search/detail/?ITMCODE=a5b3s6i6n6t8h8i0a5l52 HTTP/1.1" 200 30038 "-" "Mozilla/5.0 AppleWebKit/537.36 (KHTML, like Gecko; compatible; bingbot/2.0; +http://www.bing.com/bingbot.htm) Chrome/116.0.1938.76 Safari/537.36"
57.141.20.8 - - [24/Sep/2026:04:53:01 +0300] "GET /?sale/search/detail/?ITMCODE=v1a2c7a6n9c6y69951 HTTP/1.1" 200 30035 "-" "Mozilla/5.0 (Windows NT 10.0; Win64; x64) AppleWebKit/537.36 (KHTML, like Gecko) Chrome/145.0.0.0 Safari/537.36 (compatible; meta-externalagent/1.1 (+https://developers.facebook.com/docs/sharing/webmasters/crawler))"
57.141.20.35 - - [24/Sep/2026:04:53:01 +0300] "GET /?sale/search/detail/?ITMCODE=i1n3d5u8r3a3t0e3068 HTTP/1.1" 200 30035 "-" "Mozilla/5.0 (Windows NT 10.0; Win64; x64) AppleWebKit/537.36 (KHTML, like Gecko) Chrome/145.0.0.0 Safari/537.36 (compatible; meta-externalagent/1.1 (+https://developers.facebook.com/docs/sharing/webmasters/crawler))"
40.77.167.14 - - [24/Sep/2026:04:53:04 +0300] "GET /?sale/search/detail/?ITMCODE=u8n4e0q1u9i6v1o6c7a0l8 HTTP/1.1" 200 30039 "-" "Mozilla/5.0 AppleWebKit/537.36 (KHTML, like Gecko; compatible; bingbot/2.0; +http://www.bing.com/bingbot.htm) Chrome/116.0.1938.76 Safari/537.36"
66.249.66.32 - - [24/Sep/2026:04:53:07 +0300] "GET /?sale/search/detail/?ITMCODE=m2a2d1e2m4o1i8s0e3l2le HTTP/1.1" 200 30037 "-" "Mozilla/5.0 (Linux; Android 6.0.1; Nexus 5X Build/MMB29P) AppleWebKit/537.36 (KHTML, like Gecko) Chrome/153.0.8010.52 Mobile Safari/537.36 (compatible; Googlebot/2.1; +http://www.google.com/bot.html)"
40.77.167.74 - - [24/Sep/2026:04:53:11 +0300] "GET /?sale/search/detail/?ITMCODE=d6e3s3i6d1e0r6a3t6i8v6e HTTP/1.1" 200 30038 "-" "Mozilla/5.0 AppleWebKit/537.36 (KHTML, like Gecko; compatible; bingbot/2.0; +http://www.bing.com/bingbot.htm) Chrome/116.0.1938.76 Safari/537.36"
40.77.167.74 - - [24/Sep/2026:04:53:12 +0300] "GET /?sale/search/detail/?ITMCODE=g0l7a3n5c7i3n4g2l5y0 HTTP/1.1" 200 30037 "-" "Mozilla/5.0 AppleWebKit/537.36 (KHTML, like Gecko; compatible; bingbot/2.0; +http://www.bing.com/bingbot.htm) Chrome/116.0.1938.76 Safari/537.36"
40.77.167.74 - - [24/Sep/2026:04:53:13 +0300] "GET /?sale/search/detail/?ITMCODE=e8m7b7r4y0o4n1i3c44 HTTP/1.1" 200 30036 "-" "Mozilla/5.0 AppleWebKit/537.36 (KHTML, like Gecko; compatible; bingbot/2.0; +http://www.bing.com/bingbot.htm) Chrome/116.0.1938.76 Safari/537.36"
40.77.167.74 - - [24/Sep/2026:04:53:14 +0300] "GET /?sale/search/detail/?ITMCODE=u4n2s4e9g7r7e2g7a1t4e1d HTTP/1.1" 200 30037 "-" "Mozilla/5.0 AppleWebKit/537.36 (KHTML, like Gecko; compatible; bingbot/2.0; +http://www.bing.com/bingbot.htm) Chrome/116.0.1938.76 Safari/537.36"
40.77.167.74 - - [24/Sep/2026:04:53:15 +0300] "GET /?sale/search/detail/?ITMCODE=a7b3s5t4e1r2s7i0v1e59 HTTP/1.1" 200 30037 "-" "Mozilla/5.0 AppleWebKit/537.36 (KHTML, like Gecko; compatible; bingbot/2.0; +http://www.bing.com/bingbot.htm) Chrome/116.0.1938.76 Safari/537.36"
40.77.167.74 - - [24/Sep/2026:04:53:16 +0300] "GET /?sale/search/detail/?ITMCODE=b3r4u2s2h7f9o3o3t2e6d1 HTTP/1.1" 200 30038 "-" "Mozilla/5.0 AppleWebKit/537.36 (KHTML, like Gecko; compatible; bingbot/2.0; +http://www.bing.com/bingbot.htm) Chrome/116.0.1938.76 Safari/537.36"
195.201.120.33 - - [24/Sep/2026:04:53:18 +0300] "POST /wp-cron.php?doing_wp_cron=1790214798.0505449771881103515625 HTTP/1.1" 200 5047 "-" "WordPress/6.9.4; https://princessmare.com.gr"
40.77.167.63 - - [24/Sep/2026:04:53:17 +0300] "GET /?sale/search/detail/?ITMCODE=f1r2a9m5a0b5l9e0103 HTTP/1.1" 200 30035 "-" "Mozilla/5.0 AppleWebKit/537.36 (KHTML, like Gecko; compatible; bingbot/2.0; +http://www.bing.com/bingbot.htm) Chrome/116.0.1938.76 Safari/537.36"
66.249.66.32 - - [24/Sep/2026:04:53:17 +0300] "GET /?sale/search/detail/?ITMCODE=c5i3r2c0l0e0t15264 HTTP/1.1" 200 30035 "-" "Mozilla/5.0 (Linux; Android 6.0.1; Nexus 5X Build/MMB29P) AppleWebKit/537.36 (KHTML, like Gecko) Chrome/153.0.8010.52 Mobile Safari/537.36 (compatible; Googlebot/2.1; +http://www.google.com/bot.html)"
195.201.120.33 - - [24/Sep/2026:04:53:18 +0300] "POST /wp-cron.php?doing_wp_cron=1790214798.6155560016632080078125 HTTP/1.1" 200 5047 "-" "WordPress/6.9.4; https://princessmare.com.gr"
57.141.20.31 - - [24/Sep/2026:04:53:17 +0300] "GET /?sale/search/detail/?ITMCODE=a1c3h6e8n3i2u4m1084 HTTP/1.1" 200 30035 "-" "Mozilla/5.0 (Windows NT 10.0; Win64; x64) AppleWebKit/537.36 (KHTML, like Gecko) Chrome/145.0.0.0 Safari/537.36 (compatible; meta-externalagent/1.1 (+https://developers.facebook.com/docs/sharing/webmasters/crawler))"
40.77.167.63 - - [24/Sep/2026:04:53:18 +0300] "GET /?sale/search/detail/?ITMCODE=m3e3s4s1i5a9h1s0h0i7p3 HTTP/1.1" 200 30038 "-" "Mozilla/5.0 AppleWebKit/537.36 (KHTML, like Gecko; compatible; bingbot/2.0; +http://www.bing.com/bingbot.htm) Chrome/116.0.1938.76 Safari/537.36"
66.249.66.76 - - [24/Sep/2026:04:53:19 +0300] "GET /?sale/search/detail/?ITMCODE=r4i3g1h2t4h3e5a3r9t0e3d HTTP/1.1" 301 5195 "-" "Mozilla/5.0 (Linux; Android 6.0.1; Nexus 5X Build/MMB29P) AppleWebKit/537.36 (KHTML, like Gecko) Chrome/153.0.8010.52 Mobile Safari/537.36 (compatible; Googlebot/2.1; +http://www.google.com/bot.html)"
40.77.167.63 - - [24/Sep/2026:04:53:19 +0300] "GET /?sale/search/detail/?ITMCODE=f5u5g0u7i9s4t9411 HTTP/1.1" 200 30033 "-" "Mozilla/5.0 AppleWebKit/537.36 (KHTML, like Gecko; compatible; bingbot/2.0; +http://www.bing.com/bingbot.htm) Chrome/116.0.1938.76 Safari/537.36"
40.77.167.63 - - [24/Sep/2026:04:53:20 +0300] "GET /?sale/search/detail/?ITMCODE=a2c4c2u1l8t6u4r2a6t7i6ve HTTP/1.1" 200 30039 "-" "Mozilla/5.0 AppleWebKit/537.36 (KHTML, like Gecko; compatible; bingbot/2.0; +http://www.bing.com/bingbot.htm) Chrome/116.0.1938.76 Safari/537.36"
66.249.66.32 - - [24/Sep/2026:04:53:20 +0300] "GET /?sale/search/detail/?ITMCODE=s6n1i5p6e9b9i2l2l269 HTTP/1.1" 200 30035 "-" "Mozilla/5.0 (Linux; Android 6.0.1; Nexus 5X Build/MMB29P) AppleWebKit/537.36 (KHTML, like Gecko) Chrome/153.0.8010.52 Mobile Safari/537.36 (compatible; Googlebot/2.1; +http://www.google.com/bot.html)"
40.77.167.63 - - [24/Sep/2026:04:53:20 +0300] "GET /?sale/search/detail/?ITMCODE=e2p4i8d4e0r8m7a9t4i2c HTTP/1.1" 200 30037 "-" "Mozilla/5.0 AppleWebKit/537.36 (KHTML, like Gecko; compatible; bingbot/2.0; +http://www.bing.com/bingbot.htm) Chrome/116.0.1938.76 Safari/537.36"
40.77.167.74 - - [24/Sep/2026:04:53:21 +0300] "GET /?sale/search/detail/?ITMCODE=c6h2i6v9a5c8h9i8e962 HTTP/1.1" 200 30037 "-" "Mozilla/5.0 AppleWebKit/537.36 (KHTML, like Gecko; compatible; bingbot/2.0; +http://www.bing.com/bingbot.htm) Chrome/116.0.1938.76 Safari/537.36"
40.77.167.63 - - [24/Sep/2026:04:53:21 +0300] "GET /?sale/search/detail/?ITMCODE=i5n2d1i7v8i5d8a4b0l9e HTTP/1.1" 200 30037 "-" "Mozilla/5.0 AppleWebKit/537.36 (KHTML, like Gecko; compatible; bingbot/2.0; +http://www.bing.com/bingbot.htm) Chrome/116.0.1938.76 Safari/537.36"
40.77.167.63 - - [24/Sep/2026:04:53:22 +0300] "GET /?sale/search/detail/?ITMCODE=d2i1s9t0r5a6c1t6e2d5n9ess HTTP/1.1" 200 30039 "-" "Mozilla/5.0 AppleWebKit/537.36 (KHTML, like Gecko; compatible; bingbot/2.0; +http://www.bing.com/bingbot.htm) Chrome/116.0.1938.76 Safari/537.36"
40.77.167.63 - - [24/Sep/2026:04:53:23 +0300] "GET /?sale/search/detail/?ITMCODE=p1r4u0s2s6i9a9t7e682 HTTP/1.1" 200 30036 "-" "Mozilla/5.0 AppleWebKit/537.36 (KHTML, like Gecko; compatible; bingbot/2.0; +http://www.bing.com/bingbot.htm) Chrome/116.0.1938.76 Safari/537.36"
57.141.20.33 - - [24/Sep/2026:04:53:25 +0300] "GET /?sale/search/detail/?ITMCODE=s1u2p2p5l8i0c0a1n5t9l3y HTTP/1.1" 200 30039 "-" "Mozilla/5.0 (Macintosh; Intel Mac OS X 10_15_7) AppleWebKit/537.36 (KHTML, like Gecko) Chrome/145.0.0.0 Safari/537.36 (compatible; meta-externalagent/1.1 (+https://developers.facebook.com/docs/sharing/webmasters/crawler))"
40.77.167.14 - - [24/Sep/2026:04:53:25 +0300] "GET /?sale/search/detail/?ITMCODE=f2a3n3c9i9e2d165 HTTP/1.1" 200 30032 "-" "Mozilla/5.0 AppleWebKit/537.36 (KHTML, like Gecko; compatible; bingbot/2.0; +http://www.bing.com/bingbot.htm) Chrome/116.0.1938.76 Safari/537.36"
40.77.167.14 - - [24/Sep/2026:04:53:26 +0300] "GET /?sale/search/detail/?ITMCODE=s0a5l8m9o4n4i9d1a9e5 HTTP/1.1" 200 30037 "-" "Mozilla/5.0 AppleWebKit/537.36 (KHTML, like Gecko; compatible; bingbot/2.0; +http://www.bing.com/bingbot.htm) Chrome/116.0.1938.76 Safari/537.36"
40.77.167.14 - - [24/Sep/2026:04:53:27 +0300] "GET /?sale/search/detail/?ITMCODE=d2i1s7o3b3e1y2e1d173 HTTP/1.1" 200 30035 "-" "Mozilla/5.0 AppleWebKit/537.36 (KHTML, like Gecko; compatible; bingbot/2.0; +http://www.bing.com/bingbot.htm) Chrome/116.0.1938.76 Safari/537.36"
57.141.20.37 - - [24/Sep/2026:04:53:28 +0300] "GET /?sale/search/detail/?ITMCODE=l4e2g8a5l0i0s3a7t1i0o9n HTTP/1.1" 200 30038 "-" "Mozilla/5.0 (Macintosh; Intel Mac OS X 10_15_7) AppleWebKit/537.36 (KHTML, like Gecko) Chrome/145.0.0.0 Safari/537.36 (compatible; meta-externalagent/1.1 (+https://developers.facebook.com/docs/sharing/webmasters/crawler))"
40.77.167.14 - - [24/Sep/2026:04:53:28 +0300] "GET /?sale/search/detail/?ITMCODE=q3u7a6l7l6e3d104 HTTP/1.1" 200 30034 "-" "Mozilla/5.0 AppleWebKit/537.36 (KHTML, like Gecko; compatible; bingbot/2.0; +http://www.bing.com/bingbot.htm) Chrome/116.0.1938.76 Safari/537.36"
40.77.167.14 - - [24/Sep/2026:04:53:29 +0300] "GET /?sale/search/detail/?ITMCODE=a3c3t7i8n1u2m85661 HTTP/1.1" 200 30035 "-" "Mozilla/5.0 AppleWebKit/537.36 (KHTML, like Gecko; compatible; bingbot/2.0; +http://www.bing.com/bingbot.htm) Chrome/116.0.1938.76 Safari/537.36"
40.77.167.14 - - [24/Sep/2026:04:53:29 +0300] "GET /?sale/search/detail/?ITMCODE=i2s2o6p4r6e7n2e5138 HTTP/1.1" 200 30035 "-" "Mozilla/5.0 AppleWebKit/537.36 (KHTML, like Gecko; compatible; bingbot/2.0; +http://www.bing.com/bingbot.htm) Chrome/116.0.1938.76 Safari/537.36"
40.77.167.63 - - [24/Sep/2026:04:53:30 +0300] "GET /?sale/search/detail/?ITMCODE=a3n6n0o4n0a1c4e8a7e0 HTTP/1.1" 200 30036 "-" "Mozilla/5.0 AppleWebKit/537.36 (KHTML, like Gecko; compatible; bingbot/2.0; +http://www.bing.com/bingbot.htm) Chrome/116.0.1938.76 Safari/537.36"
40.77.167.14 - - [24/Sep/2026:04:53:30 +0300] "GET /?sale/search/detail/?ITMCODE=i5m1b1o8i6l355510 HTTP/1.1" 200 30033 "-" "Mozilla/5.0 AppleWebKit/537.36 (KHTML, like Gecko; compatible; bingbot/2.0; +http://www.bing.com/bingbot.htm) Chrome/116.0.1938.76 Safari/537.36"
40.77.167.14 - - [24/Sep/2026:04:53:31 +0300] "GET /?sale/search/detail/?ITMCODE=c4o1m2p7e7l2l0a0b0l8e5 HTTP/1.1" 200 30038 "-" "Mozilla/5.0 AppleWebKit/537.36 (KHTML, like Gecko; compatible; bingbot/2.0; +http://www.bing.com/bingbot.htm) Chrome/116.0.1938.76 Safari/537.36"
40.77.167.14 - - [24/Sep/2026:04:53:32 +0300] "GET /?sale/search/detail/?ITMCODE=c6o3n8f5u9s2i4v8e458 HTTP/1.1" 200 30037 "-" "Mozilla/5.0 AppleWebKit/537.36 (KHTML, like Gecko; compatible; bingbot/2.0; +http://www.bing.com/bingbot.htm) Chrome/116.0.1938.76 Safari/537.36"
114.119.155.38 - - [24/Sep/2026:04:53:33 +0300] "GET /sitemap896.xml HTTP/1.1" 301 5190 "-" "Mozilla/5.0 (Linux; Android 7.0;) AppleWebKit/537.36 (KHTML, like Gecko) Mobile Safari/537.36 (compatible; PetalBot;+https://webmaster.petalsearch.com/site/petalbot)"
40.77.167.14 - - [24/Sep/2026:04:53:33 +0300] "GET /?sale/search/detail/?ITMCODE=h0o1u1s3l5i1n4g7037 HTTP/1.1" 200 30036 "-" "Mozilla/5.0 AppleWebKit/537.36 (KHTML, like Gecko; compatible; bingbot/2.0; +http://www.bing.com/bingbot.htm) Chrome/116.0.1938.76 Safari/537.36"
114.119.155.38 - - [24/Sep/2026:04:53:34 +0300] "GET / HTTP/1.1" 200 29580 "-" "Mozilla/5.0 (Linux; Android 7.0;) AppleWebKit/537.36 (KHTML, like Gecko) Mobile Safari/537.36 (compatible; PetalBot;+https://webmaster.petalsearch.com/site/petalbot)"
66.249.66.32 - - [24/Sep/2026:04:53:34 +0300] "GET /?sale/search/detail/?ITMCODE=h1u1s3b4a9n4d7l1y181 HTTP/1.1" 200 30036 "-" "Mozilla/5.0 (Linux; Android 6.0.1; Nexus 5X Build/MMB29P) AppleWebKit/537.36 (KHTML, like Gecko) Chrome/153.0.8010.52 Mobile Safari/537.36 (compatible; Googlebot/2.1; +http://www.google.com/bot.html)"
40.77.167.74 - - [24/Sep/2026:04:53:35 +0300] "GET /?sale/search/detail/?ITMCODE=r1a1b7b1e0t1i7n5g346 HTTP/1.1" 200 30036 "-" "Mozilla/5.0 AppleWebKit/537.36 (KHTML, like Gecko; compatible; bingbot/2.0; +http://www.bing.com/bingbot.htm) Chrome/116.0.1938.76 Safari/537.36"
40.77.167.74 - - [24/Sep/2026:04:53:35 +0300] "GET /?sale/search/detail/?ITMCODE=i2c5h2t7h4u7l2i1n55 HTTP/1.1" 200 30036 "-" "Mozilla/5.0 AppleWebKit/537.36 (KHTML, like Gecko; compatible; bingbot/2.0; +http://www.bing.com/bingbot.htm) Chrome/116.0.1938.76 Safari/537.36"
57.141.20.32 - - [24/Sep/2026:04:53:36 +0300] "GET /?sale/search/detail/?ITMCODE=l1a1e5m1o1d0i3p2o4d9o0us HTTP/1.1" 200 30039 "-" "Mozilla/5.0 (Windows NT 10.0; Win64; x64) AppleWebKit/537.36 (KHTML, like Gecko) Chrome/145.0.0.0 Safari/537.36 (compatible; meta-externalagent/1.1 (+https://developers.facebook.com/docs/sharing/webmasters/crawler))"
66.249.66.32 - - [24/Sep/2026:04:53:38 +0300] "GET /?sale/search/detail/?ITMCODE=e8x1u0b1e9r1a5n5c5y89 HTTP/1.1" 200 30037 "-" "Mozilla/5.0 (Linux; Android 6.0.1; Nexus 5X Build/MMB29P) AppleWebKit/537.36 (KHTML, like Gecko) Chrome/153.0.8010.52 Mobile Safari/537.36 (compatible; Googlebot/2.1; +http://www.google.com/bot.html)"
40.77.167.14 - - [24/Sep/2026:04:53:39 +0300] "GET /?sale/search/detail/?ITMCODE=s2t1r0a9t2i9f3i2c1a4t8ion HTTP/1.1" 200 30040 "-" "Mozilla/5.0 AppleWebKit/537.36 (KHTML, like Gecko; compatible; bingbot/2.0; +http://www.bing.com/bingbot.htm) Chrome/116.0.1938.76 Safari/537.36"
40.77.167.74 - - [24/Sep/2026:04:53:39 +0300] "GET /?sale/search/detail/?ITMCODE=c7a2n8d5e6l4a5b3r2u0m4 HTTP/1.1" 200 30039 "-" "Mozilla/5.0 AppleWebKit/537.36 (KHTML, like Gecko; compatible; bingbot/2.0; +http://www.bing.com/bingbot.htm) Chrome/116.0.1938.76 Safari/537.36"
40.77.167.14 - - [24/Sep/2026:04:53:40 +0300] "GET /?sale/search/detail/?ITMCODE=e1x2h9a9u4s7t1i2o9n99 HTTP/1.1" 200 30036 "-" "Mozilla/5.0 AppleWebKit/537.36 (KHTML, like Gecko; compatible; bingbot/2.0; +http://www.bing.com/bingbot.htm) Chrome/116.0.1938.76 Safari/537.36"
66.249.66.32 - - [24/Sep/2026:04:53:40 +0300] "GET /?sale/search/detail/?ITMCODE=e3x2e0c1r0a1t7e2d913 HTTP/1.1" 200 30034 "-" "Mozilla/5.0 (Linux; Android 6.0.1; Nexus 5X Build/MMB29P) AppleWebKit/537.36 (KHTML, like Gecko) Chrome/153.0.8010.52 Mobile Safari/537.36 (compatible; Googlebot/2.1; +http://www.google.com/bot.html)"
40.77.167.14 - - [24/Sep/2026:04:53:41 +0300] "GET /?sale/search/detail/?ITMCODE=l5e7g8a5t4u1r6e822 HTTP/1.1" 200 30034 "-" "Mozilla/5.0 AppleWebKit/537.36 (KHTML, like Gecko; compatible; bingbot/2.0; +http://www.bing.com/bingbot.htm) Chrome/116.0.1938.76 Safari/537.36"
40.77.167.14 - - [24/Sep/2026:04:53:42 +0300] "GET /?sale/search/detail/?ITMCODE=x9a3n3t4h7o9c0h9r2o3i4sm HTTP/1.1" 200 30040 "-" "Mozilla/5.0 AppleWebKit/537.36 (KHTML, like Gecko; compatible; bingbot/2.0; +http://www.bing.com/bingbot.htm) Chrome/116.0.1938.76 Safari/537.36"
66.249.66.32 - - [24/Sep/2026:04:53:44 +0300] "GET /wp-content/plugins/Ultimate_VC_Addons/assets/min-css/style.min.css?ver=3.19.10 HTTP/1.1" 200 5172 "https://princessmare.com.gr/?sale/search/detail/?ITMCODE=w7i2d7o1w4h3o2o1d114" "Mozilla/5.0 (Linux; Android 6.0.1; Nexus 5X Build/MMB29P) AppleWebKit/537.36 (KHTML, like Gecko) Chrome/153.0.8010.52 Mobile Safari/537.36 (compatible; Googlebot/2.1; +http://www.google.com/bot.html)"
66.249.66.32 - - [24/Sep/2026:04:53:44 +0300] "GET /wp-content/plugins/Ultimate_VC_Addons/assets/min-css/style.min.css?ver=3.19.10 HTTP/1.1" 200 2589 "https://princessmare.com.gr/?sale/search/detail/?ITMCODE=w7i2d7o1w4h3o2o1d114" "Mozilla/5.0 (Linux; Android 6.0.1; Nexus 5X Build/MMB29P) AppleWebKit/537.36 (KHTML, like Gecko) Chrome/153.0.8010.52 Mobile Safari/537.36 (compatible; Googlebot/2.1; +http://www.google.com/bot.html)"
40.77.167.63 - - [24/Sep/2026:04:53:45 +0300] "GET /?sale/search/detail/?ITMCODE=p5e2d6u9n7c1l1e0s637 HTTP/1.1" 200 30036 "-" "Mozilla/5.0 AppleWebKit/537.36 (KHTML, like Gecko; compatible; bingbot/2.0; +http://www.bing.com/bingbot.htm) Chrome/116.0.1938.76 Safari/537.36"
40.77.167.63 - - [24/Sep/2026:04:53:46 +0300] "GET /?sale/search/detail/?ITMCODE=a0n3u3r2i7a473700 HTTP/1.1" 200 30034 "-" "Mozilla/5.0 AppleWebKit/537.36 (KHTML, like Gecko; compatible; bingbot/2.0; +http://www.bing.com/bingbot.htm) Chrome/116.0.1938.76 Safari/537.36"
40.77.167.63 - - [24/Sep/2026:04:53:47 +0300] "GET /?sale/search/detail/?ITMCODE=l5u9f2f3e7r88518 HTTP/1.1" 200 30033 "-" "Mozilla/5.0 AppleWebKit/537.36 (KHTML, like Gecko; compatible; bingbot/2.0; +http://www.bing.com/bingbot.htm) Chrome/116.0.1938.76 Safari/537.36"
40.77.167.63 - - [24/Sep/2026:04:53:48 +0300] "GET /?sale/search/detail/?ITMCODE=i4m1p8u7t3r4e7s9c6i8b6le HTTP/1.1" 200 30040 "-" "Mozilla/5.0 AppleWebKit/537.36 (KHTML, like Gecko; compatible; bingbot/2.0; +http://www.bing.com/bingbot.htm) Chrome/116.0.1938.76 Safari/537.36"
40.77.167.63 - - [24/Sep/2026:04:53:49 +0300] "GET /?sale/search/detail/?ITMCODE=i9n1s7t3e4e9p8e8d810 HTTP/1.1" 200 30036 "-" "Mozilla/5.0 AppleWebKit/537.36 (KHTML, like Gecko; compatible; bingbot/2.0; +http://www.bing.com/bingbot.htm) Chrome/116.0.1938.76 Safari/537.36"
40.77.167.14 - - [24/Sep/2026:04:53:50 +0300] "GET /?sale/search/detail/?ITMCODE=n4o2o9n2s2h3u8n9877 HTTP/1.1" 200 30036 "-" "Mozilla/5.0 AppleWebKit/537.36 (KHTML, like Gecko; compatible; bingbot/2.0; +http://www.bing.com/bingbot.htm) Chrome/116.0.1938.76 Safari/537.36"
40.77.167.63 - - [24/Sep/2026:04:53:50 +0300] "GET /?sale/search/detail/?ITMCODE=i2m2p9a7r5l156709 HTTP/1.1" 200 30034 "-" "Mozilla/5.0 AppleWebKit/537.36 (KHTML, like Gecko; compatible; bingbot/2.0; +http://www.bing.com/bingbot.htm) Chrome/116.0.1938.76 Safari/537.36"
40.77.167.63 - - [24/Sep/2026:04:53:51 +0300] "GET /?sale/search/detail/?ITMCODE=b6l9u2e1r6i1b6b2o2n9 HTTP/1.1" 200 30036 "-" "Mozilla/5.0 AppleWebKit/537.36 (KHTML, like Gecko; compatible; bingbot/2.0; +http://www.bing.com/bingbot.htm) Chrome/116.0.1938.76 Safari/537.36"
66.249.66.32 - - [24/Sep/2026:04:53:51 +0300] "GET /?sale/search/detail/?ITMCODE=a0p3p8a7r5e3l4e3d721 HTTP/1.1" 200 30036 "-" "Mozilla/5.0 (Linux; Android 6.0.1; Nexus 5X Build/MMB29P) AppleWebKit/537.36 (KHTML, like Gecko) Chrome/153.0.8010.52 Mobile Safari/537.36 (compatible; Googlebot/2.1; +http://www.google.com/bot.html)"
66.249.66.76 - - [24/Sep/2026:04:53:57 +0300] "GET /?sale/search/detail/?ITMCODE=i2s1o8s2t6a7t3i5c842 HTTP/1.1" 301 5192 "-" "Mozilla/5.0 (Linux; Android 6.0.1; Nexus 5X Build/MMB29P) AppleWebKit/537.36 (KHTML, like Gecko) Chrome/153.0.8010.52 Mobile Safari/537.36 (compatible; Googlebot/2.1; +http://www.google.com/bot.html)"
66.249.66.32 - - [24/Sep/2026:04:53:59 +0300] "GET /wp-includes/js/jquery/jquery.min.js?ver=3.7.1 HTTP/1.1" 200 5155 "https://princessmare.com.gr/?sale/search/detail/?ITMCODE=m3u3d2d0l9e4d15784" "Mozilla/5.0 (Linux; Android 6.0.1; Nexus 5X Build/MMB29P) AppleWebKit/537.36 (KHTML, like Gecko) Chrome/153.0.8010.52 Mobile Safari/537.36 (compatible; Googlebot/2.1; +http://www.google.com/bot.html)"
66.249.66.32 - - [24/Sep/2026:04:53:59 +0300] "GET /wp-content/plugins/revslider/public/assets/js/rs6.min.js?ver=6.5.3 HTTP/1.1" 200 5176 "https://princessmare.com.gr/?sale/search/detail/?ITMCODE=c5i3r2c0l0e0t15264" "Mozilla/5.0 (Linux; Android 6.0.1; Nexus 5X Build/MMB29P) AppleWebKit/537.36 (KHTML, like Gecko) Chrome/153.0.8010.52 Mobile Safari/537.36 (compatible; Googlebot/2.1; +http://www.google.com/bot.html)"
66.249.66.32 - - [24/Sep/2026:04:53:59 +0300] "GET /wp-includes/js/jquery/jquery.min.js?ver=3.7.1 HTTP/1.1" 200 29610 "https://princessmare.com.gr/?sale/search/detail/?ITMCODE=m3u3d2d0l9e4d15784" "Mozilla/5.0 (Linux; Android 6.0.1; Nexus 5X Build/MMB29P) AppleWebKit/537.36 (KHTML, like Gecko) Chrome/153.0.8010.52 Mobile Safari/537.36 (compatible; Googlebot/2.1; +http://www.google.com/bot.html)"
66.249.66.32 - - [24/Sep/2026:04:54:00 +0300] "GET /wp-content/plugins/revslider/public/assets/js/rs6.min.js?ver=6.5.3 HTTP/1.1" 200 90147 "https://princessmare.com.gr/?sale/search/detail/?ITMCODE=c5i3r2c0l0e0t15264" "Mozilla/5.0 (Linux; Android 6.0.1; Nexus 5X Build/MMB29P) AppleWebKit/537.36 (KHTML, like Gecko) Chrome/153.0.8010.52 Mobile Safari/537.36 (compatible; Googlebot/2.1; +http://www.google.com/bot.html)"
40.77.167.14 - - [24/Sep/2026:04:54:00 +0300] "GET /?sale/search/detail/?ITMCODE=f9r2a9u0d2f8u3l2l7y43 HTTP/1.1" 200 30037 "-" "Mozilla/5.0 AppleWebKit/537.36 (KHTML, like Gecko; compatible; bingbot/2.0; +http://www.bing.com/bingbot.htm) Chrome/116.0.1938.76 Safari/537.36"
40.77.167.14 - - [24/Sep/2026:04:54:01 +0300] "GET /?sale/search/detail/?ITMCODE=a7s2t7r3o0p8h9o4t3o2meter HTTP/1.1" 200 30039 "-" "Mozilla/5.0 AppleWebKit/537.36 (KHTML, like Gecko; compatible; bingbot/2.0; +http://www.bing.com/bingbot.htm) Chrome/116.0.1938.76 Safari/537.36"
40.77.167.14 - - [24/Sep/2026:04:54:02 +0300] "GET /?sale/search/detail/?ITMCODE=e3p2i6g7r9a7p3h8i4c96 HTTP/1.1" 200 30038 "-" "Mozilla/5.0 AppleWebKit/537.36 (KHTML, like Gecko; compatible; bingbot/2.0; +http://www.bing.com/bingbot.htm) Chrome/116.0.1938.76 Safari/537.36"
40.77.167.14 - - [24/Sep/2026:04:54:03 +0300] "GET /?sale/search/detail/?ITMCODE=d9i1s2t9r9a4c9t0f8u9l9 HTTP/1.1" 200 30039 "-" "Mozilla/5.0 AppleWebKit/537.36 (KHTML, like Gecko; compatible; bingbot/2.0; +http://www.bing.com/bingbot.htm) Chrome/116.0.1938.76 Safari/537.36"
66.249.66.32 - - [24/Sep/2026:04:54:03 +0300] "GET /?sale/search/detail/?ITMCODE=p8h1a3n5a0r0i9o8t964 HTTP/1.1" 200 30037 "-" "Mozilla/5.0 (Linux; Android 6.0.1; Nexus 5X Build/MMB29P) AppleWebKit/537.36 (KHTML, like Gecko) Chrome/153.0.8010.52 Mobile Safari/537.36 (compatible; Googlebot/2.1; +http://www.google.com/bot.html)"
40.77.167.14 - - [24/Sep/2026:04:54:03 +0300] "GET /?sale/search/detail/?ITMCODE=a7n3t0i6o0p1a22217 HTTP/1.1" 200 30035 "-" "Mozilla/5.0 AppleWebKit/537.36 (KHTML, like Gecko; compatible; bingbot/2.0; +http://www.bing.com/bingbot.htm) Chrome/116.0.1938.76 Safari/537.36"
40.77.167.63 - - [24/Sep/2026:04:54:04 +0300] "GET /?sale/search/detail/?ITMCODE=c4r2e8i2s2t2r3e9610 HTTP/1.1" 200 30034 "-" "Mozilla/5.0 AppleWebKit/537.36 (KHTML, like Gecko; compatible; bingbot/2.0; +http://www.bing.com/bingbot.htm) Chrome/116.0.1938.76 Safari/537.36"
40.77.167.63 - - [24/Sep/2026:04:54:05 +0300] "GET /?sale/search/detail/?ITMCODE=l9o3r5r4i4e6s04555 HTTP/1.1" 200 30034 "-" "Mozilla/5.0 AppleWebKit/537.36 (KHTML, like Gecko; compatible; bingbot/2.0; +http://www.bing.com/bingbot.htm) Chrome/116.0.1938.76 Safari/537.36"
40.77.167.63 - - [24/Sep/2026:04:54:06 +0300] "GET /?sale/search/detail/?ITMCODE=i5r3i2s6h845796 HTTP/1.1" 200 30032 "-" "Mozilla/5.0 AppleWebKit/537.36 (KHTML, like Gecko; compatible; bingbot/2.0; +http://www.bing.com/bingbot.htm) Chrome/116.0.1938.76 Safari/537.36"
40.77.167.63 - - [24/Sep/2026:04:54:07 +0300] "GET /?sale/search/detail/?ITMCODE=i3n3f1i0e8l8d79876 HTTP/1.1" 200 30034 "-" "Mozilla/5.0 AppleWebKit/537.36 (KHTML, like Gecko; compatible; bingbot/2.0; +http://www.bing.com/bingbot.htm) Chrome/116.0.1938.76 Safari/537.36"
66.249.66.32 - - [24/Sep/2026:04:54:10 +0300] "GET /wp-includes/js/jquery/jquery.min.js?ver=3.7.1 HTTP/1.1" 200 5155 "https://princessmare.com.gr/?sale/search/detail/?ITMCODE=c5i3r2c0l0e0t15264" "Mozilla/5.0 (Linux; Android 6.0.1; Nexus 5X Build/MMB29P) AppleWebKit/537.36 (KHTML, like Gecko) Chrome/153.0.8010.52 Mobile Safari/537.36 (compatible; Googlebot/2.1; +http://www.google.com/bot.html)"
66.249.66.32 - - [24/Sep/2026:04:54:09 +0300] "GET /?sale/search/detail/?ITMCODE=e8r2e5t4m4o1c4h3e7l9y1s HTTP/1.1" 200 30038 "-" "Mozilla/5.0 (Linux; Android 6.0.1; Nexus 5X Build/MMB29P) AppleWebKit/537.36 (KHTML, like Gecko) Chrome/153.0.8010.52 Mobile Safari/537.36 (compatible; Googlebot/2.1; +http://www.google.com/bot.html)"
57.141.16.36 - - [24/Sep/2026:04:54:09 +0300] "GET / HTTP/1.1" 200 29992 "-" "facebookexternalhit/1.1 (+http://www.facebook.com/externalhit_uatext.php)"
66.249.66.32 - - [24/Sep/2026:04:54:10 +0300] "GET /wp-includes/js/jquery/jquery.min.js?ver=3.7.1 HTTP/1.1" 200 29610 "https://princessmare.com.gr/?sale/search/detail/?ITMCODE=c5i3r2c0l0e0t15264" "Mozilla/5.0 (Linux; Android 6.0.1; Nexus 5X Build/MMB29P) AppleWebKit/537.36 (KHTML, like Gecko) Chrome/153.0.8010.52 Mobile Safari/537.36 (compatible; Googlebot/2.1; +http://www.google.com/bot.html)"
40.77.167.74 - - [24/Sep/2026:04:54:11 +0300] "GET /?sale/search/detail/?ITMCODE=m4a1l2p1i1g1h9i6a7c5e8ae HTTP/1.1" 200 30039 "-" "Mozilla/5.0 AppleWebKit/537.36 (KHTML, like Gecko; compatible; bingbot/2.0; +http://www.bing.com/bingbot.htm) Chrome/116.0.1938.76 Safari/537.36"
40.77.167.74 - - [24/Sep/2026:04:54:12 +0300] "GET /?sale/search/detail/?ITMCODE=a3b3i5g8a1i2l66623 HTTP/1.1" 200 30035 "-" "Mozilla/5.0 AppleWebKit/537.36 (KHTML, like Gecko; compatible; bingbot/2.0; +http://www.bing.com/bingbot.htm) Chrome/116.0.1938.76 Safari/537.36"
40.77.167.74 - - [24/Sep/2026:04:54:13 +0300] "GET /?sale/search/detail/?ITMCODE=e0b1u8l1l7i1o0s5c4o9pe HTTP/1.1" 200 30037 "-" "Mozilla/5.0 AppleWebKit/537.36 (KHTML, like Gecko; compatible; bingbot/2.0; +http://www.bing.com/bingbot.htm) Chrome/116.0.1938.76 Safari/537.36"
66.249.66.32 - - [24/Sep/2026:04:54:13 +0300] "GET /?sale/search/detail/?ITMCODE=o0p9h7t6h7a3l6m9o7m9eter HTTP/1.1" 200 30040 "-" "Mozilla/5.0 (Linux; Android 6.0.1; Nexus 5X Build/MMB29P) AppleWebKit/537.36 (KHTML, like Gecko) Chrome/153.0.8010.52 Mobile Safari/537.36 (compatible; Googlebot/2.1; +http://www.google.com/bot.html)"
40.77.167.74 - - [24/Sep/2026:04:54:14 +0300] "GET /?sale/search/detail/?ITMCODE=a7r1c1h1o1n9t0a2t5e24 HTTP/1.1" 200 30036 "-" "Mozilla/5.0 AppleWebKit/537.36 (KHTML, like Gecko; compatible; bingbot/2.0; +http://www.bing.com/bingbot.htm) Chrome/116.0.1938.76 Safari/537.36"
40.77.167.74 - - [24/Sep/2026:04:54:15 +0300] "GET /?sale/search/detail/?ITMCODE=f3a1i0r3s0p8o0k4e1n1 HTTP/1.1" 200 30036 "-" "Mozilla/5.0 AppleWebKit/537.36 (KHTML, like Gecko; compatible; bingbot/2.0; +http://www.bing.com/bingbot.htm) Chrome/116.0.1938.76 Safari/537.36"
40.77.167.74 - - [24/Sep/2026:04:54:16 +0300] "GET /?sale/search/detail/?ITMCODE=p1r2o4j7e5c4t1e3d44 HTTP/1.1" 200 30035 "-" "Mozilla/5.0 AppleWebKit/537.36 (KHTML, like Gecko; compatible; bingbot/2.0; +http://www.bing.com/bingbot.htm) Chrome/116.0.1938.76 Safari/537.36"
40.77.167.74 - - [24/Sep/2026:04:54:16 +0300] "GET /?sale/search/detail/?ITMCODE=b5o4t8r3y8c8h2i0u8m2 HTTP/1.1" 200 30036 "-" "Mozilla/5.0 AppleWebKit/537.36 (KHTML, like Gecko; compatible; bingbot/2.0; +http://www.bing.com/bingbot.htm) Chrome/116.0.1938.76 Safari/537.36"
66.249.66.33 - - [24/Sep/2026:04:54:17 +0300] "GET /?sale/search/detail/?ITMCODE=m0e2g3a8l8e9s1i2a0n7 HTTP/1.1" 200 30037 "-" "Mozilla/5.0 (Linux; Android 6.0.1; Nexus 5X Build/MMB29P) AppleWebKit/537.36 (KHTML, like Gecko) Chrome/153.0.8010.52 Mobile Safari/537.36 (compatible; Googlebot/2.1; +http://www.google.com/bot.html)"
40.77.167.74 - - [24/Sep/2026:04:54:17 +0300] "GET /?sale/search/detail/?ITMCODE=s9p1a4y0e6d087070 HTTP/1.1" 200 30035 "-" "Mozilla/5.0 AppleWebKit/537.36 (KHTML, like Gecko; compatible; bingbot/2.0; +http://www.bing.com/bingbot.htm) Chrome/116.0.1938.76 Safari/537.36"
40.77.167.14 - - [24/Sep/2026:04:54:20 +0300] "GET /?sale/search/detail/?ITMCODE=f6l3a2g2e8l0l6u4m8s83 HTTP/1.1" 200 30037 "-" "Mozilla/5.0 AppleWebKit/537.36 (KHTML, like Gecko; compatible; bingbot/2.0; +http://www.bing.com/bingbot.htm) Chrome/116.0.1938.76 Safari/537.36"
66.249.66.32 - - [24/Sep/2026:04:54:21 +0300] "GET /?sale/search/detail/?ITMCODE=h4o5a0r4d606472 HTTP/1.1" 200 30031 "-" "Mozilla/5.0 (Linux; Android 6.0.1; Nexus 5X Build/MMB29P) AppleWebKit/537.36 (KHTML, like Gecko) Chrome/153.0.8010.52 Mobile Safari/537.36 (compatible; Googlebot/2.1; +http://www.google.com/bot.html)"
40.77.167.14 - - [24/Sep/2026:04:54:21 +0300] "GET /?sale/search/detail/?ITMCODE=d8i1s8p8a1r1a4g3i8n2g9ly HTTP/1.1" 200 30039 "-" "Mozilla/5.0 AppleWebKit/537.36 (KHTML, like Gecko; compatible; bingbot/2.0; +http://www.bing.com/bingbot.htm) Chrome/116.0.1938.76 Safari/537.36"
40.77.167.74 - - [24/Sep/2026:04:54:21 +0300] "GET /?sale/search/detail/?ITMCODE=i2m4b0u7e8d132499 HTTP/1.1" 200 30034 "-" "Mozilla/5.0 AppleWebKit/537.36 (KHTML, like Gecko; compatible; bingbot/2.0; +http://www.bing.com/bingbot.htm) Chrome/116.0.1938.76 Safari/537.36"
66.249.66.33 - - [24/Sep/2026:04:54:22 +0300] "GET /?sale/search/detail/?ITMCODE=p3h1o8t5o5e9l6e6c0t4r4ograph HTTP/1.1" 200 30042 "-" "Mozilla/5.0 (Linux; Android 6.0.1; Nexus 5X Build/MMB29P) AppleWebKit/537.36 (KHTML, like Gecko) Chrome/153.0.8010.52 Mobile Safari/537.36 (compatible; Googlebot/2.1; +http://www.google.com/bot.html)"
40.77.167.14 - - [24/Sep/2026:04:54:22 +0300] "GET /?sale/search/detail/?ITMCODE=i5n6d9w6e0l3l607 HTTP/1.1" 200 30033 "-" "Mozilla/5.0 AppleWebKit/537.36 (KHTML, like Gecko; compatible; bingbot/2.0; +http://www.bing.com/bingbot.htm) Chrome/116.0.1938.76 Safari/537.36"
66.249.66.33 - - [24/Sep/2026:04:54:22 +0300] "GET /?sale/search/detail/?ITMCODE=i0o4n6a2t4e82792 HTTP/1.1" 200 30031 "-" "Mozilla/5.0 (Linux; Android 6.0.1; Nexus 5X Build/MMB29P) AppleWebKit/537.36 (KHTML, like Gecko) Chrome/153.0.8010.52 Mobile Safari/537.36 (compatible; Googlebot/2.1; +http://www.google.com/bot.html)"
40.77.167.14 - - [24/Sep/2026:04:54:23 +0300] "GET /?sale/search/detail/?ITMCODE=d0u9l1o3c2r6a2c1y73 HTTP/1.1" 200 30035 "-" "Mozilla/5.0 AppleWebKit/537.36 (KHTML, like Gecko; compatible; bingbot/2.0; +http://www.bing.com/bingbot.htm) Chrome/116.0.1938.76 Safari/537.36"
40.77.167.14 - - [24/Sep/2026:04:54:24 +0300] "GET /?sale/search/detail/?ITMCODE=q6v3a3c9k9e6d95166 HTTP/1.1" 200 30035 "-" "Mozilla/5.0 AppleWebKit/537.36 (KHTML, like Gecko; compatible; bingbot/2.0; +http://www.bing.com/bingbot.htm) Chrome/116.0.1938.76 Safari/537.36"
40.77.167.7 - - [24/Sep/2026:04:54:24 +0300] "GET /?sale/search/detail/?ITMCODE=p4e2n5t9a5s9t9y0l4e28 HTTP/1.1" 200 30036 "-" "Mozilla/5.0 AppleWebKit/537.36 (KHTML, like Gecko; compatible; bingbot/2.0; +http://www.bing.com/bingbot.htm) Chrome/116.0.1938.76 Safari/537.36"
40.77.167.7 - - [24/Sep/2026:04:54:25 +0300] "GET /?sale/search/detail/?ITMCODE=b7o8a3r1d4w0a7l6k77 HTTP/1.1" 200 30035 "-" "Mozilla/5.0 AppleWebKit/537.36 (KHTML, like Gecko; compatible; bingbot/2.0; +http://www.bing.com/bingbot.htm) Chrome/116.0.1938.76 Safari/537.36"
40.77.167.7 - - [24/Sep/2026:04:54:26 +0300] "GET /?sale/search/detail/?ITMCODE=i6m2b7r8i9c6a0t2i1v1e5 HTTP/1.1" 200 30037 "-" "Mozilla/5.0 AppleWebKit/537.36 (KHTML, like Gecko; compatible; bingbot/2.0; +http://www.bing.com/bingbot.htm) Chrome/116.0.1938.76 Safari/537.36"
40.77.167.7 - - [24/Sep/2026:04:54:27 +0300] "GET /?sale/search/detail/?ITMCODE=f4l7i8r2t4g1i0l8l14 HTTP/1.1" 200 30035 "-" "Mozilla/5.0 AppleWebKit/537.36 (KHTML, like Gecko; compatible; bingbot/2.0; +http://www.bing.com/bingbot.htm) Chrome/116.0.1938.76 Safari/537.36"
40.77.167.74 - - [24/Sep/2026:04:54:30 +0300] "GET /?sale/search/detail/?ITMCODE=c0a1s0t0o2r3i8d6a1e46 HTTP/1.1" 200 30036 "-" "Mozilla/5.0 AppleWebKit/537.36 (KHTML, like Gecko; compatible; bingbot/2.0; +http://www.bing.com/bingbot.htm) Chrome/116.0.1938.76 Safari/537.36"
66.249.66.32 - - [24/Sep/2026:04:54:31 +0300] "GET /wp-content/plugins/Ultimate_VC_Addons/assets/min-css/style.min.css?ver=3.19.10 HTTP/1.1" 200 5172 "https://princessmare.com.gr/?sale/search/detail/?ITMCODE=m3u3d2d0l9e4d15784" "Mozilla/5.0 (Linux; Android 6.0.1; Nexus 5X Build/MMB29P) AppleWebKit/537.36 (KHTML, like Gecko) Chrome/153.0.8010.52 Mobile Safari/537.36 (compatible; Googlebot/2.1; +http://www.google.com/bot.html)"
40.77.167.74 - - [24/Sep/2026:04:54:31 +0300] "GET /?sale/search/detail/?ITMCODE=w1o1r3k8m0a1n8l7y46 HTTP/1.1" 200 30036 "-" "Mozilla/5.0 AppleWebKit/537.36 (KHTML, like Gecko; compatible; bingbot/2.0; +http://www.bing.com/bingbot.htm) Chrome/116.0.1938.76 Safari/537.36"
66.249.66.32 - - [24/Sep/2026:04:54:31 +0300] "GET /wp-content/plugins/Ultimate_VC_Addons/assets/min-css/style.min.css?ver=3.19.10 HTTP/1.1" 200 2589 "https://princessmare.com.gr/?sale/search/detail/?ITMCODE=m3u3d2d0l9e4d15784" "Mozilla/5.0 (Linux; Android 6.0.1; Nexus 5X Build/MMB29P) AppleWebKit/537.36 (KHTML, like Gecko) Chrome/153.0.8010.52 Mobile Safari/537.36 (compatible; Googlebot/2.1; +http://www.google.com/bot.html)"
40.77.167.74 - - [24/Sep/2026:04:54:32 +0300] "GET /?sale/search/detail/?ITMCODE=c3a9r9c8a9j5o7u835 HTTP/1.1" 200 30035 "-" "Mozilla/5.0 AppleWebKit/537.36 (KHTML, like Gecko; compatible; bingbot/2.0; +http://www.bing.com/bingbot.htm) Chrome/116.0.1938.76 Safari/537.36"
40.77.167.74 - - [24/Sep/2026:04:54:33 +0300] "GET /?sale/search/detail/?ITMCODE=c5l7o8t6h0b3o0u4n6d HTTP/1.1" 200 30035 "-" "Mozilla/5.0 AppleWebKit/537.36 (KHTML, like Gecko; compatible; bingbot/2.0; +http://www.bing.com/bingbot.htm) Chrome/116.0.1938.76 Safari/537.36"
57.141.20.20 - - [24/Sep/2026:04:54:34 +0300] "GET /?sale/search/detail/?ITMCODE=m1y3c1t0e4r1u0s1470 HTTP/1.1" 200 30035 "-" "Mozilla/5.0 (Windows NT 10.0; Win64; x64) AppleWebKit/537.36 (KHTML, like Gecko) Chrome/145.0.0.0 Safari/537.36 (compatible; meta-externalagent/1.1 (+https://developers.facebook.com/docs/sharing/webmasters/crawler))"
40.77.167.74 - - [24/Sep/2026:04:54:34 +0300] "GET /?sale/search/detail/?ITMCODE=t2e1n3d4i4n6o6u7s552 HTTP/1.1" 200 30036 "-" "Mozilla/5.0 AppleWebKit/537.36 (KHTML, like Gecko; compatible; bingbot/2.0; +http://www.bing.com/bingbot.htm) Chrome/116.0.1938.76 Safari/537.36"
40.77.167.74 - - [24/Sep/2026:04:54:35 +0300] "GET /?sale/search/detail/?ITMCODE=l5i3m7a2c6e7o2u8s65 HTTP/1.1" 200 30035 "-" "Mozilla/5.0 AppleWebKit/537.36 (KHTML, like Gecko; compatible; bingbot/2.0; +http://www.bing.com/bingbot.htm) Chrome/116.0.1938.76 Safari/537.36"
66.249.66.76 - - [24/Sep/2026:04:54:35 +0300] "GET /?sale/search/detail/?ITMCODE=p3l3u7m5a9g8e21289 HTTP/1.1" 301 5190 "-" "Mozilla/5.0 (Linux; Android 6.0.1; Nexus 5X Build/MMB29P) AppleWebKit/537.36 (KHTML, like Gecko) Chrome/153.0.8010.52 Mobile Safari/537.36 (compatible; Googlebot/2.1; +http://www.google.com/bot.html)"
40.77.167.74 - - [24/Sep/2026:04:54:35 +0300] "GET /?sale/search/detail/?ITMCODE=c6o2m0p2e0n3s0a3t5i4v7e HTTP/1.1" 200 30039 "-" "Mozilla/5.0 AppleWebKit/537.36 (KHTML, like Gecko; compatible; bingbot/2.0; +http://www.bing.com/bingbot.htm) Chrome/116.0.1938.76 Safari/537.36"
66.249.66.32 - - [24/Sep/2026:04:54:39 +0300] "GET /wp-content/plugins/Ultimate_VC_Addons/assets/min-css/style.min.css?ver=3.19.10 HTTP/1.1" 200 5172 "https://princessmare.com.gr/?sale/search/detail/?ITMCODE=v5a2m1o3s4556189" "Mozilla/5.0 (Linux; Android 6.0.1; Nexus 5X Build/MMB29P) AppleWebKit/537.36 (KHTML, like Gecko) Chrome/153.0.8010.52 Mobile Safari/537.36 (compatible; Googlebot/2.1; +http://www.google.com/bot.html)"
57.141.20.60 - - [24/Sep/2026:04:54:39 +0300] "GET /?sale/search/detail/?ITMCODE=d1i8s3c6o3r3d2a5n2t0 HTTP/1.1" 200 30036 "-" "Mozilla/5.0 (Windows NT 10.0; Win64; x64) AppleWebKit/537.36 (KHTML, like Gecko) Chrome/145.0.0.0 Safari/537.36 (compatible; meta-externalagent/1.1 (+https://developers.facebook.com/docs/sharing/webmasters/crawler))"
40.77.167.14 - - [24/Sep/2026:04:54:39 +0300] "GET /?sale/search/detail/?ITMCODE=j8a1i3l7b6r2e9a6k727 HTTP/1.1" 200 30036 "-" "Mozilla/5.0 AppleWebKit/537.36 (KHTML, like Gecko; compatible; bingbot/2.0; +http://www.bing.com/bingbot.htm) Chrome/116.0.1938.76 Safari/537.36"
66.249.66.32 - - [24/Sep/2026:04:54:39 +0300] "GET /wp-content/plugins/Ultimate_VC_Addons/assets/min-css/style.min.css?ver=3.19.10 HTTP/1.1" 200 2589 "https://princessmare.com.gr/?sale/search/detail/?ITMCODE=v5a2m1o3s4556189" "Mozilla/5.0 (Linux; Android 6.0.1; Nexus 5X Build/MMB29P) AppleWebKit/537.36 (KHTML, like Gecko) Chrome/153.0.8010.52 Mobile Safari/537.36 (compatible; Googlebot/2.1; +http://www.google.com/bot.html)"
40.77.167.14 - - [24/Sep/2026:04:54:40 +0300] "GET /?sale/search/detail/?ITMCODE=q5u3e4s0t2i9o6n8a9b0l1e HTTP/1.1" 200 30040 "-" "Mozilla/5.0 AppleWebKit/537.36 (KHTML, like Gecko; compatible; bingbot/2.0; +http://www.bing.com/bingbot.htm) Chrome/116.0.1938.76 Safari/537.36"
40.77.167.7 - - [24/Sep/2026:04:54:41 +0300] "GET /?sale/search/detail/?ITMCODE=d4i4c3k3c5i7s2s0e5l HTTP/1.1" 200 30034 "-" "Mozilla/5.0 AppleWebKit/537.36 (KHTML, like Gecko; compatible; bingbot/2.0; +http://www.bing.com/bingbot.htm) Chrome/116.0.1938.76 Safari/537.36"
40.77.167.14 - - [24/Sep/2026:04:54:41 +0300] "GET /?sale/search/detail/?ITMCODE=t6e1s4t7i8m7o9n4i6e9s6 HTTP/1.1" 200 30038 "-" "Mozilla/5.0 AppleWebKit/537.36 (KHTML, like Gecko; compatible; bingbot/2.0; +http://www.bing.com/bingbot.htm) Chrome/116.0.1938.76 Safari/537.36"
40.77.167.14 - - [24/Sep/2026:04:54:42 +0300] "GET /?sale/search/detail/?ITMCODE=l6o2w5c3h8u7r3c8h4m1a4nship HTTP/1.1" 200 30043 "-" "Mozilla/5.0 AppleWebKit/537.36 (KHTML, like Gecko; compatible; bingbot/2.0; +http://www.bing.com/bingbot.htm) Chrome/116.0.1938.76 Safari/537.36"
40.77.167.74 - - [24/Sep/2026:04:54:44 +0300] "GET /?sale/search/detail/?ITMCODE=p2r1e0d8e9s7t0i3n6a6t0ion HTTP/1.1" 200 30039 "-" "Mozilla/5.0 AppleWebKit/537.36 (KHTML, like Gecko; compatible; bingbot/2.0; +http://www.bing.com/bingbot.htm) Chrome/116.0.1938.76 Safari/537.36"
40.77.167.74 - - [24/Sep/2026:04:54:45 +0300] "GET /?sale/search/detail/?ITMCODE=p4l3a5i0n6h5e1a7r7t4edness HTTP/1.1" 200 30040 "-" "Mozilla/5.0 AppleWebKit/537.36 (KHTML, like Gecko; compatible; bingbot/2.0; +http://www.bing.com/bingbot.htm) Chrome/116.0.1938.76 Safari/537.36"
40.77.167.74 - - [24/Sep/2026:04:54:46 +0300] "GET /?sale/search/detail/?ITMCODE=t5r5a0c3h0e5a3r7i4a7 HTTP/1.1" 200 30036 "-" "Mozilla/5.0 AppleWebKit/537.36 (KHTML, like Gecko; compatible; bingbot/2.0; +http://www.bing.com/bingbot.htm) Chrome/116.0.1938.76 Safari/537.36"
40.77.167.74 - - [24/Sep/2026:04:54:47 +0300] "GET /?sale/search/detail/?ITMCODE=d7i8s1c8u2l0p7a6t6e7d HTTP/1.1" 200 30036 "-" "Mozilla/5.0 AppleWebKit/537.36 (KHTML, like Gecko; compatible; bingbot/2.0; +http://www.bing.com/bingbot.htm) Chrome/116.0.1938.76 Safari/537.36"
66.249.66.32 - - [24/Sep/2026:04:54:47 +0300] "GET /?sale/search/detail/?ITMCODE=r9e6a3c4h8i7n3g331 HTTP/1.1" 200 30035 "-" "Mozilla/5.0 (Linux; Android 6.0.1; Nexus 5X Build/MMB29P) AppleWebKit/537.36 (KHTML, like Gecko) Chrome/153.0.8010.52 Mobile Safari/537.36 (compatible; Googlebot/2.1; +http://www.google.com/bot.html)"
40.77.167.74 - - [24/Sep/2026:04:54:47 +0300] "GET /?sale/search/detail/?ITMCODE=i0n3f7e3r5r0i9b1l9e10 HTTP/1.1" 200 30037 "-" "Mozilla/5.0 AppleWebKit/537.36 (KHTML, like Gecko; compatible; bingbot/2.0; +http://www.bing.com/bingbot.htm) Chrome/116.0.1938.76 Safari/537.36"
40.77.167.74 - - [24/Sep/2026:04:54:51 +0300] "GET /?sale/search/detail/?ITMCODE=u2n2f3a0i1l3i0n0g4l6y5 HTTP/1.1" 200 30038 "-" "Mozilla/5.0 AppleWebKit/537.36 (KHTML, like Gecko; compatible; bingbot/2.0; +http://www.bing.com/bingbot.htm) Chrome/116.0.1938.76 Safari/537.36"
66.249.66.32 - - [24/Sep/2026:04:54:51 +0300] "GET /shop/pg/1005022001/ HTTP/1.1" 404 60888 "-" "Mozilla/5.0 (Linux; Android 6.0.1; Nexus 5X Build/MMB29P) AppleWebKit/537.36 (KHTML, like Gecko) Chrome/153.0.8010.52 Mobile Safari/537.36 (compatible; Googlebot/2.1; +http://www.google.com/bot.html)"
40.77.167.74 - - [24/Sep/2026:04:54:51 +0300] "GET /?sale/search/detail/?ITMCODE=l7i2n0e6a2r1s1h4a3p6e7d HTTP/1.1" 200 30039 "-" "Mozilla/5.0 AppleWebKit/537.36 (KHTML, like Gecko; compatible; bingbot/2.0; +http://www.bing.com/bingbot.htm) Chrome/116.0.1938.76 Safari/537.36"
40.77.167.74 - - [24/Sep/2026:04:54:52 +0300] "GET /?sale/search/detail/?ITMCODE=e3x8p5e7c7t5o2r3a0t1ing HTTP/1.1" 200 30039 "-" "Mozilla/5.0 AppleWebKit/537.36 (KHTML, like Gecko; compatible; bingbot/2.0; +http://www.bing.com/bingbot.htm) Chrome/116.0.1938.76 Safari/537.36"
57.141.20.31 - - [24/Sep/2026:04:54:52 +0300] "GET /?sale/search/detail/?ITMCODE=f1f1o8u1n7d7e0r3979 HTTP/1.1" 200 30035 "-" "Mozilla/5.0 (Windows NT 10.0; Win64; x64) AppleWebKit/537.36 (KHTML, like Gecko) Chrome/143.0.0.0 Safari/537.36 Edg/143.0.0.0 (compatible; meta-externalagent/1.1 (+https://developers.facebook.com/docs/sharing/webmasters/crawler))"
40.77.167.74 - - [24/Sep/2026:04:54:54 +0300] "GET /?sale/search/detail/?ITMCODE=a3l3v6e8o4l9a3r4469 HTTP/1.1" 200 30034 "-" "Mozilla/5.0 AppleWebKit/537.36 (KHTML, like Gecko; compatible; bingbot/2.0; +http://www.bing.com/bingbot.htm) Chrome/116.0.1938.76 Safari/537.36"
40.77.167.7 - - [24/Sep/2026:04:54:56 +0300] "GET /?sale/search/detail/?ITMCODE=a6n1t8e3p8e7n4u7l2t4i0mate HTTP/1.1" 200 30041 "-" "Mozilla/5.0 AppleWebKit/537.36 (KHTML, like Gecko; compatible; bingbot/2.0; +http://www.bing.com/bingbot.htm) Chrome/116.0.1938.76 Safari/537.36"
40.77.167.7 - - [24/Sep/2026:04:54:56 +0300] "GET /?sale/search/detail/?ITMCODE=a8c2c5u2m3u2l9a6t1e59 HTTP/1.1" 200 30037 "-" "Mozilla/5.0 AppleWebKit/537.36 (KHTML, like Gecko; compatible; bingbot/2.0; +http://www.bing.com/bingbot.htm) Chrome/116.0.1938.76 Safari/537.36"
40.77.167.7 - - [24/Sep/2026:04:54:57 +0300] "GET /?sale/search/detail/?ITMCODE=p5h3i2l1o3s9o2p7h2e0m3e HTTP/1.1" 200 30038 "-" "Mozilla/5.0 AppleWebKit/537.36 (KHTML, like Gecko; compatible; bingbot/2.0; +http://www.bing.com/bingbot.htm) Chrome/116.0.1938.76 Safari/537.36"
66.249.66.32 - - [24/Sep/2026:04:54:58 +0300] "GET /shopdetail/territory/002000248 HTTP/1.1" 404 60888 "-" "Mozilla/5.0 (Linux; Android 6.0.1; Nexus 5X Build/MMB29P) AppleWebKit/537.36 (KHTML, like Gecko) Chrome/153.0.8010.52 Mobile Safari/537.36 (compatible; Googlebot/2.1; +http://www.google.com/bot.html)"
40.77.167.7 - - [24/Sep/2026:04:54:58 +0300] "GET /?sale/search/detail/?ITMCODE=h6i1g5h9b8o2r5n0814 HTTP/1.1" 200 30035 "-" "Mozilla/5.0 AppleWebKit/537.36 (KHTML, like Gecko; compatible; bingbot/2.0; +http://www.bing.com/bingbot.htm) Chrome/116.0.1938.76 Safari/537.36"
40.77.167.7 - - [24/Sep/2026:04:54:59 +0300] "GET /?sale/search/detail/?ITMCODE=n1e5c7t6a5r0e8d067 HTTP/1.1" 200 30034 "-" "Mozilla/5.0 AppleWebKit/537.36 (KHTML, like Gecko; compatible; bingbot/2.0; +http://www.bing.com/bingbot.htm) Chrome/116.0.1938.76 Safari/537.36"
40.77.167.14 - - [24/Sep/2026:04:55:00 +0300] "GET /?sale/search/detail/?ITMCODE=f3o6d5d8e7r2i5n4g13 HTTP/1.1" 200 30034 "-" "Mozilla/5.0 AppleWebKit/537.36 (KHTML, like Gecko; compatible; bingbot/2.0; +http://www.bing.com/bingbot.htm) Chrome/116.0.1938.76 Safari/537.36"
40.77.167.7 - - [24/Sep/2026:04:55:00 +0300] "GET /?sale/search/detail/?ITMCODE=w2a1v2e8y0318028 HTTP/1.1" 200 30034 "-" "Mozilla/5.0 AppleWebKit/537.36 (KHTML, like Gecko; compatible; bingbot/2.0; +http://www.bing.com/bingbot.htm) Chrome/116.0.1938.76 Safari/537.36"
40.77.167.14 - - [24/Sep/2026:04:55:01 +0300] "GET /?sale/search/detail/?ITMCODE=p2r2e7t0t7y2i5s9m842 HTTP/1.1" 200 30037 "-" "Mozilla/5.0 AppleWebKit/537.36 (KHTML, like Gecko; compatible; bingbot/2.0; +http://www.bing.com/bingbot.htm) Chrome/116.0.1938.76 Safari/537.36"
114.119.140.87 - - [24/Sep/2026:04:55:03 +0300] "GET /sitemap882.xml HTTP/1.1" 301 5190 "-" "Mozilla/5.0 (Linux; Android 7.0;) AppleWebKit/537.36 (KHTML, like Gecko) Mobile Safari/537.36 (compatible; PetalBot;+https://webmaster.petalsearch.com/site/petalbot)"
40.77.167.14 - - [24/Sep/2026:04:55:03 +0300] "GET /?sale/search/detail/?ITMCODE=b1e3d0g0o0w1n35882 HTTP/1.1" 200 30034 "-" "Mozilla/5.0 AppleWebKit/537.36 (KHTML, like Gecko; compatible; bingbot/2.0; +http://www.bing.com/bingbot.htm) Chrome/116.0.1938.76 Safari/537.36"
114.119.140.87 - - [24/Sep/2026:04:55:04 +0300] "GET / HTTP/1.1" 200 29580 "-" "Mozilla/5.0 (Linux; Android 7.0;) AppleWebKit/537.36 (KHTML, like Gecko) Mobile Safari/537.36 (compatible; PetalBot;+https://webmaster.petalsearch.com/site/petalbot)"
40.77.167.14 - - [24/Sep/2026:04:55:10 +0300] "GET /?sale/search/detail/?ITMCODE=d2e4p2r0e3s6s7i2c8o9r2nis HTTP/1.1" 200 30040 "-" "Mozilla/5.0 AppleWebKit/537.36 (KHTML, like Gecko; compatible; bingbot/2.0; +http://www.bing.com/bingbot.htm) Chrome/116.0.1938.76 Safari/537.36"
40.77.167.14 - - [24/Sep/2026:04:55:11 +0300] "GET /?sale/search/detail/?ITMCODE=s7e2d3u1l1o0u1s1l4y29 HTTP/1.1" 200 30037 "-" "Mozilla/5.0 AppleWebKit/537.36 (KHTML, like Gecko; compatible; bingbot/2.0; +http://www.bing.com/bingbot.htm) Chrome/116.0.1938.76 Safari/537.36"
66.249.66.77 - - [24/Sep/2026:04:55:14 +0300] "GET /?sale/search/detail/?ITMCODE=i9n3t6e6r7n7i4t0y716 HTTP/1.1" 301 5192 "-" "Mozilla/5.0 (Linux; Android 6.0.1; Nexus 5X Build/MMB29P) AppleWebKit/537.36 (KHTML, like Gecko) Chrome/153.0.8010.52 Mobile Safari/537.36 (compatible; Googlebot/2.1; +http://www.google.com/bot.html)"
66.249.66.32 - - [24/Sep/2026:04:55:15 +0300] "GET /wp-content/plugins/Ultimate_VC_Addons/assets/min-css/style.min.css?ver=3.19.10 HTTP/1.1" 200 5172 "https://princessmare.com.gr/?sale/search/detail/?ITMCODE=t6e3s7t8a6m6e8n3t7a6r1y" "Mozilla/5.0 (Linux; Android 6.0.1; Nexus 5X Build/MMB29P) AppleWebKit/537.36 (KHTML, like Gecko) Chrome/153.0.8010.52 Mobile Safari/537.36 (compatible; Googlebot/2.1; +http://www.google.com/bot.html)"
40.77.167.74 - - [24/Sep/2026:04:55:14 +0300] "GET /?sale/search/detail/?ITMCODE=a8m1p5h1i5b6o9l8o1u6s5 HTTP/1.1" 200 30038 "-" "Mozilla/5.0 AppleWebKit/537.36 (KHTML, like Gecko; compatible; bingbot/2.0; +http://www.bing.com/bingbot.htm) Chrome/116.0.1938.76 Safari/537.36"
66.249.66.75 - - [24/Sep/2026:04:55:15 +0300] "GET /?sale/search/detail/?ITMCODE=c6h2a3g6r0e5e3n4172 HTTP/1.1" 301 5191 "-" "Mozilla/5.0 (Linux; Android 6.0.1; Nexus 5X Build/MMB29P) AppleWebKit/537.36 (KHTML, like Gecko) Chrome/153.0.8010.52 Mobile Safari/537.36 (compatible; Googlebot/2.1; +http://www.google.com/bot.html)"
66.249.66.76 - - [24/Sep/2026:04:55:15 +0300] "GET /?sale/search/detail/?ITMCODE=n8i3t8r3a3n7i2l9i8n2e6 HTTP/1.1" 301 5194 "-" "Mozilla/5.0 (Linux; Android 6.0.1; Nexus 5X Build/MMB29P) AppleWebKit/537.36 (KHTML, like Gecko) Chrome/153.0.8010.52 Mobile Safari/537.36 (compatible; Googlebot/2.1; +http://www.google.com/bot.html)"
40.77.167.74 - - [24/Sep/2026:04:55:15 +0300] "GET /?sale/search/detail/?ITMCODE=a4c3a7c8i4a301478 HTTP/1.1" 200 30034 "-" "Mozilla/5.0 AppleWebKit/537.36 (KHTML, like Gecko; compatible; bingbot/2.0; +http://www.bing.com/bingbot.htm) Chrome/116.0.1938.76 Safari/537.36"
66.249.66.32 - - [24/Sep/2026:04:55:15 +0300] "GET /wp-content/plugins/Ultimate_VC_Addons/assets/min-css/style.min.css?ver=3.19.10 HTTP/1.1" 200 2589 "https://princessmare.com.gr/?sale/search/detail/?ITMCODE=t6e3s7t8a6m6e8n3t7a6r1y" "Mozilla/5.0 (Linux; Android 6.0.1; Nexus 5X Build/MMB29P) AppleWebKit/537.36 (KHTML, like Gecko) Chrome/153.0.8010.52 Mobile Safari/537.36 (compatible; Googlebot/2.1; +http://www.google.com/bot.html)"
40.77.167.74 - - [24/Sep/2026:04:55:16 +0300] "GET /?sale/search/detail/?ITMCODE=c2r2a0f1t4i8n4e6s4s74 HTTP/1.1" 200 30037 "-" "Mozilla/5.0 AppleWebKit/537.36 (KHTML, like Gecko; compatible; bingbot/2.0; +http://www.bing.com/bingbot.htm) Chrome/116.0.1938.76 Safari/537.36"
40.77.167.74 - - [24/Sep/2026:04:55:17 +0300] "GET /?sale/search/detail/?ITMCODE=i1n5d1i1v8i5d7u4a1l0ities HTTP/1.1" 200 30040 "-" "Mozilla/5.0 AppleWebKit/537.36 (KHTML, like Gecko; compatible; bingbot/2.0; +http://www.bing.com/bingbot.htm) Chrome/116.0.1938.76 Safari/537.36"
40.77.167.74 - - [24/Sep/2026:04:55:18 +0300] "GET /?sale/search/detail/?ITMCODE=d4o3w0d4i0l0y71701 HTTP/1.1" 200 30035 "-" "Mozilla/5.0 AppleWebKit/537.36 (KHTML, like Gecko; compatible; bingbot/2.0; +http://www.bing.com/bingbot.htm) Chrome/116.0.1938.76 Safari/537.36"
40.77.167.14 - - [24/Sep/2026:04:55:20 +0300] "GET /?sale/search/detail/?ITMCODE=f7o1r5s8t2r1a6u4g0h9t6 HTTP/1.1" 200 30037 "-" "Mozilla/5.0 AppleWebKit/537.36 (KHTML, like Gecko; compatible; bingbot/2.0; +http://www.bing.com/bingbot.htm) Chrome/116.0.1938.76 Safari/537.36"
40.77.167.14 - - [24/Sep/2026:04:55:21 +0300] "GET /?sale/search/detail/?ITMCODE=m8o1l5e1e8y2e7d839 HTTP/1.1" 200 30035 "-" "Mozilla/5.0 AppleWebKit/537.36 (KHTML, like Gecko; compatible; bingbot/2.0; +http://www.bing.com/bingbot.htm) Chrome/116.0.1938.76 Safari/537.36"
40.77.167.7 - - [24/Sep/2026:04:55:25 +0300] "GET /?sale/search/detail/?ITMCODE=c8a3p0a3b4i4l2i5t0y86 HTTP/1.1" 200 30038 "-" "Mozilla/5.0 AppleWebKit/537.36 (KHTML, like Gecko; compatible; bingbot/2.0; +http://www.bing.com/bingbot.htm) Chrome/116.0.1938.76 Safari/537.36"
40.77.167.7 - - [24/Sep/2026:04:55:26 +0300] "GET /?sale/search/detail/?ITMCODE=a1u1r8i6f5l3a9m2m9e79 HTTP/1.1" 200 30036 "-" "Mozilla/5.0 AppleWebKit/537.36 (KHTML, like Gecko; compatible; bingbot/2.0; +http://www.bing.com/bingbot.htm) Chrome/116.0.1938.76 Safari/537.36"
40.77.167.7 - - [24/Sep/2026:04:55:26 +0300] "GET /?sale/search/detail/?ITMCODE=t8a3m1p2i3c1o57608 HTTP/1.1" 200 30035 "-" "Mozilla/5.0 AppleWebKit/537.36 (KHTML, like Gecko; compatible; bingbot/2.0; +http://www.bing.com/bingbot.htm) Chrome/116.0.1938.76 Safari/537.36"
40.77.167.7 - - [24/Sep/2026:04:55:27 +0300] "GET /?sale/search/detail/?ITMCODE=h0y2p9e2r1t8h3e8t2i0cal HTTP/1.1" 200 30039 "-" "Mozilla/5.0 AppleWebKit/537.36 (KHTML, like Gecko; compatible; bingbot/2.0; +http://www.bing.com/bingbot.htm) Chrome/116.0.1938.76 Safari/537.36"
52.167.144.20 - - [24/Sep/2026:04:55:28 +0300] "GET /jukyuban/ HTTP/1.1" 301 5190 "-" "Mozilla/5.0 AppleWebKit/537.36 (KHTML, like Gecko; compatible; bingbot/2.0; +http://www.bing.com/bingbot.htm) Chrome/116.0.1938.76 Safari/537.36"
