66.249.66.32 - - [24/Sep/2026:04:27:30 +0300] "GET /wp-content/themes/dt-the7/lib/custom-scrollbar/custom-scrollbar.min.js?ver=9.14.1 HTTP/1.1" 200 5190 "https://princessmare.com.gr/?sale/search/detail/?ITMCODE=a1m4o2v8a4b4l8e2058" "Mozilla/5.0 (Linux; Android 6.0.1; Nexus 5X Build/MMB29P) AppleWebKit/537.36 (KHTML, like Gecko) Chrome/153.0.8010.52 Mobile Safari/537.36 (compatible; Googlebot/2.1; +http://www.google.com/bot.html)"
66.249.66.32 - - [24/Sep/2026:04:27:30 +0300] "GET /wp-content/themes/dt-the7/lib/custom-scrollbar/custom-scrollbar.min.js?ver=9.14.1 HTTP/1.1" 200 11395 "https://princessmare.com.gr/?sale/search/detail/?ITMCODE=a1m4o2v8a4b4l8e2058" "Mozilla/5.0 (Linux; Android 6.0.1; Nexus 5X Build/MMB29P) AppleWebKit/537.36 (KHTML, like Gecko) Chrome/153.0.8010.52 Mobile Safari/537.36 (compatible; Googlebot/2.1; +http://www.google.com/bot.html)"
66.249.66.32 - - [24/Sep/2026:04:27:31 +0300] "GET /?sale/search/detail/?ITMCODE=c8r2o3c2i3a6r2y51 HTTP/1.1" 200 30032 "-" "Mozilla/5.0 (Linux; Android 6.0.1; Nexus 5X Build/MMB29P) AppleWebKit/537.36 (KHTML, like Gecko) Chrome/153.0.8010.52 Mobile Safari/537.36 (compatible; Googlebot/2.1; +http://www.google.com/bot.html)"
52.167.144.221 - - [24/Sep/2026:04:27:32 +0300] "GET /?sale/search/detail/?ITMCODE=b7u1m7p0e2r3t7o2b1u7m0per HTTP/1.1" 200 30040 "-" "Mozilla/5.0 AppleWebKit/537.36 (KHTML, like Gecko; compatible; bingbot/2.0; +http://www.bing.com/bingbot.htm) Chrome/116.0.1938.76 Safari/537.36"
52.167.144.221 - - [24/Sep/2026:04:27:32 +0300] "GET /?sale/search/detail/?ITMCODE=l7i2m6e2t7w4i0g8g6e3d4 HTTP/1.1" 200 30038 "-" "Mozilla/5.0 AppleWebKit/537.36 (KHTML, like Gecko; compatible; bingbot/2.0; +http://www.bing.com/bingbot.htm) Chrome/116.0.1938.76 Safari/537.36"
57.141.20.52 - - [24/Sep/2026:04:27:33 +0300] "GET /?sale/search/detail/?ITMCODE=r2e9s0e2n8t5i9v8e64 HTTP/1.1" 200 30037 "-" "Mozilla/5.0 (Windows NT 10.0; Win64; x64) AppleWebKit/537.36 (KHTML, like Gecko) Chrome/145.0.0.0 Safari/537.36 (compatible; meta-externalagent/1.1 (+https://developers.facebook.com/docs/sharing/webmasters/crawler))"
66.249.66.32 - - [24/Sep/2026:04:27:34 +0300] "GET /?sale/search/detail/?ITMCODE=e3q5u5i6p4o8l0l6e4n8ce HTTP/1.1" 200 30039 "-" "Mozilla/5.0 (Linux; Android 6.0.1; Nexus 5X Build/MMB29P) AppleWebKit/537.36 (KHTML, like Gecko) Chrome/153.0.8010.52 Mobile Safari/537.36 (compatible; Googlebot/2.1; +http://www.google.com/bot.html)"
52.167.144.221 - - [24/Sep/2026:04:27:34 +0300] "GET /?sale/search/detail/?ITMCODE=p8e1n9u5l1t1i6m7a0t5e8 HTTP/1.1" 200 30037 "-" "Mozilla/5.0 AppleWebKit/537.36 (KHTML, like Gecko; compatible; bingbot/2.0; +http://www.bing.com/bingbot.htm) Chrome/116.0.1938.76 Safari/537.36"
52.167.144.221 - - [24/Sep/2026:04:27:35 +0300] "GET /?sale/search/detail/?ITMCODE=w6h1i2n7s0t1o1n3e00 HTTP/1.1" 200 30035 "-" "Mozilla/5.0 AppleWebKit/537.36 (KHTML, like Gecko; compatible; bingbot/2.0; +http://www.bing.com/bingbot.htm) Chrome/116.0.1938.76 Safari/537.36"
66.249.66.32 - - [24/Sep/2026:04:27:36 +0300] "GET /wp-includes/js/jquery/jquery-migrate.min.js?ver=3.4.1 HTTP/1.1" 200 5163 "https://princessmare.com.gr/?sale/search/detail/?ITMCODE=s8u1p0e0r1s0u8l0p9h0u2rize" "Mozilla/5.0 (Linux; Android 6.0.1; Nexus 5X Build/MMB29P) AppleWebKit/537.36 (KHTML, like Gecko) Chrome/153.0.8010.52 Mobile Safari/537.36 (compatible; Googlebot/2.1; +http://www.google.com/bot.html)"
52.167.144.232 - - [24/Sep/2026:04:27:36 +0300] "GET /?sale/search/detail/?ITMCODE=c9o3m4o3c4l8a5d2i6a23 HTTP/1.1" 200 30037 "-" "Mozilla/5.0 AppleWebKit/537.36 (KHTML, like Gecko; compatible; bingbot/2.0; +http://www.bing.com/bingbot.htm) Chrome/116.0.1938.76 Safari/537.36"
52.167.144.221 - - [24/Sep/2026:04:27:36 +0300] "GET /?sale/search/detail/?ITMCODE=i6n3t5e7r9p1r7e0t8a4b1le HTTP/1.1" 200 30040 "-" "Mozilla/5.0 AppleWebKit/537.36 (KHTML, like Gecko; compatible; bingbot/2.0; +http://www.bing.com/bingbot.htm) Chrome/116.0.1938.76 Safari/537.36"
66.249.66.32 - - [24/Sep/2026:04:27:36 +0300] "GET /wp-includes/js/jquery/jquery-migrate.min.js?ver=3.4.1 HTTP/1.1" 200 4690 "https://princessmare.com.gr/?sale/search/detail/?ITMCODE=s8u1p0e0r1s0u8l0p9h0u2rize" "Mozilla/5.0 (Linux; Android 6.0.1; Nexus 5X Build/MMB29P) AppleWebKit/537.36 (KHTML, like Gecko) Chrome/153.0.8010.52 Mobile Safari/537.36 (compatible; Googlebot/2.1; +http://www.google.com/bot.html)"
66.249.66.32 - - [24/Sep/2026:04:27:37 +0300] "GET /wp-content/themes/dt-the7/lib/custom-scrollbar/custom-scrollbar.min.js?ver=9.14.1 HTTP/1.1" 200 11395 "https://princessmare.com.gr/?sale/search/detail/?ITMCODE=c7a3p1a3c6i9t5a0t8e0d7" "Mozilla/5.0 (Linux; Android 6.0.1; Nexus 5X Build/MMB29P) AppleWebKit/537.36 (KHTML, like Gecko) Chrome/153.0.8010.52 Mobile Safari/537.36 (compatible; Googlebot/2.1; +http://www.google.com/bot.html)"
66.249.66.32 - - [24/Sep/2026:04:27:37 +0300] "GET /wp-content/themes/dt-the7/lib/custom-scrollbar/custom-scrollbar.min.js?ver=9.14.1 HTTP/1.1" 200 5190 "https://princessmare.com.gr/?sale/search/detail/?ITMCODE=c7a3p1a3c6i9t5a0t8e0d7" "Mozilla/5.0 (Linux; Android 6.0.1; Nexus 5X Build/MMB29P) AppleWebKit/537.36 (KHTML, like Gecko) Chrome/153.0.8010.52 Mobile Safari/537.36 (compatible; Googlebot/2.1; +http://www.google.com/bot.html)"
52.167.144.232 - - [24/Sep/2026:04:27:36 +0300] "GET /?sale/search/detail/?ITMCODE=i0m3p8r8o4v1i9d2e8n7t9ially HTTP/1.1" 200 30042 "-" "Mozilla/5.0 AppleWebKit/537.36 (KHTML, like Gecko; compatible; bingbot/2.0; +http://www.bing.com/bingbot.htm) Chrome/116.0.1938.76 Safari/537.36"
52.167.144.232 - - [24/Sep/2026:04:27:37 +0300] "GET /?sale/search/detail/?ITMCODE=t3r8a3m4m0e4l7l5e0r0 HTTP/1.1" 200 30036 "-" "Mozilla/5.0 AppleWebKit/537.36 (KHTML, like Gecko; compatible; bingbot/2.0; +http://www.bing.com/bingbot.htm) Chrome/116.0.1938.76 Safari/537.36"
52.167.144.232 - - [24/Sep/2026:04:27:38 +0300] "GET /?sale/search/detail/?ITMCODE=i0n3c1o5n4s1e9q8u6e8n8ce HTTP/1.1" 200 30040 "-" "Mozilla/5.0 AppleWebKit/537.36 (KHTML, like Gecko; compatible; bingbot/2.0; +http://www.bing.com/bingbot.htm) Chrome/116.0.1938.76 Safari/537.36"
52.167.144.168 - - [24/Sep/2026:04:27:41 +0300] "GET /?sale/search/detail/?ITMCODE=n0u2c1l4e7o7i1d8i8o6p1lasma HTTP/1.1" 200 30041 "-" "Mozilla/5.0 AppleWebKit/537.36 (KHTML, like Gecko; compatible; bingbot/2.0; +http://www.bing.com/bingbot.htm) Chrome/116.0.1938.76 Safari/537.36"
52.167.144.168 - - [24/Sep/2026:04:27:42 +0300] "GET /?sale/search/detail/?ITMCODE=c7a3r1d1u9n2c4u3l8u6s2 HTTP/1.1" 200 30038 "-" "Mozilla/5.0 AppleWebKit/537.36 (KHTML, like Gecko; compatible; bingbot/2.0; +http://www.bing.com/bingbot.htm) Chrome/116.0.1938.76 Safari/537.36"
66.249.66.32 - - [24/Sep/2026:04:27:42 +0300] "GET /?sale/search/detail/?ITMCODE=o4r7t0h4o1d9o2n1t9i3cs HTTP/1.1" 200 30037 "-" "Mozilla/5.0 (Linux; Android 6.0.1; Nexus 5X Build/MMB29P) AppleWebKit/537.36 (KHTML, like Gecko) Chrome/153.0.8010.52 Mobile Safari/537.36 (compatible; Googlebot/2.1; +http://www.google.com/bot.html)"
66.249.66.32 - - [24/Sep/2026:04:27:43 +0300] "GET /wp-content/themes/dt-the7/lib/custom-scrollbar/custom-scrollbar.min.js?ver=9.14.1 HTTP/1.1" 200 5190 "https://princessmare.com.gr/?sale/search/detail/?ITMCODE=s7t2e3r7n2e1r76127" "Mozilla/5.0 (Linux; Android 6.0.1; Nexus 5X Build/MMB29P) AppleWebKit/537.36 (KHTML, like Gecko) Chrome/153.0.8010.52 Mobile Safari/537.36 (compatible; Googlebot/2.1; +http://www.google.com/bot.html)"
52.167.144.168 - - [24/Sep/2026:04:27:43 +0300] "GET /?sale/search/detail/?ITMCODE=m3a3n7u0s3c5r9i4p3t1a6l HTTP/1.1" 200 30038 "-" "Mozilla/5.0 AppleWebKit/537.36 (KHTML, like Gecko; compatible; bingbot/2.0; +http://www.bing.com/bingbot.htm) Chrome/116.0.1938.76 Safari/537.36"
66.249.66.32 - - [24/Sep/2026:04:27:43 +0300] "GET /wp-content/themes/dt-the7/lib/custom-scrollbar/custom-scrollbar.min.js?ver=9.14.1 HTTP/1.1" 200 11395 "https://princessmare.com.gr/?sale/search/detail/?ITMCODE=s7t2e3r7n2e1r76127" "Mozilla/5.0 (Linux; Android 6.0.1; Nexus 5X Build/MMB29P) AppleWebKit/537.36 (KHTML, like Gecko) Chrome/153.0.8010.52 Mobile Safari/537.36 (compatible; Googlebot/2.1; +http://www.google.com/bot.html)"
52.167.144.168 - - [24/Sep/2026:04:27:44 +0300] "GET /?sale/search/detail/?ITMCODE=g0e2o7f6f2r3o4y8a575 HTTP/1.1" 200 30037 "-" "Mozilla/5.0 AppleWebKit/537.36 (KHTML, like Gecko; compatible; bingbot/2.0; +http://www.bing.com/bingbot.htm) Chrome/116.0.1938.76 Safari/537.36"
52.167.144.168 - - [24/Sep/2026:04:27:45 +0300] "GET /?sale/search/detail/?ITMCODE=a2n2a1d5i0p2l5o4s9i6s2 HTTP/1.1" 200 30038 "-" "Mozilla/5.0 AppleWebKit/537.36 (KHTML, like Gecko; compatible; bingbot/2.0; +http://www.bing.com/bingbot.htm) Chrome/116.0.1938.76 Safari/537.36"
66.249.66.33 - - [24/Sep/2026:04:27:45 +0300] "GET /?sale/search/detail/?ITMCODE=p3s3y0c8h4o1m9e1t4r9y8 HTTP/1.1" 200 30039 "-" "Mozilla/5.0 (Linux; Android 6.0.1; Nexus 5X Build/MMB29P) AppleWebKit/537.36 (KHTML, like Gecko) Chrome/153.0.8010.52 Mobile Safari/537.36 (compatible; Googlebot/2.1; +http://www.google.com/bot.html)"
52.167.144.168 - - [24/Sep/2026:04:27:46 +0300] "GET /?sale/search/detail/?ITMCODE=r9h2o4m8b1o0i7d8o0v6a8te HTTP/1.1" 200 30040 "-" "Mozilla/5.0 AppleWebKit/537.36 (KHTML, like Gecko; compatible; bingbot/2.0; +http://www.bing.com/bingbot.htm) Chrome/116.0.1938.76 Safari/537.36"
66.249.66.33 - - [24/Sep/2026:04:27:46 +0300] "GET /?sale/search/detail/?ITMCODE=r8e3i1l9l7u4m3i7n7e14 HTTP/1.1" 200 30037 "-" "Mozilla/5.0 (Linux; Android 6.0.1; Nexus 5X Build/MMB29P) AppleWebKit/537.36 (KHTML, like Gecko) Chrome/153.0.8010.52 Mobile Safari/537.36 (compatible; Googlebot/2.1; +http://www.google.com/bot.html)"
52.167.144.168 - - [24/Sep/2026:04:27:46 +0300] "GET /?sale/search/detail/?ITMCODE=i8n3l0a6i9e9d87815 HTTP/1.1" 200 30035 "-" "Mozilla/5.0 AppleWebKit/537.36 (KHTML, like Gecko; compatible; bingbot/2.0; +http://www.bing.com/bingbot.htm) Chrome/116.0.1938.76 Safari/537.36"
66.249.66.32 - - [24/Sep/2026:04:27:47 +0300] "GET /?sale/search/detail/?ITMCODE=c7i2c3e5r0o4n1e1500 HTTP/1.1" 200 30034 "-" "Mozilla/5.0 (Linux; Android 6.0.1; Nexus 5X Build/MMB29P) AppleWebKit/537.36 (KHTML, like Gecko) Chrome/153.0.8010.52 Mobile Safari/537.36 (compatible; Googlebot/2.1; +http://www.google.com/bot.html)"
57.141.20.10 - - [24/Sep/2026:04:27:49 +0300] "GET /?sale/search/detail/?ITMCODE=t1i7t3h9i5n4g3763 HTTP/1.1" 200 30034 "-" "Mozilla/5.0 (Windows NT 10.0; Win64; x64) AppleWebKit/537.36 (KHTML, like Gecko) Chrome/145.0.0.0 Safari/537.36 (compatible; meta-externalagent/1.1 (+https://developers.facebook.com/docs/sharing/webmasters/crawler))"
52.167.144.232 - - [24/Sep/2026:04:27:49 +0300] "GET /?sale/search/detail/?ITMCODE=r7e3j5e8c6t2m0e6n0t94 HTTP/1.1" 200 30037 "-" "Mozilla/5.0 AppleWebKit/537.36 (KHTML, like Gecko; compatible; bingbot/2.0; +http://www.bing.com/bingbot.htm) Chrome/116.0.1938.76 Safari/537.36"
66.249.66.32 - - [24/Sep/2026:04:27:50 +0300] "GET /wp-includes/js/jquery/jquery-migrate.min.js?ver=3.4.1 HTTP/1.1" 200 5163 "https://princessmare.com.gr/?sale/search/detail/?ITMCODE=b7e1n3e8f7i6t6e5r670" "Mozilla/5.0 (Linux; Android 6.0.1; Nexus 5X Build/MMB29P) AppleWebKit/537.36 (KHTML, like Gecko) Chrome/153.0.8010.52 Mobile Safari/537.36 (compatible; Googlebot/2.1; +http://www.google.com/bot.html)"
66.249.66.32 - - [24/Sep/2026:04:27:50 +0300] "GET /?sale/search/detail/?ITMCODE=a9c2c1e6n8d0i8b2l2e1 HTTP/1.1" 200 30035 "-" "Mozilla/5.0 (Linux; Android 6.0.1; Nexus 5X Build/MMB29P) AppleWebKit/537.36 (KHTML, like Gecko) Chrome/153.0.8010.52 Mobile Safari/537.36 (compatible; Googlebot/2.1; +http://www.google.com/bot.html)"
52.167.144.232 - - [24/Sep/2026:04:27:50 +0300] "GET /?sale/search/detail/?ITMCODE=m7e6c2h4a6n7i5c8a4l0ize HTTP/1.1" 200 30037 "-" "Mozilla/5.0 AppleWebKit/537.36 (KHTML, like Gecko; compatible; bingbot/2.0; +http://www.bing.com/bingbot.htm) Chrome/116.0.1938.76 Safari/537.36"
66.249.66.32 - - [24/Sep/2026:04:27:50 +0300] "GET /wp-includes/js/jquery/jquery-migrate.min.js?ver=3.4.1 HTTP/1.1" 200 4690 "https://princessmare.com.gr/?sale/search/detail/?ITMCODE=b7e1n3e8f7i6t6e5r670" "Mozilla/5.0 (Linux; Android 6.0.1; Nexus 5X Build/MMB29P) AppleWebKit/537.36 (KHTML, like Gecko) Chrome/153.0.8010.52 Mobile Safari/537.36 (compatible; Googlebot/2.1; +http://www.google.com/bot.html)"
52.167.144.232 - - [24/Sep/2026:04:27:51 +0300] "GET /?sale/search/detail/?ITMCODE=h3e1n6o2t4h6e0i4s8m28 HTTP/1.1" 200 30038 "-" "Mozilla/5.0 AppleWebKit/537.36 (KHTML, like Gecko; compatible; bingbot/2.0; +http://www.bing.com/bingbot.htm) Chrome/116.0.1938.76 Safari/537.36"
52.167.144.232 - - [24/Sep/2026:04:27:52 +0300] "GET /?sale/search/detail/?ITMCODE=w3o1o5d0c8u4t0t5i2n1g4 HTTP/1.1" 200 30039 "-" "Mozilla/5.0 AppleWebKit/537.36 (KHTML, like Gecko; compatible; bingbot/2.0; +http://www.bing.com/bingbot.htm) Chrome/116.0.1938.76 Safari/537.36"
66.249.66.33 - - [24/Sep/2026:04:27:53 +0300] "GET /?sale/search/detail/?ITMCODE=o4x3y3u4r5i0s9330 HTTP/1.1" 200 30035 "-" "Mozilla/5.0 (Linux; Android 6.0.1; Nexus 5X Build/MMB29P) AppleWebKit/537.36 (KHTML, like Gecko) Chrome/153.0.8010.52 Mobile Safari/537.36 (compatible; Googlebot/2.1; +http://www.google.com/bot.html)"
52.167.144.221 - - [24/Sep/2026:04:27:57 +0300] "GET /?sale/search/detail/?ITMCODE=o0e2n8a5n6t8h7y3l9i3c7 HTTP/1.1" 200 30039 "-" "Mozilla/5.0 AppleWebKit/537.36 (KHTML, like Gecko; compatible; bingbot/2.0; +http://www.bing.com/bingbot.htm) Chrome/116.0.1938.76 Safari/537.36"
66.249.66.33 - - [24/Sep/2026:04:27:57 +0300] "GET /?sale/search/detail/?ITMCODE=m7a3l8l3i0n0g25593 HTTP/1.1" 200 30035 "-" "Mozilla/5.0 (Linux; Android 6.0.1; Nexus 5X Build/MMB29P) AppleWebKit/537.36 (KHTML, like Gecko) Chrome/153.0.8010.52 Mobile Safari/537.36 (compatible; Googlebot/2.1; +http://www.google.com/bot.html)"
52.167.144.221 - - [24/Sep/2026:04:27:58 +0300] "GET /?sale/search/detail/?ITMCODE=m4o3n5o5m1p4h6a4l1u8s9 HTTP/1.1" 200 30039 "-" "Mozilla/5.0 AppleWebKit/537.36 (KHTML, like Gecko; compatible; bingbot/2.0; +http://www.bing.com/bingbot.htm) Chrome/116.0.1938.76 Safari/537.36"
52.167.144.221 - - [24/Sep/2026:04:27:59 +0300] "GET /?sale/search/detail/?ITMCODE=t7u4m0u3l5t0u5a7t4i7o8n HTTP/1.1" 200 30040 "-" "Mozilla/5.0 AppleWebKit/537.36 (KHTML, like Gecko; compatible; bingbot/2.0; +http://www.bing.com/bingbot.htm) Chrome/116.0.1938.76 Safari/537.36"
52.167.144.221 - - [24/Sep/2026:04:27:59 +0300] "GET /?sale/search/detail/?ITMCODE=s4u2n4t2a6n7n2e3d11 HTTP/1.1" 200 30034 "-" "Mozilla/5.0 AppleWebKit/537.36 (KHTML, like Gecko; compatible; bingbot/2.0; +http://www.bing.com/bingbot.htm) Chrome/116.0.1938.76 Safari/537.36"
52.167.144.221 - - [24/Sep/2026:04:28:00 +0300] "GET /?sale/search/detail/?ITMCODE=p7u8n1i6s3h9a5b8l8e8 HTTP/1.1" 200 30037 "-" "Mozilla/5.0 AppleWebKit/537.36 (KHTML, like Gecko; compatible; bingbot/2.0; +http://www.bing.com/bingbot.htm) Chrome/116.0.1938.76 Safari/537.36"
52.167.144.221 - - [24/Sep/2026:04:28:01 +0300] "GET /?sale/search/detail/?ITMCODE=h0y2p5o7g6a2s1t1r6i4c2 HTTP/1.1" 200 30038 "-" "Mozilla/5.0 AppleWebKit/537.36 (KHTML, like Gecko; compatible; bingbot/2.0; +http://www.bing.com/bingbot.htm) Chrome/116.0.1938.76 Safari/537.36"
66.249.66.32 - - [24/Sep/2026:04:28:04 +0300] "GET /?sale/search/detail/?ITMCODE=j2a3b5b3e4r8n0o8w9l15 HTTP/1.1" 200 30037 "-" "Mozilla/5.0 (Linux; Android 6.0.1; Nexus 5X Build/MMB29P) AppleWebKit/537.36 (KHTML, like Gecko) Chrome/153.0.8010.52 Mobile Safari/537.36 (compatible; Googlebot/2.1; +http://www.google.com/bot.html)"
66.249.66.33 - - [24/Sep/2026:04:28:05 +0300] "GET /wp-content/themes/dt-the7/lib/custom-scrollbar/custom-scrollbar.min.js?ver=9.14.1 HTTP/1.1" 200 5190 "https://princessmare.com.gr/?sale/search/detail/?ITMCODE=p2e3n6u2r4i2o2u7s8l7y6" "Mozilla/5.0 (Linux; Android 6.0.1; Nexus 5X Build/MMB29P) AppleWebKit/537.36 (KHTML, like Gecko) Chrome/153.0.8010.52 Mobile Safari/537.36 (compatible; Googlebot/2.1; +http://www.google.com/bot.html)"
66.249.66.33 - - [24/Sep/2026:04:28:05 +0300] "GET /wp-content/themes/dt-the7/lib/custom-scrollbar/custom-scrollbar.min.js?ver=9.14.1 HTTP/1.1" 200 11395 "https://princessmare.com.gr/?sale/search/detail/?ITMCODE=p2e3n6u2r4i2o2u7s8l7y6" "Mozilla/5.0 (Linux; Android 6.0.1; Nexus 5X Build/MMB29P) AppleWebKit/537.36 (KHTML, like Gecko) Chrome/153.0.8010.52 Mobile Safari/537.36 (compatible; Googlebot/2.1; +http://www.google.com/bot.html)"
52.167.144.232 - - [24/Sep/2026:04:28:06 +0300] "GET /?sale/search/detail/?ITMCODE=m2a2s2c1u6l9i2n0e2n4e4ss HTTP/1.1" 200 30039 "-" "Mozilla/5.0 AppleWebKit/537.36 (KHTML, like Gecko; compatible; bingbot/2.0; +http://www.bing.com/bingbot.htm) Chrome/116.0.1938.76 Safari/537.36"
66.249.66.33 - - [24/Sep/2026:04:28:07 +0300] "GET /wp-content/themes/dt-the7/lib/custom-scrollbar/custom-scrollbar.min.js?ver=9.14.1 HTTP/1.1" 200 5190 "https://princessmare.com.gr/?sale/search/detail/?ITMCODE=y9a3f2f8l0e9r92813" "Mozilla/5.0 (Linux; Android 6.0.1; Nexus 5X Build/MMB29P) AppleWebKit/537.36 (KHTML, like Gecko) Chrome/153.0.8010.52 Mobile Safari/537.36 (compatible; Googlebot/2.1; +http://www.google.com/bot.html)"
66.249.66.34 - - [24/Sep/2026:04:28:07 +0300] "GET /?sale/search/detail/?ITMCODE=m3o4n2a3n7d7r8i1c773 HTTP/1.1" 200 30035 "-" "Mozilla/5.0 (Linux; Android 6.0.1; Nexus 5X Build/MMB29P) AppleWebKit/537.36 (KHTML, like Gecko) Chrome/153.0.8010.52 Mobile Safari/537.36 (compatible; Googlebot/2.1; +http://www.google.com/bot.html)"
52.167.144.232 - - [24/Sep/2026:04:28:07 +0300] "GET /?sale/search/detail/?ITMCODE=p4r3e7p2a4r8e6d7n1e4s4s HTTP/1.1" 200 30038 "-" "Mozilla/5.0 AppleWebKit/537.36 (KHTML, like Gecko; compatible; bingbot/2.0; +http://www.bing.com/bingbot.htm) Chrome/116.0.1938.76 Safari/537.36"
66.249.66.33 - - [24/Sep/2026:04:28:07 +0300] "GET /wp-content/themes/dt-the7/lib/custom-scrollbar/custom-scrollbar.min.js?ver=9.14.1 HTTP/1.1" 200 11395 "https://princessmare.com.gr/?sale/search/detail/?ITMCODE=y9a3f2f8l0e9r92813" "Mozilla/5.0 (Linux; Android 6.0.1; Nexus 5X Build/MMB29P) AppleWebKit/537.36 (KHTML, like Gecko) Chrome/153.0.8010.52 Mobile Safari/537.36 (compatible; Googlebot/2.1; +http://www.google.com/bot.html)"
52.167.144.221 - - [24/Sep/2026:04:28:08 +0300] "GET /?sale/search/detail/?ITMCODE=s9a1c9c9h6a0r4a7t3u6s7 HTTP/1.1" 200 30037 "-" "Mozilla/5.0 AppleWebKit/537.36 (KHTML, like Gecko; compatible; bingbot/2.0; +http://www.bing.com/bingbot.htm) Chrome/116.0.1938.76 Safari/537.36"
52.167.144.232 - - [24/Sep/2026:04:28:08 +0300] "GET /?sale/search/detail/?ITMCODE=m7e3g8a3l6o5b3a2t8r5a4chus HTTP/1.1" 200 30042 "-" "Mozilla/5.0 AppleWebKit/537.36 (KHTML, like Gecko; compatible; bingbot/2.0; +http://www.bing.com/bingbot.htm) Chrome/116.0.1938.76 Safari/537.36"
57.141.20.58 - - [24/Sep/2026:04:28:09 +0300] "GET /?sale/search/detail/?ITMCODE=c1h2e8v8e8r6l9i0i5z4e9 HTTP/1.1" 200 30038 "-" "Mozilla/5.0 (Macintosh; Intel Mac OS X 10_15_7) AppleWebKit/537.36 (KHTML, like Gecko) Chrome/145.0.0.0 Safari/537.36 (compatible; meta-externalagent/1.1 (+https://developers.facebook.com/docs/sharing/webmasters/crawler))"
52.167.144.232 - - [24/Sep/2026:04:28:09 +0300] "GET /?sale/search/detail/?ITMCODE=e6n3t9e7r2o0b4a8c5t7e6ria HTTP/1.1" 200 30039 "-" "Mozilla/5.0 AppleWebKit/537.36 (KHTML, like Gecko; compatible; bingbot/2.0; +http://www.bing.com/bingbot.htm) Chrome/116.0.1938.76 Safari/537.36"
57.141.20.4 - - [24/Sep/2026:04:28:09 +0300] "GET /?sale/search/detail/?ITMCODE=i1n3u9s1i4t2a5t2e462 HTTP/1.1" 200 30035 "-" "Mozilla/5.0 (Windows NT 10.0; Win64; x64) AppleWebKit/537.36 (KHTML, like Gecko) Chrome/145.0.0.0 Safari/537.36 (compatible; meta-externalagent/1.1 (+https://developers.facebook.com/docs/sharing/webmasters/crawler))"
66.249.66.32 - - [24/Sep/2026:04:28:10 +0300] "GET /?sale/search/detail/?ITMCODE=h3i1p9p6u2r0i3s7959 HTTP/1.1" 200 30036 "-" "Mozilla/5.0 (Linux; Android 6.0.1; Nexus 5X Build/MMB29P) AppleWebKit/537.36 (KHTML, like Gecko) Chrome/153.0.8010.52 Mobile Safari/537.36 (compatible; Googlebot/2.1; +http://www.google.com/bot.html)"
52.167.144.168 - - [24/Sep/2026:04:28:10 +0300] "GET /?sale/search/detail/?ITMCODE=i2n3t2e2r9c1a0r5o7t0i0d HTTP/1.1" 200 30038 "-" "Mozilla/5.0 AppleWebKit/537.36 (KHTML, like Gecko; compatible; bingbot/2.0; +http://www.bing.com/bingbot.htm) Chrome/116.0.1938.76 Safari/537.36"
52.167.144.168 - - [24/Sep/2026:04:28:11 +0300] "GET /?sale/search/detail/?ITMCODE=u8n1c3i7v9i4l0i0z4e0d4 HTTP/1.1" 200 30039 "-" "Mozilla/5.0 AppleWebKit/537.36 (KHTML, like Gecko; compatible; bingbot/2.0; +http://www.bing.com/bingbot.htm) Chrome/116.0.1938.76 Safari/537.36"
52.167.144.168 - - [24/Sep/2026:04:28:12 +0300] "GET /?sale/search/detail/?ITMCODE=h6i1r7u4n3d2i1n9i9d2a0e HTTP/1.1" 200 30038 "-" "Mozilla/5.0 AppleWebKit/537.36 (KHTML, like Gecko; compatible; bingbot/2.0; +http://www.bing.com/bingbot.htm) Chrome/116.0.1938.76 Safari/537.36"
66.249.66.33 - - [24/Sep/2026:04:28:13 +0300] "GET /?sale/search/detail/?ITMCODE=o6x2y1u1r4i6s17895 HTTP/1.1" 200 30034 "-" "Mozilla/5.0 (Linux; Android 6.0.1; Nexus 5X Build/MMB29P) AppleWebKit/537.36 (KHTML, like Gecko) Chrome/153.0.8010.52 Mobile Safari/537.36 (compatible; Googlebot/2.1; +http://www.google.com/bot.html)"
52.167.144.168 - - [24/Sep/2026:04:28:13 +0300] "GET /?sale/search/detail/?ITMCODE=m0u2s2k4o0g6e0e8s31 HTTP/1.1" 200 30036 "-" "Mozilla/5.0 AppleWebKit/537.36 (KHTML, like Gecko; compatible; bingbot/2.0; +http://www.bing.com/bingbot.htm) Chrome/116.0.1938.76 Safari/537.36"
52.167.144.168 - - [24/Sep/2026:04:28:14 +0300] "GET /?sale/search/detail/?ITMCODE=i6n3f5l0o0r3e1s0c0e8n4ce HTTP/1.1" 200 30039 "-" "Mozilla/5.0 AppleWebKit/537.36 (KHTML, like Gecko; compatible; bingbot/2.0; +http://www.bing.com/bingbot.htm) Chrome/116.0.1938.76 Safari/537.36"
106.128.106.38 - - [24/Sep/2026:04:28:15 +0300] "GET /?sale/search/detail/?ITMCODE=p8e3c3t9o4r5i2l2o5q6u0y HTTP/1.1" 301 5195 "https://search.yahoo.co.jp/" "Mozilla/5.0 (iPhone; CPU iPhone OS 18_7_5 like Mac OS X) AppleWebKit/605.1.15 (KHTML, like Gecko) Mobile/15E148 Version/18.7.5 YJApp-IOS jp.co.yahoo.ipn.appli/4.172.0"
52.167.144.168 - - [24/Sep/2026:04:28:15 +0300] "GET /?sale/search/detail/?ITMCODE=p5a4r2a8d3i3s3a1l448 HTTP/1.1" 200 30037 "-" "Mozilla/5.0 AppleWebKit/537.36 (KHTML, like Gecko; compatible; bingbot/2.0; +http://www.bing.com/bingbot.htm) Chrome/116.0.1938.76 Safari/537.36"
106.128.106.38 - - [24/Sep/2026:04:28:16 +0300] "GET /?sale/search/detail/?ITMCODE=p8e3c3t9o4r5i2l2o5q6u0y HTTP/1.1" 200 30624 "https://search.yahoo.co.jp/" "Mozilla/5.0 (iPhone; CPU iPhone OS 18_7_5 like Mac OS X) AppleWebKit/605.1.15 (KHTML, like Gecko) Mobile/15E148 Version/18.7.5 YJApp-IOS jp.co.yahoo.ipn.appli/4.172.0"
52.167.144.168 - - [24/Sep/2026:04:28:16 +0300] "GET /?sale/search/detail/?ITMCODE=m4e3s6o9g5n3a1t7h5o5u1s HTTP/1.1" 200 30038 "-" "Mozilla/5.0 AppleWebKit/537.36 (KHTML, like Gecko; compatible; bingbot/2.0; +http://www.bing.com/bingbot.htm) Chrome/116.0.1938.76 Safari/537.36"
52.167.144.232 - - [24/Sep/2026:04:28:16 +0300] "GET /?sale/search/detail/?ITMCODE=p2r2o9t2u1b8e1r3a7n1t4ly HTTP/1.1" 200 30039 "-" "Mozilla/5.0 AppleWebKit/537.36 (KHTML, like Gecko; compatible; bingbot/2.0; +http://www.bing.com/bingbot.htm) Chrome/116.0.1938.76 Safari/537.36"
106.128.106.38 - - [24/Sep/2026:04:28:17 +0300] "GET /wp-content/plugins/contact-form-7/includes/css/styles.css?ver=5.4.1 HTTP/1.1" 200 5163 "https://princessmare.com.gr/?sale/search/detail/?ITMCODE=p8e3c3t9o4r5i2l2o5q6u0y" "Mozilla/5.0 (iPhone; CPU iPhone OS 18_7_5 like Mac OS X) AppleWebKit/605.1.15 (KHTML, like Gecko) Mobile/15E148 Version/18.7.5 YJApp-IOS jp.co.yahoo.ipn.appli/4.172.0"
106.128.106.38 - - [24/Sep/2026:04:28:17 +0300] "GET /wp-content/plugins/cookie-notice/css/front.min.css?ver=6.9.4 HTTP/1.1" 200 5156 "https://princessmare.com.gr/?sale/search/detail/?ITMCODE=p8e3c3t9o4r5i2l2o5q6u0y" "Mozilla/5.0 (iPhone; CPU iPhone OS 18_7_5 like Mac OS X) AppleWebKit/605.1.15 (KHTML, like Gecko) Mobile/15E148 Version/18.7.5 YJApp-IOS jp.co.yahoo.ipn.appli/4.172.0"
106.128.106.38 - - [24/Sep/2026:04:28:17 +0300] "GET /wp-content/themes/dt-the7/fonts/icomoon-the7-font/icomoon-the7-font.min.css?ver=9.14.1 HTTP/1.1" 200 5181 "https://princessmare.com.gr/?sale/search/detail/?ITMCODE=p8e3c3t9o4r5i2l2o5q6u0y" "Mozilla/5.0 (iPhone; CPU iPhone OS 18_7_5 like Mac OS X) AppleWebKit/605.1.15 (KHTML, like Gecko) Mobile/15E148 Version/18.7.5 YJApp-IOS jp.co.yahoo.ipn.appli/4.172.0"
106.128.106.38 - - [24/Sep/2026:04:28:17 +0300] "GET /wp-content/themes/dt-the7/css/main.min.css?ver=9.14.1 HTTP/1.1" 200 5148 "https://princessmare.com.gr/?sale/search/detail/?ITMCODE=p8e3c3t9o4r5i2l2o5q6u0y" "Mozilla/5.0 (iPhone; CPU iPhone OS 18_7_5 like Mac OS X) AppleWebKit/605.1.15 (KHTML, like Gecko) Mobile/15E148 Version/18.7.5 YJApp-IOS jp.co.yahoo.ipn.appli/4.172.0"
106.128.106.38 - - [24/Sep/2026:04:28:17 +0300] "GET /wp-content/plugins/js_composer/assets/css/js_composer.min.css?ver=6.6.0.1 HTTP/1.1" 200 5167 "https://princessmare.com.gr/?sale/search/detail/?ITMCODE=p8e3c3t9o4r5i2l2o5q6u0y" "Mozilla/5.0 (iPhone; CPU iPhone OS 18_7_5 like Mac OS X) AppleWebKit/605.1.15 (KHTML, like Gecko) Mobile/15E148 Version/18.7.5 YJApp-IOS jp.co.yahoo.ipn.appli/4.172.0"
106.128.106.38 - - [24/Sep/2026:04:28:17 +0300] "GET /wp-content/uploads/the7-css/mega-menu.css?ver=a11134ae5739 HTTP/1.1" 200 5147 "https://princessmare.com.gr/?sale/search/detail/?ITMCODE=p8e3c3t9o4r5i2l2o5q6u0y" "Mozilla/5.0 (iPhone; CPU iPhone OS 18_7_5 like Mac OS X) AppleWebKit/605.1.15 (KHTML, like Gecko) Mobile/15E148 Version/18.7.5 YJApp-IOS jp.co.yahoo.ipn.appli/4.172.0"
106.128.106.38 - - [24/Sep/2026:04:28:17 +0300] "GET /wp-content/plugins/Ultimate_VC_Addons/assets/min-css/style.min.css?ver=3.19.10 HTTP/1.1" 200 5172 "https://princessmare.com.gr/?sale/search/detail/?ITMCODE=p8e3c3t9o4r5i2l2o5q6u0y" "Mozilla/5.0 (iPhone; CPU iPhone OS 18_7_5 like Mac OS X) AppleWebKit/605.1.15 (KHTML, like Gecko) Mobile/15E148 Version/18.7.5 YJApp-IOS jp.co.yahoo.ipn.appli/4.172.0"
106.128.106.38 - - [24/Sep/2026:04:28:17 +0300] "GET /wp-includes/js/jquery/jquery.min.js?ver=3.7.1 HTTP/1.1" 200 5155 "https://princessmare.com.gr/?sale/search/detail/?ITMCODE=p8e3c3t9o4r5i2l2o5q6u0y" "Mozilla/5.0 (iPhone; CPU iPhone OS 18_7_5 like Mac OS X) AppleWebKit/605.1.15 (KHTML, like Gecko) Mobile/15E148 Version/18.7.5 YJApp-IOS jp.co.yahoo.ipn.appli/4.172.0"
106.128.106.38 - - [24/Sep/2026:04:28:17 +0300] "GET /wp-content/themes/dt-the7-child/style.css?ver=9.14.1 HTTP/1.1" 200 5147 "https://princessmare.com.gr/?sale/search/detail/?ITMCODE=p8e3c3t9o4r5i2l2o5q6u0y" "Mozilla/5.0 (iPhone; CPU iPhone OS 18_7_5 like Mac OS X) AppleWebKit/605.1.15 (KHTML, like Gecko) Mobile/15E148 Version/18.7.5 YJApp-IOS jp.co.yahoo.ipn.appli/4.172.0"
106.128.106.38 - - [24/Sep/2026:04:28:17 +0300] "GET /wp-content/themes/dt-the7/fonts/FontAwesome/css/all.min.css?ver=9.14.1 HTTP/1.1" 200 5165 "https://princessmare.com.gr/?sale/search/detail/?ITMCODE=p8e3c3t9o4r5i2l2o5q6u0y" "Mozilla/5.0 (iPhone; CPU iPhone OS 18_7_5 like Mac OS X) AppleWebKit/605.1.15 (KHTML, like Gecko) Mobile/15E148 Version/18.7.5 YJApp-IOS jp.co.yahoo.ipn.appli/4.172.0"
106.128.106.38 - - [24/Sep/2026:04:28:17 +0300] "GET /wp-content/uploads/the7-css/post-type-dynamic.css?ver=a11134ae5739 HTTP/1.1" 200 5155 "https://princessmare.com.gr/?sale/search/detail/?ITMCODE=p8e3c3t9o4r5i2l2o5q6u0y" "Mozilla/5.0 (iPhone; CPU iPhone OS 18_7_5 like Mac OS X) AppleWebKit/605.1.15 (KHTML, like Gecko) Mobile/15E148 Version/18.7.5 YJApp-IOS jp.co.yahoo.ipn.appli/4.172.0"
106.128.106.38 - - [24/Sep/2026:04:28:17 +0300] "GET /wp-content/themes/dt-the7/fonts/FontAwesome/back-compat.min.css?ver=9.14.1 HTTP/1.1" 200 5169 "https://princessmare.com.gr/?sale/search/detail/?ITMCODE=p8e3c3t9o4r5i2l2o5q6u0y" "Mozilla/5.0 (iPhone; CPU iPhone OS 18_7_5 like Mac OS X) AppleWebKit/605.1.15 (KHTML, like Gecko) Mobile/15E148 Version/18.7.5 YJApp-IOS jp.co.yahoo.ipn.appli/4.172.0"
106.128.106.38 - - [24/Sep/2026:04:28:17 +0300] "GET /wp-content/themes/dt-the7/lib/custom-scrollbar/custom-scrollbar.min.css?ver=9.14.1 HTTP/1.1" 200 5177 "https://princessmare.com.gr/?sale/search/detail/?ITMCODE=p8e3c3t9o4r5i2l2o5q6u0y" "Mozilla/5.0 (iPhone; CPU iPhone OS 18_7_5 like Mac OS X) AppleWebKit/605.1.15 (KHTML, like Gecko) Mobile/15E148 Version/18.7.5 YJApp-IOS jp.co.yahoo.ipn.appli/4.172.0"
106.128.106.38 - - [24/Sep/2026:04:28:17 +0300] "GET /wp-content/themes/dt-the7/css/wpbakery.min.css?ver=9.14.1 HTTP/1.1" 200 5152 "https://princessmare.com.gr/?sale/search/detail/?ITMCODE=p8e3c3t9o4r5i2l2o5q6u0y" "Mozilla/5.0 (iPhone; CPU iPhone OS 18_7_5 like Mac OS X) AppleWebKit/605.1.15 (KHTML, like Gecko) Mobile/15E148 Version/18.7.5 YJApp-IOS jp.co.yahoo.ipn.appli/4.172.0"
106.128.106.38 - - [24/Sep/2026:04:28:17 +0300] "GET /wp-content/uploads/the7-css/css-vars.css?ver=a11134ae5739 HTTP/1.1" 200 5146 "https://princessmare.com.gr/?sale/search/detail/?ITMCODE=p8e3c3t9o4r5i2l2o5q6u0y" "Mozilla/5.0 (iPhone; CPU iPhone OS 18_7_5 like Mac OS X) AppleWebKit/605.1.15 (KHTML, like Gecko) Mobile/15E148 Version/18.7.5 YJApp-IOS jp.co.yahoo.ipn.appli/4.172.0"
106.128.106.38 - - [24/Sep/2026:04:28:17 +0300] "GET /wp-content/uploads/the7-css/custom.css?ver=a11134ae5739 HTTP/1.1" 200 5144 "https://princessmare.com.gr/?sale/search/detail/?ITMCODE=p8e3c3t9o4r5i2l2o5q6u0y" "Mozilla/5.0 (iPhone; CPU iPhone OS 18_7_5 like Mac OS X) AppleWebKit/605.1.15 (KHTML, like Gecko) Mobile/15E148 Version/18.7.5 YJApp-IOS jp.co.yahoo.ipn.appli/4.172.0"
106.128.106.38 - - [24/Sep/2026:04:28:17 +0300] "GET /wp-content/uploads/the7-css/the7-elements-albums-portfolio.css?ver=a11134ae5739 HTTP/1.1" 200 5168 "https://princessmare.com.gr/?sale/search/detail/?ITMCODE=p8e3c3t9o4r5i2l2o5q6u0y" "Mozilla/5.0 (iPhone; CPU iPhone OS 18_7_5 like Mac OS X) AppleWebKit/605.1.15 (KHTML, like Gecko) Mobile/15E148 Version/18.7.5 YJApp-IOS jp.co.yahoo.ipn.appli/4.172.0"
106.128.106.38 - - [24/Sep/2026:04:28:17 +0300] "GET /wp-content/uploads/the7-css/media.css?ver=a11134ae5739 HTTP/1.1" 200 5143 "https://princessmare.com.gr/?sale/search/detail/?ITMCODE=p8e3c3t9o4r5i2l2o5q6u0y" "Mozilla/5.0 (iPhone; CPU iPhone OS 18_7_5 like Mac OS X) AppleWebKit/605.1.15 (KHTML, like Gecko) Mobile/15E148 Version/18.7.5 YJApp-IOS jp.co.yahoo.ipn.appli/4.172.0"
106.128.106.38 - - [24/Sep/2026:04:28:17 +0300] "GET /wp-content/plugins/dt-the7-core/assets/css/post-type.min.css?ver=2.5.7.1 HTTP/1.1" 200 5166 "https://princessmare.com.gr/?sale/search/detail/?ITMCODE=p8e3c3t9o4r5i2l2o5q6u0y" "Mozilla/5.0 (iPhone; CPU iPhone OS 18_7_5 like Mac OS X) AppleWebKit/605.1.15 (KHTML, like Gecko) Mobile/15E148 Version/18.7.5 YJApp-IOS jp.co.yahoo.ipn.appli/4.172.0"
106.128.106.38 - - [24/Sep/2026:04:28:17 +0300] "GET /wp-includes/js/jquery/jquery-migrate.min.js?ver=3.4.1 HTTP/1.1" 200 5163 "https://princessmare.com.gr/?sale/search/detail/?ITMCODE=p8e3c3t9o4r5i2l2o5q6u0y" "Mozilla/5.0 (iPhone; CPU iPhone OS 18_7_5 like Mac OS X) AppleWebKit/605.1.15 (KHTML, like Gecko) Mobile/15E148 Version/18.7.5 YJApp-IOS jp.co.yahoo.ipn.appli/4.172.0"
106.128.106.38 - - [24/Sep/2026:04:28:17 +0300] "GET /wp-content/plugins/Ultimate_VC_Addons/assets/min-js/ultimate-params.min.js?ver=3.19.10 HTTP/1.1" 200 5194 "https://princessmare.com.gr/?sale/search/detail/?ITMCODE=p8e3c3t9o4r5i2l2o5q6u0y" "Mozilla/5.0 (iPhone; CPU iPhone OS 18_7_5 like Mac OS X) AppleWebKit/605.1.15 (KHTML, like Gecko) Mobile/15E148 Version/18.7.5 YJApp-IOS jp.co.yahoo.ipn.appli/4.172.0"
106.128.106.38 - - [24/Sep/2026:04:28:17 +0300] "GET /wp-content/plugins/revslider/public/assets/css/rs6.css?ver=6.5.3 HTTP/1.1" 200 5160 "https://princessmare.com.gr/?sale/search/detail/?ITMCODE=p8e3c3t9o4r5i2l2o5q6u0y" "Mozilla/5.0 (iPhone; CPU iPhone OS 18_7_5 like Mac OS X) AppleWebKit/605.1.15 (KHTML, like Gecko) Mobile/15E148 Version/18.7.5 YJApp-IOS jp.co.yahoo.ipn.appli/4.172.0"
106.128.106.38 - - [24/Sep/2026:04:28:17 +0300] "GET /wp-content/themes/dt-the7/js/main.min.js?ver=9.14.1 HTTP/1.1" 200 5160 "https://princessmare.com.gr/?sale/search/detail/?ITMCODE=p8e3c3t9o4r5i2l2o5q6u0y" "Mozilla/5.0 (iPhone; CPU iPhone OS 18_7_5 like Mac OS X) AppleWebKit/605.1.15 (KHTML, like Gecko) Mobile/15E148 Version/18.7.5 YJApp-IOS jp.co.yahoo.ipn.appli/4.172.0"
106.128.106.38 - - [24/Sep/2026:04:28:17 +0300] "GET /wp-content/plugins/cookie-notice/js/front.min.js?ver=2.1.0 HTTP/1.1" 200 5168 "https://princessmare.com.gr/?sale/search/detail/?ITMCODE=p8e3c3t9o4r5i2l2o5q6u0y" "Mozilla/5.0 (iPhone; CPU iPhone OS 18_7_5 like Mac OS X) AppleWebKit/605.1.15 (KHTML, like Gecko) Mobile/15E148 Version/18.7.5 YJApp-IOS jp.co.yahoo.ipn.appli/4.172.0"
106.128.106.38 - - [24/Sep/2026:04:28:17 +0300] "GET /wp-content/plugins/Ultimate_VC_Addons/assets/min-css/background-style.min.css?ver=3.19.10 HTTP/1.1" 200 5183 "https://princessmare.com.gr/?sale/search/detail/?ITMCODE=p8e3c3t9o4r5i2l2o5q6u0y" "Mozilla/5.0 (iPhone; CPU iPhone OS 18_7_5 like Mac OS X) AppleWebKit/605.1.15 (KHTML, like Gecko) Mobile/15E148 Version/18.7.5 YJApp-IOS jp.co.yahoo.ipn.appli/4.172.0"
106.128.106.38 - - [24/Sep/2026:04:28:17 +0300] "GET /wp-content/plugins/revslider/public/assets/js/rs6.min.js?ver=6.5.3 HTTP/1.1" 200 5176 "https://princessmare.com.gr/?sale/search/detail/?ITMCODE=p8e3c3t9o4r5i2l2o5q6u0y" "Mozilla/5.0 (iPhone; CPU iPhone OS 18_7_5 like Mac OS X) AppleWebKit/605.1.15 (KHTML, like Gecko) Mobile/15E148 Version/18.7.5 YJApp-IOS jp.co.yahoo.ipn.appli/4.172.0"
106.128.106.38 - - [24/Sep/2026:04:28:17 +0300] "GET /wp-content/plugins/revslider/public/assets/fonts/revicons/revicons.woff?5510888 HTTP/1.1" 200 5173 "https://princessmare.com.gr/?sale/search/detail/?ITMCODE=p8e3c3t9o4r5i2l2o5q6u0y" "Mozilla/5.0 (iPhone; CPU iPhone OS 18_7_5 like Mac OS X) AppleWebKit/605.1.15 (KHTML, like Gecko) Mobile/15E148 Version/18.7.5 YJApp-IOS jp.co.yahoo.ipn.appli/4.172.0"
106.128.106.38 - - [24/Sep/2026:04:28:17 +0300] "GET /wp-content/plugins/contact-form-7/includes/js/index.js?ver=5.4.1 HTTP/1.1" 200 5174 "https://princessmare.com.gr/?sale/search/detail/?ITMCODE=p8e3c3t9o4r5i2l2o5q6u0y" "Mozilla/5.0 (iPhone; CPU iPhone OS 18_7_5 like Mac OS X) AppleWebKit/605.1.15 (KHTML, like Gecko) Mobile/15E148 Version/18.7.5 YJApp-IOS jp.co.yahoo.ipn.appli/4.172.0"
106.128.106.38 - - [24/Sep/2026:04:28:17 +0300] "GET /wp-content/themes/dt-the7/js/above-the-fold.min.js?ver=9.14.1 HTTP/1.1" 200 5170 "https://princessmare.com.gr/?sale/search/detail/?ITMCODE=p8e3c3t9o4r5i2l2o5q6u0y" "Mozilla/5.0 (iPhone; CPU iPhone OS 18_7_5 like Mac OS X) AppleWebKit/605.1.15 (KHTML, like Gecko) Mobile/15E148 Version/18.7.5 YJApp-IOS jp.co.yahoo.ipn.appli/4.172.0"
106.128.106.38 - - [24/Sep/2026:04:28:17 +0300] "GET /wp-includes/js/dist/vendor/wp-polyfill.min.js?ver=3.15.0 HTTP/1.1" 200 5165 "https://princessmare.com.gr/?sale/search/detail/?ITMCODE=p8e3c3t9o4r5i2l2o5q6u0y" "Mozilla/5.0 (iPhone; CPU iPhone OS 18_7_5 like Mac OS X) AppleWebKit/605.1.15 (KHTML, like Gecko) Mobile/15E148 Version/18.7.5 YJApp-IOS jp.co.yahoo.ipn.appli/4.172.0"
106.128.106.38 - - [24/Sep/2026:04:28:17 +0300] "GET /wp-content/plugins/Ultimate_VC_Addons/assets/min-js/custom.min.js?ver=3.19.10 HTTP/1.1" 200 5185 "https://princessmare.com.gr/?sale/search/detail/?ITMCODE=p8e3c3t9o4r5i2l2o5q6u0y" "Mozilla/5.0 (iPhone; CPU iPhone OS 18_7_5 like Mac OS X) AppleWebKit/605.1.15 (KHTML, like Gecko) Mobile/15E148 Version/18.7.5 YJApp-IOS jp.co.yahoo.ipn.appli/4.172.0"
106.128.106.38 - - [24/Sep/2026:04:28:17 +0300] "GET /wp-content/plugins/revslider/public/assets/js/rbtools.min.js?ver=6.5.3 HTTP/1.1" 200 5180 "https://princessmare.com.gr/?sale/search/detail/?ITMCODE=p8e3c3t9o4r5i2l2o5q6u0y" "Mozilla/5.0 (iPhone; CPU iPhone OS 18_7_5 like Mac OS X) AppleWebKit/605.1.15 (KHTML, like Gecko) Mobile/15E148 Version/18.7.5 YJApp-IOS jp.co.yahoo.ipn.appli/4.172.0"
106.128.106.38 - - [24/Sep/2026:04:28:17 +0300] "GET /wp-content/themes/dt-the7/lib/custom-scrollbar/custom-scrollbar.min.js?ver=9.14.1 HTTP/1.1" 200 5190 "https://princessmare.com.gr/?sale/search/detail/?ITMCODE=p8e3c3t9o4r5i2l2o5q6u0y" "Mozilla/5.0 (iPhone; CPU iPhone OS 18_7_5 like Mac OS X) AppleWebKit/605.1.15 (KHTML, like Gecko) Mobile/15E148 Version/18.7.5 YJApp-IOS jp.co.yahoo.ipn.appli/4.172.0"
106.128.106.38 - - [24/Sep/2026:04:28:17 +0300] "GET /wp-content/themes/dt-the7/lib/jquery-mousewheel/jquery-mousewheel.min.js?ver=9.14.1 HTTP/1.1" 200 5192 "https://princessmare.com.gr/?sale/search/detail/?ITMCODE=p8e3c3t9o4r5i2l2o5q6u0y" "Mozilla/5.0 (iPhone; CPU iPhone OS 18_7_5 like Mac OS X) AppleWebKit/605.1.15 (KHTML, like Gecko) Mobile/15E148 Version/18.7.5 YJApp-IOS jp.co.yahoo.ipn.appli/4.172.0"
106.128.106.38 - - [24/Sep/2026:04:28:17 +0300] "GET /wp-content/plugins/dt-the7-core/assets/js/post-type.min.js?ver=2.5.7.1 HTTP/1.1" 200 5178 "https://princessmare.com.gr/?sale/search/detail/?ITMCODE=p8e3c3t9o4r5i2l2o5q6u0y" "Mozilla/5.0 (iPhone; CPU iPhone OS 18_7_5 like Mac OS X) AppleWebKit/605.1.15 (KHTML, like Gecko) Mobile/15E148 Version/18.7.5 YJApp-IOS jp.co.yahoo.ipn.appli/4.172.0"
106.128.106.38 - - [24/Sep/2026:04:28:17 +0300] "GET /wp-content/plugins/js_composer/assets/js/dist/js_composer_front.min.js?ver=6.6.0.1 HTTP/1.1" 200 5190 "https://princessmare.com.gr/?sale/search/detail/?ITMCODE=p8e3c3t9o4r5i2l2o5q6u0y" "Mozilla/5.0 (iPhone; CPU iPhone OS 18_7_5 like Mac OS X) AppleWebKit/605.1.15 (KHTML, like Gecko) Mobile/15E148 Version/18.7.5 YJApp-IOS jp.co.yahoo.ipn.appli/4.172.0"
106.128.106.38 - - [24/Sep/2026:04:28:17 +0300] "GET /wp-content/plugins/Ultimate_VC_Addons/assets/min-js/jquery-appear.min.js?ver=3.19.10 HTTP/1.1" 200 5192 "https://princessmare.com.gr/?sale/search/detail/?ITMCODE=p8e3c3t9o4r5i2l2o5q6u0y" "Mozilla/5.0 (iPhone; CPU iPhone OS 18_7_5 like Mac OS X) AppleWebKit/605.1.15 (KHTML, like Gecko) Mobile/15E148 Version/18.7.5 YJApp-IOS jp.co.yahoo.ipn.appli/4.172.0"
106.128.106.38 - - [24/Sep/2026:04:28:17 +0300] "GET /wp-content/plugins/Ultimate_VC_Addons/assets/min-js/ultimate_bg.min.js?ver=3.19.10 HTTP/1.1" 200 5190 "https://princessmare.com.gr/?sale/search/detail/?ITMCODE=p8e3c3t9o4r5i2l2o5q6u0y" "Mozilla/5.0 (iPhone; CPU iPhone OS 18_7_5 like Mac OS X) AppleWebKit/605.1.15 (KHTML, like Gecko) Mobile/15E148 Version/18.7.5 YJApp-IOS jp.co.yahoo.ipn.appli/4.172.0"
52.167.144.168 - - [24/Sep/2026:04:28:17 +0300] "GET /?sale/search/detail/?ITMCODE=a5s2s0e7m6b0l7a9n6c9e2 HTTP/1.1" 200 30038 "-" "Mozilla/5.0 AppleWebKit/537.36 (KHTML, like Gecko; compatible; bingbot/2.0; +http://www.bing.com/bingbot.htm) Chrome/116.0.1938.76 Safari/537.36"
52.167.144.168 - - [24/Sep/2026:04:28:17 +0300] "GET /?sale/search/detail/?ITMCODE=p5i2n3f8i8r5e18525 HTTP/1.1" 200 30035 "-" "Mozilla/5.0 AppleWebKit/537.36 (KHTML, like Gecko; compatible; bingbot/2.0; +http://www.bing.com/bingbot.htm) Chrome/116.0.1938.76 Safari/537.36"
106.128.106.38 - - [24/Sep/2026:04:28:17 +0300] "GET /wp-content/plugins/contact-form-7/includes/css/styles.css?ver=5.4.1 HTTP/2.0" 200 825 "https://princessmare.com.gr/?sale/search/detail/?ITMCODE=p8e3c3t9o4r5i2l2o5q6u0y" "Mozilla/5.0 (iPhone; CPU iPhone OS 18_7_5 like Mac OS X) AppleWebKit/605.1.15 (KHTML, like Gecko) Mobile/15E148 Version/18.7.5 YJApp-IOS jp.co.yahoo.ipn.appli/4.172.0"
106.128.106.38 - - [24/Sep/2026:04:28:17 +0300] "GET /wp-content/plugins/cookie-notice/css/front.min.css?ver=6.9.4 HTTP/2.0" 200 1018 "https://princessmare.com.gr/?sale/search/detail/?ITMCODE=p8e3c3t9o4r5i2l2o5q6u0y" "Mozilla/5.0 (iPhone; CPU iPhone OS 18_7_5 like Mac OS X) AppleWebKit/605.1.15 (KHTML, like Gecko) Mobile/15E148 Version/18.7.5 YJApp-IOS jp.co.yahoo.ipn.appli/4.172.0"
106.128.106.38 - - [24/Sep/2026:04:28:17 +0300] "GET /wp-content/themes/dt-the7/fonts/icomoon-the7-font/icomoon-the7-font.min.css?ver=9.14.1 HTTP/2.0" 200 2438 "https://princessmare.com.gr/?sale/search/detail/?ITMCODE=p8e3c3t9o4r5i2l2o5q6u0y" "Mozilla/5.0 (iPhone; CPU iPhone OS 18_7_5 like Mac OS X) AppleWebKit/605.1.15 (KHTML, like Gecko) Mobile/15E148 Version/18.7.5 YJApp-IOS jp.co.yahoo.ipn.appli/4.172.0"
106.128.106.38 - - [24/Sep/2026:04:28:17 +0300] "GET /wp-content/themes/dt-the7/css/main.min.css?ver=9.14.1 HTTP/2.0" 200 38598 "https://princessmare.com.gr/?sale/search/detail/?ITMCODE=p8e3c3t9o4r5i2l2o5q6u0y" "Mozilla/5.0 (iPhone; CPU iPhone OS 18_7_5 like Mac OS X) AppleWebKit/605.1.15 (KHTML, like Gecko) Mobile/15E148 Version/18.7.5 YJApp-IOS jp.co.yahoo.ipn.appli/4.172.0"
106.128.106.38 - - [24/Sep/2026:04:28:17 +0300] "GET /wp-content/plugins/js_composer/assets/css/js_composer.min.css?ver=6.6.0.1 HTTP/2.0" 200 40480 "https://princessmare.com.gr/?sale/search/detail/?ITMCODE=p8e3c3t9o4r5i2l2o5q6u0y" "Mozilla/5.0 (iPhone; CPU iPhone OS 18_7_5 like Mac OS X) AppleWebKit/605.1.15 (KHTML, like Gecko) Mobile/15E148 Version/18.7.5 YJApp-IOS jp.co.yahoo.ipn.appli/4.172.0"
106.128.106.38 - - [24/Sep/2026:04:28:18 +0300] "GET /wp-includes/js/jquery/jquery.min.js?ver=3.7.1 HTTP/2.0" 200 29597 "https://princessmare.com.gr/?sale/search/detail/?ITMCODE=p8e3c3t9o4r5i2l2o5q6u0y" "Mozilla/5.0 (iPhone; CPU iPhone OS 18_7_5 like Mac OS X) AppleWebKit/605.1.15 (KHTML, like Gecko) Mobile/15E148 Version/18.7.5 YJApp-IOS jp.co.yahoo.ipn.appli/4.172.0"
106.128.106.38 - - [24/Sep/2026:04:28:18 +0300] "GET /wp-content/uploads/the7-css/mega-menu.css?ver=a11134ae5739 HTTP/2.0" 200 2723 "https://princessmare.com.gr/?sale/search/detail/?ITMCODE=p8e3c3t9o4r5i2l2o5q6u0y" "Mozilla/5.0 (iPhone; CPU iPhone OS 18_7_5 like Mac OS X) AppleWebKit/605.1.15 (KHTML, like Gecko) Mobile/15E148 Version/18.7.5 YJApp-IOS jp.co.yahoo.ipn.appli/4.172.0"
106.128.106.38 - - [24/Sep/2026:04:28:18 +0300] "GET /wp-content/plugins/Ultimate_VC_Addons/assets/min-css/style.min.css?ver=3.19.10 HTTP/2.0" 200 2577 "https://princessmare.com.gr/?sale/search/detail/?ITMCODE=p8e3c3t9o4r5i2l2o5q6u0y" "Mozilla/5.0 (iPhone; CPU iPhone OS 18_7_5 like Mac OS X) AppleWebKit/605.1.15 (KHTML, like Gecko) Mobile/15E148 Version/18.7.5 YJApp-IOS jp.co.yahoo.ipn.appli/4.172.0"
106.128.106.38 - - [24/Sep/2026:04:28:18 +0300] "GET /wp-content/themes/dt-the7-child/style.css?ver=9.14.1 HTTP/2.0" 200 3740 "https://princessmare.com.gr/?sale/search/detail/?ITMCODE=p8e3c3t9o4r5i2l2o5q6u0y" "Mozilla/5.0 (iPhone; CPU iPhone OS 18_7_5 like Mac OS X) AppleWebKit/605.1.15 (KHTML, like Gecko) Mobile/15E148 Version/18.7.5 YJApp-IOS jp.co.yahoo.ipn.appli/4.172.0"
106.128.106.38 - - [24/Sep/2026:04:28:18 +0300] "GET /wp-content/themes/dt-the7/fonts/FontAwesome/css/all.min.css?ver=9.14.1 HTTP/2.0" 200 12348 "https://princessmare.com.gr/?sale/search/detail/?ITMCODE=p8e3c3t9o4r5i2l2o5q6u0y" "Mozilla/5.0 (iPhone; CPU iPhone OS 18_7_5 like Mac OS X) AppleWebKit/605.1.15 (KHTML, like Gecko) Mobile/15E148 Version/18.7.5 YJApp-IOS jp.co.yahoo.ipn.appli/4.172.0"
106.128.106.38 - - [24/Sep/2026:04:28:18 +0300] "GET /wp-content/uploads/the7-css/post-type-dynamic.css?ver=a11134ae5739 HTTP/2.0" 200 1226 "https://princessmare.com.gr/?sale/search/detail/?ITMCODE=p8e3c3t9o4r5i2l2o5q6u0y" "Mozilla/5.0 (iPhone; CPU iPhone OS 18_7_5 like Mac OS X) AppleWebKit/605.1.15 (KHTML, like Gecko) Mobile/15E148 Version/18.7.5 YJApp-IOS jp.co.yahoo.ipn.appli/4.172.0"
106.128.106.38 - - [24/Sep/2026:04:28:18 +0300] "GET /wp-content/themes/dt-the7/fonts/FontAwesome/back-compat.min.css?ver=9.14.1 HTTP/2.0" 200 3916 "https://princessmare.com.gr/?sale/search/detail/?ITMCODE=p8e3c3t9o4r5i2l2o5q6u0y" "Mozilla/5.0 (iPhone; CPU iPhone OS 18_7_5 like Mac OS X) AppleWebKit/605.1.15 (KHTML, like Gecko) Mobile/15E148 Version/18.7.5 YJApp-IOS jp.co.yahoo.ipn.appli/4.172.0"
106.128.106.38 - - [24/Sep/2026:04:28:18 +0300] "GET /wp-content/themes/dt-the7/lib/custom-scrollbar/custom-scrollbar.min.css?ver=9.14.1 HTTP/2.0" 200 1362 "https://princessmare.com.gr/?sale/search/detail/?ITMCODE=p8e3c3t9o4r5i2l2o5q6u0y" "Mozilla/5.0 (iPhone; CPU iPhone OS 18_7_5 like Mac OS X) AppleWebKit/605.1.15 (KHTML, like Gecko) Mobile/15E148 Version/18.7.5 YJApp-IOS jp.co.yahoo.ipn.appli/4.172.0"
106.128.106.38 - - [24/Sep/2026:04:28:18 +0300] "GET /wp-content/themes/dt-the7/css/wpbakery.min.css?ver=9.14.1 HTTP/2.0" 200 4094 "https://princessmare.com.gr/?sale/search/detail/?ITMCODE=p8e3c3t9o4r5i2l2o5q6u0y" "Mozilla/5.0 (iPhone; CPU iPhone OS 18_7_5 like Mac OS X) AppleWebKit/605.1.15 (KHTML, like Gecko) Mobile/15E148 Version/18.7.5 YJApp-IOS jp.co.yahoo.ipn.appli/4.172.0"
106.128.106.38 - - [24/Sep/2026:04:28:18 +0300] "GET /wp-content/uploads/the7-css/css-vars.css?ver=a11134ae5739 HTTP/2.0" 200 4027 "https://princessmare.com.gr/?sale/search/detail/?ITMCODE=p8e3c3t9o4r5i2l2o5q6u0y" "Mozilla/5.0 (iPhone; CPU iPhone OS 18_7_5 like Mac OS X) AppleWebKit/605.1.15 (KHTML, like Gecko) Mobile/15E148 Version/18.7.5 YJApp-IOS jp.co.yahoo.ipn.appli/4.172.0"
106.128.106.38 - - [24/Sep/2026:04:28:18 +0300] "GET /wp-content/uploads/the7-css/custom.css?ver=a11134ae5739 HTTP/2.0" 200 29336 "https://princessmare.com.gr/?sale/search/detail/?ITMCODE=p8e3c3t9o4r5i2l2o5q6u0y" "Mozilla/5.0 (iPhone; CPU iPhone OS 18_7_5 like Mac OS X) AppleWebKit/605.1.15 (KHTML, like Gecko) Mobile/15E148 Version/18.7.5 YJApp-IOS jp.co.yahoo.ipn.appli/4.172.0"
106.128.106.38 - - [24/Sep/2026:04:28:18 +0300] "GET /wp-content/uploads/the7-css/the7-elements-albums-portfolio.css?ver=a11134ae5739 HTTP/2.0" 200 2483 "https://princessmare.com.gr/?sale/search/detail/?ITMCODE=p8e3c3t9o4r5i2l2o5q6u0y" "Mozilla/5.0 (iPhone; CPU iPhone OS 18_7_5 like Mac OS X) AppleWebKit/605.1.15 (KHTML, like Gecko) Mobile/15E148 Version/18.7.5 YJApp-IOS jp.co.yahoo.ipn.appli/4.172.0"
106.128.106.38 - - [24/Sep/2026:04:28:18 +0300] "GET /wp-content/uploads/the7-css/media.css?ver=a11134ae5739 HTTP/2.0" 200 9599 "https://princessmare.com.gr/?sale/search/detail/?ITMCODE=p8e3c3t9o4r5i2l2o5q6u0y" "Mozilla/5.0 (iPhone; CPU iPhone OS 18_7_5 like Mac OS X) AppleWebKit/605.1.15 (KHTML, like Gecko) Mobile/15E148 Version/18.7.5 YJApp-IOS jp.co.yahoo.ipn.appli/4.172.0"
106.128.106.38 - - [24/Sep/2026:04:28:18 +0300] "GET /wp-content/plugins/dt-the7-core/assets/css/post-type.min.css?ver=2.5.7.1 HTTP/2.0" 200 5952 "https://princessmare.com.gr/?sale/search/detail/?ITMCODE=p8e3c3t9o4r5i2l2o5q6u0y" "Mozilla/5.0 (iPhone; CPU iPhone OS 18_7_5 like Mac OS X) AppleWebKit/605.1.15 (KHTML, like Gecko) Mobile/15E148 Version/18.7.5 YJApp-IOS jp.co.yahoo.ipn.appli/4.172.0"
106.128.106.38 - - [24/Sep/2026:04:28:18 +0300] "GET /wp-includes/js/jquery/jquery-migrate.min.js?ver=3.4.1 HTTP/2.0" 200 4677 "https://princessmare.com.gr/?sale/search/detail/?ITMCODE=p8e3c3t9o4r5i2l2o5q6u0y" "Mozilla/5.0 (iPhone; CPU iPhone OS 18_7_5 like Mac OS X) AppleWebKit/605.1.15 (KHTML, like Gecko) Mobile/15E148 Version/18.7.5 YJApp-IOS jp.co.yahoo.ipn.appli/4.172.0"
106.128.106.38 - - [24/Sep/2026:04:28:18 +0300] "GET /wp-content/plugins/Ultimate_VC_Addons/assets/min-js/ultimate-params.min.js?ver=3.19.10 HTTP/2.0" 200 455 "https://princessmare.com.gr/?sale/search/detail/?ITMCODE=p8e3c3t9o4r5i2l2o5q6u0y" "Mozilla/5.0 (iPhone; CPU iPhone OS 18_7_5 like Mac OS X) AppleWebKit/605.1.15 (KHTML, like Gecko) Mobile/15E148 Version/18.7.5 YJApp-IOS jp.co.yahoo.ipn.appli/4.172.0"
106.128.106.38 - - [24/Sep/2026:04:28:18 +0300] "GET /wp-content/plugins/revslider/public/assets/css/rs6.css?ver=6.5.3 HTTP/2.0" 200 11655 "https://princessmare.com.gr/?sale/search/detail/?ITMCODE=p8e3c3t9o4r5i2l2o5q6u0y" "Mozilla/5.0 (iPhone; CPU iPhone OS 18_7_5 like Mac OS X) AppleWebKit/605.1.15 (KHTML, like Gecko) Mobile/15E148 Version/18.7.5 YJApp-IOS jp.co.yahoo.ipn.appli/4.172.0"
106.128.106.38 - - [24/Sep/2026:04:28:18 +0300] "GET /wp-content/themes/dt-the7/js/main.min.js?ver=9.14.1 HTTP/2.0" 200 77415 "https://princessmare.com.gr/?sale/search/detail/?ITMCODE=p8e3c3t9o4r5i2l2o5q6u0y" "Mozilla/5.0 (iPhone; CPU iPhone OS 18_7_5 like Mac OS X) AppleWebKit/605.1.15 (KHTML, like Gecko) Mobile/15E148 Version/18.7.5 YJApp-IOS jp.co.yahoo.ipn.appli/4.172.0"
106.128.106.38 - - [24/Sep/2026:04:28:18 +0300] "GET /wp-content/plugins/Ultimate_VC_Addons/assets/min-css/background-style.min.css?ver=3.19.10 HTTP/2.0" 200 1635 "https://princessmare.com.gr/?sale/search/detail/?ITMCODE=p8e3c3t9o4r5i2l2o5q6u0y" "Mozilla/5.0 (iPhone; CPU iPhone OS 18_7_5 like Mac OS X) AppleWebKit/605.1.15 (KHTML, like Gecko) Mobile/15E148 Version/18.7.5 YJApp-IOS jp.co.yahoo.ipn.appli/4.172.0"
106.128.106.38 - - [24/Sep/2026:04:28:18 +0300] "GET /wp-content/plugins/contact-form-7/includes/js/index.js?ver=5.4.1 HTTP/2.0" 200 3772 "https://princessmare.com.gr/?sale/search/detail/?ITMCODE=p8e3c3t9o4r5i2l2o5q6u0y" "Mozilla/5.0 (iPhone; CPU iPhone OS 18_7_5 like Mac OS X) AppleWebKit/605.1.15 (KHTML, like Gecko) Mobile/15E148 Version/18.7.5 YJApp-IOS jp.co.yahoo.ipn.appli/4.172.0"
106.128.106.38 - - [24/Sep/2026:04:28:18 +0300] "GET /wp-content/themes/dt-the7/js/above-the-fold.min.js?ver=9.14.1 HTTP/2.0" 200 3311 "https://princessmare.com.gr/?sale/search/detail/?ITMCODE=p8e3c3t9o4r5i2l2o5q6u0y" "Mozilla/5.0 (iPhone; CPU iPhone OS 18_7_5 like Mac OS X) AppleWebKit/605.1.15 (KHTML, like Gecko) Mobile/15E148 Version/18.7.5 YJApp-IOS jp.co.yahoo.ipn.appli/4.172.0"
106.128.106.38 - - [24/Sep/2026:04:28:18 +0300] "GET /wp-includes/js/dist/vendor/wp-polyfill.min.js?ver=3.15.0 HTTP/2.0" 200 11503 "https://princessmare.com.gr/?sale/search/detail/?ITMCODE=p8e3c3t9o4r5i2l2o5q6u0y" "Mozilla/5.0 (iPhone; CPU iPhone OS 18_7_5 like Mac OS X) AppleWebKit/605.1.15 (KHTML, like Gecko) Mobile/15E148 Version/18.7.5 YJApp-IOS jp.co.yahoo.ipn.appli/4.172.0"
106.128.106.38 - - [24/Sep/2026:04:28:18 +0300] "GET /wp-content/plugins/Ultimate_VC_Addons/assets/min-js/custom.min.js?ver=3.19.10 HTTP/2.0" 200 4443 "https://princessmare.com.gr/?sale/search/detail/?ITMCODE=p8e3c3t9o4r5i2l2o5q6u0y" "Mozilla/5.0 (iPhone; CPU iPhone OS 18_7_5 like Mac OS X) AppleWebKit/605.1.15 (KHTML, like Gecko) Mobile/15E148 Version/18.7.5 YJApp-IOS jp.co.yahoo.ipn.appli/4.172.0"
