66.249.66.32 - - [24/Sep/2026:04:25:28 +0300] "GET /?sale/search/detail/?ITMCODE=b0l4u2e7v5e2i1n1e7d91 HTTP/1.1" 200 30036 "-" "Mozilla/5.0 (Linux; Android 6.0.1; Nexus 5X Build/MMB29P) AppleWebKit/537.36 (KHTML, like Gecko) Chrome/153.0.8010.52 Mobile Safari/537.36 (compatible; Googlebot/2.1; +http://www.google.com/bot.html)"
52.167.144.232 - - [24/Sep/2026:04:25:29 +0300] "GET /?sale/search/detail/?ITMCODE=c2o4u6n3t8e2r7f8l7eury HTTP/1.1" 200 30038 "-" "Mozilla/5.0 AppleWebKit/537.36 (KHTML, like Gecko; compatible; bingbot/2.0; +http://www.bing.com/bingbot.htm) Chrome/116.0.1938.76 Safari/537.36"
52.167.144.232 - - [24/Sep/2026:04:25:30 +0300] "GET /?sale/search/detail/?ITMCODE=q3u8a3n5t0i3t2i4v7e5 HTTP/1.1" 200 30037 "-" "Mozilla/5.0 AppleWebKit/537.36 (KHTML, like Gecko; compatible; bingbot/2.0; +http://www.bing.com/bingbot.htm) Chrome/116.0.1938.76 Safari/537.36"
57.141.20.54 - - [24/Sep/2026:04:25:31 +0300] "GET /?sale/search/detail/?ITMCODE=j1e4m1l8a0h681786 HTTP/1.1" 200 30034 "-" "Mozilla/5.0 (Macintosh; Intel Mac OS X 10_15_7) AppleWebKit/537.36 (KHTML, like Gecko) Chrome/145.0.0.0 Safari/537.36 (compatible; meta-externalagent/1.1 (+https://developers.facebook.com/docs/sharing/webmasters/crawler))"
52.167.144.232 - - [24/Sep/2026:04:25:31 +0300] "GET /?sale/search/detail/?ITMCODE=b8i1r1d7e4y8e9d548 HTTP/1.1" 200 30034 "-" "Mozilla/5.0 AppleWebKit/537.36 (KHTML, like Gecko; compatible; bingbot/2.0; +http://www.bing.com/bingbot.htm) Chrome/116.0.1938.76 Safari/537.36"
66.249.66.32 - - [24/Sep/2026:04:25:34 +0300] "GET /wp-content/uploads/the7-css/post-type-dynamic.css?ver=a11134ae5739 HTTP/1.1" 200 5155 "https://princessmare.com.gr/?sale/search/detail/?ITMCODE=o2u2t7r3a5g2e1o6u3s96" "Mozilla/5.0 (Linux; Android 6.0.1; Nexus 5X Build/MMB29P) AppleWebKit/537.36 (KHTML, like Gecko) Chrome/153.0.8010.52 Mobile Safari/537.36 (compatible; Googlebot/2.1; +http://www.google.com/bot.html)"
66.249.66.32 - - [24/Sep/2026:04:25:33 +0300] "GET /?sale/search/detail/?ITMCODE=s0a7i1l0e3r06373 HTTP/1.1" 200 30032 "-" "Mozilla/5.0 (Linux; Android 6.0.1; Nexus 5X Build/MMB29P) AppleWebKit/537.36 (KHTML, like Gecko) Chrome/153.0.8010.52 Mobile Safari/537.36 (compatible; Googlebot/2.1; +http://www.google.com/bot.html)"
66.249.66.32 - - [24/Sep/2026:04:25:34 +0300] "GET /wp-content/uploads/the7-css/post-type-dynamic.css?ver=a11134ae5739 HTTP/1.1" 200 1238 "https://princessmare.com.gr/?sale/search/detail/?ITMCODE=o2u2t7r3a5g2e1o6u3s96" "Mozilla/5.0 (Linux; Android 6.0.1; Nexus 5X Build/MMB29P) AppleWebKit/537.36 (KHTML, like Gecko) Chrome/153.0.8010.52 Mobile Safari/537.36 (compatible; Googlebot/2.1; +http://www.google.com/bot.html)"
66.249.66.32 - - [24/Sep/2026:04:25:36 +0300] "GET /wp-content/uploads/the7-css/post-type-dynamic.css?ver=a11134ae5739 HTTP/1.1" 200 1238 "https://princessmare.com.gr/?sale/search/detail/?ITMCODE=f4i3n0n0y7954440" "Mozilla/5.0 (Linux; Android 6.0.1; Nexus 5X Build/MMB29P) AppleWebKit/537.36 (KHTML, like Gecko) Chrome/153.0.8010.52 Mobile Safari/537.36 (compatible; Googlebot/2.1; +http://www.google.com/bot.html)"
66.249.66.32 - - [24/Sep/2026:04:25:36 +0300] "GET /wp-content/uploads/the7-css/post-type-dynamic.css?ver=a11134ae5739 HTTP/1.1" 200 5155 "https://princessmare.com.gr/?sale/search/detail/?ITMCODE=f4i3n0n0y7954440" "Mozilla/5.0 (Linux; Android 6.0.1; Nexus 5X Build/MMB29P) AppleWebKit/537.36 (KHTML, like Gecko) Chrome/153.0.8010.52 Mobile Safari/537.36 (compatible; Googlebot/2.1; +http://www.google.com/bot.html)"
52.167.144.168 - - [24/Sep/2026:04:25:37 +0300] "GET /?sale/search/detail/?ITMCODE=a1n5t6i7d8i3s0e8s9t1ablishmentarianism HTTP/1.1" 200 30047 "-" "Mozilla/5.0 AppleWebKit/537.36 (KHTML, like Gecko; compatible; bingbot/2.0; +http://www.bing.com/bingbot.htm) Chrome/116.0.1938.76 Safari/537.36"
52.167.144.221 - - [24/Sep/2026:04:25:38 +0300] "GET /?sale/search/detail/?ITMCODE=m9a2j8o6r7l4e0a1g9u1e2 HTTP/1.1" 200 30039 "-" "Mozilla/5.0 AppleWebKit/537.36 (KHTML, like Gecko; compatible; bingbot/2.0; +http://www.bing.com/bingbot.htm) Chrome/116.0.1938.76 Safari/537.36"
52.167.144.168 - - [24/Sep/2026:04:25:38 +0300] "GET /?sale/search/detail/?ITMCODE=i9n3a7m3i0a2b0l3e771 HTTP/1.1" 200 30037 "-" "Mozilla/5.0 AppleWebKit/537.36 (KHTML, like Gecko; compatible; bingbot/2.0; +http://www.bing.com/bingbot.htm) Chrome/116.0.1938.76 Safari/537.36"
66.249.66.32 - - [24/Sep/2026:04:25:38 +0300] "GET /?sale/search/detail/?ITMCODE=m2o4n1o6c5u4l5o4u3s86 HTTP/1.1" 200 30037 "-" "Mozilla/5.0 (Linux; Android 6.0.1; Nexus 5X Build/MMB29P) AppleWebKit/537.36 (KHTML, like Gecko) Chrome/153.0.8010.52 Mobile Safari/537.36 (compatible; Googlebot/2.1; +http://www.google.com/bot.html)"
52.167.144.168 - - [24/Sep/2026:04:25:39 +0300] "GET /?sale/search/detail/?ITMCODE=r6e3s5p0e6c9t1l0e5s3s2ness HTTP/1.1" 200 30040 "-" "Mozilla/5.0 AppleWebKit/537.36 (KHTML, like Gecko; compatible; bingbot/2.0; +http://www.bing.com/bingbot.htm) Chrome/116.0.1938.76 Safari/537.36"
52.167.144.168 - - [24/Sep/2026:04:25:40 +0300] "GET /?sale/search/detail/?ITMCODE=s1k2r6i1n4g9e90463 HTTP/1.1" 200 30035 "-" "Mozilla/5.0 AppleWebKit/537.36 (KHTML, like Gecko; compatible; bingbot/2.0; +http://www.bing.com/bingbot.htm) Chrome/116.0.1938.76 Safari/537.36"
52.167.144.168 - - [24/Sep/2026:04:25:41 +0300] "GET /?sale/search/detail/?ITMCODE=d1i4a0p0h5a0n0o1t7y1p1e HTTP/1.1" 200 30039 "-" "Mozilla/5.0 AppleWebKit/537.36 (KHTML, like Gecko; compatible; bingbot/2.0; +http://www.bing.com/bingbot.htm) Chrome/116.0.1938.76 Safari/537.36"
66.249.66.32 - - [24/Sep/2026:04:25:41 +0300] "GET /wp-content/plugins/revslider/public/assets/css/rs6.css?ver=6.5.3 HTTP/1.1" 200 5160 "https://princessmare.com.gr/?sale/search/detail/?ITMCODE=m4i2s6p0l4e5a3d2i4n4g6" "Mozilla/5.0 (Linux; Android 6.0.1; Nexus 5X Build/MMB29P) AppleWebKit/537.36 (KHTML, like Gecko) Chrome/153.0.8010.52 Mobile Safari/537.36 (compatible; Googlebot/2.1; +http://www.google.com/bot.html)"
66.249.66.32 - - [24/Sep/2026:04:25:41 +0300] "GET /?sale/search/detail/?ITMCODE=e4m3p3o4v9e6r4i4s4h90 HTTP/1.1" 200 30037 "-" "Mozilla/5.0 (Linux; Android 6.0.1; Nexus 5X Build/MMB29P) AppleWebKit/537.36 (KHTML, like Gecko) Chrome/153.0.8010.52 Mobile Safari/537.36 (compatible; Googlebot/2.1; +http://www.google.com/bot.html)"
52.167.144.168 - - [24/Sep/2026:04:25:41 +0300] "GET /?sale/search/detail/?ITMCODE=p9e3t4r7o0c7o2s5s9y1p2hus HTTP/1.1" 200 30041 "-" "Mozilla/5.0 AppleWebKit/537.36 (KHTML, like Gecko; compatible; bingbot/2.0; +http://www.bing.com/bingbot.htm) Chrome/116.0.1938.76 Safari/537.36"
66.249.66.32 - - [24/Sep/2026:04:25:41 +0300] "GET /wp-content/plugins/revslider/public/assets/css/rs6.css?ver=6.5.3 HTTP/1.1" 200 11668 "https://princessmare.com.gr/?sale/search/detail/?ITMCODE=m4i2s6p0l4e5a3d2i4n4g6" "Mozilla/5.0 (Linux; Android 6.0.1; Nexus 5X Build/MMB29P) AppleWebKit/537.36 (KHTML, like Gecko) Chrome/153.0.8010.52 Mobile Safari/537.36 (compatible; Googlebot/2.1; +http://www.google.com/bot.html)"
52.167.144.168 - - [24/Sep/2026:04:25:42 +0300] "GET /?sale/search/detail/?ITMCODE=m7y3a7c2e4a5e17569 HTTP/1.1" 200 30034 "-" "Mozilla/5.0 AppleWebKit/537.36 (KHTML, like Gecko; compatible; bingbot/2.0; +http://www.bing.com/bingbot.htm) Chrome/116.0.1938.76 Safari/537.36"
52.167.144.168 - - [24/Sep/2026:04:25:43 +0300] "GET /?sale/search/detail/?ITMCODE=t1i2t9l7e5p7a9g8e10 HTTP/1.1" 200 30035 "-" "Mozilla/5.0 AppleWebKit/537.36 (KHTML, like Gecko; compatible; bingbot/2.0; +http://www.bing.com/bingbot.htm) Chrome/116.0.1938.76 Safari/537.36"
66.249.66.32 - - [24/Sep/2026:04:25:44 +0300] "GET /?sale/search/detail/?ITMCODE=s1h4e0e6p0i7s1h4n5e0s2s HTTP/1.1" 200 30036 "-" "Mozilla/5.0 (Linux; Android 6.0.1; Nexus 5X Build/MMB29P) AppleWebKit/537.36 (KHTML, like Gecko) Chrome/153.0.8010.52 Mobile Safari/537.36 (compatible; Googlebot/2.1; +http://www.google.com/bot.html)"
52.167.144.168 - - [24/Sep/2026:04:25:44 +0300] "GET /?sale/search/detail/?ITMCODE=a4d3h3e0s5i3v4e9n2e6s5s HTTP/1.1" 200 30038 "-" "Mozilla/5.0 AppleWebKit/537.36 (KHTML, like Gecko; compatible; bingbot/2.0; +http://www.bing.com/bingbot.htm) Chrome/116.0.1938.76 Safari/537.36"
52.167.144.168 - - [24/Sep/2026:04:25:45 +0300] "GET /?sale/search/detail/?ITMCODE=u2n5c9o7n0d7i9t3i6o9ned HTTP/1.1" 200 30039 "-" "Mozilla/5.0 AppleWebKit/537.36 (KHTML, like Gecko; compatible; bingbot/2.0; +http://www.bing.com/bingbot.htm) Chrome/116.0.1938.76 Safari/537.36"
52.167.144.232 - - [24/Sep/2026:04:25:45 +0300] "GET /?sale/search/detail/?ITMCODE=d8i1s5e7n4t3a9n9g9l9e8 HTTP/1.1" 200 30039 "-" "Mozilla/5.0 AppleWebKit/537.36 (KHTML, like Gecko; compatible; bingbot/2.0; +http://www.bing.com/bingbot.htm) Chrome/116.0.1938.76 Safari/537.36"
52.167.144.168 - - [24/Sep/2026:04:25:46 +0300] "GET /?sale/search/detail/?ITMCODE=a0u5t0o8t9r3o4p3h8ic HTTP/1.1" 200 30035 "-" "Mozilla/5.0 AppleWebKit/537.36 (KHTML, like Gecko; compatible; bingbot/2.0; +http://www.bing.com/bingbot.htm) Chrome/116.0.1938.76 Safari/537.36"
52.167.144.168 - - [24/Sep/2026:04:25:46 +0300] "GET /?sale/search/detail/?ITMCODE=c2o6u3n0t9r1y2m8a2n4 HTTP/1.1" 200 30036 "-" "Mozilla/5.0 AppleWebKit/537.36 (KHTML, like Gecko; compatible; bingbot/2.0; +http://www.bing.com/bingbot.htm) Chrome/116.0.1938.76 Safari/537.36"
66.249.66.32 - - [24/Sep/2026:04:25:46 +0300] "GET /?sale/search/detail/?ITMCODE=c4o2w0r3i0e5s39024 HTTP/1.1" 200 30035 "-" "Mozilla/5.0 (Linux; Android 6.0.1; Nexus 5X Build/MMB29P) AppleWebKit/537.36 (KHTML, like Gecko) Chrome/153.0.8010.52 Mobile Safari/537.36 (compatible; Googlebot/2.1; +http://www.google.com/bot.html)"
52.167.144.168 - - [24/Sep/2026:04:25:47 +0300] "GET /?sale/search/detail/?ITMCODE=d6r8a2b9b3l8i1n4g47 HTTP/1.1" 200 30034 "-" "Mozilla/5.0 AppleWebKit/537.36 (KHTML, like Gecko; compatible; bingbot/2.0; +http://www.bing.com/bingbot.htm) Chrome/116.0.1938.76 Safari/537.36"
57.141.20.18 - - [24/Sep/2026:04:25:48 +0300] "GET /?sale/search/detail/?ITMCODE=o1u1t2s3t1r6i9d9e354 HTTP/1.1" 200 30035 "-" "Mozilla/5.0 (Windows NT 10.0; Win64; x64) AppleWebKit/537.36 (KHTML, like Gecko) Chrome/145.0.0.0 Safari/537.36 (compatible; meta-externalagent/1.1 (+https://developers.facebook.com/docs/sharing/webmasters/crawler))"
52.167.144.168 - - [24/Sep/2026:04:25:48 +0300] "GET /?sale/search/detail/?ITMCODE=r6o1p3i3s6h118038 HTTP/1.1" 200 30033 "-" "Mozilla/5.0 AppleWebKit/537.36 (KHTML, like Gecko; compatible; bingbot/2.0; +http://www.bing.com/bingbot.htm) Chrome/116.0.1938.76 Safari/537.36"
52.167.144.168 - - [24/Sep/2026:04:25:49 +0300] "GET /?sale/search/detail/?ITMCODE=b6i3w8e1e6k3l7y8585 HTTP/1.1" 200 30036 "-" "Mozilla/5.0 AppleWebKit/537.36 (KHTML, like Gecko; compatible; bingbot/2.0; +http://www.bing.com/bingbot.htm) Chrome/116.0.1938.76 Safari/537.36"
66.249.66.32 - - [24/Sep/2026:04:25:49 +0300] "GET /?sale/search/detail/?ITMCODE=c4h3a6n6d4i905114 HTTP/1.1" 200 30034 "-" "Mozilla/5.0 (Linux; Android 6.0.1; Nexus 5X Build/MMB29P) AppleWebKit/537.36 (KHTML, like Gecko) Chrome/153.0.8010.52 Mobile Safari/537.36 (compatible; Googlebot/2.1; +http://www.google.com/bot.html)"
52.167.144.168 - - [24/Sep/2026:04:25:50 +0300] "GET /?sale/search/detail/?ITMCODE=p6r1o7d1u2c9i6b5l2e9 HTTP/1.1" 200 30035 "-" "Mozilla/5.0 AppleWebKit/537.36 (KHTML, like Gecko; compatible; bingbot/2.0; +http://www.bing.com/bingbot.htm) Chrome/116.0.1938.76 Safari/537.36"
52.167.144.168 - - [24/Sep/2026:04:25:51 +0300] "GET /?sale/search/detail/?ITMCODE=w8e3a4s4i2n2e9s5s711 HTTP/1.1" 200 30036 "-" "Mozilla/5.0 AppleWebKit/537.36 (KHTML, like Gecko; compatible; bingbot/2.0; +http://www.bing.com/bingbot.htm) Chrome/116.0.1938.76 Safari/537.36"
52.167.144.168 - - [24/Sep/2026:04:25:52 +0300] "GET /?sale/search/detail/?ITMCODE=e3q2u8i7l1i7b6r6a0t6e6 HTTP/1.1" 200 30039 "-" "Mozilla/5.0 AppleWebKit/537.36 (KHTML, like Gecko; compatible; bingbot/2.0; +http://www.bing.com/bingbot.htm) Chrome/116.0.1938.76 Safari/537.36"
66.249.66.32 - - [24/Sep/2026:04:25:52 +0300] "GET /?sale/search/detail/?ITMCODE=p8i4n1k0s8t1e1r6n944 HTTP/1.1" 200 30037 "-" "Mozilla/5.0 (Linux; Android 6.0.1; Nexus 5X Build/MMB29P) AppleWebKit/537.36 (KHTML, like Gecko) Chrome/153.0.8010.52 Mobile Safari/537.36 (compatible; Googlebot/2.1; +http://www.google.com/bot.html)"
52.167.144.168 - - [24/Sep/2026:04:25:52 +0300] "GET /?sale/search/detail/?ITMCODE=e3x1p9e1d5e769961 HTTP/1.1" 200 30034 "-" "Mozilla/5.0 AppleWebKit/537.36 (KHTML, like Gecko; compatible; bingbot/2.0; +http://www.bing.com/bingbot.htm) Chrome/116.0.1938.76 Safari/537.36"
66.249.66.32 - - [24/Sep/2026:04:25:53 +0300] "GET /shopdetail/integrity/044004528 HTTP/1.1" 404 60888 "-" "Mozilla/5.0 (Linux; Android 6.0.1; Nexus 5X Build/MMB29P) AppleWebKit/537.36 (KHTML, like Gecko) Chrome/153.0.8010.52 Mobile Safari/537.36 (compatible; Googlebot/2.1; +http://www.google.com/bot.html)"
52.167.144.168 - - [24/Sep/2026:04:25:53 +0300] "GET /?sale/search/detail/?ITMCODE=n4o3n2f3e9a4s1a5n9c7e0 HTTP/1.1" 200 30038 "-" "Mozilla/5.0 AppleWebKit/537.36 (KHTML, like Gecko; compatible; bingbot/2.0; +http://www.bing.com/bingbot.htm) Chrome/116.0.1938.76 Safari/537.36"
66.249.66.32 - - [24/Sep/2026:04:25:54 +0300] "GET /?sale/search/detail/?ITMCODE=c7a3p1a3c6i9t5a0t8e0d7 HTTP/1.1" 200 30038 "-" "Mozilla/5.0 (Linux; Android 6.0.1; Nexus 5X Build/MMB29P) AppleWebKit/537.36 (KHTML, like Gecko) Chrome/153.0.8010.52 Mobile Safari/537.36 (compatible; Googlebot/2.1; +http://www.google.com/bot.html)"
57.141.20.70 - - [24/Sep/2026:04:25:56 +0300] "GET /?sale/search/detail/?ITMCODE=r1e2d6e6m4p2t8i6o9n12 HTTP/1.1" 200 30037 "-" "Mozilla/5.0 (Windows NT 10.0; Win64; x64) AppleWebKit/537.36 (KHTML, like Gecko) Chrome/145.0.0.0 Safari/537.36 (compatible; meta-externalagent/1.1 (+https://developers.facebook.com/docs/sharing/webmasters/crawler))"
52.167.144.168 - - [24/Sep/2026:04:25:56 +0300] "GET /?sale/search/detail/?ITMCODE=a9n1a9s5a4r1c8a334 HTTP/1.1" 200 30035 "-" "Mozilla/5.0 AppleWebKit/537.36 (KHTML, like Gecko; compatible; bingbot/2.0; +http://www.bing.com/bingbot.htm) Chrome/116.0.1938.76 Safari/537.36"
66.249.66.32 - - [24/Sep/2026:04:25:56 +0300] "GET /?sale/search/detail/?ITMCODE=c6o4n0c9o8r6p8o1r4a3t4e HTTP/1.1" 200 30040 "-" "Mozilla/5.0 (Linux; Android 6.0.1; Nexus 5X Build/MMB29P) AppleWebKit/537.36 (KHTML, like Gecko) Chrome/153.0.8010.52 Mobile Safari/537.36 (compatible; Googlebot/2.1; +http://www.google.com/bot.html)"
66.249.66.33 - - [24/Sep/2026:04:25:57 +0300] "GET /?sale/search/detail/?ITMCODE=i7n2s8e7p0a8r9a9b0i4l7ity HTTP/1.1" 200 30040 "-" "Mozilla/5.0 (Linux; Android 6.0.1; Nexus 5X Build/MMB29P) AppleWebKit/537.36 (KHTML, like Gecko) Chrome/153.0.8010.52 Mobile Safari/537.36 (compatible; Googlebot/2.1; +http://www.google.com/bot.html)"
66.249.66.33 - - [24/Sep/2026:04:25:57 +0300] "GET /wp-content/uploads/the7-css/post-type-dynamic.css?ver=a11134ae5739 HTTP/1.1" 200 5155 "https://princessmare.com.gr/?sale/search/detail/?ITMCODE=c4o2w0r3i0e5s39024" "Mozilla/5.0 (Linux; Android 6.0.1; Nexus 5X Build/MMB29P) AppleWebKit/537.36 (KHTML, like Gecko) Chrome/153.0.8010.52 Mobile Safari/537.36 (compatible; Googlebot/2.1; +http://www.google.com/bot.html)"
52.167.144.168 - - [24/Sep/2026:04:25:57 +0300] "GET /?sale/search/detail/?ITMCODE=a8n2a0l8y2z9e74588 HTTP/1.1" 200 30035 "-" "Mozilla/5.0 AppleWebKit/537.36 (KHTML, like Gecko; compatible; bingbot/2.0; +http://www.bing.com/bingbot.htm) Chrome/116.0.1938.76 Safari/537.36"
66.249.66.33 - - [24/Sep/2026:04:25:57 +0300] "GET /wp-content/uploads/the7-css/post-type-dynamic.css?ver=a11134ae5739 HTTP/1.1" 200 1238 "https://princessmare.com.gr/?sale/search/detail/?ITMCODE=c4o2w0r3i0e5s39024" "Mozilla/5.0 (Linux; Android 6.0.1; Nexus 5X Build/MMB29P) AppleWebKit/537.36 (KHTML, like Gecko) Chrome/153.0.8010.52 Mobile Safari/537.36 (compatible; Googlebot/2.1; +http://www.google.com/bot.html)"
52.167.144.168 - - [24/Sep/2026:04:25:58 +0300] "GET /?sale/search/detail/?ITMCODE=b5e5s8l0i2m9e5604 HTTP/1.1" 200 30034 "-" "Mozilla/5.0 AppleWebKit/537.36 (KHTML, like Gecko; compatible; bingbot/2.0; +http://www.bing.com/bingbot.htm) Chrome/116.0.1938.76 Safari/537.36"
52.167.144.168 - - [24/Sep/2026:04:25:59 +0300] "GET /?sale/search/detail/?ITMCODE=m8o6u0n8t5a9b5l1e31 HTTP/1.1" 200 30036 "-" "Mozilla/5.0 AppleWebKit/537.36 (KHTML, like Gecko; compatible; bingbot/2.0; +http://www.bing.com/bingbot.htm) Chrome/116.0.1938.76 Safari/537.36"
66.249.66.33 - - [24/Sep/2026:04:25:59 +0300] "GET /?sale/search/detail/?ITMCODE=b4o1h8e0m4i6a9n8i5s2m2 HTTP/1.1" 200 30039 "-" "Mozilla/5.0 (Linux; Android 6.0.1; Nexus 5X Build/MMB29P) AppleWebKit/537.36 (KHTML, like Gecko) Chrome/153.0.8010.52 Mobile Safari/537.36 (compatible; Googlebot/2.1; +http://www.google.com/bot.html)"
52.167.144.221 - - [24/Sep/2026:04:26:02 +0300] "GET /?sale/search/detail/?ITMCODE=r9e3p0u7d5i6l8a4t9e18 HTTP/1.1" 200 30037 "-" "Mozilla/5.0 AppleWebKit/537.36 (KHTML, like Gecko; compatible; bingbot/2.0; +http://www.bing.com/bingbot.htm) Chrome/116.0.1938.76 Safari/537.36"
57.141.20.66 - - [24/Sep/2026:04:26:03 +0300] "GET /wp-content/uploads/2021/07/princessmare-image-21.jpg HTTP/1.1" 200 5160 "-" "Mozilla/5.0 (Windows NT 10.0; Win64; x64) AppleWebKit/537.36 (KHTML, like Gecko) Chrome/145.0.0.0 Safari/537.36 (compatible; meta-externalagent/1.1 (+https://developers.facebook.com/docs/sharing/webmasters/crawler))"
52.167.144.221 - - [24/Sep/2026:04:26:03 +0300] "GET /?sale/search/detail/?ITMCODE=l5i2v8e3r7g9r3o8w1n71 HTTP/1.1" 200 30037 "-" "Mozilla/5.0 AppleWebKit/537.36 (KHTML, like Gecko; compatible; bingbot/2.0; +http://www.bing.com/bingbot.htm) Chrome/116.0.1938.76 Safari/537.36"
66.249.66.33 - - [24/Sep/2026:04:26:03 +0300] "GET /?sale/search/detail/?ITMCODE=r7e3c7i1t8a5l54771 HTTP/1.1" 200 30035 "-" "Mozilla/5.0 (Linux; Android 6.0.1; Nexus 5X Build/MMB29P) AppleWebKit/537.36 (KHTML, like Gecko) Chrome/153.0.8010.52 Mobile Safari/537.36 (compatible; Googlebot/2.1; +http://www.google.com/bot.html)"
57.141.20.66 - - [24/Sep/2026:04:26:03 +0300] "GET /wp-content/uploads/2021/07/princessmare-image-21.jpg HTTP/2.0" 200 166866 "-" "Mozilla/5.0 (Windows NT 10.0; Win64; x64) AppleWebKit/537.36 (KHTML, like Gecko) Chrome/145.0.0.0 Safari/537.36 (compatible; meta-externalagent/1.1 (+https://developers.facebook.com/docs/sharing/webmasters/crawler))"
52.167.144.221 - - [24/Sep/2026:04:26:04 +0300] "GET /?sale/search/detail/?ITMCODE=b7r2o3b6d5i1n7g0n0a1gian HTTP/1.1" 200 30039 "-" "Mozilla/5.0 AppleWebKit/537.36 (KHTML, like Gecko; compatible; bingbot/2.0; +http://www.bing.com/bingbot.htm) Chrome/116.0.1938.76 Safari/537.36"
52.167.144.221 - - [24/Sep/2026:04:26:04 +0300] "GET /?sale/search/detail/?ITMCODE=q4u2a7d2r8i3c8o5s3t3a1te HTTP/1.1" 200 30039 "-" "Mozilla/5.0 AppleWebKit/537.36 (KHTML, like Gecko; compatible; bingbot/2.0; +http://www.bing.com/bingbot.htm) Chrome/116.0.1938.76 Safari/537.36"
66.249.66.32 - - [24/Sep/2026:04:26:05 +0300] "GET /?sale/search/detail/?ITMCODE=a1m4o2v8a4b4l8e2058 HTTP/1.1" 200 30036 "-" "Mozilla/5.0 (Linux; Android 6.0.1; Nexus 5X Build/MMB29P) AppleWebKit/537.36 (KHTML, like Gecko) Chrome/153.0.8010.52 Mobile Safari/537.36 (compatible; Googlebot/2.1; +http://www.google.com/bot.html)"
52.167.144.221 - - [24/Sep/2026:04:26:05 +0300] "GET /?sale/search/detail/?ITMCODE=m1i4s0c9h3i3e4v2o4u0s7ness HTTP/1.1" 200 30041 "-" "Mozilla/5.0 AppleWebKit/537.36 (KHTML, like Gecko; compatible; bingbot/2.0; +http://www.bing.com/bingbot.htm) Chrome/116.0.1938.76 Safari/537.36"
66.249.66.32 - - [24/Sep/2026:04:26:06 +0300] "GET /?sale/search/detail/?ITMCODE=p3r2e3p3o3t9e7n6t468 HTTP/1.1" 200 30036 "-" "Mozilla/5.0 (Linux; Android 6.0.1; Nexus 5X Build/MMB29P) AppleWebKit/537.36 (KHTML, like Gecko) Chrome/153.0.8010.52 Mobile Safari/537.36 (compatible; Googlebot/2.1; +http://www.google.com/bot.html)"
52.167.144.232 - - [24/Sep/2026:04:26:07 +0300] "GET /?sale/search/detail/?ITMCODE=d2u2n6g1a2r6e0e1645 HTTP/1.1" 200 30035 "-" "Mozilla/5.0 AppleWebKit/537.36 (KHTML, like Gecko; compatible; bingbot/2.0; +http://www.bing.com/bingbot.htm) Chrome/116.0.1938.76 Safari/537.36"
52.167.144.168 - - [24/Sep/2026:04:26:08 +0300] "GET /?sale/search/detail/?ITMCODE=z4y4g0o1p3h4y8l4l2e6ae HTTP/1.1" 200 30039 "-" "Mozilla/5.0 AppleWebKit/537.36 (KHTML, like Gecko; compatible; bingbot/2.0; +http://www.bing.com/bingbot.htm) Chrome/116.0.1938.76 Safari/537.36"
52.167.144.232 - - [24/Sep/2026:04:26:08 +0300] "GET /?sale/search/detail/?ITMCODE=d9e1a1t0h9s4h2e5r2b8 HTTP/1.1" 200 30036 "-" "Mozilla/5.0 AppleWebKit/537.36 (KHTML, like Gecko; compatible; bingbot/2.0; +http://www.bing.com/bingbot.htm) Chrome/116.0.1938.76 Safari/537.36"
52.167.144.232 - - [24/Sep/2026:04:26:09 +0300] "GET /?sale/search/detail/?ITMCODE=i3c1o0n9o2g4r4a3p9h9e1r HTTP/1.1" 200 30038 "-" "Mozilla/5.0 AppleWebKit/537.36 (KHTML, like Gecko; compatible; bingbot/2.0; +http://www.bing.com/bingbot.htm) Chrome/116.0.1938.76 Safari/537.36"
52.167.144.232 - - [24/Sep/2026:04:26:10 +0300] "GET /?sale/search/detail/?ITMCODE=c2a8l5c4a6r3e2o2b4i8tuminous HTTP/1.1" 200 30043 "-" "Mozilla/5.0 AppleWebKit/537.36 (KHTML, like Gecko; compatible; bingbot/2.0; +http://www.bing.com/bingbot.htm) Chrome/116.0.1938.76 Safari/537.36"
57.141.20.2 - - [24/Sep/2026:04:26:10 +0300] "GET /?sale/search/detail/?ITMCODE=g1l3i5d2d1e7r67661 HTTP/1.1" 200 30033 "-" "Mozilla/5.0 (Windows NT 10.0; Win64; x64) AppleWebKit/537.36 (KHTML, like Gecko) Chrome/145.0.0.0 Safari/537.36 (compatible; meta-externalagent/1.1 (+https://developers.facebook.com/docs/sharing/webmasters/crawler))"
52.167.144.232 - - [24/Sep/2026:04:26:10 +0300] "GET /?sale/search/detail/?ITMCODE=r9e1a8d8a7b1i7l5i3t1y7 HTTP/1.1" 200 30037 "-" "Mozilla/5.0 AppleWebKit/537.36 (KHTML, like Gecko; compatible; bingbot/2.0; +http://www.bing.com/bingbot.htm) Chrome/116.0.1938.76 Safari/537.36"
52.167.144.221 - - [24/Sep/2026:04:26:12 +0300] "GET /?sale/search/detail/?ITMCODE=r4e3s1u8l5t7i2v6e803 HTTP/1.1" 200 30035 "-" "Mozilla/5.0 AppleWebKit/537.36 (KHTML, like Gecko; compatible; bingbot/2.0; +http://www.bing.com/bingbot.htm) Chrome/116.0.1938.76 Safari/537.36"
66.249.66.32 - - [24/Sep/2026:04:26:12 +0300] "GET /?sale/search/detail/?ITMCODE=m4o1r3t3a7l6n8e0s1s2 HTTP/1.1" 200 30036 "-" "Mozilla/5.0 (Linux; Android 6.0.1; Nexus 5X Build/MMB29P) AppleWebKit/537.36 (KHTML, like Gecko) Chrome/153.0.8010.52 Mobile Safari/537.36 (compatible; Googlebot/2.1; +http://www.google.com/bot.html)"
52.167.144.221 - - [24/Sep/2026:04:26:13 +0300] "GET /?sale/search/detail/?ITMCODE=r9e7g2i5s4t2r1a4t6i4on HTTP/1.1" 200 30037 "-" "Mozilla/5.0 AppleWebKit/537.36 (KHTML, like Gecko; compatible; bingbot/2.0; +http://www.bing.com/bingbot.htm) Chrome/116.0.1938.76 Safari/537.36"
52.167.144.221 - - [24/Sep/2026:04:26:14 +0300] "GET /?sale/search/detail/?ITMCODE=q7u7i1c0k9s4t9e6p46 HTTP/1.1" 200 30035 "-" "Mozilla/5.0 AppleWebKit/537.36 (KHTML, like Gecko; compatible; bingbot/2.0; +http://www.bing.com/bingbot.htm) Chrome/116.0.1938.76 Safari/537.36"
52.167.144.221 - - [24/Sep/2026:04:26:15 +0300] "GET /?sale/search/detail/?ITMCODE=a0n3c2o9n6516771 HTTP/1.1" 200 30033 "-" "Mozilla/5.0 AppleWebKit/537.36 (KHTML, like Gecko; compatible; bingbot/2.0; +http://www.bing.com/bingbot.htm) Chrome/116.0.1938.76 Safari/537.36"
52.167.144.232 - - [24/Sep/2026:04:26:15 +0300] "GET /?sale/search/detail/?ITMCODE=p4h6r3e2n8o5l4o8g3i2cal HTTP/1.1" 200 30038 "-" "Mozilla/5.0 AppleWebKit/537.36 (KHTML, like Gecko; compatible; bingbot/2.0; +http://www.bing.com/bingbot.htm) Chrome/116.0.1938.76 Safari/537.36"
52.167.144.221 - - [24/Sep/2026:04:26:16 +0300] "GET /?sale/search/detail/?ITMCODE=p9e1r6c4a0r7b0i7d4e26 HTTP/1.1" 200 30037 "-" "Mozilla/5.0 AppleWebKit/537.36 (KHTML, like Gecko; compatible; bingbot/2.0; +http://www.bing.com/bingbot.htm) Chrome/116.0.1938.76 Safari/537.36"
66.249.66.32 - - [24/Sep/2026:04:26:16 +0300] "GET /?sale/search/detail/?ITMCODE=m4o1t0o9r0i2z5e2d506 HTTP/1.1" 200 30036 "-" "Mozilla/5.0 (Linux; Android 6.0.1; Nexus 5X Build/MMB29P) AppleWebKit/537.36 (KHTML, like Gecko) Chrome/153.0.8010.52 Mobile Safari/537.36 (compatible; Googlebot/2.1; +http://www.google.com/bot.html)"
52.167.144.232 - - [24/Sep/2026:04:26:17 +0300] "GET /?sale/search/detail/?ITMCODE=r8e6a9p9p2o3i2n7t24 HTTP/1.1" 200 30035 "-" "Mozilla/5.0 AppleWebKit/537.36 (KHTML, like Gecko; compatible; bingbot/2.0; +http://www.bing.com/bingbot.htm) Chrome/116.0.1938.76 Safari/537.36"
57.141.20.3 - - [24/Sep/2026:04:26:19 +0300] "GET /sitemap-child-907.xml HTTP/1.1" 301 5190 "-" "Mozilla/5.0 (Windows NT 10.0; Win64; x64) AppleWebKit/537.36 (KHTML, like Gecko) Chrome/145.0.0.0 Safari/537.36 (compatible; meta-webindexer/1.1 (+https://developers.facebook.com/docs/sharing/webmasters/crawler))"
57.141.20.65 - - [24/Sep/2026:04:26:19 +0300] "GET /?sale/search/detail/?ITMCODE=o1c3h2e3r0y384529 HTTP/1.1" 200 30034 "-" "Mozilla/5.0 (Windows NT 10.0; Win64; x64) AppleWebKit/537.36 (KHTML, like Gecko) Chrome/145.0.0.0 Safari/537.36 (compatible; meta-externalagent/1.1 (+https://developers.facebook.com/docs/sharing/webmasters/crawler))"
57.141.20.49 - - [24/Sep/2026:04:26:21 +0300] "GET / HTTP/1.1" 200 29580 "-" "Mozilla/5.0 (Windows NT 10.0; Win64; x64) AppleWebKit/537.36 (KHTML, like Gecko) Chrome/145.0.0.0 Safari/537.36 (compatible; meta-webindexer/1.1 (+https://developers.facebook.com/docs/sharing/webmasters/crawler))"
52.167.144.168 - - [24/Sep/2026:04:26:22 +0300] "GET /?sale/search/detail/?ITMCODE=e5u3d6i8p5l8e7u1r9a26 HTTP/1.1" 200 30038 "-" "Mozilla/5.0 AppleWebKit/537.36 (KHTML, like Gecko; compatible; bingbot/2.0; +http://www.bing.com/bingbot.htm) Chrome/116.0.1938.76 Safari/537.36"
52.167.144.168 - - [24/Sep/2026:04:26:22 +0300] "GET /?sale/search/detail/?ITMCODE=h6a1e6m6o1g8l6o0b2i3n2ometer HTTP/1.1" 200 30041 "-" "Mozilla/5.0 AppleWebKit/537.36 (KHTML, like Gecko; compatible; bingbot/2.0; +http://www.bing.com/bingbot.htm) Chrome/116.0.1938.76 Safari/537.36"
66.249.66.32 - - [24/Sep/2026:04:26:23 +0300] "GET /?sale/search/detail/?ITMCODE=b7e1n3e8f7i6t6e5r670 HTTP/1.1" 200 30036 "-" "Mozilla/5.0 (Linux; Android 6.0.1; Nexus 5X Build/MMB29P) AppleWebKit/537.36 (KHTML, like Gecko) Chrome/153.0.8010.52 Mobile Safari/537.36 (compatible; Googlebot/2.1; +http://www.google.com/bot.html)"
52.167.144.168 - - [24/Sep/2026:04:26:23 +0300] "GET /?sale/search/detail/?ITMCODE=i5d2i0o3r6e9p3u9l9s5i5ve HTTP/1.1" 200 30040 "-" "Mozilla/5.0 AppleWebKit/537.36 (KHTML, like Gecko; compatible; bingbot/2.0; +http://www.bing.com/bingbot.htm) Chrome/116.0.1938.76 Safari/537.36"
52.167.144.168 - - [24/Sep/2026:04:26:24 +0300] "GET /?sale/search/detail/?ITMCODE=p7a9u1s5i0n3g1l6y75 HTTP/1.1" 200 30035 "-" "Mozilla/5.0 AppleWebKit/537.36 (KHTML, like Gecko; compatible; bingbot/2.0; +http://www.bing.com/bingbot.htm) Chrome/116.0.1938.76 Safari/537.36"
52.167.144.168 - - [24/Sep/2026:04:26:25 +0300] "GET /?sale/search/detail/?ITMCODE=a1s2p2e6r7g2i9l0l6a0c6eae HTTP/1.1" 200 30039 "-" "Mozilla/5.0 AppleWebKit/537.36 (KHTML, like Gecko; compatible; bingbot/2.0; +http://www.bing.com/bingbot.htm) Chrome/116.0.1938.76 Safari/537.36"
66.249.66.32 - - [24/Sep/2026:04:26:26 +0300] "GET /?sale/search/detail/?ITMCODE=p0a2m5p1a4870512 HTTP/1.1" 200 30032 "-" "Mozilla/5.0 (Linux; Android 6.0.1; Nexus 5X Build/MMB29P) AppleWebKit/537.36 (KHTML, like Gecko) Chrome/153.0.8010.52 Mobile Safari/537.36 (compatible; Googlebot/2.1; +http://www.google.com/bot.html)"
57.141.20.75 - - [24/Sep/2026:04:26:26 +0300] "GET /?sale/search/detail/?ITMCODE=t1r2i3p7a5s3c3h4a7l1 HTTP/1.1" 200 30036 "-" "Mozilla/5.0 (Macintosh; Intel Mac OS X 10_15_7) AppleWebKit/537.36 (KHTML, like Gecko) Chrome/145.0.0.0 Safari/537.36 (compatible; meta-externalagent/1.1 (+https://developers.facebook.com/docs/sharing/webmasters/crawler))"
57.141.20.73 - - [24/Sep/2026:04:26:27 +0300] "GET /?sale/search/detail/?ITMCODE=c1a9r4r8i6a5g7e0w9a9y HTTP/1.1" 200 30037 "-" "Mozilla/5.0 (Windows NT 10.0; Win64; x64) AppleWebKit/537.36 (KHTML, like Gecko) Chrome/145.0.0.0 Safari/537.36 (compatible; meta-externalagent/1.1 (+https://developers.facebook.com/docs/sharing/webmasters/crawler))"
52.167.144.221 - - [24/Sep/2026:04:26:28 +0300] "GET /?sale/search/detail/?ITMCODE=l0i3m6n9o8c3r1y0p2t1e3s HTTP/1.1" 200 30039 "-" "Mozilla/5.0 AppleWebKit/537.36 (KHTML, like Gecko; compatible; bingbot/2.0; +http://www.bing.com/bingbot.htm) Chrome/116.0.1938.76 Safari/537.36"
52.167.144.168 - - [24/Sep/2026:04:26:28 +0300] "GET /?sale/search/detail/?ITMCODE=a7n4i1s1o8m4e8t1r7o7p4ia HTTP/1.1" 200 30040 "-" "Mozilla/5.0 AppleWebKit/537.36 (KHTML, like Gecko; compatible; bingbot/2.0; +http://www.bing.com/bingbot.htm) Chrome/116.0.1938.76 Safari/537.36"
52.167.144.232 - - [24/Sep/2026:04:26:28 +0300] "GET /?sale/search/detail/?ITMCODE=p3h4a4n3t7a0s8m6a8g9ory HTTP/1.1" 200 30039 "-" "Mozilla/5.0 AppleWebKit/537.36 (KHTML, like Gecko; compatible; bingbot/2.0; +http://www.bing.com/bingbot.htm) Chrome/116.0.1938.76 Safari/537.36"
66.249.66.32 - - [24/Sep/2026:04:26:29 +0300] "GET /?sale/search/detail/?ITMCODE=e7m3p9h2y0s6e9m6a470 HTTP/1.1" 200 30036 "-" "Mozilla/5.0 (Linux; Android 6.0.1; Nexus 5X Build/MMB29P) AppleWebKit/537.36 (KHTML, like Gecko) Chrome/153.0.8010.52 Mobile Safari/537.36 (compatible; Googlebot/2.1; +http://www.google.com/bot.html)"
52.167.144.232 - - [24/Sep/2026:04:26:29 +0300] "GET /?sale/search/detail/?ITMCODE=q0u2i1n4d6e0c4e4m3v7i0ri HTTP/1.1" 200 30040 "-" "Mozilla/5.0 AppleWebKit/537.36 (KHTML, like Gecko; compatible; bingbot/2.0; +http://www.bing.com/bingbot.htm) Chrome/116.0.1938.76 Safari/537.36"
52.167.144.232 - - [24/Sep/2026:04:26:30 +0300] "GET /?sale/search/detail/?ITMCODE=c2o2l3b0e8r2t3i4n8e58 HTTP/1.1" 200 30037 "-" "Mozilla/5.0 AppleWebKit/537.36 (KHTML, like Gecko; compatible; bingbot/2.0; +http://www.bing.com/bingbot.htm) Chrome/116.0.1938.76 Safari/537.36"
57.141.20.60 - - [24/Sep/2026:04:26:31 +0300] "GET /?sale/search/detail/?ITMCODE=l1o3w8e1r3y653754 HTTP/1.1" 200 30035 "-" "Mozilla/5.0 (Macintosh; Intel Mac OS X 10_15_7) AppleWebKit/537.36 (KHTML, like Gecko) Chrome/145.0.0.0 Safari/537.36 (compatible; meta-externalagent/1.1 (+https://developers.facebook.com/docs/sharing/webmasters/crawler))"
66.249.66.32 - - [24/Sep/2026:04:26:34 +0300] "GET /?sale/search/detail/?ITMCODE=m5o3l4a9r5y026013 HTTP/1.1" 200 30033 "-" "Mozilla/5.0 (Linux; Android 6.0.1; Nexus 5X Build/MMB29P) AppleWebKit/537.36 (KHTML, like Gecko) Chrome/153.0.8010.52 Mobile Safari/537.36 (compatible; Googlebot/2.1; +http://www.google.com/bot.html)"
57.141.20.33 - - [24/Sep/2026:04:26:35 +0300] "GET /?sale/search/detail/?ITMCODE=i1n7e8q7u9i1v1a8l5v2ular HTTP/1.1" 200 30040 "-" "Mozilla/5.0 (X11; Linux x86_64) AppleWebKit/537.36 (KHTML, like Gecko) Chrome/145.0.0.0 Safari/537.36 (compatible; meta-externalagent/1.1 (+https://developers.facebook.com/docs/sharing/webmasters/crawler))"
52.167.144.221 - - [24/Sep/2026:04:26:38 +0300] "GET /?sale/search/detail/?ITMCODE=i6n3c8r5e1d0i4b5l7y89 HTTP/1.1" 200 30037 "-" "Mozilla/5.0 AppleWebKit/537.36 (KHTML, like Gecko; compatible; bingbot/2.0; +http://www.bing.com/bingbot.htm) Chrome/116.0.1938.76 Safari/537.36"
52.167.144.221 - - [24/Sep/2026:04:26:38 +0300] "GET /?sale/search/detail/?ITMCODE=e5r1e5c2t2n4e0s1s493 HTTP/1.1" 200 30035 "-" "Mozilla/5.0 AppleWebKit/537.36 (KHTML, like Gecko; compatible; bingbot/2.0; +http://www.bing.com/bingbot.htm) Chrome/116.0.1938.76 Safari/537.36"
52.167.144.221 - - [24/Sep/2026:04:26:39 +0300] "GET /?sale/search/detail/?ITMCODE=c5o2n4n4o9i8s2s5e5u4r HTTP/1.1" 200 30037 "-" "Mozilla/5.0 AppleWebKit/537.36 (KHTML, like Gecko; compatible; bingbot/2.0; +http://www.bing.com/bingbot.htm) Chrome/116.0.1938.76 Safari/537.36"
52.167.144.221 - - [24/Sep/2026:04:26:40 +0300] "GET /?sale/search/detail/?ITMCODE=a4n3t8h1r9o7p9o8i8d4e9s HTTP/1.1" 200 30038 "-" "Mozilla/5.0 AppleWebKit/537.36 (KHTML, like Gecko; compatible; bingbot/2.0; +http://www.bing.com/bingbot.htm) Chrome/116.0.1938.76 Safari/537.36"
66.249.66.32 - - [24/Sep/2026:04:26:41 +0300] "GET /?sale/search/detail/?ITMCODE=a6l6v2e5a4r8i9e5s33 HTTP/1.1" 200 30035 "-" "Mozilla/5.0 (Linux; Android 6.0.1; Nexus 5X Build/MMB29P) AppleWebKit/537.36 (KHTML, like Gecko) Chrome/153.0.8010.52 Mobile Safari/537.36 (compatible; Googlebot/2.1; +http://www.google.com/bot.html)"
52.167.144.168 - - [24/Sep/2026:04:26:42 +0300] "GET /?sale/search/detail/?ITMCODE=c6o1n7d0e3m7n7a1b0l2e3 HTTP/1.1" 200 30038 "-" "Mozilla/5.0 AppleWebKit/537.36 (KHTML, like Gecko; compatible; bingbot/2.0; +http://www.bing.com/bingbot.htm) Chrome/116.0.1938.76 Safari/537.36"
52.167.144.168 - - [24/Sep/2026:04:26:43 +0300] "GET /?sale/search/detail/?ITMCODE=u1n9a5n6i1m0o6u5s62 HTTP/1.1" 200 30035 "-" "Mozilla/5.0 AppleWebKit/537.36 (KHTML, like Gecko; compatible; bingbot/2.0; +http://www.bing.com/bingbot.htm) Chrome/116.0.1938.76 Safari/537.36"
52.167.144.168 - - [24/Sep/2026:04:26:44 +0300] "GET /?sale/search/detail/?ITMCODE=g2e7o4p4h6y2s2i4c1s2 HTTP/1.1" 200 30036 "-" "Mozilla/5.0 AppleWebKit/537.36 (KHTML, like Gecko; compatible; bingbot/2.0; +http://www.bing.com/bingbot.htm) Chrome/116.0.1938.76 Safari/537.36"
52.167.144.168 - - [24/Sep/2026:04:26:44 +0300] "GET /?sale/search/detail/?ITMCODE=p2e2t0r3o8l4e1u6r HTTP/1.1" 200 30033 "-" "Mozilla/5.0 AppleWebKit/537.36 (KHTML, like Gecko; compatible; bingbot/2.0; +http://www.bing.com/bingbot.htm) Chrome/116.0.1938.76 Safari/537.36"
52.167.144.168 - - [24/Sep/2026:04:26:45 +0300] "GET /?sale/search/detail/?ITMCODE=a0s6p7e0r9s6o4r3i7a3 HTTP/1.1" 200 30035 "-" "Mozilla/5.0 AppleWebKit/537.36 (KHTML, like Gecko; compatible; bingbot/2.0; +http://www.bing.com/bingbot.htm) Chrome/116.0.1938.76 Safari/537.36"
66.249.66.32 - - [24/Sep/2026:04:26:46 +0300] "GET /?sale/search/detail/?ITMCODE=v5u1l6v6i9f4o6r3m905 HTTP/1.1" 200 30037 "-" "Mozilla/5.0 (Linux; Android 6.0.1; Nexus 5X Build/MMB29P) AppleWebKit/537.36 (KHTML, like Gecko) Chrome/153.0.8010.52 Mobile Safari/537.36 (compatible; Googlebot/2.1; +http://www.google.com/bot.html)"
52.167.144.168 - - [24/Sep/2026:04:26:46 +0300] "GET /?sale/search/detail/?ITMCODE=a0n3t2i5p0a2r7a6l7l1e6l HTTP/1.1" 200 30037 "-" "Mozilla/5.0 AppleWebKit/537.36 (KHTML, like Gecko; compatible; bingbot/2.0; +http://www.bing.com/bingbot.htm) Chrome/116.0.1938.76 Safari/537.36"
52.167.144.232 - - [24/Sep/2026:04:26:46 +0300] "GET /?sale/search/detail/?ITMCODE=e4l3e7m5e7n7t8a8l0l5y9 HTTP/1.1" 200 30038 "-" "Mozilla/5.0 AppleWebKit/537.36 (KHTML, like Gecko; compatible; bingbot/2.0; +http://www.bing.com/bingbot.htm) Chrome/116.0.1938.76 Safari/537.36"
52.167.144.232 - - [24/Sep/2026:04:26:49 +0300] "GET /?sale/search/detail/?ITMCODE=r2e3e2x2a1m7i2n0a1b6le HTTP/1.1" 200 30037 "-" "Mozilla/5.0 AppleWebKit/537.36 (KHTML, like Gecko; compatible; bingbot/2.0; +http://www.bing.com/bingbot.htm) Chrome/116.0.1938.76 Safari/537.36"
52.167.144.232 - - [24/Sep/2026:04:26:50 +0300] "GET /?sale/search/detail/?ITMCODE=n1u3d5i4f5l6o0r9a496 HTTP/1.1" 200 30035 "-" "Mozilla/5.0 AppleWebKit/537.36 (KHTML, like Gecko; compatible; bingbot/2.0; +http://www.bing.com/bingbot.htm) Chrome/116.0.1938.76 Safari/537.36"
52.167.144.232 - - [24/Sep/2026:04:26:51 +0300] "GET /?sale/search/detail/?ITMCODE=i3m3p9a8i0r7i0n0g793 HTTP/1.1" 200 30036 "-" "Mozilla/5.0 AppleWebKit/537.36 (KHTML, like Gecko; compatible; bingbot/2.0; +http://www.bing.com/bingbot.htm) Chrome/116.0.1938.76 Safari/537.36"
66.249.66.32 - - [24/Sep/2026:04:26:51 +0300] "GET /?sale/search/detail/?ITMCODE=d5e2c5o7r4a3t9i8n5g21 HTTP/1.1" 200 30037 "-" "Mozilla/5.0 (Linux; Android 6.0.1; Nexus 5X Build/MMB29P) AppleWebKit/537.36 (KHTML, like Gecko) Chrome/153.0.8010.52 Mobile Safari/537.36 (compatible; Googlebot/2.1; +http://www.google.com/bot.html)"
52.167.144.232 - - [24/Sep/2026:04:26:52 +0300] "GET /?sale/search/detail/?ITMCODE=p0s7y8c8h3o1g5r4a8p3hy HTTP/1.1" 200 30039 "-" "Mozilla/5.0 AppleWebKit/537.36 (KHTML, like Gecko; compatible; bingbot/2.0; +http://www.bing.com/bingbot.htm) Chrome/116.0.1938.76 Safari/537.36"
52.167.144.232 - - [24/Sep/2026:04:26:52 +0300] "GET /?sale/search/detail/?ITMCODE=c1r1o4c7o6d0i7l9i4t1y3 HTTP/1.1" 200 30038 "-" "Mozilla/5.0 AppleWebKit/537.36 (KHTML, like Gecko; compatible; bingbot/2.0; +http://www.bing.com/bingbot.htm) Chrome/116.0.1938.76 Safari/537.36"
52.167.144.232 - - [24/Sep/2026:04:26:55 +0300] "GET /?sale/search/detail/?ITMCODE=d8o2c3t6o4r5s8h8i8p8 HTTP/1.1" 200 30037 "-" "Mozilla/5.0 AppleWebKit/537.36 (KHTML, like Gecko; compatible; bingbot/2.0; +http://www.bing.com/bingbot.htm) Chrome/116.0.1938.76 Safari/537.36"
66.249.66.32 - - [24/Sep/2026:04:26:55 +0300] "GET /?sale/search/detail/?ITMCODE=l0a1g2o3t2h4r8i1x787 HTTP/1.1" 200 30037 "-" "Mozilla/5.0 (Linux; Android 6.0.1; Nexus 5X Build/MMB29P) AppleWebKit/537.36 (KHTML, like Gecko) Chrome/153.0.8010.52 Mobile Safari/537.36 (compatible; Googlebot/2.1; +http://www.google.com/bot.html)"
52.167.144.232 - - [24/Sep/2026:04:26:56 +0300] "GET /?sale/search/detail/?ITMCODE=d9i3s8t1o1r1t5i2v6e11 HTTP/1.1" 200 30037 "-" "Mozilla/5.0 AppleWebKit/537.36 (KHTML, like Gecko; compatible; bingbot/2.0; +http://www.bing.com/bingbot.htm) Chrome/116.0.1938.76 Safari/537.36"
66.249.66.32 - - [24/Sep/2026:04:26:56 +0300] "GET /?sale/search/detail/?ITMCODE=d2e3c6o7n8s2t7r6u8c2t8 HTTP/1.1" 200 30037 "-" "Mozilla/5.0 (Linux; Android 6.0.1; Nexus 5X Build/MMB29P) AppleWebKit/537.36 (KHTML, like Gecko) Chrome/153.0.8010.52 Mobile Safari/537.36 (compatible; Googlebot/2.1; +http://www.google.com/bot.html)"
52.167.144.232 - - [24/Sep/2026:04:26:57 +0300] "GET /?sale/search/detail/?ITMCODE=p8o1e3t3r0y868967 HTTP/1.1" 200 30035 "-" "Mozilla/5.0 AppleWebKit/537.36 (KHTML, like Gecko; compatible; bingbot/2.0; +http://www.bing.com/bingbot.htm) Chrome/116.0.1938.76 Safari/537.36"
52.167.144.168 - - [24/Sep/2026:04:26:57 +0300] "GET /?sale/search/detail/?ITMCODE=p5o1p0e2l9o0t8e6997 HTTP/1.1" 200 30035 "-" "Mozilla/5.0 AppleWebKit/537.36 (KHTML, like Gecko; compatible; bingbot/2.0; +http://www.bing.com/bingbot.htm) Chrome/116.0.1938.76 Safari/537.36"
57.141.20.52 - - [24/Sep/2026:04:26:57 +0300] "GET /?sale/search/detail/?ITMCODE=c7o2a1c7t9i0v8i4t6y59 HTTP/1.1" 200 30038 "-" "Mozilla/5.0 (Macintosh; Intel Mac OS X 10_15_7) AppleWebKit/537.36 (KHTML, like Gecko) Chrome/145.0.0.0 Safari/537.36 (compatible; meta-externalagent/1.1 (+https://developers.facebook.com/docs/sharing/webmasters/crawler))"
52.167.144.221 - - [24/Sep/2026:04:26:58 +0300] "GET /?sale/search/detail/?ITMCODE=a1s4t0r4o7p6h5y9t2o3n HTTP/1.1" 200 30037 "-" "Mozilla/5.0 AppleWebKit/537.36 (KHTML, like Gecko; compatible; bingbot/2.0; +http://www.bing.com/bingbot.htm) Chrome/116.0.1938.76 Safari/537.36"
66.249.66.32 - - [24/Sep/2026:04:27:01 +0300] "GET /?sale/search/detail/?ITMCODE=c3l1a6m0y2d1o1s1p3o3r9e HTTP/1.1" 200 30037 "-" "Mozilla/5.0 (Linux; Android 6.0.1; Nexus 5X Build/MMB29P) AppleWebKit/537.36 (KHTML, like Gecko) Chrome/153.0.8010.52 Mobile Safari/537.36 (compatible; Googlebot/2.1; +http://www.google.com/bot.html)"
66.249.66.34 - - [24/Sep/2026:04:27:03 +0300] "GET /?sale/search/detail/?ITMCODE=a3p1o1c0y7n2i5n0284 HTTP/1.1" 200 30036 "-" "Mozilla/5.0 (Linux; Android 6.0.1; Nexus 5X Build/MMB29P) AppleWebKit/537.36 (KHTML, like Gecko) Chrome/153.0.8010.52 Mobile Safari/537.36 (compatible; Googlebot/2.1; +http://www.google.com/bot.html)"
66.249.66.33 - - [24/Sep/2026:04:27:06 +0300] "GET /?sale/search/detail/?ITMCODE=p2e3n6u2r4i2o2u7s8l7y6 HTTP/1.1" 200 30038 "-" "Mozilla/5.0 (Linux; Android 6.0.1; Nexus 5X Build/MMB29P) AppleWebKit/537.36 (KHTML, like Gecko) Chrome/153.0.8010.52 Mobile Safari/537.36 (compatible; Googlebot/2.1; +http://www.google.com/bot.html)"
52.167.144.221 - - [24/Sep/2026:04:27:07 +0300] "GET /?sale/search/detail/?ITMCODE=i6n1d4i8s1p8u0t0a2b5l4eness HTTP/1.1" 200 30042 "-" "Mozilla/5.0 AppleWebKit/537.36 (KHTML, like Gecko; compatible; bingbot/2.0; +http://www.bing.com/bingbot.htm) Chrome/116.0.1938.76 Safari/537.36"
52.167.144.221 - - [24/Sep/2026:04:27:08 +0300] "GET /?sale/search/detail/?ITMCODE=c2o2n1g6i8u7s46724 HTTP/1.1" 200 30034 "-" "Mozilla/5.0 AppleWebKit/537.36 (KHTML, like Gecko; compatible; bingbot/2.0; +http://www.bing.com/bingbot.htm) Chrome/116.0.1938.76 Safari/537.36"
66.249.66.33 - - [24/Sep/2026:04:27:09 +0300] "GET /?sale/search/detail/?ITMCODE=a1r1g7i8l4l7a0c3e8a37 HTTP/1.1" 200 30038 "-" "Mozilla/5.0 (Linux; Android 6.0.1; Nexus 5X Build/MMB29P) AppleWebKit/537.36 (KHTML, like Gecko) Chrome/153.0.8010.52 Mobile Safari/537.36 (compatible; Googlebot/2.1; +http://www.google.com/bot.html)"
66.249.66.32 - - [24/Sep/2026:04:27:11 +0300] "GET /wp-content/themes/dt-the7/lib/custom-scrollbar/custom-scrollbar.min.js?ver=9.14.1 HTTP/1.1" 200 5190 "https://princessmare.com.gr/?sale/search/detail/?ITMCODE=p0a2m5p1a4870512" "Mozilla/5.0 (Linux; Android 6.0.1; Nexus 5X Build/MMB29P) AppleWebKit/537.36 (KHTML, like Gecko) Chrome/153.0.8010.52 Mobile Safari/537.36 (compatible; Googlebot/2.1; +http://www.google.com/bot.html)"
66.249.66.32 - - [24/Sep/2026:04:27:10 +0300] "GET /?sale/search/detail/?ITMCODE=i9n5t2r3o7s0p9e8c2t5ive HTTP/1.1" 200 30038 "-" "Mozilla/5.0 (Linux; Android 6.0.1; Nexus 5X Build/MMB29P) AppleWebKit/537.36 (KHTML, like Gecko) Chrome/153.0.8010.52 Mobile Safari/537.36 (compatible; Googlebot/2.1; +http://www.google.com/bot.html)"
57.141.20.72 - - [24/Sep/2026:04:27:11 +0300] "GET /?sale/search/detail/?ITMCODE=a1n2t3h9r0o2p2i0t4h5e3cus HTTP/1.1" 200 30040 "-" "Mozilla/5.0 (Windows NT 10.0; Win64; x64) AppleWebKit/537.36 (KHTML, like Gecko) Chrome/145.0.0.0 Safari/537.36 (compatible; meta-externalagent/1.1 (+https://developers.facebook.com/docs/sharing/webmasters/crawler))"
66.249.66.32 - - [24/Sep/2026:04:27:11 +0300] "GET /wp-content/themes/dt-the7/lib/custom-scrollbar/custom-scrollbar.min.js?ver=9.14.1 HTTP/1.1" 200 11395 "https://princessmare.com.gr/?sale/search/detail/?ITMCODE=p0a2m5p1a4870512" "Mozilla/5.0 (Linux; Android 6.0.1; Nexus 5X Build/MMB29P) AppleWebKit/537.36 (KHTML, like Gecko) Chrome/153.0.8010.52 Mobile Safari/537.36 (compatible; Googlebot/2.1; +http://www.google.com/bot.html)"
52.167.144.168 - - [24/Sep/2026:04:27:12 +0300] "GET /?sale/search/detail/?ITMCODE=c1h2a3p4l6a8i3n3s0h1i0p HTTP/1.1" 200 30039 "-" "Mozilla/5.0 AppleWebKit/537.36 (KHTML, like Gecko; compatible; bingbot/2.0; +http://www.bing.com/bingbot.htm) Chrome/116.0.1938.76 Safari/537.36"
66.249.66.32 - - [24/Sep/2026:04:27:13 +0300] "GET /?sale/search/detail/?ITMCODE=d6u4l2c6i4f6l3u0o5u0s HTTP/1.1" 200 30037 "-" "Mozilla/5.0 (Linux; Android 6.0.1; Nexus 5X Build/MMB29P) AppleWebKit/537.36 (KHTML, like Gecko) Chrome/153.0.8010.52 Mobile Safari/537.36 (compatible; Googlebot/2.1; +http://www.google.com/bot.html)"
52.167.144.168 - - [24/Sep/2026:04:27:13 +0300] "GET /?sale/search/detail/?ITMCODE=t1a3n6t9a6l2u8s1s043 HTTP/1.1" 200 30036 "-" "Mozilla/5.0 AppleWebKit/537.36 (KHTML, like Gecko; compatible; bingbot/2.0; +http://www.bing.com/bingbot.htm) Chrome/116.0.1938.76 Safari/537.36"
66.249.66.32 - - [24/Sep/2026:04:27:14 +0300] "GET /wp-includes/js/jquery/jquery-migrate.min.js?ver=3.4.1 HTTP/1.1" 200 5163 "https://princessmare.com.gr/?sale/search/detail/?ITMCODE=p4o7l9i2t6i8c9i8a5n2" "Mozilla/5.0 (Linux; Android 6.0.1; Nexus 5X Build/MMB29P) AppleWebKit/537.36 (KHTML, like Gecko) Chrome/153.0.8010.52 Mobile Safari/537.36 (compatible; Googlebot/2.1; +http://www.google.com/bot.html)"
52.167.144.168 - - [24/Sep/2026:04:27:14 +0300] "GET /?sale/search/detail/?ITMCODE=a8u2t1o9c6h5r0o0n7o9g6raph HTTP/1.1" 200 30041 "-" "Mozilla/5.0 AppleWebKit/537.36 (KHTML, like Gecko; compatible; bingbot/2.0; +http://www.bing.com/bingbot.htm) Chrome/116.0.1938.76 Safari/537.36"
52.167.144.168 - - [24/Sep/2026:04:27:14 +0300] "GET /?sale/search/detail/?ITMCODE=c2h4i4l9d3l0e1s6s4n8ess HTTP/1.1" 200 30039 "-" "Mozilla/5.0 AppleWebKit/537.36 (KHTML, like Gecko; compatible; bingbot/2.0; +http://www.bing.com/bingbot.htm) Chrome/116.0.1938.76 Safari/537.36"
66.249.66.32 - - [24/Sep/2026:04:27:14 +0300] "GET /wp-includes/js/jquery/jquery-migrate.min.js?ver=3.4.1 HTTP/1.1" 200 4690 "https://princessmare.com.gr/?sale/search/detail/?ITMCODE=p4o7l9i2t6i8c9i8a5n2" "Mozilla/5.0 (Linux; Android 6.0.1; Nexus 5X Build/MMB29P) AppleWebKit/537.36 (KHTML, like Gecko) Chrome/153.0.8010.52 Mobile Safari/537.36 (compatible; Googlebot/2.1; +http://www.google.com/bot.html)"
66.249.66.32 - - [24/Sep/2026:04:27:15 +0300] "GET /?sale/search/detail/?ITMCODE=y9a3f2f8l0e9r92813 HTTP/1.1" 200 30034 "-" "Mozilla/5.0 (Linux; Android 6.0.1; Nexus 5X Build/MMB29P) AppleWebKit/537.36 (KHTML, like Gecko) Chrome/153.0.8010.52 Mobile Safari/537.36 (compatible; Googlebot/2.1; +http://www.google.com/bot.html)"
52.167.144.168 - - [24/Sep/2026:04:27:15 +0300] "GET /?sale/search/detail/?ITMCODE=d5i1s5s1w9e8e6t6e2n52 HTTP/1.1" 200 30037 "-" "Mozilla/5.0 AppleWebKit/537.36 (KHTML, like Gecko; compatible; bingbot/2.0; +http://www.bing.com/bingbot.htm) Chrome/116.0.1938.76 Safari/537.36"
52.167.144.168 - - [24/Sep/2026:04:27:16 +0300] "GET /?sale/search/detail/?ITMCODE=p3e1a0r8s9h8a4p0e3d48 HTTP/1.1" 200 30038 "-" "Mozilla/5.0 AppleWebKit/537.36 (KHTML, like Gecko; compatible; bingbot/2.0; +http://www.bing.com/bingbot.htm) Chrome/116.0.1938.76 Safari/537.36"
66.249.66.32 - - [24/Sep/2026:04:27:17 +0300] "GET /?sale/search/detail/?ITMCODE=a3d3d2u0c5i8n9g1332 HTTP/1.1" 200 30035 "-" "Mozilla/5.0 (Linux; Android 6.0.1; Nexus 5X Build/MMB29P) AppleWebKit/537.36 (KHTML, like Gecko) Chrome/153.0.8010.52 Mobile Safari/537.36 (compatible; Googlebot/2.1; +http://www.google.com/bot.html)"
52.167.144.168 - - [24/Sep/2026:04:27:17 +0300] "GET /?sale/search/detail/?ITMCODE=f8l3a8m3e8c0o7l4o6r7ed HTTP/1.1" 200 30037 "-" "Mozilla/5.0 AppleWebKit/537.36 (KHTML, like Gecko; compatible; bingbot/2.0; +http://www.bing.com/bingbot.htm) Chrome/116.0.1938.76 Safari/537.36"
52.167.144.221 - - [24/Sep/2026:04:27:17 +0300] "GET /?sale/search/detail/?ITMCODE=h0e1a4r6t6s0e5a2s3e42 HTTP/1.1" 200 30037 "-" "Mozilla/5.0 AppleWebKit/537.36 (KHTML, like Gecko; compatible; bingbot/2.0; +http://www.bing.com/bingbot.htm) Chrome/116.0.1938.76 Safari/537.36"
52.167.144.168 - - [24/Sep/2026:04:27:17 +0300] "GET /?sale/search/detail/?ITMCODE=e4v4a1p3o1r3a8t3e8d84 HTTP/1.1" 200 30037 "-" "Mozilla/5.0 AppleWebKit/537.36 (KHTML, like Gecko; compatible; bingbot/2.0; +http://www.bing.com/bingbot.htm) Chrome/116.0.1938.76 Safari/537.36"
52.167.144.168 - - [24/Sep/2026:04:27:18 +0300] "GET /?sale/search/detail/?ITMCODE=w9e2i7r3d3801739 HTTP/1.1" 200 30034 "-" "Mozilla/5.0 AppleWebKit/537.36 (KHTML, like Gecko; compatible; bingbot/2.0; +http://www.bing.com/bingbot.htm) Chrome/116.0.1938.76 Safari/537.36"
57.141.20.33 - - [24/Sep/2026:04:27:18 +0300] "GET /?sale/search/detail/?ITMCODE=i1c1h9t6h9y9o0m9o9r0p1hic HTTP/1.1" 200 30041 "-" "Mozilla/5.0 (Windows NT 10.0; Win64; x64) AppleWebKit/537.36 (KHTML, like Gecko) Chrome/145.0.0.0 Safari/537.36 (compatible; meta-externalagent/1.1 (+https://developers.facebook.com/docs/sharing/webmasters/crawler))"
66.249.66.32 - - [24/Sep/2026:04:27:20 +0300] "GET /?sale/search/detail/?ITMCODE=h9y2d1r6o1m5a2n9t1i3c0 HTTP/1.1" 200 30038 "-" "Mozilla/5.0 (Linux; Android 6.0.1; Nexus 5X Build/MMB29P) AppleWebKit/537.36 (KHTML, like Gecko) Chrome/153.0.8010.52 Mobile Safari/537.36 (compatible; Googlebot/2.1; +http://www.google.com/bot.html)"
66.249.66.32 - - [24/Sep/2026:04:27:20 +0300] "GET /shopdetail/role/204011784 HTTP/1.1" 404 60888 "-" "Mozilla/5.0 (Linux; Android 6.0.1; Nexus 5X Build/MMB29P) AppleWebKit/537.36 (KHTML, like Gecko) Chrome/153.0.8010.52 Mobile Safari/537.36 (compatible; Googlebot/2.1; +http://www.google.com/bot.html)"
52.167.144.232 - - [24/Sep/2026:04:27:20 +0300] "GET /?sale/search/detail/?ITMCODE=s1t1r0a6i5g6h0t4343 HTTP/1.1" 200 30036 "-" "Mozilla/5.0 AppleWebKit/537.36 (KHTML, like Gecko; compatible; bingbot/2.0; +http://www.bing.com/bingbot.htm) Chrome/116.0.1938.76 Safari/537.36"
52.167.144.232 - - [24/Sep/2026:04:27:21 +0300] "GET /?sale/search/detail/?ITMCODE=l1y3c2h0n0o3s7c5o7p5e6 HTTP/1.1" 200 30038 "-" "Mozilla/5.0 AppleWebKit/537.36 (KHTML, like Gecko; compatible; bingbot/2.0; +http://www.bing.com/bingbot.htm) Chrome/116.0.1938.76 Safari/537.36"
52.167.144.232 - - [24/Sep/2026:04:27:22 +0300] "GET /?sale/search/detail/?ITMCODE=a4l1g1e6b7r6a1i5s0t41 HTTP/1.1" 200 30037 "-" "Mozilla/5.0 AppleWebKit/537.36 (KHTML, like Gecko; compatible; bingbot/2.0; +http://www.bing.com/bingbot.htm) Chrome/116.0.1938.76 Safari/537.36"
52.167.144.232 - - [24/Sep/2026:04:27:23 +0300] "GET /?sale/search/detail/?ITMCODE=i0n1s3t3a8n6t7l8y138 HTTP/1.1" 200 30037 "-" "Mozilla/5.0 AppleWebKit/537.36 (KHTML, like Gecko; compatible; bingbot/2.0; +http://www.bing.com/bingbot.htm) Chrome/116.0.1938.76 Safari/537.36"
52.167.144.232 - - [24/Sep/2026:04:27:24 +0300] "GET /?sale/search/detail/?ITMCODE=r5a2d4i8c3a5t0i2o7n8 HTTP/1.1" 200 30037 "-" "Mozilla/5.0 AppleWebKit/537.36 (KHTML, like Gecko; compatible; bingbot/2.0; +http://www.bing.com/bingbot.htm) Chrome/116.0.1938.76 Safari/537.36"
66.249.66.32 - - [24/Sep/2026:04:27:24 +0300] "GET /?sale/search/detail/?ITMCODE=s8u1p0e0r1s0u8l0p9h0u2rize HTTP/1.1" 200 30040 "-" "Mozilla/5.0 (Linux; Android 6.0.1; Nexus 5X Build/MMB29P) AppleWebKit/537.36 (KHTML, like Gecko) Chrome/153.0.8010.52 Mobile Safari/537.36 (compatible; Googlebot/2.1; +http://www.google.com/bot.html)"
52.167.144.232 - - [24/Sep/2026:04:27:26 +0300] "GET /?sale/search/detail/?ITMCODE=a5n2t9i0t8h7e7s1i6s00 HTTP/1.1" 200 30036 "-" "Mozilla/5.0 AppleWebKit/537.36 (KHTML, like Gecko; compatible; bingbot/2.0; +http://www.bing.com/bingbot.htm) Chrome/116.0.1938.76 Safari/537.36"
66.249.66.32 - - [24/Sep/2026:04:27:28 +0300] "GET /?sale/search/detail/?ITMCODE=c8h1e6l9i1f2e6r8o0u7s6 HTTP/1.1" 200 30038 "-" "Mozilla/5.0 (Linux; Android 6.0.1; Nexus 5X Build/MMB29P) AppleWebKit/537.36 (KHTML, like Gecko) Chrome/153.0.8010.52 Mobile Safari/537.36 (compatible; Googlebot/2.1; +http://www.google.com/bot.html)"
