66.249.66.32 - - [24/Sep/2026:04:33:18 +0300] "GET /wp-content/plugins/Ultimate_VC_Addons/assets/min-js/ultimate-params.min.js?ver=3.19.10 HTTP/1.1" 200 5194 "https://princessmare.com.gr/?sale/search/detail/?ITMCODE=r9e3v8e1r9e0n1t5l1y06" "Mozilla/5.0 (Linux; Android 6.0.1; Nexus 5X Build/MMB29P) AppleWebKit/537.36 (KHTML, like Gecko) Chrome/153.0.8010.52 Mobile Safari/537.36 (compatible; Googlebot/2.1; +http://www.google.com/bot.html)"
66.249.66.32 - - [24/Sep/2026:04:33:18 +0300] "GET /wp-content/themes/dt-the7/js/main.min.js?ver=9.14.1 HTTP/1.1" 200 5160 "https://princessmare.com.gr/?sale/search/detail/?ITMCODE=r9e3v8e1r9e0n1t5l1y06" "Mozilla/5.0 (Linux; Android 6.0.1; Nexus 5X Build/MMB29P) AppleWebKit/537.36 (KHTML, like Gecko) Chrome/153.0.8010.52 Mobile Safari/537.36 (compatible; Googlebot/2.1; +http://www.google.com/bot.html)"
52.167.144.221 - - [24/Sep/2026:04:33:18 +0300] "GET /?sale/search/detail/?ITMCODE=r6e2v2e2r8e8r38545 HTTP/1.1" 200 30035 "-" "Mozilla/5.0 AppleWebKit/537.36 (KHTML, like Gecko; compatible; bingbot/2.0; +http://www.bing.com/bingbot.htm) Chrome/116.0.1938.76 Safari/537.36"
52.167.144.182 - - [24/Sep/2026:04:33:18 +0300] "GET /?sale/search/detail/?ITMCODE=m7e3t8a8m5o6r4p7h5o4s2ing HTTP/1.1" 200 30040 "-" "Mozilla/5.0 AppleWebKit/537.36 (KHTML, like Gecko; compatible; bingbot/2.0; +http://www.bing.com/bingbot.htm) Chrome/116.0.1938.76 Safari/537.36"
66.249.66.32 - - [24/Sep/2026:04:33:18 +0300] "GET /wp-content/plugins/Ultimate_VC_Addons/assets/min-js/ultimate-params.min.js?ver=3.19.10 HTTP/1.1" 200 467 "https://princessmare.com.gr/?sale/search/detail/?ITMCODE=r9e3v8e1r9e0n1t5l1y06" "Mozilla/5.0 (Linux; Android 6.0.1; Nexus 5X Build/MMB29P) AppleWebKit/537.36 (KHTML, like Gecko) Chrome/153.0.8010.52 Mobile Safari/537.36 (compatible; Googlebot/2.1; +http://www.google.com/bot.html)"
66.249.66.32 - - [24/Sep/2026:04:33:18 +0300] "GET /wp-content/themes/dt-the7/js/main.min.js?ver=9.14.1 HTTP/1.1" 200 77429 "https://princessmare.com.gr/?sale/search/detail/?ITMCODE=r9e3v8e1r9e0n1t5l1y06" "Mozilla/5.0 (Linux; Android 6.0.1; Nexus 5X Build/MMB29P) AppleWebKit/537.36 (KHTML, like Gecko) Chrome/153.0.8010.52 Mobile Safari/537.36 (compatible; Googlebot/2.1; +http://www.google.com/bot.html)"
66.249.66.32 - - [24/Sep/2026:04:33:19 +0300] "GET /wp-content/plugins/Ultimate_VC_Addons/assets/min-js/ultimate_bg.min.js?ver=3.19.10 HTTP/1.1" 200 8670 "https://princessmare.com.gr/?sale/search/detail/?ITMCODE=r9e3v8e1r9e0n1t5l1y06" "Mozilla/5.0 (Linux; Android 6.0.1; Nexus 5X Build/MMB29P) AppleWebKit/537.36 (KHTML, like Gecko) Chrome/153.0.8010.52 Mobile Safari/537.36 (compatible; Googlebot/2.1; +http://www.google.com/bot.html)"
66.249.66.32 - - [24/Sep/2026:04:33:19 +0300] "GET /wp-content/plugins/Ultimate_VC_Addons/assets/min-js/ultimate_bg.min.js?ver=3.19.10 HTTP/1.1" 200 5190 "https://princessmare.com.gr/?sale/search/detail/?ITMCODE=r9e3v8e1r9e0n1t5l1y06" "Mozilla/5.0 (Linux; Android 6.0.1; Nexus 5X Build/MMB29P) AppleWebKit/537.36 (KHTML, like Gecko) Chrome/153.0.8010.52 Mobile Safari/537.36 (compatible; Googlebot/2.1; +http://www.google.com/bot.html)"
52.167.144.182 - - [24/Sep/2026:04:33:19 +0300] "GET /?sale/search/detail/?ITMCODE=e1s4q0u5i7m0a3u1x373 HTTP/1.1" 200 30037 "-" "Mozilla/5.0 AppleWebKit/537.36 (KHTML, like Gecko; compatible; bingbot/2.0; +http://www.bing.com/bingbot.htm) Chrome/116.0.1938.76 Safari/537.36"
66.249.66.76 - - [24/Sep/2026:04:33:19 +0300] "GET /?sale/search/detail/?ITMCODE=m3o1n3o2g6y2n3i6a680 HTTP/1.1" 301 5192 "-" "Mozilla/5.0 (Linux; Android 6.0.1; Nexus 5X Build/MMB29P) AppleWebKit/537.36 (KHTML, like Gecko) Chrome/153.0.8010.52 Mobile Safari/537.36 (compatible; Googlebot/2.1; +http://www.google.com/bot.html)"
66.249.66.32 - - [24/Sep/2026:04:33:20 +0300] "GET /?sale/search/detail/?ITMCODE=b9u3l2l1d0o3g51975 HTTP/1.1" 200 30034 "-" "Mozilla/5.0 (Linux; Android 6.0.1; Nexus 5X Build/MMB29P) AppleWebKit/537.36 (KHTML, like Gecko) Chrome/153.0.8010.52 Mobile Safari/537.36 (compatible; Googlebot/2.1; +http://www.google.com/bot.html)"
52.167.144.182 - - [24/Sep/2026:04:33:20 +0300] "GET /?sale/search/detail/?ITMCODE=f8u3c0o7i0d3a0l4326 HTTP/1.1" 200 30035 "-" "Mozilla/5.0 AppleWebKit/537.36 (KHTML, like Gecko; compatible; bingbot/2.0; +http://www.bing.com/bingbot.htm) Chrome/116.0.1938.76 Safari/537.36"
52.167.144.182 - - [24/Sep/2026:04:33:21 +0300] "GET /?sale/search/detail/?ITMCODE=a3l2t0u2s8741767 HTTP/1.1" 200 30033 "-" "Mozilla/5.0 AppleWebKit/537.36 (KHTML, like Gecko; compatible; bingbot/2.0; +http://www.bing.com/bingbot.htm) Chrome/116.0.1938.76 Safari/537.36"
66.249.66.32 - - [24/Sep/2026:04:33:21 +0300] "GET /?sale/search/detail/?ITMCODE=p6a2l9g5r9a9v8e252 HTTP/1.1" 200 30034 "-" "Mozilla/5.0 (Linux; Android 6.0.1; Nexus 5X Build/MMB29P) AppleWebKit/537.36 (KHTML, like Gecko) Chrome/153.0.8010.52 Mobile Safari/537.36 (compatible; Googlebot/2.1; +http://www.google.com/bot.html)"
52.167.144.182 - - [24/Sep/2026:04:33:21 +0300] "GET /?sale/search/detail/?ITMCODE=p1o7r2t7h2o7r8s084 HTTP/1.1" 200 30034 "-" "Mozilla/5.0 AppleWebKit/537.36 (KHTML, like Gecko; compatible; bingbot/2.0; +http://www.bing.com/bingbot.htm) Chrome/116.0.1938.76 Safari/537.36"
52.167.144.182 - - [24/Sep/2026:04:33:22 +0300] "GET /?sale/search/detail/?ITMCODE=q1u2e2a1s9y815647 HTTP/1.1" 200 30035 "-" "Mozilla/5.0 AppleWebKit/537.36 (KHTML, like Gecko; compatible; bingbot/2.0; +http://www.bing.com/bingbot.htm) Chrome/116.0.1938.76 Safari/537.36"
52.167.144.182 - - [24/Sep/2026:04:33:23 +0300] "GET /?sale/search/detail/?ITMCODE=d9i1d5e2l9p0h6o8u1s15 HTTP/1.1" 200 30037 "-" "Mozilla/5.0 AppleWebKit/537.36 (KHTML, like Gecko; compatible; bingbot/2.0; +http://www.bing.com/bingbot.htm) Chrome/116.0.1938.76 Safari/537.36"
57.141.20.37 - - [24/Sep/2026:04:33:23 +0300] "GET /?sale/search/detail/?ITMCODE=d1e4c2o5r3a9t3e6d895 HTTP/1.1" 200 30036 "-" "Mozilla/5.0 (Windows NT 10.0; Win64; x64) AppleWebKit/537.36 (KHTML, like Gecko) Chrome/145.0.0.0 Safari/537.36 (compatible; meta-externalagent/1.1 (+https://developers.facebook.com/docs/sharing/webmasters/crawler))"
52.167.144.182 - - [24/Sep/2026:04:33:24 +0300] "GET /?sale/search/detail/?ITMCODE=g4o1m2m3a5943046 HTTP/1.1" 200 30033 "-" "Mozilla/5.0 AppleWebKit/537.36 (KHTML, like Gecko; compatible; bingbot/2.0; +http://www.bing.com/bingbot.htm) Chrome/116.0.1938.76 Safari/537.36"
52.167.144.182 - - [24/Sep/2026:04:33:25 +0300] "GET /?sale/search/detail/?ITMCODE=c1e4b2u2a0n8o85857 HTTP/1.1" 200 30035 "-" "Mozilla/5.0 AppleWebKit/537.36 (KHTML, like Gecko; compatible; bingbot/2.0; +http://www.bing.com/bingbot.htm) Chrome/116.0.1938.76 Safari/537.36"
52.167.144.182 - - [24/Sep/2026:04:33:26 +0300] "GET /?sale/search/detail/?ITMCODE=e0n2c7e5p1h6a5l9o0n95 HTTP/1.1" 200 30038 "-" "Mozilla/5.0 AppleWebKit/537.36 (KHTML, like Gecko; compatible; bingbot/2.0; +http://www.bing.com/bingbot.htm) Chrome/116.0.1938.76 Safari/537.36"
52.167.144.182 - - [24/Sep/2026:04:33:27 +0300] "GET /?sale/search/detail/?ITMCODE=r1u4n0i9n4212248 HTTP/1.1" 200 30034 "-" "Mozilla/5.0 AppleWebKit/537.36 (KHTML, like Gecko; compatible; bingbot/2.0; +http://www.bing.com/bingbot.htm) Chrome/116.0.1938.76 Safari/537.36"
66.249.66.32 - - [24/Sep/2026:04:33:28 +0300] "GET /?sale/search/detail/?ITMCODE=i0n3v8i0n1c8i5b5l0e8n7ess HTTP/1.1" 200 30040 "-" "Mozilla/5.0 (Linux; Android 6.0.1; Nexus 5X Build/MMB29P) AppleWebKit/537.36 (KHTML, like Gecko) Chrome/153.0.8010.52 Mobile Safari/537.36 (compatible; Googlebot/2.1; +http://www.google.com/bot.html)"
52.167.144.182 - - [24/Sep/2026:04:33:28 +0300] "GET /?sale/search/detail/?ITMCODE=h1y1p3o3p2h8o9s8p0h9o3rous HTTP/1.1" 200 30041 "-" "Mozilla/5.0 AppleWebKit/537.36 (KHTML, like Gecko; compatible; bingbot/2.0; +http://www.bing.com/bingbot.htm) Chrome/116.0.1938.76 Safari/537.36"
52.167.144.157 - - [24/Sep/2026:04:33:29 +0300] "GET /?sale/search/detail/?ITMCODE=h2o3t6b3l0o8o9d7e4d70 HTTP/1.1" 200 30037 "-" "Mozilla/5.0 AppleWebKit/537.36 (KHTML, like Gecko; compatible; bingbot/2.0; +http://www.bing.com/bingbot.htm) Chrome/116.0.1938.76 Safari/537.36"
52.167.144.157 - - [24/Sep/2026:04:33:30 +0300] "GET /?sale/search/detail/?ITMCODE=o2p3i5s5t4h7o2p0u7l7m8onate HTTP/1.1" 200 30041 "-" "Mozilla/5.0 AppleWebKit/537.36 (KHTML, like Gecko; compatible; bingbot/2.0; +http://www.bing.com/bingbot.htm) Chrome/116.0.1938.76 Safari/537.36"
52.167.144.157 - - [24/Sep/2026:04:33:31 +0300] "GET /?sale/search/detail/?ITMCODE=u0n3b7e5k4n9o0w7n344 HTTP/1.1" 200 30037 "-" "Mozilla/5.0 AppleWebKit/537.36 (KHTML, like Gecko; compatible; bingbot/2.0; +http://www.bing.com/bingbot.htm) Chrome/116.0.1938.76 Safari/537.36"
52.167.144.157 - - [24/Sep/2026:04:33:32 +0300] "GET /?sale/search/detail/?ITMCODE=c7o2n9s1i8g9n7i1f9y87 HTTP/1.1" 200 30038 "-" "Mozilla/5.0 AppleWebKit/537.36 (KHTML, like Gecko; compatible; bingbot/2.0; +http://www.bing.com/bingbot.htm) Chrome/116.0.1938.76 Safari/537.36"
52.167.144.157 - - [24/Sep/2026:04:33:33 +0300] "GET /?sale/search/detail/?ITMCODE=t1a8r2s2e6c2t5o6m1y1 HTTP/1.1" 200 30036 "-" "Mozilla/5.0 AppleWebKit/537.36 (KHTML, like Gecko; compatible; bingbot/2.0; +http://www.bing.com/bingbot.htm) Chrome/116.0.1938.76 Safari/537.36"
52.167.144.157 - - [24/Sep/2026:04:33:34 +0300] "GET /?sale/search/detail/?ITMCODE=q6u2i4n1q8u1e6n2n9a0l4ia HTTP/1.1" 200 30040 "-" "Mozilla/5.0 AppleWebKit/537.36 (KHTML, like Gecko; compatible; bingbot/2.0; +http://www.bing.com/bingbot.htm) Chrome/116.0.1938.76 Safari/537.36"
52.167.144.157 - - [24/Sep/2026:04:33:34 +0300] "GET /?sale/search/detail/?ITMCODE=h7u6b9b4u3b2763 HTTP/1.1" 200 30033 "-" "Mozilla/5.0 AppleWebKit/537.36 (KHTML, like Gecko; compatible; bingbot/2.0; +http://www.bing.com/bingbot.htm) Chrome/116.0.1938.76 Safari/537.36"
52.167.144.157 - - [24/Sep/2026:04:33:35 +0300] "GET /?sale/search/detail/?ITMCODE=d6o4a1n6d1827462 HTTP/1.1" 200 30032 "-" "Mozilla/5.0 AppleWebKit/537.36 (KHTML, like Gecko; compatible; bingbot/2.0; +http://www.bing.com/bingbot.htm) Chrome/116.0.1938.76 Safari/537.36"
52.167.144.157 - - [24/Sep/2026:04:33:36 +0300] "GET /?sale/search/detail/?ITMCODE=w2a4l1k1y7r329054 HTTP/1.1" 200 30033 "-" "Mozilla/5.0 AppleWebKit/537.36 (KHTML, like Gecko; compatible; bingbot/2.0; +http://www.bing.com/bingbot.htm) Chrome/116.0.1938.76 Safari/537.36"
66.249.66.32 - - [24/Sep/2026:04:33:38 +0300] "GET /?sale/search/detail/?ITMCODE=g8n3o8m0o3l2o9g9y053 HTTP/1.1" 200 30037 "-" "Mozilla/5.0 (Linux; Android 6.0.1; Nexus 5X Build/MMB29P) AppleWebKit/537.36 (KHTML, like Gecko) Chrome/153.0.8010.52 Mobile Safari/537.36 (compatible; Googlebot/2.1; +http://www.google.com/bot.html)"
52.167.144.157 - - [24/Sep/2026:04:33:38 +0300] "GET /?sale/search/detail/?ITMCODE=d7e9s2p9i3s7a5b7l7e0 HTTP/1.1" 200 30036 "-" "Mozilla/5.0 AppleWebKit/537.36 (KHTML, like Gecko; compatible; bingbot/2.0; +http://www.bing.com/bingbot.htm) Chrome/116.0.1938.76 Safari/537.36"
66.249.66.32 - - [24/Sep/2026:04:33:39 +0300] "GET /wp-content/themes/dt-the7/js/main.min.js?ver=9.14.1 HTTP/1.1" 200 5160 "https://princessmare.com.gr/?sale/search/detail/?ITMCODE=v3a2l9e6r6a5m3i0d5e43" "Mozilla/5.0 (Linux; Android 6.0.1; Nexus 5X Build/MMB29P) AppleWebKit/537.36 (KHTML, like Gecko) Chrome/153.0.8010.52 Mobile Safari/537.36 (compatible; Googlebot/2.1; +http://www.google.com/bot.html)"
52.167.144.157 - - [24/Sep/2026:04:33:39 +0300] "GET /?sale/search/detail/?ITMCODE=b8l8o7w8z0e35061 HTTP/1.1" 200 30033 "-" "Mozilla/5.0 AppleWebKit/537.36 (KHTML, like Gecko; compatible; bingbot/2.0; +http://www.bing.com/bingbot.htm) Chrome/116.0.1938.76 Safari/537.36"
66.249.66.32 - - [24/Sep/2026:04:33:39 +0300] "GET /wp-content/themes/dt-the7/js/main.min.js?ver=9.14.1 HTTP/1.1" 200 77429 "https://princessmare.com.gr/?sale/search/detail/?ITMCODE=v3a2l9e6r6a5m3i0d5e43" "Mozilla/5.0 (Linux; Android 6.0.1; Nexus 5X Build/MMB29P) AppleWebKit/537.36 (KHTML, like Gecko) Chrome/153.0.8010.52 Mobile Safari/537.36 (compatible; Googlebot/2.1; +http://www.google.com/bot.html)"
66.249.66.32 - - [24/Sep/2026:04:33:40 +0300] "GET /?sale/search/detail/?ITMCODE=e0n3c3u9m8b3e7r1i6n4g6 HTTP/1.1" 200 30039 "-" "Mozilla/5.0 (Linux; Android 6.0.1; Nexus 5X Build/MMB29P) AppleWebKit/537.36 (KHTML, like Gecko) Chrome/153.0.8010.52 Mobile Safari/537.36 (compatible; Googlebot/2.1; +http://www.google.com/bot.html)"
66.249.66.32 - - [24/Sep/2026:04:33:42 +0300] "GET /?sale/search/detail/?ITMCODE=d0i4s1s3o4c5i3a8t0i3v3e HTTP/1.1" 200 30039 "-" "Mozilla/5.0 (Linux; Android 6.0.1; Nexus 5X Build/MMB29P) AppleWebKit/537.36 (KHTML, like Gecko) Chrome/153.0.8010.52 Mobile Safari/537.36 (compatible; Googlebot/2.1; +http://www.google.com/bot.html)"
66.249.66.32 - - [24/Sep/2026:04:33:43 +0300] "GET /shopdetail/yesterday/010000836 HTTP/1.1" 404 60888 "-" "Mozilla/5.0 (Linux; Android 6.0.1; Nexus 5X Build/MMB29P) AppleWebKit/537.36 (KHTML, like Gecko) Chrome/153.0.8010.52 Mobile Safari/537.36 (compatible; Googlebot/2.1; +http://www.google.com/bot.html)"
66.249.66.32 - - [24/Sep/2026:04:33:44 +0300] "GET /?sale/search/detail/?ITMCODE=b9a2t8t4e4r485235 HTTP/1.1" 200 30035 "-" "Mozilla/5.0 (Linux; Android 6.0.1; Nexus 5X Build/MMB29P) AppleWebKit/537.36 (KHTML, like Gecko) Chrome/153.0.8010.52 Mobile Safari/537.36 (compatible; Googlebot/2.1; +http://www.google.com/bot.html)"
66.249.66.32 - - [24/Sep/2026:04:33:46 +0300] "GET /?sale/search/detail/?ITMCODE=o7r1c7h4e3s2t0r1a9l74 HTTP/1.1" 200 30037 "-" "Mozilla/5.0 (Linux; Android 6.0.1; Nexus 5X Build/MMB29P) AppleWebKit/537.36 (KHTML, like Gecko) Chrome/153.0.8010.52 Mobile Safari/537.36 (compatible; Googlebot/2.1; +http://www.google.com/bot.html)"
57.141.20.29 - - [24/Sep/2026:04:33:47 +0300] "GET /?sale/search/detail/?ITMCODE=g1e3m5i7n5a8l19375 HTTP/1.1" 200 30034 "-" "Mozilla/5.0 (X11; Linux x86_64) AppleWebKit/537.36 (KHTML, like Gecko) Chrome/145.0.0.0 Safari/537.36 (compatible; meta-externalagent/1.1 (+https://developers.facebook.com/docs/sharing/webmasters/crawler))"
52.167.144.221 - - [24/Sep/2026:04:33:48 +0300] "GET /?sale/search/detail/?ITMCODE=a3i1r9d0r2o1m4e4391 HTTP/1.1" 200 30035 "-" "Mozilla/5.0 AppleWebKit/537.36 (KHTML, like Gecko; compatible; bingbot/2.0; +http://www.bing.com/bingbot.htm) Chrome/116.0.1938.76 Safari/537.36"
52.167.144.221 - - [24/Sep/2026:04:33:49 +0300] "GET /?sale/search/detail/?ITMCODE=c4o1n5t0e1m9p2l5a2t5i4veness HTTP/1.1" 200 30041 "-" "Mozilla/5.0 AppleWebKit/537.36 (KHTML, like Gecko; compatible; bingbot/2.0; +http://www.bing.com/bingbot.htm) Chrome/116.0.1938.76 Safari/537.36"
52.167.144.221 - - [24/Sep/2026:04:33:50 +0300] "GET /?sale/search/detail/?ITMCODE=y5a2n6k7e5e2d1o8o8d9l6e HTTP/1.1" 200 30039 "-" "Mozilla/5.0 AppleWebKit/537.36 (KHTML, like Gecko; compatible; bingbot/2.0; +http://www.bing.com/bingbot.htm) Chrome/116.0.1938.76 Safari/537.36"
52.167.144.221 - - [24/Sep/2026:04:33:51 +0300] "GET /?sale/search/detail/?ITMCODE=t8i3m5e5k4e4e9p6e6r26 HTTP/1.1" 200 30038 "-" "Mozilla/5.0 AppleWebKit/537.36 (KHTML, like Gecko; compatible; bingbot/2.0; +http://www.bing.com/bingbot.htm) Chrome/116.0.1938.76 Safari/537.36"
52.167.144.221 - - [24/Sep/2026:04:33:52 +0300] "GET /?sale/search/detail/?ITMCODE=e0p1i6s7t1l4e58059 HTTP/1.1" 200 30034 "-" "Mozilla/5.0 AppleWebKit/537.36 (KHTML, like Gecko; compatible; bingbot/2.0; +http://www.bing.com/bingbot.htm) Chrome/116.0.1938.76 Safari/537.36"
52.167.144.221 - - [24/Sep/2026:04:33:53 +0300] "GET /?sale/search/detail/?ITMCODE=c0i1c9u5t6a2r8i8u8m28 HTTP/1.1" 200 30038 "-" "Mozilla/5.0 AppleWebKit/537.36 (KHTML, like Gecko; compatible; bingbot/2.0; +http://www.bing.com/bingbot.htm) Chrome/116.0.1938.76 Safari/537.36"
66.249.66.32 - - [24/Sep/2026:04:33:54 +0300] "GET /?sale/search/detail/?ITMCODE=c2o3w4b5l0a9k2e1s395 HTTP/1.1" 200 30036 "-" "Mozilla/5.0 (Linux; Android 6.0.1; Nexus 5X Build/MMB29P) AppleWebKit/537.36 (KHTML, like Gecko) Chrome/153.0.8010.52 Mobile Safari/537.36 (compatible; Googlebot/2.1; +http://www.google.com/bot.html)"
52.167.144.221 - - [24/Sep/2026:04:33:54 +0300] "GET /?sale/search/detail/?ITMCODE=t6o2w8n7l2e1s5s5083 HTTP/1.1" 200 30035 "-" "Mozilla/5.0 AppleWebKit/537.36 (KHTML, like Gecko; compatible; bingbot/2.0; +http://www.bing.com/bingbot.htm) Chrome/116.0.1938.76 Safari/537.36"
52.167.144.221 - - [24/Sep/2026:04:33:55 +0300] "GET /?sale/search/detail/?ITMCODE=s1u9b3l5e9a8s2e667 HTTP/1.1" 200 30034 "-" "Mozilla/5.0 AppleWebKit/537.36 (KHTML, like Gecko; compatible; bingbot/2.0; +http://www.bing.com/bingbot.htm) Chrome/116.0.1938.76 Safari/537.36"
66.249.66.32 - - [24/Sep/2026:04:33:55 +0300] "GET /?sale/search/detail/?ITMCODE=o4p4h2i8o9c7a6r7y3o5n1 HTTP/1.1" 200 30038 "-" "Mozilla/5.0 (Linux; Android 6.0.1; Nexus 5X Build/MMB29P) AppleWebKit/537.36 (KHTML, like Gecko) Chrome/153.0.8010.52 Mobile Safari/537.36 (compatible; Googlebot/2.1; +http://www.google.com/bot.html)"
52.167.144.221 - - [24/Sep/2026:04:33:55 +0300] "GET /?sale/search/detail/?ITMCODE=b5e2n7e0f3i7c6e9l5e4s6s HTTP/1.1" 200 30038 "-" "Mozilla/5.0 AppleWebKit/537.36 (KHTML, like Gecko; compatible; bingbot/2.0; +http://www.bing.com/bingbot.htm) Chrome/116.0.1938.76 Safari/537.36"
52.167.144.221 - - [24/Sep/2026:04:33:56 +0300] "GET /?sale/search/detail/?ITMCODE=p1r2o6f8a0n6e4l7y66 HTTP/1.1" 200 30035 "-" "Mozilla/5.0 AppleWebKit/537.36 (KHTML, like Gecko; compatible; bingbot/2.0; +http://www.bing.com/bingbot.htm) Chrome/116.0.1938.76 Safari/537.36"
52.167.144.221 - - [24/Sep/2026:04:33:57 +0300] "GET /?sale/search/detail/?ITMCODE=o3r2g9a9n0o819584 HTTP/1.1" 200 30034 "-" "Mozilla/5.0 AppleWebKit/537.36 (KHTML, like Gecko; compatible; bingbot/2.0; +http://www.bing.com/bingbot.htm) Chrome/116.0.1938.76 Safari/537.36"
52.167.144.221 - - [24/Sep/2026:04:33:58 +0300] "GET /?sale/search/detail/?ITMCODE=t3r2i0g1r3a7m98818 HTTP/1.1" 200 30034 "-" "Mozilla/5.0 AppleWebKit/537.36 (KHTML, like Gecko; compatible; bingbot/2.0; +http://www.bing.com/bingbot.htm) Chrome/116.0.1938.76 Safari/537.36"
52.167.144.221 - - [24/Sep/2026:04:33:59 +0300] "GET /?sale/search/detail/?ITMCODE=p1u3r6s6h3i2a2n9a221 HTTP/1.1" 200 30036 "-" "Mozilla/5.0 AppleWebKit/537.36 (KHTML, like Gecko; compatible; bingbot/2.0; +http://www.bing.com/bingbot.htm) Chrome/116.0.1938.76 Safari/537.36"
52.167.144.221 - - [24/Sep/2026:04:34:00 +0300] "GET /?sale/search/detail/?ITMCODE=v1i6t3e7l9l9u8s227 HTTP/1.1" 200 30035 "-" "Mozilla/5.0 AppleWebKit/537.36 (KHTML, like Gecko; compatible; bingbot/2.0; +http://www.bing.com/bingbot.htm) Chrome/116.0.1938.76 Safari/537.36"
82.88.156.129 - - [24/Sep/2026:04:34:00 +0300] "GET /wp-login.php HTTP/1.1" 200 8970 "-" "Mozilla/5.0 (Windows NT 10.0; Win64; x64) AppleWebKit/537.36 (KHTML, like Gecko) Chrome/152.0.0.0 Safari/537.36"
82.88.156.129 - - [24/Sep/2026:04:34:01 +0300] "POST /wp-login.php HTTP/1.1" 200 9096 "https://princessmare.com.gr/wp-login.php" "Mozilla/5.0 (Windows NT 10.0; Win64; x64) AppleWebKit/537.36 (KHTML, like Gecko) Chrome/152.0.0.0 Safari/537.36"
52.167.144.221 - - [24/Sep/2026:04:34:01 +0300] "GET /?sale/search/detail/?ITMCODE=n4i1t2r5o7s6a5c7c0h1a1rin HTTP/1.1" 200 30040 "-" "Mozilla/5.0 AppleWebKit/537.36 (KHTML, like Gecko; compatible; bingbot/2.0; +http://www.bing.com/bingbot.htm) Chrome/116.0.1938.76 Safari/537.36"
66.249.66.34 - - [24/Sep/2026:04:34:02 +0300] "GET /?sale/search/detail/?ITMCODE=q9u3i4n8d4e7c2a4g0o8n3 HTTP/1.1" 200 30039 "-" "Mozilla/5.0 (Linux; Android 6.0.1; Nexus 5X Build/MMB29P) AppleWebKit/537.36 (KHTML, like Gecko) Chrome/153.0.8010.52 Mobile Safari/537.36 (compatible; Googlebot/2.1; +http://www.google.com/bot.html)"
52.167.144.221 - - [24/Sep/2026:04:34:02 +0300] "GET /?sale/search/detail/?ITMCODE=a9t3a3l5a6n8t9a5193 HTTP/1.1" 200 30035 "-" "Mozilla/5.0 AppleWebKit/537.36 (KHTML, like Gecko; compatible; bingbot/2.0; +http://www.bing.com/bingbot.htm) Chrome/116.0.1938.76 Safari/537.36"
66.249.66.33 - - [24/Sep/2026:04:34:05 +0300] "GET /?sale/search/detail/?ITMCODE=s4a5c5h9e3m7d6o8m19 HTTP/1.1" 200 30036 "-" "Mozilla/5.0 (Linux; Android 6.0.1; Nexus 5X Build/MMB29P) AppleWebKit/537.36 (KHTML, like Gecko) Chrome/153.0.8010.52 Mobile Safari/537.36 (compatible; Googlebot/2.1; +http://www.google.com/bot.html)"
52.167.144.182 - - [24/Sep/2026:04:34:08 +0300] "GET /?sale/search/detail/?ITMCODE=i7l4l1u1m5i4n5a4n5t62 HTTP/1.1" 200 30036 "-" "Mozilla/5.0 AppleWebKit/537.36 (KHTML, like Gecko; compatible; bingbot/2.0; +http://www.bing.com/bingbot.htm) Chrome/116.0.1938.76 Safari/537.36"
66.249.66.32 - - [24/Sep/2026:04:34:09 +0300] "GET /robots.txt HTTP/1.1" 301 5190 "-" "Mozilla/5.0 (compatible; Googlebot/2.1; +http://www.google.com/bot.html)"
52.167.144.182 - - [24/Sep/2026:04:34:09 +0300] "GET /?sale/search/detail/?ITMCODE=h8e9x0o7s8e64901 HTTP/1.1" 200 30033 "-" "Mozilla/5.0 AppleWebKit/537.36 (KHTML, like Gecko; compatible; bingbot/2.0; +http://www.bing.com/bingbot.htm) Chrome/116.0.1938.76 Safari/537.36"
66.249.66.33 - - [24/Sep/2026:04:34:09 +0300] "GET /?sale/search/detail/?ITMCODE=a6l2l1a3t5r7a1t3e712 HTTP/1.1" 200 30035 "-" "Mozilla/5.0 (Linux; Android 6.0.1; Nexus 5X Build/MMB29P) AppleWebKit/537.36 (KHTML, like Gecko) Chrome/153.0.8010.52 Mobile Safari/537.36 (compatible; Googlebot/2.1; +http://www.google.com/bot.html)"
52.167.144.182 - - [24/Sep/2026:04:34:10 +0300] "GET /?sale/search/detail/?ITMCODE=c4a2p4r7e4o6l7i5n0e11 HTTP/1.1" 200 30037 "-" "Mozilla/5.0 AppleWebKit/537.36 (KHTML, like Gecko; compatible; bingbot/2.0; +http://www.bing.com/bingbot.htm) Chrome/116.0.1938.76 Safari/537.36"
52.167.144.182 - - [24/Sep/2026:04:34:10 +0300] "GET /?sale/search/detail/?ITMCODE=i2r9r8e8c0o9n5c3i4l3able HTTP/1.1" 200 30039 "-" "Mozilla/5.0 AppleWebKit/537.36 (KHTML, like Gecko; compatible; bingbot/2.0; +http://www.bing.com/bingbot.htm) Chrome/116.0.1938.76 Safari/537.36"
52.167.144.182 - - [24/Sep/2026:04:34:11 +0300] "GET /?sale/search/detail/?ITMCODE=l5a3t5e7r6102122 HTTP/1.1" 200 30032 "-" "Mozilla/5.0 AppleWebKit/537.36 (KHTML, like Gecko; compatible; bingbot/2.0; +http://www.bing.com/bingbot.htm) Chrome/116.0.1938.76 Safari/537.36"
52.167.144.182 - - [24/Sep/2026:04:34:12 +0300] "GET /?sale/search/detail/?ITMCODE=q8u2i4e3t7l7y63919 HTTP/1.1" 200 30036 "-" "Mozilla/5.0 AppleWebKit/537.36 (KHTML, like Gecko; compatible; bingbot/2.0; +http://www.bing.com/bingbot.htm) Chrome/116.0.1938.76 Safari/537.36"
57.141.20.72 - - [24/Sep/2026:04:34:13 +0300] "GET /?sale/search/detail/?ITMCODE=c1o5a2p7t3a2t6i9o6n8 HTTP/1.1" 200 30035 "-" "Mozilla/5.0 (Windows NT 10.0; Win64; x64) AppleWebKit/537.36 (KHTML, like Gecko) Chrome/145.0.0.0 Safari/537.36 (compatible; meta-externalagent/1.1 (+https://developers.facebook.com/docs/sharing/webmasters/crawler))"
52.167.144.182 - - [24/Sep/2026:04:34:13 +0300] "GET /?sale/search/detail/?ITMCODE=r7a2b1a6t8i5n2e3356 HTTP/1.1" 200 30036 "-" "Mozilla/5.0 AppleWebKit/537.36 (KHTML, like Gecko; compatible; bingbot/2.0; +http://www.bing.com/bingbot.htm) Chrome/116.0.1938.76 Safari/537.36"
52.167.144.182 - - [24/Sep/2026:04:34:14 +0300] "GET /?sale/search/detail/?ITMCODE=a4s2s2y4r3i0o9l4o2g2y HTTP/1.1" 200 30037 "-" "Mozilla/5.0 AppleWebKit/537.36 (KHTML, like Gecko; compatible; bingbot/2.0; +http://www.bing.com/bingbot.htm) Chrome/116.0.1938.76 Safari/537.36"
52.167.144.221 - - [24/Sep/2026:04:34:16 +0300] "GET /?sale/search/detail/?ITMCODE=w4i1r9e4w6o3u2n9d241 HTTP/1.1" 200 30036 "-" "Mozilla/5.0 AppleWebKit/537.36 (KHTML, like Gecko; compatible; bingbot/2.0; +http://www.bing.com/bingbot.htm) Chrome/116.0.1938.76 Safari/537.36"
52.167.144.221 - - [24/Sep/2026:04:34:18 +0300] "GET /?sale/search/detail/?ITMCODE=l0a3n7i3o6i9d57935 HTTP/1.1" 200 30035 "-" "Mozilla/5.0 AppleWebKit/537.36 (KHTML, like Gecko; compatible; bingbot/2.0; +http://www.bing.com/bingbot.htm) Chrome/116.0.1938.76 Safari/537.36"
52.167.144.221 - - [24/Sep/2026:04:34:18 +0300] "GET /?sale/search/detail/?ITMCODE=m1a3g2n2i0f9i3c0e8n1t8ly HTTP/1.1" 200 30039 "-" "Mozilla/5.0 AppleWebKit/537.36 (KHTML, like Gecko; compatible; bingbot/2.0; +http://www.bing.com/bingbot.htm) Chrome/116.0.1938.76 Safari/537.36"
52.167.144.221 - - [24/Sep/2026:04:34:19 +0300] "GET /?sale/search/detail/?ITMCODE=g5r6a4t4i0f5i0e1d93 HTTP/1.1" 200 30036 "-" "Mozilla/5.0 AppleWebKit/537.36 (KHTML, like Gecko; compatible; bingbot/2.0; +http://www.bing.com/bingbot.htm) Chrome/116.0.1938.76 Safari/537.36"
52.167.144.221 - - [24/Sep/2026:04:34:20 +0300] "GET /?sale/search/detail/?ITMCODE=a7e5s3i8r820915 HTTP/1.1" 200 30031 "-" "Mozilla/5.0 AppleWebKit/537.36 (KHTML, like Gecko; compatible; bingbot/2.0; +http://www.bing.com/bingbot.htm) Chrome/116.0.1938.76 Safari/537.36"
52.167.144.182 - - [24/Sep/2026:04:34:20 +0300] "GET /?sale/search/detail/?ITMCODE=p8s3i7t5t1a7c2u7s972 HTTP/1.1" 200 30035 "-" "Mozilla/5.0 AppleWebKit/537.36 (KHTML, like Gecko; compatible; bingbot/2.0; +http://www.bing.com/bingbot.htm) Chrome/116.0.1938.76 Safari/537.36"
66.249.66.32 - - [24/Sep/2026:04:34:21 +0300] "GET /?sale/search/detail/?ITMCODE=u3r1c3e2o9l3u4s8056 HTTP/1.1" 200 30036 "-" "Mozilla/5.0 (Linux; Android 6.0.1; Nexus 5X Build/MMB29P) AppleWebKit/537.36 (KHTML, like Gecko) Chrome/153.0.8010.52 Mobile Safari/537.36 (compatible; Googlebot/2.1; +http://www.google.com/bot.html)"
52.167.144.182 - - [24/Sep/2026:04:34:21 +0300] "GET /?sale/search/detail/?ITMCODE=a2v2e3n2g9e3d98349 HTTP/1.1" 200 30035 "-" "Mozilla/5.0 AppleWebKit/537.36 (KHTML, like Gecko; compatible; bingbot/2.0; +http://www.bing.com/bingbot.htm) Chrome/116.0.1938.76 Safari/537.36"
52.167.144.182 - - [24/Sep/2026:04:34:22 +0300] "GET /?sale/search/detail/?ITMCODE=a9r2m0i2f5e1r6o7u7s61 HTTP/1.1" 200 30037 "-" "Mozilla/5.0 AppleWebKit/537.36 (KHTML, like Gecko; compatible; bingbot/2.0; +http://www.bing.com/bingbot.htm) Chrome/116.0.1938.76 Safari/537.36"
52.167.144.182 - - [24/Sep/2026:04:34:23 +0300] "GET /?sale/search/detail/?ITMCODE=t2h6i6r9t7e6e0n4t1h1 HTTP/1.1" 200 30036 "-" "Mozilla/5.0 AppleWebKit/537.36 (KHTML, like Gecko; compatible; bingbot/2.0; +http://www.bing.com/bingbot.htm) Chrome/116.0.1938.76 Safari/537.36"
52.167.144.182 - - [24/Sep/2026:04:34:24 +0300] "GET /?sale/search/detail/?ITMCODE=d9a3s9y4u8r3i7n9a7e24 HTTP/1.1" 200 30038 "-" "Mozilla/5.0 AppleWebKit/537.36 (KHTML, like Gecko; compatible; bingbot/2.0; +http://www.bing.com/bingbot.htm) Chrome/116.0.1938.76 Safari/537.36"
66.249.66.32 - - [24/Sep/2026:04:34:25 +0300] "GET /?sale/search/detail/?ITMCODE=i2n3t0e6g6r6a4t4i9o3n4 HTTP/1.1" 200 30038 "-" "Mozilla/5.0 (Linux; Android 6.0.1; Nexus 5X Build/MMB29P) AppleWebKit/537.36 (KHTML, like Gecko) Chrome/153.0.8010.52 Mobile Safari/537.36 (compatible; Googlebot/2.1; +http://www.google.com/bot.html)"
66.249.66.32 - - [24/Sep/2026:04:34:25 +0300] "GET /?sale/search/detail/?ITMCODE=d1r3i3v7e9s9h7a8f6t71 HTTP/1.1" 200 30037 "-" "Mozilla/5.0 (Linux; Android 6.0.1; Nexus 5X Build/MMB29P) AppleWebKit/537.36 (KHTML, like Gecko) Chrome/153.0.8010.52 Mobile Safari/537.36 (compatible; Googlebot/2.1; +http://www.google.com/bot.html)"
52.167.144.221 - - [24/Sep/2026:04:34:28 +0300] "GET /?sale/search/detail/?ITMCODE=b8u3t7y2l2a4m9i0n0e71 HTTP/1.1" 200 30037 "-" "Mozilla/5.0 AppleWebKit/537.36 (KHTML, like Gecko; compatible; bingbot/2.0; +http://www.bing.com/bingbot.htm) Chrome/116.0.1938.76 Safari/537.36"
57.141.20.62 - - [24/Sep/2026:04:34:28 +0300] "GET /?sale/search/detail/?ITMCODE=d1a4m1n8a4t8i8o4n873 HTTP/1.1" 200 30037 "-" "Mozilla/5.0 (Windows NT 10.0; Win64; x64) AppleWebKit/537.36 (KHTML, like Gecko) Chrome/145.0.0.0 Safari/537.36 (compatible; meta-externalagent/1.1 (+https://developers.facebook.com/docs/sharing/webmasters/crawler))"
52.167.144.221 - - [24/Sep/2026:04:34:29 +0300] "GET /?sale/search/detail/?ITMCODE=d2e3r1a5i1l1m3e6n1t38 HTTP/1.1" 200 30037 "-" "Mozilla/5.0 AppleWebKit/537.36 (KHTML, like Gecko; compatible; bingbot/2.0; +http://www.bing.com/bingbot.htm) Chrome/116.0.1938.76 Safari/537.36"
52.167.144.221 - - [24/Sep/2026:04:34:29 +0300] "GET /?sale/search/detail/?ITMCODE=a5d8u5l5a6t1o9r773 HTTP/1.1" 200 30035 "-" "Mozilla/5.0 AppleWebKit/537.36 (KHTML, like Gecko; compatible; bingbot/2.0; +http://www.bing.com/bingbot.htm) Chrome/116.0.1938.76 Safari/537.36"
66.249.66.32 - - [24/Sep/2026:04:34:31 +0300] "GET /?sale/search/detail/?ITMCODE=m5y3s5t2e8r3i2o1u6s8ness HTTP/1.1" 200 30039 "-" "Mozilla/5.0 (Linux; Android 6.0.1; Nexus 5X Build/MMB29P) AppleWebKit/537.36 (KHTML, like Gecko) Chrome/153.0.8010.52 Mobile Safari/537.36 (compatible; Googlebot/2.1; +http://www.google.com/bot.html)"
57.141.20.58 - - [24/Sep/2026:04:34:32 +0300] "GET /wp-content/uploads/2021/07/beach.png HTTP/1.1" 200 5143 "-" "Mozilla/5.0 (Windows NT 10.0; Win64; x64) AppleWebKit/537.36 (KHTML, like Gecko) Chrome/145.0.0.0 Safari/537.36 (compatible; meta-externalagent/1.1 (+https://developers.facebook.com/docs/sharing/webmasters/crawler))"
57.141.20.58 - - [24/Sep/2026:04:34:32 +0300] "GET /wp-content/uploads/2021/07/beach.png HTTP/2.0" 200 2001 "-" "Mozilla/5.0 (Windows NT 10.0; Win64; x64) AppleWebKit/537.36 (KHTML, like Gecko) Chrome/145.0.0.0 Safari/537.36 (compatible; meta-externalagent/1.1 (+https://developers.facebook.com/docs/sharing/webmasters/crawler))"
52.167.144.221 - - [24/Sep/2026:04:34:38 +0300] "GET /?sale/search/detail/?ITMCODE=s4p2i8r1i3t0u7a0l4i5s0t HTTP/1.1" 200 30038 "-" "Mozilla/5.0 AppleWebKit/537.36 (KHTML, like Gecko; compatible; bingbot/2.0; +http://www.bing.com/bingbot.htm) Chrome/116.0.1938.76 Safari/537.36"
57.141.0.60 - - [24/Sep/2026:04:34:38 +0300] "GET / HTTP/1.1" 200 29992 "-" "facebookexternalhit/1.1 (+http://www.facebook.com/externalhit_uatext.php)"
52.167.144.221 - - [24/Sep/2026:04:34:39 +0300] "GET /?sale/search/detail/?ITMCODE=b9o4r1b2o1r4y2g8m781 HTTP/1.1" 200 30037 "-" "Mozilla/5.0 AppleWebKit/537.36 (KHTML, like Gecko; compatible; bingbot/2.0; +http://www.bing.com/bingbot.htm) Chrome/116.0.1938.76 Safari/537.36"
57.141.20.45 - - [24/Sep/2026:04:34:40 +0300] "GET /?sale/search/detail/?ITMCODE=e1e6r3i3e876511 HTTP/1.1" 200 30032 "-" "Mozilla/5.0 (Windows NT 10.0; Win64; x64) AppleWebKit/537.36 (KHTML, like Gecko) Chrome/145.0.0.0 Safari/537.36 (compatible; meta-externalagent/1.1 (+https://developers.facebook.com/docs/sharing/webmasters/crawler))"
52.167.144.221 - - [24/Sep/2026:04:34:40 +0300] "GET /?sale/search/detail/?ITMCODE=e0x9p1i5s6c9a4t4e74 HTTP/1.1" 200 30036 "-" "Mozilla/5.0 AppleWebKit/537.36 (KHTML, like Gecko; compatible; bingbot/2.0; +http://www.bing.com/bingbot.htm) Chrome/116.0.1938.76 Safari/537.36"
52.167.144.221 - - [24/Sep/2026:04:34:42 +0300] "GET /?sale/search/detail/?ITMCODE=b0o1r2o5f2l6u5o4r8i5c9 HTTP/1.1" 200 30038 "-" "Mozilla/5.0 AppleWebKit/537.36 (KHTML, like Gecko; compatible; bingbot/2.0; +http://www.bing.com/bingbot.htm) Chrome/136.0.0.0 Safari/537.36 AppleWebKit/537.36 (KHTML, like Gecko; compatible; bingbot/2.0; +http://www.bing.com/bingbot.htm) Chrome/116.0.1938.76 Safari/537.36"
52.167.144.182 - - [24/Sep/2026:04:34:43 +0300] "GET /?sale/search/detail/?ITMCODE=a2g1m1i0n7a9t3e3880 HTTP/1.1" 200 30036 "-" "Mozilla/5.0 AppleWebKit/537.36 (KHTML, like Gecko; compatible; bingbot/2.0; +http://www.bing.com/bingbot.htm) Chrome/116.0.1938.76 Safari/537.36"
52.167.144.182 - - [24/Sep/2026:04:34:43 +0300] "GET /?sale/search/detail/?ITMCODE=s1t5e7n0o7g4r8a6p2h9ic HTTP/1.1" 200 30039 "-" "Mozilla/5.0 AppleWebKit/537.36 (KHTML, like Gecko; compatible; bingbot/2.0; +http://www.bing.com/bingbot.htm) Chrome/116.0.1938.76 Safari/537.36"
66.249.66.32 - - [24/Sep/2026:04:34:46 +0300] "GET /wp-content/themes/dt-the7/lib/custom-scrollbar/custom-scrollbar.min.js?ver=9.14.1 HTTP/1.1" 200 5190 "https://princessmare.com.gr/?sale/search/detail/?ITMCODE=i9o9w7a7s354621" "Mozilla/5.0 (Linux; Android 6.0.1; Nexus 5X Build/MMB29P) AppleWebKit/537.36 (KHTML, like Gecko) Chrome/153.0.8010.52 Mobile Safari/537.36 (compatible; Googlebot/2.1; +http://www.google.com/bot.html)"
52.167.144.182 - - [24/Sep/2026:04:34:45 +0300] "GET /?sale/search/detail/?ITMCODE=u0l3t5r1a7v1i8o8l2e4t4 HTTP/1.1" 200 30037 "-" "Mozilla/5.0 AppleWebKit/537.36 (KHTML, like Gecko; compatible; bingbot/2.0; +http://www.bing.com/bingbot.htm) Chrome/116.0.1938.76 Safari/537.36"
66.249.66.32 - - [24/Sep/2026:04:34:46 +0300] "GET /wp-content/themes/dt-the7/lib/custom-scrollbar/custom-scrollbar.min.js?ver=9.14.1 HTTP/1.1" 200 11395 "https://princessmare.com.gr/?sale/search/detail/?ITMCODE=i9o9w7a7s354621" "Mozilla/5.0 (Linux; Android 6.0.1; Nexus 5X Build/MMB29P) AppleWebKit/537.36 (KHTML, like Gecko) Chrome/153.0.8010.52 Mobile Safari/537.36 (compatible; Googlebot/2.1; +http://www.google.com/bot.html)"
57.141.20.32 - - [24/Sep/2026:04:34:47 +0300] "GET /?sale/search/detail/?ITMCODE=s1c1a3r6p5e3d08870 HTTP/1.1" 200 30034 "-" "Mozilla/5.0 (Windows NT 10.0; Win64; x64) AppleWebKit/537.36 (KHTML, like Gecko) Chrome/145.0.0.0 Safari/537.36 (compatible; meta-externalagent/1.1 (+https://developers.facebook.com/docs/sharing/webmasters/crawler))"
52.167.144.221 - - [24/Sep/2026:04:34:48 +0300] "GET /?sale/search/detail/?ITMCODE=i7n1d1u6l3g6e2n7c6e23 HTTP/1.1" 200 30037 "-" "Mozilla/5.0 AppleWebKit/537.36 (KHTML, like Gecko; compatible; bingbot/2.0; +http://www.bing.com/bingbot.htm) Chrome/116.0.1938.76 Safari/537.36"
66.249.66.32 - - [24/Sep/2026:04:34:49 +0300] "GET /?sale/search/detail/?ITMCODE=a8c1o5n7i4t8e99274 HTTP/1.1" 200 30035 "-" "Mozilla/5.0 (Linux; Android 6.0.1; Nexus 5X Build/MMB29P) AppleWebKit/537.36 (KHTML, like Gecko) Chrome/153.0.8010.52 Mobile Safari/537.36 (compatible; Googlebot/2.1; +http://www.google.com/bot.html)"
52.167.144.221 - - [24/Sep/2026:04:34:49 +0300] "GET /?sale/search/detail/?ITMCODE=b0l1u7n5t7i1s0h6n0e2s9s HTTP/1.1" 200 30039 "-" "Mozilla/5.0 AppleWebKit/537.36 (KHTML, like Gecko; compatible; bingbot/2.0; +http://www.bing.com/bingbot.htm) Chrome/116.0.1938.76 Safari/537.36"
52.167.144.221 - - [24/Sep/2026:04:34:50 +0300] "GET /?sale/search/detail/?ITMCODE=c1e3n2s4u4r8a4b0l5e HTTP/1.1" 200 30035 "-" "Mozilla/5.0 AppleWebKit/537.36 (KHTML, like Gecko; compatible; bingbot/2.0; +http://www.bing.com/bingbot.htm) Chrome/116.0.1938.76 Safari/537.36"
66.249.66.32 - - [24/Sep/2026:04:34:50 +0300] "GET /wp-content/uploads/the7-css/mega-menu.css?ver=a11134ae5739 HTTP/1.1" 200 5147 "https://princessmare.com.gr/?sale/search/detail/?ITMCODE=u3r1c3e2o9l3u4s8056" "Mozilla/5.0 (Linux; Android 6.0.1; Nexus 5X Build/MMB29P) AppleWebKit/537.36 (KHTML, like Gecko) Chrome/153.0.8010.52 Mobile Safari/537.36 (compatible; Googlebot/2.1; +http://www.google.com/bot.html)"
57.141.20.0 - - [24/Sep/2026:04:34:50 +0300] "GET /?sale/search/detail/?ITMCODE=p1l3a9c3e4n1t7a1r3y7 HTTP/1.1" 200 30036 "-" "Mozilla/5.0 (Windows NT 10.0; Win64; x64) AppleWebKit/537.36 (KHTML, like Gecko) Chrome/145.0.0.0 Safari/537.36 (compatible; meta-externalagent/1.1 (+https://developers.facebook.com/docs/sharing/webmasters/crawler))"
66.249.66.32 - - [24/Sep/2026:04:34:50 +0300] "GET /wp-content/uploads/the7-css/mega-menu.css?ver=a11134ae5739 HTTP/1.1" 200 2735 "https://princessmare.com.gr/?sale/search/detail/?ITMCODE=u3r1c3e2o9l3u4s8056" "Mozilla/5.0 (Linux; Android 6.0.1; Nexus 5X Build/MMB29P) AppleWebKit/537.36 (KHTML, like Gecko) Chrome/153.0.8010.52 Mobile Safari/537.36 (compatible; Googlebot/2.1; +http://www.google.com/bot.html)"
66.249.66.32 - - [24/Sep/2026:04:34:52 +0300] "GET /?sale/search/detail/?ITMCODE=i5o3d5o8f1o4r6m3940 HTTP/1.1" 200 30036 "-" "Mozilla/5.0 (Linux; Android 6.0.1; Nexus 5X Build/MMB29P) AppleWebKit/537.36 (KHTML, like Gecko) Chrome/153.0.8010.52 Mobile Safari/537.36 (compatible; Googlebot/2.1; +http://www.google.com/bot.html)"
66.249.66.32 - - [24/Sep/2026:04:34:52 +0300] "GET /?sale/search/detail/?ITMCODE=w2h4o3r9l2e5d5367 HTTP/1.1" 200 30034 "-" "Mozilla/5.0 (Linux; Android 6.0.1; Nexus 5X Build/MMB29P) AppleWebKit/537.36 (KHTML, like Gecko) Chrome/153.0.8010.52 Mobile Safari/537.36 (compatible; Googlebot/2.1; +http://www.google.com/bot.html)"
66.249.66.32 - - [24/Sep/2026:04:34:53 +0300] "GET /?sale/search/detail/?ITMCODE=i8n3d6a4m0a5g1e1929 HTTP/1.1" 200 30034 "-" "Mozilla/5.0 (Linux; Android 6.0.1; Nexus 5X Build/MMB29P) AppleWebKit/537.36 (KHTML, like Gecko) Chrome/153.0.8010.52 Mobile Safari/537.36 (compatible; Googlebot/2.1; +http://www.google.com/bot.html)"
66.249.66.32 - - [24/Sep/2026:04:34:56 +0300] "GET /?sale/search/detail/?ITMCODE=s1y8n1c9o3p6a5t3e8 HTTP/1.1" 200 30035 "-" "Mozilla/5.0 (Linux; Android 6.0.1; Nexus 5X Build/MMB29P) AppleWebKit/537.36 (KHTML, like Gecko) Chrome/153.0.8010.52 Mobile Safari/537.36 (compatible; Googlebot/2.1; +http://www.google.com/bot.html)"
57.141.20.37 - - [24/Sep/2026:04:34:56 +0300] "GET /?sale/search/detail/?ITMCODE=w1h2i6t9e9w0o4o3d286 HTTP/1.1" 200 30037 "-" "Mozilla/5.0 (Windows NT 10.0; Win64; x64) AppleWebKit/537.36 (KHTML, like Gecko) Chrome/145.0.0.0 Safari/537.36 (compatible; meta-externalagent/1.1 (+https://developers.facebook.com/docs/sharing/webmasters/crawler))"
52.167.144.182 - - [24/Sep/2026:04:34:59 +0300] "GET /?sale/search/detail/?ITMCODE=p1r1e8v4e0n0a2n8c9e49 HTTP/1.1" 200 30038 "-" "Mozilla/5.0 AppleWebKit/537.36 (KHTML, like Gecko; compatible; bingbot/2.0; +http://www.bing.com/bingbot.htm) Chrome/116.0.1938.76 Safari/537.36"
52.167.144.182 - - [24/Sep/2026:04:35:00 +0300] "GET /?sale/search/detail/?ITMCODE=m1e7r9r6i3m4e0n7t01 HTTP/1.1" 200 30036 "-" "Mozilla/5.0 AppleWebKit/537.36 (KHTML, like Gecko; compatible; bingbot/2.0; +http://www.bing.com/bingbot.htm) Chrome/116.0.1938.76 Safari/537.36"
52.167.144.182 - - [24/Sep/2026:04:35:00 +0300] "GET /?sale/search/detail/?ITMCODE=d9u9c0k4m6e7a2t943 HTTP/1.1" 200 30035 "-" "Mozilla/5.0 AppleWebKit/537.36 (KHTML, like Gecko; compatible; bingbot/2.0; +http://www.bing.com/bingbot.htm) Chrome/116.0.1938.76 Safari/537.36"
66.249.66.34 - - [24/Sep/2026:04:35:01 +0300] "GET /?sale/search/detail/?ITMCODE=d0i1g3g4a7b9l6e749 HTTP/1.1" 200 30035 "-" "Mozilla/5.0 (Linux; Android 6.0.1; Nexus 5X Build/MMB29P) AppleWebKit/537.36 (KHTML, like Gecko) Chrome/153.0.8010.52 Mobile Safari/537.36 (compatible; Googlebot/2.1; +http://www.google.com/bot.html)"
52.167.144.182 - - [24/Sep/2026:04:35:01 +0300] "GET /?sale/search/detail/?ITMCODE=d4e4s8c0r9i3e7r72 HTTP/1.1" 200 30032 "-" "Mozilla/5.0 AppleWebKit/537.36 (KHTML, like Gecko; compatible; bingbot/2.0; +http://www.bing.com/bingbot.htm) Chrome/116.0.1938.76 Safari/537.36"
52.167.144.182 - - [24/Sep/2026:04:35:02 +0300] "GET /?sale/search/detail/?ITMCODE=e9p2u4r4e8642957 HTTP/1.1" 200 30034 "-" "Mozilla/5.0 AppleWebKit/537.36 (KHTML, like Gecko; compatible; bingbot/2.0; +http://www.bing.com/bingbot.htm) Chrome/116.0.1938.76 Safari/537.36"
66.249.66.33 - - [24/Sep/2026:04:35:03 +0300] "GET /?sale/search/detail/?ITMCODE=m4u2t7i9l9a0t9i7o8n32 HTTP/1.1" 200 30035 "-" "Mozilla/5.0 (Linux; Android 6.0.1; Nexus 5X Build/MMB29P) AppleWebKit/537.36 (KHTML, like Gecko) Chrome/153.0.8010.52 Mobile Safari/537.36 (compatible; Googlebot/2.1; +http://www.google.com/bot.html)"
52.167.144.221 - - [24/Sep/2026:04:35:07 +0300] "GET /?sale/search/detail/?ITMCODE=m2o6u0t3h4w7a3s4h61 HTTP/1.1" 200 30035 "-" "Mozilla/5.0 AppleWebKit/537.36 (KHTML, like Gecko; compatible; bingbot/2.0; +http://www.bing.com/bingbot.htm) Chrome/116.0.1938.76 Safari/537.36"
52.167.144.221 - - [24/Sep/2026:04:35:08 +0300] "GET /?sale/search/detail/?ITMCODE=d5i2s1p9l4a1c9e925 HTTP/1.1" 200 30033 "-" "Mozilla/5.0 AppleWebKit/537.36 (KHTML, like Gecko; compatible; bingbot/2.0; +http://www.bing.com/bingbot.htm) Chrome/116.0.1938.76 Safari/537.36"
52.167.144.182 - - [24/Sep/2026:04:35:09 +0300] "GET /?sale/search/detail/?ITMCODE=o2b2n7o6x1i7o1u3s0l6y1 HTTP/1.1" 200 30038 "-" "Mozilla/5.0 AppleWebKit/537.36 (KHTML, like Gecko; compatible; bingbot/2.0; +http://www.bing.com/bingbot.htm) Chrome/116.0.1938.76 Safari/537.36"
52.167.144.221 - - [24/Sep/2026:04:35:09 +0300] "GET /?sale/search/detail/?ITMCODE=d0o3x9o5l0o5g6i0z0e6 HTTP/1.1" 200 30037 "-" "Mozilla/5.0 AppleWebKit/537.36 (KHTML, like Gecko; compatible; bingbot/2.0; +http://www.bing.com/bingbot.htm) Chrome/116.0.1938.76 Safari/537.36"
52.167.144.221 - - [24/Sep/2026:04:35:10 +0300] "GET /?sale/search/detail/?ITMCODE=i4n2a5m2o4r4a5t7a422 HTTP/1.1" 200 30035 "-" "Mozilla/5.0 AppleWebKit/537.36 (KHTML, like Gecko; compatible; bingbot/2.0; +http://www.bing.com/bingbot.htm) Chrome/116.0.1938.76 Safari/537.36"
52.167.144.221 - - [24/Sep/2026:04:35:11 +0300] "GET /?sale/search/detail/?ITMCODE=w4a3r8m7o1u9t4h749 HTTP/1.1" 200 30035 "-" "Mozilla/5.0 AppleWebKit/537.36 (KHTML, like Gecko; compatible; bingbot/2.0; +http://www.bing.com/bingbot.htm) Chrome/116.0.1938.76 Safari/537.36"
52.167.144.206 - - [24/Sep/2026:04:35:12 +0300] "GET /?sale/search/detail/?ITMCODE=d6o2c7t0r3i8n9a9i8r0e1 HTTP/1.1" 200 30038 "-" "Mozilla/5.0 AppleWebKit/537.36 (KHTML, like Gecko; compatible; bingbot/2.0; +http://www.bing.com/bingbot.htm) Chrome/116.0.1938.76 Safari/537.36"
52.167.144.206 - - [24/Sep/2026:04:35:13 +0300] "GET /?sale/search/detail/?ITMCODE=p7o3l7y8v5a5l9e9n8t07 HTTP/1.1" 200 30037 "-" "Mozilla/5.0 AppleWebKit/537.36 (KHTML, like Gecko; compatible; bingbot/2.0; +http://www.bing.com/bingbot.htm) Chrome/116.0.1938.76 Safari/537.36"
66.249.66.32 - - [24/Sep/2026:04:35:14 +0300] "GET /robots.txt HTTP/1.1" 301 5190 "-" "Mozilla/5.0 (compatible; Googlebot/2.1; +http://www.google.com/bot.html)"
66.249.66.33 - - [24/Sep/2026:04:35:14 +0300] "GET /?sale/search/detail/?ITMCODE=a4c2t3u4a3l7i7s4t506 HTTP/1.1" 200 30037 "-" "Mozilla/5.0 (Linux; Android 6.0.1; Nexus 5X Build/MMB29P) AppleWebKit/537.36 (KHTML, like Gecko) Chrome/153.0.8010.52 Mobile Safari/537.36 (compatible; Googlebot/2.1; +http://www.google.com/bot.html)"
66.249.66.32 - - [24/Sep/2026:04:35:15 +0300] "GET /?sale/search/detail/?ITMCODE=g6r2i6a7s8724136 HTTP/1.1" 200 30032 "-" "Mozilla/5.0 (Linux; Android 6.0.1; Nexus 5X Build/MMB29P) AppleWebKit/537.36 (KHTML, like Gecko) Chrome/153.0.8010.52 Mobile Safari/537.36 (compatible; Googlebot/2.1; +http://www.google.com/bot.html)"
57.141.20.75 - - [24/Sep/2026:04:35:15 +0300] "GET /?sale/search/detail/?ITMCODE=g5l4a5n6d9u5l9o0s8e1 HTTP/1.1" 200 30036 "-" "Mozilla/5.0 (Windows NT 10.0; Win64; x64) AppleWebKit/537.36 (KHTML, like Gecko) Chrome/145.0.0.0 Safari/537.36 (compatible; meta-externalagent/1.1 (+https://developers.facebook.com/docs/sharing/webmasters/crawler))"
66.249.66.32 - - [24/Sep/2026:04:35:16 +0300] "GET /?sale/search/detail/?ITMCODE=b3e2g8a3n555512 HTTP/1.1" 200 30031 "-" "Mozilla/5.0 (Linux; Android 6.0.1; Nexus 5X Build/MMB29P) AppleWebKit/537.36 (KHTML, like Gecko) Chrome/153.0.8010.52 Mobile Safari/537.36 (compatible; Googlebot/2.1; +http://www.google.com/bot.html)"
52.167.144.182 - - [24/Sep/2026:04:35:18 +0300] "GET /?sale/search/detail/?ITMCODE=q0u2a6d0r0i7f3i2d98 HTTP/1.1" 200 30036 "-" "Mozilla/5.0 AppleWebKit/537.36 (KHTML, like Gecko; compatible; bingbot/2.0; +http://www.bing.com/bingbot.htm) Chrome/116.0.1938.76 Safari/537.36"
52.167.144.182 - - [24/Sep/2026:04:35:19 +0300] "GET /?sale/search/detail/?ITMCODE=t2r4e2a5d4f6o7w6l581 HTTP/1.1" 200 30037 "-" "Mozilla/5.0 AppleWebKit/537.36 (KHTML, like Gecko; compatible; bingbot/2.0; +http://www.bing.com/bingbot.htm) Chrome/116.0.1938.76 Safari/537.36"
66.249.66.32 - - [24/Sep/2026:04:35:21 +0300] "GET /?sale/search/detail/?ITMCODE=n8i8t4r9o3c8a2r7b5o5l HTTP/1.1" 200 30037 "-" "Mozilla/5.0 (Linux; Android 6.0.1; Nexus 5X Build/MMB29P) AppleWebKit/537.36 (KHTML, like Gecko) Chrome/153.0.8010.52 Mobile Safari/537.36 (compatible; Googlebot/2.1; +http://www.google.com/bot.html)"
66.249.66.32 - - [24/Sep/2026:04:35:22 +0300] "GET /?sale/search/detail/?ITMCODE=d4e1p0r3a7v7a1t5i7o2n7 HTTP/1.1" 200 30038 "-" "Mozilla/5.0 (Linux; Android 6.0.1; Nexus 5X Build/MMB29P) AppleWebKit/537.36 (KHTML, like Gecko) Chrome/153.0.8010.52 Mobile Safari/537.36 (compatible; Googlebot/2.1; +http://www.google.com/bot.html)"
66.249.66.32 - - [24/Sep/2026:04:35:22 +0300] "GET /?sale/search/detail/?ITMCODE=c5o1r8r3e7s1p0o7n1d6i5ngly HTTP/1.1" 200 30042 "-" "Mozilla/5.0 (Linux; Android 6.0.1; Nexus 5X Build/MMB29P) AppleWebKit/537.36 (KHTML, like Gecko) Chrome/153.0.8010.52 Mobile Safari/537.36 (compatible; Googlebot/2.1; +http://www.google.com/bot.html)"
57.141.20.2 - - [24/Sep/2026:04:35:23 +0300] "GET /?sale/search/detail/?ITMCODE=m1e3t8t8l3e731137 HTTP/1.1" 200 30034 "-" "Mozilla/5.0 (Macintosh; Intel Mac OS X 10_15_7) AppleWebKit/537.36 (KHTML, like Gecko) Chrome/145.0.0.0 Safari/537.36 (compatible; meta-externalagent/1.1 (+https://developers.facebook.com/docs/sharing/webmasters/crawler))"
66.249.66.32 - - [24/Sep/2026:04:35:23 +0300] "GET /?sale/search/detail/?ITMCODE=b8a5r9r3e7l0e1d852 HTTP/1.1" 200 30035 "-" "Mozilla/5.0 (Linux; Android 6.0.1; Nexus 5X Build/MMB29P) AppleWebKit/537.36 (KHTML, like Gecko) Chrome/153.0.8010.52 Mobile Safari/537.36 (compatible; Googlebot/2.1; +http://www.google.com/bot.html)"
66.249.66.32 - - [24/Sep/2026:04:35:26 +0300] "GET /?sale/search/detail/?ITMCODE=e7s2q4u7e3232675 HTTP/1.1" 200 30033 "-" "Mozilla/5.0 (Linux; Android 6.0.1; Nexus 5X Build/MMB29P) AppleWebKit/537.36 (KHTML, like Gecko) Chrome/153.0.8010.52 Mobile Safari/537.36 (compatible; Googlebot/2.1; +http://www.google.com/bot.html)"
52.167.144.206 - - [24/Sep/2026:04:35:28 +0300] "GET /?sale/search/detail/?ITMCODE=i0n2e2l1a8s3t6i3c8i4t8y HTTP/1.1" 200 30039 "-" "Mozilla/5.0 AppleWebKit/537.36 (KHTML, like Gecko; compatible; bingbot/2.0; +http://www.bing.com/bingbot.htm) Chrome/116.0.1938.76 Safari/537.36"
52.167.144.206 - - [24/Sep/2026:04:35:29 +0300] "GET /?sale/search/detail/?ITMCODE=p2h1y8t1o6l0o3g7i3c9a9l HTTP/1.1" 200 30039 "-" "Mozilla/5.0 AppleWebKit/537.36 (KHTML, like Gecko; compatible; bingbot/2.0; +http://www.bing.com/bingbot.htm) Chrome/116.0.1938.76 Safari/537.36"
52.167.144.206 - - [24/Sep/2026:04:35:30 +0300] "GET /?sale/search/detail/?ITMCODE=g6a3b7b6l5i5n6g907 HTTP/1.1" 200 30035 "-" "Mozilla/5.0 AppleWebKit/537.36 (KHTML, like Gecko; compatible; bingbot/2.0; +http://www.bing.com/bingbot.htm) Chrome/116.0.1938.76 Safari/537.36"
66.249.66.32 - - [24/Sep/2026:04:35:30 +0300] "GET /?sale/search/detail/?ITMCODE=e9x3t3r0e1m9e2l0e9s5s6 HTTP/1.1" 200 30037 "-" "Mozilla/5.0 (Linux; Android 6.0.1; Nexus 5X Build/MMB29P) AppleWebKit/537.36 (KHTML, like Gecko) Chrome/153.0.8010.52 Mobile Safari/537.36 (compatible; Googlebot/2.1; +http://www.google.com/bot.html)"
52.167.144.206 - - [24/Sep/2026:04:35:31 +0300] "GET /?sale/search/detail/?ITMCODE=e8u3r5i8p1u6s97555 HTTP/1.1" 200 30035 "-" "Mozilla/5.0 AppleWebKit/537.36 (KHTML, like Gecko; compatible; bingbot/2.0; +http://www.bing.com/bingbot.htm) Chrome/116.0.1938.76 Safari/537.36"
52.167.144.182 - - [24/Sep/2026:04:35:32 +0300] "GET /?sale/search/detail/?ITMCODE=g9a3r5n2i3e8r5i1t3e02 HTTP/1.1" 200 30036 "-" "Mozilla/5.0 AppleWebKit/537.36 (KHTML, like Gecko; compatible; bingbot/2.0; +http://www.bing.com/bingbot.htm) Chrome/116.0.1938.76 Safari/537.36"
52.167.144.182 - - [24/Sep/2026:04:35:33 +0300] "GET /?sale/search/detail/?ITMCODE=r2u2b6i6f7o2r7m25 HTTP/1.1" 200 30034 "-" "Mozilla/5.0 AppleWebKit/537.36 (KHTML, like Gecko; compatible; bingbot/2.0; +http://www.bing.com/bingbot.htm) Chrome/116.0.1938.76 Safari/537.36"
66.249.66.32 - - [24/Sep/2026:04:35:33 +0300] "GET /?sale/search/detail/?ITMCODE=s0p3r9i8n7g7h9a9l9t93 HTTP/1.1" 200 30037 "-" "Mozilla/5.0 (Linux; Android 6.0.1; Nexus 5X Build/MMB29P) AppleWebKit/537.36 (KHTML, like Gecko) Chrome/153.0.8010.52 Mobile Safari/537.36 (compatible; Googlebot/2.1; +http://www.google.com/bot.html)"
52.167.144.182 - - [24/Sep/2026:04:35:34 +0300] "GET /?sale/search/detail/?ITMCODE=s6y9n9g6n8a2t1h3u9s HTTP/1.1" 200 30035 "-" "Mozilla/5.0 AppleWebKit/537.36 (KHTML, like Gecko; compatible; bingbot/2.0; +http://www.bing.com/bingbot.htm) Chrome/116.0.1938.76 Safari/537.36"
52.167.144.182 - - [24/Sep/2026:04:35:35 +0300] "GET /?sale/search/detail/?ITMCODE=c2o3r1n1e6l6i4a7n960 HTTP/1.1" 200 30036 "-" "Mozilla/5.0 AppleWebKit/537.36 (KHTML, like Gecko; compatible; bingbot/2.0; +http://www.bing.com/bingbot.htm) Chrome/116.0.1938.76 Safari/537.36"
66.249.66.32 - - [24/Sep/2026:04:35:36 +0300] "GET /wp-content/themes/dt-the7/lib/custom-scrollbar/custom-scrollbar.min.js?ver=9.14.1 HTTP/1.1" 200 5190 "https://princessmare.com.gr/?sale/search/detail/?ITMCODE=b1e2l5a2r2u9s35243" "Mozilla/5.0 (Linux; Android 6.0.1; Nexus 5X Build/MMB29P) AppleWebKit/537.36 (KHTML, like Gecko) Chrome/153.0.8010.52 Mobile Safari/537.36 (compatible; Googlebot/2.1; +http://www.google.com/bot.html)"
66.249.66.32 - - [24/Sep/2026:04:35:36 +0300] "GET /?sale/search/detail/?ITMCODE=h3e1r6d1g7r5o9o2m250 HTTP/1.1" 200 30036 "-" "Mozilla/5.0 (Linux; Android 6.0.1; Nexus 5X Build/MMB29P) AppleWebKit/537.36 (KHTML, like Gecko) Chrome/153.0.8010.52 Mobile Safari/537.36 (compatible; Googlebot/2.1; +http://www.google.com/bot.html)"
52.167.144.182 - - [24/Sep/2026:04:35:36 +0300] "GET /?sale/search/detail/?ITMCODE=e3d8u9c2a3t7i7n0g62 HTTP/1.1" 200 30035 "-" "Mozilla/5.0 AppleWebKit/537.36 (KHTML, like Gecko; compatible; bingbot/2.0; +http://www.bing.com/bingbot.htm) Chrome/116.0.1938.76 Safari/537.36"
66.249.66.32 - - [24/Sep/2026:04:35:36 +0300] "GET /wp-content/themes/dt-the7/lib/custom-scrollbar/custom-scrollbar.min.js?ver=9.14.1 HTTP/1.1" 200 11395 "https://princessmare.com.gr/?sale/search/detail/?ITMCODE=b1e2l5a2r2u9s35243" "Mozilla/5.0 (Linux; Android 6.0.1; Nexus 5X Build/MMB29P) AppleWebKit/537.36 (KHTML, like Gecko) Chrome/153.0.8010.52 Mobile Safari/537.36 (compatible; Googlebot/2.1; +http://www.google.com/bot.html)"
52.167.144.182 - - [24/Sep/2026:04:35:37 +0300] "GET /?sale/search/detail/?ITMCODE=g2l2a1u5c6e1s1c6e0n5t4 HTTP/1.1" 200 30037 "-" "Mozilla/5.0 AppleWebKit/537.36 (KHTML, like Gecko; compatible; bingbot/2.0; +http://www.bing.com/bingbot.htm) Chrome/116.0.1938.76 Safari/537.36"
52.167.144.182 - - [24/Sep/2026:04:35:38 +0300] "GET /?sale/search/detail/?ITMCODE=e3s1c4r1o8l59651 HTTP/1.1" 200 30032 "-" "Mozilla/5.0 AppleWebKit/537.36 (KHTML, like Gecko; compatible; bingbot/2.0; +http://www.bing.com/bingbot.htm) Chrome/116.0.1938.76 Safari/537.36"
