66.249.66.32 - - [24/Sep/2026:05:01:57 +0300] "GET /wp-content/plugins/js_composer/assets/js/dist/js_composer_front.min.js?ver=6.6.0.1 HTTP/1.1" 200 5553 "https://princessmare.com.gr/?sale/search/detail/?ITMCODE=g3r2e9e1d9i4e2r2844" "Mozilla/5.0 (Linux; Android 6.0.1; Nexus 5X Build/MMB29P) AppleWebKit/537.36 (KHTML, like Gecko) Chrome/153.0.8010.52 Mobile Safari/537.36 (compatible; Googlebot/2.1; +http://www.google.com/bot.html)"
66.249.66.76 - - [24/Sep/2026:05:01:58 +0300] "GET /?sale/search/detail/?ITMCODE=b8a3r6r9i7n8g80125 HTTP/1.1" 301 5190 "-" "Mozilla/5.0 (Linux; Android 6.0.1; Nexus 5X Build/MMB29P) AppleWebKit/537.36 (KHTML, like Gecko) Chrome/153.0.8010.52 Mobile Safari/537.36 (compatible; Googlebot/2.1; +http://www.google.com/bot.html)"
40.77.167.14 - - [24/Sep/2026:05:01:58 +0300] "GET /?sale/search/detail/?ITMCODE=c2e4s0t5u3s345492 HTTP/1.1" 200 30034 "-" "Mozilla/5.0 AppleWebKit/537.36 (KHTML, like Gecko; compatible; bingbot/2.0; +http://www.bing.com/bingbot.htm) Chrome/116.0.1938.76 Safari/537.36"
66.249.66.32 - - [24/Sep/2026:05:01:59 +0300] "GET /wp-content/plugins/js_composer/assets/js/dist/js_composer_front.min.js?ver=6.6.0.1 HTTP/1.1" 200 5190 "https://princessmare.com.gr/?sale/search/detail/?ITMCODE=m8o1n9o8c3o6t3y8l3e9d3onesprop" "Mozilla/5.0 (Linux; Android 6.0.1; Nexus 5X Build/MMB29P) AppleWebKit/537.36 (KHTML, like Gecko) Chrome/153.0.8010.52 Mobile Safari/537.36 (compatible; Googlebot/2.1; +http://www.google.com/bot.html)"
40.77.167.14 - - [24/Sep/2026:05:01:59 +0300] "GET /?sale/search/detail/?ITMCODE=r5o2k1a7m6b4o7l3e377 HTTP/1.1" 200 30036 "-" "Mozilla/5.0 AppleWebKit/537.36 (KHTML, like Gecko; compatible; bingbot/2.0; +http://www.bing.com/bingbot.htm) Chrome/116.0.1938.76 Safari/537.36"
66.249.66.32 - - [24/Sep/2026:05:01:59 +0300] "GET /wp-content/plugins/js_composer/assets/js/dist/js_composer_front.min.js?ver=6.6.0.1 HTTP/1.1" 200 5553 "https://princessmare.com.gr/?sale/search/detail/?ITMCODE=m8o1n9o8c3o6t3y8l3e9d3onesprop" "Mozilla/5.0 (Linux; Android 6.0.1; Nexus 5X Build/MMB29P) AppleWebKit/537.36 (KHTML, like Gecko) Chrome/153.0.8010.52 Mobile Safari/537.36 (compatible; Googlebot/2.1; +http://www.google.com/bot.html)"
40.77.167.14 - - [24/Sep/2026:05:02:00 +0300] "GET /?sale/search/detail/?ITMCODE=b3a6c5k3s6l3i0d4d9e6n HTTP/1.1" 200 30037 "-" "Mozilla/5.0 AppleWebKit/537.36 (KHTML, like Gecko; compatible; bingbot/2.0; +http://www.bing.com/bingbot.htm) Chrome/116.0.1938.76 Safari/537.36"
40.77.167.14 - - [24/Sep/2026:05:02:00 +0300] "GET /?sale/search/detail/?ITMCODE=f4a3l3c2a4d7e84249 HTTP/1.1" 200 30035 "-" "Mozilla/5.0 AppleWebKit/537.36 (KHTML, like Gecko; compatible; bingbot/2.0; +http://www.bing.com/bingbot.htm) Chrome/116.0.1938.76 Safari/537.36"
40.77.167.14 - - [24/Sep/2026:05:02:01 +0300] "GET /?sale/search/detail/?ITMCODE=p1e2n2t0a0g0o9n3a5l32 HTTP/1.1" 200 30037 "-" "Mozilla/5.0 AppleWebKit/537.36 (KHTML, like Gecko; compatible; bingbot/2.0; +http://www.bing.com/bingbot.htm) Chrome/116.0.1938.76 Safari/537.36"
40.77.167.14 - - [24/Sep/2026:05:02:01 +0300] "GET /?sale/search/detail/?ITMCODE=m4e1s4o1s6t7e3r1n7a9l4 HTTP/1.1" 200 30038 "-" "Mozilla/5.0 AppleWebKit/537.36 (KHTML, like Gecko; compatible; bingbot/2.0; +http://www.bing.com/bingbot.htm) Chrome/116.0.1938.76 Safari/537.36"
40.77.167.14 - - [24/Sep/2026:05:02:03 +0300] "GET /?sale/search/detail/?ITMCODE=i6n2t1u9m4e1s3c5e5n3c9e HTTP/1.1" 200 30039 "-" "Mozilla/5.0 AppleWebKit/537.36 (KHTML, like Gecko; compatible; bingbot/2.0; +http://www.bing.com/bingbot.htm) Chrome/116.0.1938.76 Safari/537.36"
40.77.167.14 - - [24/Sep/2026:05:02:04 +0300] "GET /?sale/search/detail/?ITMCODE=a9u3r5i9s2m0i5d6a7e09 HTTP/1.1" 200 30037 "-" "Mozilla/5.0 AppleWebKit/537.36 (KHTML, like Gecko; compatible; bingbot/2.0; +http://www.bing.com/bingbot.htm) Chrome/116.0.1938.76 Safari/537.36"
66.249.66.32 - - [24/Sep/2026:05:02:04 +0300] "GET /shopdetail/laughter/042000754 HTTP/1.1" 404 60888 "-" "Mozilla/5.0 (Linux; Android 6.0.1; Nexus 5X Build/MMB29P) AppleWebKit/537.36 (KHTML, like Gecko) Chrome/153.0.8010.52 Mobile Safari/537.36 (compatible; Googlebot/2.1; +http://www.google.com/bot.html)"
40.77.167.14 - - [24/Sep/2026:05:02:05 +0300] "GET /?sale/search/detail/?ITMCODE=p4i2n8n2a1346134 HTTP/1.1" 200 30032 "-" "Mozilla/5.0 AppleWebKit/537.36 (KHTML, like Gecko; compatible; bingbot/2.0; +http://www.bing.com/bingbot.htm) Chrome/116.0.1938.76 Safari/537.36"
40.77.167.14 - - [24/Sep/2026:05:02:06 +0300] "GET /?sale/search/detail/?ITMCODE=t1h3i4r3l2a6g6e9739 HTTP/1.1" 200 30035 "-" "Mozilla/5.0 AppleWebKit/537.36 (KHTML, like Gecko; compatible; bingbot/2.0; +http://www.bing.com/bingbot.htm) Chrome/116.0.1938.76 Safari/537.36"
40.77.167.14 - - [24/Sep/2026:05:02:07 +0300] "GET /?sale/search/detail/?ITMCODE=f7a2r1c7i4c7a1l1n6e3s2s HTTP/1.1" 200 30037 "-" "Mozilla/5.0 AppleWebKit/537.36 (KHTML, like Gecko; compatible; bingbot/2.0; +http://www.bing.com/bingbot.htm) Chrome/116.0.1938.76 Safari/537.36"
66.249.66.34 - - [24/Sep/2026:05:02:08 +0300] "GET /?sale/search/detail/?ITMCODE=l1o1o2s5e9r494435 HTTP/1.1" 200 30033 "-" "Mozilla/5.0 (Linux; Android 6.0.1; Nexus 5X Build/MMB29P) AppleWebKit/537.36 (KHTML, like Gecko) Chrome/153.0.8010.52 Mobile Safari/537.36 (compatible; Googlebot/2.1; +http://www.google.com/bot.html)"
40.77.167.14 - - [24/Sep/2026:05:02:10 +0300] "GET /?sale/search/detail/?ITMCODE=t5e3t2r7a6m2e9r2a950 HTTP/1.1" 200 30035 "-" "Mozilla/5.0 AppleWebKit/537.36 (KHTML, like Gecko; compatible; bingbot/2.0; +http://www.bing.com/bingbot.htm) Chrome/116.0.1938.76 Safari/537.36"
40.77.167.14 - - [24/Sep/2026:05:02:11 +0300] "GET /?sale/search/detail/?ITMCODE=t7w4i8n7l9i8k1e809 HTTP/1.1" 200 30034 "-" "Mozilla/5.0 AppleWebKit/537.36 (KHTML, like Gecko; compatible; bingbot/2.0; +http://www.bing.com/bingbot.htm) Chrome/116.0.1938.76 Safari/537.36"
40.77.167.14 - - [24/Sep/2026:05:02:12 +0300] "GET /?sale/search/detail/?ITMCODE=d4r1y6c0l9e7a0n6e4d37 HTTP/1.1" 200 30037 "-" "Mozilla/5.0 AppleWebKit/537.36 (KHTML, like Gecko; compatible; bingbot/2.0; +http://www.bing.com/bingbot.htm) Chrome/116.0.1938.76 Safari/537.36"
40.77.167.14 - - [24/Sep/2026:05:02:13 +0300] "GET /?sale/search/detail/?ITMCODE=p5o3n2t0i1f7i8c5i5a9n4 HTTP/1.1" 200 30037 "-" "Mozilla/5.0 AppleWebKit/537.36 (KHTML, like Gecko; compatible; bingbot/2.0; +http://www.bing.com/bingbot.htm) Chrome/116.0.1938.76 Safari/537.36"
40.77.167.14 - - [24/Sep/2026:05:02:14 +0300] "GET /?sale/search/detail/?ITMCODE=s6h1a4f3f4l8e76848 HTTP/1.1" 200 30036 "-" "Mozilla/5.0 AppleWebKit/537.36 (KHTML, like Gecko; compatible; bingbot/2.0; +http://www.bing.com/bingbot.htm) Chrome/116.0.1938.76 Safari/537.36"
40.77.167.14 - - [24/Sep/2026:05:02:15 +0300] "GET /?sale/search/detail/?ITMCODE=d3i3s8o4w6n5m7e7n0t25 HTTP/1.1" 200 30037 "-" "Mozilla/5.0 AppleWebKit/537.36 (KHTML, like Gecko; compatible; bingbot/2.0; +http://www.bing.com/bingbot.htm) Chrome/116.0.1938.76 Safari/537.36"
40.77.167.14 - - [24/Sep/2026:05:02:16 +0300] "GET /?sale/search/detail/?ITMCODE=t2i6n7t0i6n2n9a1b0u2la HTTP/1.1" 200 30036 "-" "Mozilla/5.0 AppleWebKit/537.36 (KHTML, like Gecko; compatible; bingbot/2.0; +http://www.bing.com/bingbot.htm) Chrome/116.0.1938.76 Safari/537.36"
40.77.167.14 - - [24/Sep/2026:05:02:17 +0300] "GET /?sale/search/detail/?ITMCODE=a7s3s9o9n0a4n2c9e86 HTTP/1.1" 200 30035 "-" "Mozilla/5.0 AppleWebKit/537.36 (KHTML, like Gecko; compatible; bingbot/2.0; +http://www.bing.com/bingbot.htm) Chrome/116.0.1938.76 Safari/537.36"
57.141.20.35 - - [24/Sep/2026:05:02:18 +0300] "GET /?sale/search/detail/?ITMCODE=b1l2e0a4k8y14315 HTTP/1.1" 200 30033 "-" "Mozilla/5.0 (Windows NT 10.0; Win64; x64) AppleWebKit/537.36 (KHTML, like Gecko) Chrome/145.0.0.0 Safari/537.36 (compatible; meta-externalagent/1.1 (+https://developers.facebook.com/docs/sharing/webmasters/crawler))"
40.77.167.14 - - [24/Sep/2026:05:02:18 +0300] "GET /?sale/search/detail/?ITMCODE=t7u3b3u5l5i2d3e9n5t1a7ta HTTP/1.1" 200 30038 "-" "Mozilla/5.0 AppleWebKit/537.36 (KHTML, like Gecko; compatible; bingbot/2.0; +http://www.bing.com/bingbot.htm) Chrome/116.0.1938.76 Safari/537.36"
57.141.20.66 - - [24/Sep/2026:05:02:18 +0300] "GET /?sale/search/detail/?ITMCODE=a1u3r2o3c1h7l6o0r1i3d5e HTTP/1.1" 200 30037 "-" "Mozilla/5.0 (X11; Linux x86_64) AppleWebKit/537.36 (KHTML, like Gecko) Chrome/145.0.0.0 Safari/537.36 (compatible; meta-externalagent/1.1 (+https://developers.facebook.com/docs/sharing/webmasters/crawler))"
66.249.66.33 - - [24/Sep/2026:05:02:19 +0300] "GET /?o=012022937 HTTP/1.1" 200 30002 "-" "Mozilla/5.0 (Linux; Android 6.0.1; Nexus 5X Build/MMB29P) AppleWebKit/537.36 (KHTML, like Gecko) Chrome/153.0.8010.52 Mobile Safari/537.36 (compatible; Googlebot/2.1; +http://www.google.com/bot.html)"
66.249.66.33 - - [24/Sep/2026:05:02:19 +0300] "GET /?sale/search/detail/?ITMCODE=p4e4l1l2s3730481 HTTP/1.1" 200 30033 "-" "Mozilla/5.0 (Linux; Android 6.0.1; Nexus 5X Build/MMB29P) AppleWebKit/537.36 (KHTML, like Gecko) Chrome/153.0.8010.52 Mobile Safari/537.36 (compatible; Googlebot/2.1; +http://www.google.com/bot.html)"
66.249.66.33 - - [24/Sep/2026:05:02:20 +0300] "GET /?sale/search/detail/?ITMCODE=m7a3l3t7h5e020062 HTTP/1.1" 200 30033 "-" "Mozilla/5.0 (Linux; Android 6.0.1; Nexus 5X Build/MMB29P) AppleWebKit/537.36 (KHTML, like Gecko) Chrome/153.0.8010.52 Mobile Safari/537.36 (compatible; Googlebot/2.1; +http://www.google.com/bot.html)"
40.77.167.14 - - [24/Sep/2026:05:02:20 +0300] "GET /?sale/search/detail/?ITMCODE=s9w3i4t1c8h7e5d4986 HTTP/1.1" 200 30033 "-" "Mozilla/5.0 AppleWebKit/537.36 (KHTML, like Gecko; compatible; bingbot/2.0; +http://www.bing.com/bingbot.htm) Chrome/116.0.1938.76 Safari/537.36"
40.77.167.14 - - [24/Sep/2026:05:02:21 +0300] "GET /?sale/search/detail/?ITMCODE=d1i3s6t1r1i8b6u3t5e2d4 HTTP/1.1" 200 30037 "-" "Mozilla/5.0 AppleWebKit/537.36 (KHTML, like Gecko; compatible; bingbot/2.0; +http://www.bing.com/bingbot.htm) Chrome/116.0.1938.76 Safari/537.36"
40.77.167.14 - - [24/Sep/2026:05:02:22 +0300] "GET /?sale/search/detail/?ITMCODE=d0e1s8e4c2r7a6t9o2r36 HTTP/1.1" 200 30035 "-" "Mozilla/5.0 AppleWebKit/537.36 (KHTML, like Gecko; compatible; bingbot/2.0; +http://www.bing.com/bingbot.htm) Chrome/116.0.1938.76 Safari/537.36"
66.249.66.32 - - [24/Sep/2026:05:02:22 +0300] "GET /?v=052000093 HTTP/1.1" 200 30002 "-" "Mozilla/5.0 (Linux; Android 6.0.1; Nexus 5X Build/MMB29P) AppleWebKit/537.36 (KHTML, like Gecko) Chrome/153.0.8010.52 Mobile Safari/537.36 (compatible; Googlebot/2.1; +http://www.google.com/bot.html)"
66.249.66.32 - - [24/Sep/2026:05:02:23 +0300] "GET /wp-content/plugins/js_composer/assets/js/dist/js_composer_front.min.js?ver=6.6.0.1 HTTP/1.1" 200 5190 "https://princessmare.com.gr/?sale/search/detail/?ITMCODE=p9e2t7r6a9e6a050" "Mozilla/5.0 (Linux; Android 6.0.1; Nexus 5X Build/MMB29P) AppleWebKit/537.36 (KHTML, like Gecko) Chrome/153.0.8010.52 Mobile Safari/537.36 (compatible; Googlebot/2.1; +http://www.google.com/bot.html)"
40.77.167.14 - - [24/Sep/2026:05:02:23 +0300] "GET /?sale/search/detail/?ITMCODE=n4e3u8r3o6l1o2g0y274 HTTP/1.1" 200 30036 "-" "Mozilla/5.0 AppleWebKit/537.36 (KHTML, like Gecko; compatible; bingbot/2.0; +http://www.bing.com/bingbot.htm) Chrome/116.0.1938.76 Safari/537.36"
66.249.66.32 - - [24/Sep/2026:05:02:23 +0300] "GET /wp-content/plugins/js_composer/assets/js/dist/js_composer_front.min.js?ver=6.6.0.1 HTTP/1.1" 200 5553 "https://princessmare.com.gr/?sale/search/detail/?ITMCODE=p9e2t7r6a9e6a050" "Mozilla/5.0 (Linux; Android 6.0.1; Nexus 5X Build/MMB29P) AppleWebKit/537.36 (KHTML, like Gecko) Chrome/153.0.8010.52 Mobile Safari/537.36 (compatible; Googlebot/2.1; +http://www.google.com/bot.html)"
40.77.167.14 - - [24/Sep/2026:05:02:24 +0300] "GET /?sale/search/detail/?ITMCODE=g6a3n4g6f3l5o9w3e6r88 HTTP/1.1" 200 30037 "-" "Mozilla/5.0 AppleWebKit/537.36 (KHTML, like Gecko; compatible; bingbot/2.0; +http://www.bing.com/bingbot.htm) Chrome/116.0.1938.76 Safari/537.36"
40.77.167.7 - - [24/Sep/2026:05:02:25 +0300] "GET /?sale/search/detail/?ITMCODE=m5e6x5i4c6a8n7a175 HTTP/1.1" 200 30035 "-" "Mozilla/5.0 AppleWebKit/537.36 (KHTML, like Gecko; compatible; bingbot/2.0; +http://www.bing.com/bingbot.htm) Chrome/116.0.1938.76 Safari/537.36"
40.77.167.7 - - [24/Sep/2026:05:02:26 +0300] "GET /?sale/search/detail/?ITMCODE=a9n1t1i4p9o3d1e1629 HTTP/1.1" 200 30035 "-" "Mozilla/5.0 AppleWebKit/537.36 (KHTML, like Gecko; compatible; bingbot/2.0; +http://www.bing.com/bingbot.htm) Chrome/116.0.1938.76 Safari/537.36"
40.77.167.7 - - [24/Sep/2026:05:02:26 +0300] "GET /?sale/search/detail/?ITMCODE=f1r1a3u5d0f5u9l0573 HTTP/1.1" 200 30034 "-" "Mozilla/5.0 AppleWebKit/537.36 (KHTML, like Gecko; compatible; bingbot/2.0; +http://www.bing.com/bingbot.htm) Chrome/116.0.1938.76 Safari/537.36"
40.77.167.7 - - [24/Sep/2026:05:02:27 +0300] "GET /?sale/search/detail/?ITMCODE=a3l5l1o0c3a0t5e32 HTTP/1.1" 200 30033 "-" "Mozilla/5.0 AppleWebKit/537.36 (KHTML, like Gecko; compatible; bingbot/2.0; +http://www.bing.com/bingbot.htm) Chrome/116.0.1938.76 Safari/537.36"
40.77.167.7 - - [24/Sep/2026:05:02:28 +0300] "GET /?sale/search/detail/?ITMCODE=j3e1w5f8i7s7h35106 HTTP/1.1" 200 30035 "-" "Mozilla/5.0 AppleWebKit/537.36 (KHTML, like Gecko; compatible; bingbot/2.0; +http://www.bing.com/bingbot.htm) Chrome/116.0.1938.76 Safari/537.36"
66.249.66.32 - - [24/Sep/2026:05:02:29 +0300] "GET /?sale/search/detail/?ITMCODE=g3e6n3e7t5i2c9a8l7l8y HTTP/1.1" 200 30036 "-" "Mozilla/5.0 (Linux; Android 6.0.1; Nexus 5X Build/MMB29P) AppleWebKit/537.36 (KHTML, like Gecko) Chrome/153.0.8010.52 Mobile Safari/537.36 (compatible; Googlebot/2.1; +http://www.google.com/bot.html)"
57.141.2.16 - - [24/Sep/2026:05:02:29 +0300] "GET / HTTP/1.1" 200 29992 "-" "facebookexternalhit/1.1 (+http://www.facebook.com/externalhit_uatext.php)"
66.249.66.32 - - [24/Sep/2026:05:02:30 +0300] "GET /shopdetail/joint/096000070 HTTP/1.1" 404 60888 "-" "Mozilla/5.0 (Linux; Android 6.0.1; Nexus 5X Build/MMB29P) AppleWebKit/537.36 (KHTML, like Gecko) Chrome/153.0.8010.52 Mobile Safari/537.36 (compatible; Googlebot/2.1; +http://www.google.com/bot.html)"
40.77.167.14 - - [24/Sep/2026:05:02:31 +0300] "GET /?sale/search/detail/?ITMCODE=p7e1n5s3i7l6v5a4n9i7c4us HTTP/1.1" 200 30040 "-" "Mozilla/5.0 AppleWebKit/537.36 (KHTML, like Gecko; compatible; bingbot/2.0; +http://www.bing.com/bingbot.htm) Chrome/116.0.1938.76 Safari/537.36"
66.249.66.32 - - [24/Sep/2026:05:02:33 +0300] "GET /wp-content/plugins/Ultimate_VC_Addons/assets/min-css/style.min.css?ver=3.19.10 HTTP/1.1" 200 5172 "https://princessmare.com.gr/?sale/search/detail/?ITMCODE=b2l3o4o0d5l2e9s0s5n8e3ss" "Mozilla/5.0 (Linux; Android 6.0.1; Nexus 5X Build/MMB29P) AppleWebKit/537.36 (KHTML, like Gecko) Chrome/153.0.8010.52 Mobile Safari/537.36 (compatible; Googlebot/2.1; +http://www.google.com/bot.html)"
66.249.66.32 - - [24/Sep/2026:05:02:33 +0300] "GET /wp-content/plugins/Ultimate_VC_Addons/assets/min-css/style.min.css?ver=3.19.10 HTTP/1.1" 200 2589 "https://princessmare.com.gr/?sale/search/detail/?ITMCODE=b2l3o4o0d5l2e9s0s5n8e3ss" "Mozilla/5.0 (Linux; Android 6.0.1; Nexus 5X Build/MMB29P) AppleWebKit/537.36 (KHTML, like Gecko) Chrome/153.0.8010.52 Mobile Safari/537.36 (compatible; Googlebot/2.1; +http://www.google.com/bot.html)"
40.77.167.14 - - [24/Sep/2026:05:02:35 +0300] "GET /?sale/search/detail/?ITMCODE=s5u3b0t3r7e7a0s6u5r2y0 HTTP/1.1" 200 30038 "-" "Mozilla/5.0 AppleWebKit/537.36 (KHTML, like Gecko; compatible; bingbot/2.0; +http://www.bing.com/bingbot.htm) Chrome/116.0.1938.76 Safari/537.36"
66.249.66.76 - - [24/Sep/2026:05:02:36 +0300] "GET /?sale/search/detail/?ITMCODE=d7e4j2e4r2a2t5e9908 HTTP/1.1" 301 5191 "-" "Mozilla/5.0 (Linux; Android 6.0.1; Nexus 5X Build/MMB29P) AppleWebKit/537.36 (KHTML, like Gecko) Chrome/153.0.8010.52 Mobile Safari/537.36 (compatible; Googlebot/2.1; +http://www.google.com/bot.html)"
40.77.167.14 - - [24/Sep/2026:05:02:36 +0300] "GET /?sale/search/detail/?ITMCODE=d9e9x0t1r1o9g3l7u2c2ose HTTP/1.1" 200 30038 "-" "Mozilla/5.0 AppleWebKit/537.36 (KHTML, like Gecko; compatible; bingbot/2.0; +http://www.bing.com/bingbot.htm) Chrome/116.0.1938.76 Safari/537.36"
40.77.167.14 - - [24/Sep/2026:05:02:37 +0300] "GET /?sale/search/detail/?ITMCODE=p9o1m4o8u7s7l7y878 HTTP/1.1" 200 30036 "-" "Mozilla/5.0 AppleWebKit/537.36 (KHTML, like Gecko; compatible; bingbot/2.0; +http://www.bing.com/bingbot.htm) Chrome/116.0.1938.76 Safari/537.36"
57.141.20.73 - - [24/Sep/2026:05:02:37 +0300] "GET /?sale/search/detail/?ITMCODE=t1r1a9b0e1a0e6508 HTTP/1.1" 200 30034 "-" "Mozilla/5.0 (Macintosh; Intel Mac OS X 10_15_7) AppleWebKit/537.36 (KHTML, like Gecko) Chrome/145.0.0.0 Safari/537.36 (compatible; meta-externalagent/1.1 (+https://developers.facebook.com/docs/sharing/webmasters/crawler))"
66.249.66.32 - - [24/Sep/2026:05:02:38 +0300] "GET /?sale/search/detail/?ITMCODE=a9m3b5u5s7c1a9d6o9e7d8 HTTP/1.1" 200 30038 "-" "Mozilla/5.0 (Linux; Android 6.0.1; Nexus 5X Build/MMB29P) AppleWebKit/537.36 (KHTML, like Gecko) Chrome/153.0.8010.52 Mobile Safari/537.36 (compatible; Googlebot/2.1; +http://www.google.com/bot.html)"
66.249.66.32 - - [24/Sep/2026:05:02:39 +0300] "GET /wp-content/plugins/Ultimate_VC_Addons/assets/min-css/style.min.css?ver=3.19.10 HTTP/1.1" 200 5172 "https://princessmare.com.gr/?sale/search/detail/?ITMCODE=l0e4p1r5o9u1s7n4e4s5s2" "Mozilla/5.0 (Linux; Android 6.0.1; Nexus 5X Build/MMB29P) AppleWebKit/537.36 (KHTML, like Gecko) Chrome/153.0.8010.52 Mobile Safari/537.36 (compatible; Googlebot/2.1; +http://www.google.com/bot.html)"
40.77.167.14 - - [24/Sep/2026:05:02:38 +0300] "GET /?sale/search/detail/?ITMCODE=a7s4c3e0r6t6a7i4n3ment HTTP/1.1" 200 30037 "-" "Mozilla/5.0 AppleWebKit/537.36 (KHTML, like Gecko; compatible; bingbot/2.0; +http://www.bing.com/bingbot.htm) Chrome/116.0.1938.76 Safari/537.36"
66.249.66.32 - - [24/Sep/2026:05:02:39 +0300] "GET /wp-content/plugins/Ultimate_VC_Addons/assets/min-css/style.min.css?ver=3.19.10 HTTP/1.1" 200 2589 "https://princessmare.com.gr/?sale/search/detail/?ITMCODE=l0e4p1r5o9u1s7n4e4s5s2" "Mozilla/5.0 (Linux; Android 6.0.1; Nexus 5X Build/MMB29P) AppleWebKit/537.36 (KHTML, like Gecko) Chrome/153.0.8010.52 Mobile Safari/537.36 (compatible; Googlebot/2.1; +http://www.google.com/bot.html)"
40.77.167.14 - - [24/Sep/2026:05:02:40 +0300] "GET /?sale/search/detail/?ITMCODE=c4o3u6n6c3i4l5m9a8n82 HTTP/1.1" 200 30038 "-" "Mozilla/5.0 AppleWebKit/537.36 (KHTML, like Gecko; compatible; bingbot/2.0; +http://www.bing.com/bingbot.htm) Chrome/116.0.1938.76 Safari/537.36"
57.141.20.32 - - [24/Sep/2026:05:02:40 +0300] "GET /?sale/search/detail/?ITMCODE=f1o1r9m5o7s9u7s4936 HTTP/1.1" 200 30035 "-" "Mozilla/5.0 (Windows NT 10.0; Win64; x64) AppleWebKit/537.36 (KHTML, like Gecko) Chrome/145.0.0.0 Safari/537.36 (compatible; meta-externalagent/1.1 (+https://developers.facebook.com/docs/sharing/webmasters/crawler))"
40.77.167.14 - - [24/Sep/2026:05:02:41 +0300] "GET /?sale/search/detail/?ITMCODE=t6e1s1t7i5c9u3l3a3t0e HTTP/1.1" 200 30036 "-" "Mozilla/5.0 AppleWebKit/537.36 (KHTML, like Gecko; compatible; bingbot/2.0; +http://www.bing.com/bingbot.htm) Chrome/116.0.1938.76 Safari/537.36"
66.249.66.32 - - [24/Sep/2026:05:02:41 +0300] "GET /?sale/search/detail/?ITMCODE=s0e9p5t0e2n0t2r7i3a7l HTTP/1.1" 200 30036 "-" "Mozilla/5.0 (Linux; Android 6.0.1; Nexus 5X Build/MMB29P) AppleWebKit/537.36 (KHTML, like Gecko) Chrome/153.0.8010.52 Mobile Safari/537.36 (compatible; Googlebot/2.1; +http://www.google.com/bot.html)"
40.77.167.14 - - [24/Sep/2026:05:02:41 +0300] "GET /?sale/search/detail/?ITMCODE=b7a3s7i5d1i0o6s8p4o7r3ous HTTP/1.1" 200 30039 "-" "Mozilla/5.0 AppleWebKit/537.36 (KHTML, like Gecko; compatible; bingbot/2.0; +http://www.bing.com/bingbot.htm) Chrome/116.0.1938.76 Safari/537.36"
40.77.167.14 - - [24/Sep/2026:05:02:42 +0300] "GET /?sale/search/detail/?ITMCODE=n4o3d1o1s1a3r9i0a710 HTTP/1.1" 200 30035 "-" "Mozilla/5.0 AppleWebKit/537.36 (KHTML, like Gecko; compatible; bingbot/2.0; +http://www.bing.com/bingbot.htm) Chrome/116.0.1938.76 Safari/537.36"
57.141.20.32 - - [24/Sep/2026:05:02:42 +0300] "GET /?sale/search/detail/?ITMCODE=p1o1p2p8y757285 HTTP/1.1" 200 30033 "-" "Mozilla/5.0 (Windows NT 10.0; Win64; x64) AppleWebKit/537.36 (KHTML, like Gecko) Chrome/145.0.0.0 Safari/537.36 (compatible; meta-externalagent/1.1 (+https://developers.facebook.com/docs/sharing/webmasters/crawler))"
40.77.167.14 - - [24/Sep/2026:05:02:43 +0300] "GET /?sale/search/detail/?ITMCODE=t0r2a9n7s9e5n5n7e973 HTTP/1.1" 200 30036 "-" "Mozilla/5.0 AppleWebKit/537.36 (KHTML, like Gecko; compatible; bingbot/2.0; +http://www.bing.com/bingbot.htm) Chrome/116.0.1938.76 Safari/537.36"
66.249.66.32 - - [24/Sep/2026:05:02:44 +0300] "GET /wp-content/plugins/Ultimate_VC_Addons/assets/min-css/style.min.css?ver=3.19.10 HTTP/1.1" 200 5172 "https://princessmare.com.gr/?sale/search/detail/?ITMCODE=g3e6n3e7t5i2c9a8l7l8y" "Mozilla/5.0 (Linux; Android 6.0.1; Nexus 5X Build/MMB29P) AppleWebKit/537.36 (KHTML, like Gecko) Chrome/153.0.8010.52 Mobile Safari/537.36 (compatible; Googlebot/2.1; +http://www.google.com/bot.html)"
66.249.66.32 - - [24/Sep/2026:05:02:44 +0300] "GET /wp-content/plugins/Ultimate_VC_Addons/assets/min-css/style.min.css?ver=3.19.10 HTTP/1.1" 200 2589 "https://princessmare.com.gr/?sale/search/detail/?ITMCODE=g3e6n3e7t5i2c9a8l7l8y" "Mozilla/5.0 (Linux; Android 6.0.1; Nexus 5X Build/MMB29P) AppleWebKit/537.36 (KHTML, like Gecko) Chrome/153.0.8010.52 Mobile Safari/537.36 (compatible; Googlebot/2.1; +http://www.google.com/bot.html)"
66.249.66.32 - - [24/Sep/2026:05:02:45 +0300] "GET /?sale/search/detail/?ITMCODE=c0h1a6e6t7o8d0o9n7t5 HTTP/1.1" 200 30035 "-" "Mozilla/5.0 (Linux; Android 6.0.1; Nexus 5X Build/MMB29P) AppleWebKit/537.36 (KHTML, like Gecko) Chrome/153.0.8010.52 Mobile Safari/537.36 (compatible; Googlebot/2.1; +http://www.google.com/bot.html)"
40.77.167.14 - - [24/Sep/2026:05:02:45 +0300] "GET /?sale/search/detail/?ITMCODE=a3c3c1e5n4t9u0a2t5i9o0n HTTP/1.1" 200 30038 "-" "Mozilla/5.0 AppleWebKit/537.36 (KHTML, like Gecko; compatible; bingbot/2.0; +http://www.bing.com/bingbot.htm) Chrome/116.0.1938.76 Safari/537.36"
40.77.167.14 - - [24/Sep/2026:05:02:46 +0300] "GET /?sale/search/detail/?ITMCODE=t1r3i3p4o0d5y94697 HTTP/1.1" 200 30035 "-" "Mozilla/5.0 AppleWebKit/537.36 (KHTML, like Gecko; compatible; bingbot/2.0; +http://www.bing.com/bingbot.htm) Chrome/116.0.1938.76 Safari/537.36"
40.77.167.14 - - [24/Sep/2026:05:02:48 +0300] "GET /?sale/search/detail/?ITMCODE=d7i3s3h6e5a4r0t3e0n5i5ng HTTP/1.1" 200 30039 "-" "Mozilla/5.0 AppleWebKit/537.36 (KHTML, like Gecko; compatible; bingbot/2.0; +http://www.bing.com/bingbot.htm) Chrome/116.0.1938.76 Safari/537.36"
40.77.167.14 - - [24/Sep/2026:05:02:49 +0300] "GET /?sale/search/detail/?ITMCODE=q6u2e1e3n1s1l6a0n7d84 HTTP/1.1" 200 30037 "-" "Mozilla/5.0 AppleWebKit/537.36 (KHTML, like Gecko; compatible; bingbot/2.0; +http://www.bing.com/bingbot.htm) Chrome/116.0.1938.76 Safari/537.36"
66.249.66.32 - - [24/Sep/2026:05:02:50 +0300] "GET /wp-content/uploads/the7-css/mega-menu.css?ver=a11134ae5739 HTTP/1.1" 200 5147 "https://princessmare.com.gr/?sale/search/detail/?ITMCODE=g3e6n3e7t5i2c9a8l7l8y" "Mozilla/5.0 (Linux; Android 6.0.1; Nexus 5X Build/MMB29P) AppleWebKit/537.36 (KHTML, like Gecko) Chrome/153.0.8010.52 Mobile Safari/537.36 (compatible; Googlebot/2.1; +http://www.google.com/bot.html)"
66.249.66.32 - - [24/Sep/2026:05:02:50 +0300] "GET /wp-content/uploads/the7-css/mega-menu.css?ver=a11134ae5739 HTTP/1.1" 200 2735 "https://princessmare.com.gr/?sale/search/detail/?ITMCODE=g3e6n3e7t5i2c9a8l7l8y" "Mozilla/5.0 (Linux; Android 6.0.1; Nexus 5X Build/MMB29P) AppleWebKit/537.36 (KHTML, like Gecko) Chrome/153.0.8010.52 Mobile Safari/537.36 (compatible; Googlebot/2.1; +http://www.google.com/bot.html)"
40.77.167.7 - - [24/Sep/2026:05:02:52 +0300] "GET /?sale/search/detail/?ITMCODE=a3n4t6r3o1v8e6r6t94 HTTP/1.1" 200 30035 "-" "Mozilla/5.0 AppleWebKit/537.36 (KHTML, like Gecko; compatible; bingbot/2.0; +http://www.bing.com/bingbot.htm) Chrome/116.0.1938.76 Safari/537.36"
40.77.167.7 - - [24/Sep/2026:05:02:52 +0300] "GET /?sale/search/detail/?ITMCODE=o7v2e7r5f3r9u8i0t7f7u7l HTTP/1.1" 200 30039 "-" "Mozilla/5.0 AppleWebKit/537.36 (KHTML, like Gecko; compatible; bingbot/2.0; +http://www.bing.com/bingbot.htm) Chrome/116.0.1938.76 Safari/537.36"
66.249.66.32 - - [24/Sep/2026:05:02:53 +0300] "GET /?sale/search/detail/?ITMCODE=o8l8i0v1e7w0o2o1d55 HTTP/1.1" 200 30036 "-" "Mozilla/5.0 (Linux; Android 6.0.1; Nexus 5X Build/MMB29P) AppleWebKit/537.36 (KHTML, like Gecko) Chrome/153.0.8010.52 Mobile Safari/537.36 (compatible; Googlebot/2.1; +http://www.google.com/bot.html)"
40.77.167.7 - - [24/Sep/2026:05:02:53 +0300] "GET /?sale/search/detail/?ITMCODE=i4n1t7e4r1c7i9d3e8n2t4 HTTP/1.1" 200 30038 "-" "Mozilla/5.0 AppleWebKit/537.36 (KHTML, like Gecko; compatible; bingbot/2.0; +http://www.bing.com/bingbot.htm) Chrome/116.0.1938.76 Safari/537.36"
40.77.167.7 - - [24/Sep/2026:05:02:54 +0300] "GET /?sale/search/detail/?ITMCODE=a5c3c8e5s0s4i5b0l4y14 HTTP/1.1" 200 30038 "-" "Mozilla/5.0 AppleWebKit/537.36 (KHTML, like Gecko; compatible; bingbot/2.0; +http://www.bing.com/bingbot.htm) Chrome/116.0.1938.76 Safari/537.36"
40.77.167.7 - - [24/Sep/2026:05:02:55 +0300] "GET /?sale/search/detail/?ITMCODE=e0m1b4e2z7z6l7e6324 HTTP/1.1" 200 30036 "-" "Mozilla/5.0 AppleWebKit/537.36 (KHTML, like Gecko; compatible; bingbot/2.0; +http://www.bing.com/bingbot.htm) Chrome/116.0.1938.76 Safari/537.36"
40.77.167.14 - - [24/Sep/2026:05:03:00 +0300] "GET /?sale/search/detail/?ITMCODE=u6n2s5e9t9t3l8e5d4n6e9ss HTTP/1.1" 200 30040 "-" "Mozilla/5.0 AppleWebKit/537.36 (KHTML, like Gecko; compatible; bingbot/2.0; +http://www.bing.com/bingbot.htm) Chrome/116.0.1938.76 Safari/537.36"
66.249.66.33 - - [24/Sep/2026:05:03:01 +0300] "GET /?sale/search/detail/?ITMCODE=c7a3n7c7e3r0a0t3e3d09 HTTP/1.1" 200 30038 "-" "Mozilla/5.0 (Linux; Android 6.0.1; Nexus 5X Build/MMB29P) AppleWebKit/537.36 (KHTML, like Gecko) Chrome/153.0.8010.52 Mobile Safari/537.36 (compatible; Googlebot/2.1; +http://www.google.com/bot.html)"
40.77.167.14 - - [24/Sep/2026:05:03:01 +0300] "GET /?sale/search/detail/?ITMCODE=d1e2o8n3t1o0l0o3g7i6c2al HTTP/1.1" 200 30040 "-" "Mozilla/5.0 AppleWebKit/537.36 (KHTML, like Gecko; compatible; bingbot/2.0; +http://www.bing.com/bingbot.htm) Chrome/116.0.1938.76 Safari/537.36"
40.77.167.14 - - [24/Sep/2026:05:03:02 +0300] "GET /?sale/search/detail/?ITMCODE=m2e3n4d6a7c5i8t1y572 HTTP/1.1" 200 30036 "-" "Mozilla/5.0 AppleWebKit/537.36 (KHTML, like Gecko; compatible; bingbot/2.0; +http://www.bing.com/bingbot.htm) Chrome/116.0.1938.76 Safari/537.36"
40.77.167.14 - - [24/Sep/2026:05:03:03 +0300] "GET /?sale/search/detail/?ITMCODE=b3r1a0n5c2h5i3o1s2t2omidae HTTP/1.1" 200 30040 "-" "Mozilla/5.0 AppleWebKit/537.36 (KHTML, like Gecko; compatible; bingbot/2.0; +http://www.bing.com/bingbot.htm) Chrome/116.0.1938.76 Safari/537.36"
40.77.167.14 - - [24/Sep/2026:05:03:04 +0300] "GET /?sale/search/detail/?ITMCODE=p4n1e9u3m0o9p8h7o1r4a4 HTTP/1.1" 200 30038 "-" "Mozilla/5.0 AppleWebKit/537.36 (KHTML, like Gecko; compatible; bingbot/2.0; +http://www.bing.com/bingbot.htm) Chrome/116.0.1938.76 Safari/537.36"
40.77.167.14 - - [24/Sep/2026:05:03:05 +0300] "GET /?sale/search/detail/?ITMCODE=o7a1k9u0m3647736 HTTP/1.1" 200 30032 "-" "Mozilla/5.0 AppleWebKit/537.36 (KHTML, like Gecko; compatible; bingbot/2.0; +http://www.bing.com/bingbot.htm) Chrome/116.0.1938.76 Safari/537.36"
40.77.167.14 - - [24/Sep/2026:05:03:06 +0300] "GET /?sale/search/detail/?ITMCODE=p9o7l4y1m7e4n3i7s3c3ous HTTP/1.1" 200 30040 "-" "Mozilla/5.0 AppleWebKit/537.36 (KHTML, like Gecko; compatible; bingbot/2.0; +http://www.bing.com/bingbot.htm) Chrome/116.0.1938.76 Safari/537.36"
40.77.167.14 - - [24/Sep/2026:05:03:06 +0300] "GET /?sale/search/detail/?ITMCODE=s5p8a3r1r5o1w1g8r6a5ss HTTP/1.1" 200 30038 "-" "Mozilla/5.0 AppleWebKit/537.36 (KHTML, like Gecko; compatible; bingbot/2.0; +http://www.bing.com/bingbot.htm) Chrome/116.0.1938.76 Safari/537.36"
57.141.20.74 - - [24/Sep/2026:05:03:08 +0300] "GET /?sale/search/detail/?ITMCODE=i1n3f6a6n2d4o9u0s379 HTTP/1.1" 200 30037 "-" "Mozilla/5.0 (Windows NT 10.0; Win64; x64) AppleWebKit/537.36 (KHTML, like Gecko) Chrome/145.0.0.0 Safari/537.36 (compatible; meta-externalagent/1.1 (+https://developers.facebook.com/docs/sharing/webmasters/crawler))"
40.77.167.14 - - [24/Sep/2026:05:03:08 +0300] "GET /?sale/search/detail/?ITMCODE=a9t1o0m7i5z8a9t3i7o8n1 HTTP/1.1" 200 30036 "-" "Mozilla/5.0 AppleWebKit/537.36 (KHTML, like Gecko; compatible; bingbot/2.0; +http://www.bing.com/bingbot.htm) Chrome/116.0.1938.76 Safari/537.36"
40.77.167.14 - - [24/Sep/2026:05:03:09 +0300] "GET /?sale/search/detail/?ITMCODE=c1o4n0f5e8c8t2o7r7y72 HTTP/1.1" 200 30037 "-" "Mozilla/5.0 AppleWebKit/537.36 (KHTML, like Gecko; compatible; bingbot/2.0; +http://www.bing.com/bingbot.htm) Chrome/116.0.1938.76 Safari/537.36"
40.77.167.14 - - [24/Sep/2026:05:03:09 +0300] "GET /?sale/search/detail/?ITMCODE=p8a1k2f2o4n1g03774 HTTP/1.1" 200 30035 "-" "Mozilla/5.0 AppleWebKit/537.36 (KHTML, like Gecko; compatible; bingbot/2.0; +http://www.bing.com/bingbot.htm) Chrome/116.0.1938.76 Safari/537.36"
66.249.66.33 - - [24/Sep/2026:05:03:12 +0300] "GET /?sale/search/detail/?ITMCODE=c4o6q5u7e377050 HTTP/1.1" 200 30033 "-" "Mozilla/5.0 (Linux; Android 6.0.1; Nexus 5X Build/MMB29P) AppleWebKit/537.36 (KHTML, like Gecko) Chrome/153.0.8010.52 Mobile Safari/537.36 (compatible; Googlebot/2.1; +http://www.google.com/bot.html)"
57.141.20.33 - - [24/Sep/2026:05:03:13 +0300] "GET /?sale/search/detail/?ITMCODE=n1i5l5o6m8e9t3e2r00 HTTP/1.1" 200 30035 "-" "Mozilla/5.0 (Windows NT 10.0; Win64; x64) AppleWebKit/537.36 (KHTML, like Gecko) Chrome/145.0.0.0 Safari/537.36 (compatible; meta-externalagent/1.1 (+https://developers.facebook.com/docs/sharing/webmasters/crawler))"
66.249.66.75 - - [24/Sep/2026:05:03:14 +0300] "GET /?sale/search/detail/?ITMCODE=t8r1a4g5u1l8u5s5166 HTTP/1.1" 301 5191 "-" "Mozilla/5.0 (Linux; Android 6.0.1; Nexus 5X Build/MMB29P) AppleWebKit/537.36 (KHTML, like Gecko) Chrome/153.0.8010.52 Mobile Safari/537.36 (compatible; Googlebot/2.1; +http://www.google.com/bot.html)"
40.77.167.14 - - [24/Sep/2026:05:03:15 +0300] "GET /?sale/search/detail/?ITMCODE=t1r2a5n7s1v6e9r1s2a1l4 HTTP/1.1" 200 30037 "-" "Mozilla/5.0 AppleWebKit/537.36 (KHTML, like Gecko; compatible; bingbot/2.0; +http://www.bing.com/bingbot.htm) Chrome/116.0.1938.76 Safari/537.36"
40.77.167.14 - - [24/Sep/2026:05:03:15 +0300] "GET /?sale/search/detail/?ITMCODE=a2n1o7i8n5t2e7d1397 HTTP/1.1" 200 30035 "-" "Mozilla/5.0 AppleWebKit/537.36 (KHTML, like Gecko; compatible; bingbot/2.0; +http://www.bing.com/bingbot.htm) Chrome/116.0.1938.76 Safari/537.36"
40.77.167.14 - - [24/Sep/2026:05:03:17 +0300] "GET /?sale/search/detail/?ITMCODE=c8i2r0c5u0m5j1o5v5i4a9l HTTP/1.1" 200 30039 "-" "Mozilla/5.0 AppleWebKit/537.36 (KHTML, like Gecko; compatible; bingbot/2.0; +http://www.bing.com/bingbot.htm) Chrome/116.0.1938.76 Safari/537.36"
40.77.167.14 - - [24/Sep/2026:05:03:18 +0300] "GET /?sale/search/detail/?ITMCODE=m0u3n4d8i5599281 HTTP/1.1" 200 30034 "-" "Mozilla/5.0 AppleWebKit/537.36 (KHTML, like Gecko; compatible; bingbot/2.0; +http://www.bing.com/bingbot.htm) Chrome/116.0.1938.76 Safari/537.36"
40.77.167.14 - - [24/Sep/2026:05:03:19 +0300] "GET /?sale/search/detail/?ITMCODE=k2u9t4a9u0s8s5861 HTTP/1.1" 200 30034 "-" "Mozilla/5.0 AppleWebKit/537.36 (KHTML, like Gecko; compatible; bingbot/2.0; +http://www.bing.com/bingbot.htm) Chrome/116.0.1938.76 Safari/537.36"
40.77.167.7 - - [24/Sep/2026:05:03:21 +0300] "GET /?sale/search/detail/?ITMCODE=h7o4r7n2e5d9n2e4s8s4 HTTP/1.1" 200 30035 "-" "Mozilla/5.0 AppleWebKit/537.36 (KHTML, like Gecko; compatible; bingbot/2.0; +http://www.bing.com/bingbot.htm) Chrome/116.0.1938.76 Safari/537.36"
57.141.20.10 - - [24/Sep/2026:05:03:21 +0300] "GET /?sale/search/detail/?ITMCODE=m1o3o5n4s1p3l7a3s9h2e5d HTTP/1.1" 200 30038 "-" "Mozilla/5.0 (Macintosh; Intel Mac OS X 10_15_7) AppleWebKit/537.36 (KHTML, like Gecko) Chrome/145.0.0.0 Safari/537.36 (compatible; meta-externalagent/1.1 (+https://developers.facebook.com/docs/sharing/webmasters/crawler))"
40.77.167.7 - - [24/Sep/2026:05:03:22 +0300] "GET /?sale/search/detail/?ITMCODE=r5e2l3e1v2a4n5t5031 HTTP/1.1" 200 30035 "-" "Mozilla/5.0 AppleWebKit/537.36 (KHTML, like Gecko; compatible; bingbot/2.0; +http://www.bing.com/bingbot.htm) Chrome/116.0.1938.76 Safari/537.36"
40.77.167.7 - - [24/Sep/2026:05:03:23 +0300] "GET /?sale/search/detail/?ITMCODE=c4e4r1e6f6o4l2i7u1m5 HTTP/1.1" 200 30036 "-" "Mozilla/5.0 AppleWebKit/537.36 (KHTML, like Gecko; compatible; bingbot/2.0; +http://www.bing.com/bingbot.htm) Chrome/116.0.1938.76 Safari/537.36"
40.77.167.7 - - [24/Sep/2026:05:03:24 +0300] "GET /?sale/search/detail/?ITMCODE=h6o6m1e7s2t2e4a2d6e7r HTTP/1.1" 200 30036 "-" "Mozilla/5.0 AppleWebKit/537.36 (KHTML, like Gecko; compatible; bingbot/2.0; +http://www.bing.com/bingbot.htm) Chrome/116.0.1938.76 Safari/537.36"
40.77.167.7 - - [24/Sep/2026:05:03:24 +0300] "GET /?sale/search/detail/?ITMCODE=d7e3s3i2g2n0a0t9i3v6e6 HTTP/1.1" 200 30038 "-" "Mozilla/5.0 AppleWebKit/537.36 (KHTML, like Gecko; compatible; bingbot/2.0; +http://www.bing.com/bingbot.htm) Chrome/116.0.1938.76 Safari/537.36"
66.249.66.32 - - [24/Sep/2026:05:03:27 +0300] "GET /?sale/search/detail/?ITMCODE=h9y1p9o8c7h5a6e4r7i2s8 HTTP/1.1" 200 30038 "-" "Mozilla/5.0 (Linux; Android 6.0.1; Nexus 5X Build/MMB29P) AppleWebKit/537.36 (KHTML, like Gecko) Chrome/153.0.8010.52 Mobile Safari/537.36 (compatible; Googlebot/2.1; +http://www.google.com/bot.html)"
40.77.167.51 - - [24/Sep/2026:05:03:31 +0300] "GET /?sale/search/detail/?ITMCODE=m6e3l3o8d6i6o7u1s8l2y6 HTTP/1.1" 200 30038 "-" "Mozilla/5.0 AppleWebKit/537.36 (KHTML, like Gecko; compatible; bingbot/2.0; +http://www.bing.com/bingbot.htm) Chrome/116.0.1938.76 Safari/537.36"
66.249.66.32 - - [24/Sep/2026:05:03:31 +0300] "GET /?sale/search/detail/?ITMCODE=b1e1h0a2v3i2o8r7800 HTTP/1.1" 200 30034 "-" "Mozilla/5.0 (Linux; Android 6.0.1; Nexus 5X Build/MMB29P) AppleWebKit/537.36 (KHTML, like Gecko) Chrome/153.0.8010.52 Mobile Safari/537.36 (compatible; Googlebot/2.1; +http://www.google.com/bot.html)"
40.77.167.51 - - [24/Sep/2026:05:03:31 +0300] "GET /?sale/search/detail/?ITMCODE=m5u2g9i0l5i6d7a7e614 HTTP/1.1" 200 30036 "-" "Mozilla/5.0 AppleWebKit/537.36 (KHTML, like Gecko; compatible; bingbot/2.0; +http://www.bing.com/bingbot.htm) Chrome/116.0.1938.76 Safari/537.36"
40.77.167.51 - - [24/Sep/2026:05:03:32 +0300] "GET /?sale/search/detail/?ITMCODE=n8e2o7m3e5n0i6a9899 HTTP/1.1" 200 30036 "-" "Mozilla/5.0 AppleWebKit/537.36 (KHTML, like Gecko; compatible; bingbot/2.0; +http://www.bing.com/bingbot.htm) Chrome/116.0.1938.76 Safari/537.36"
66.249.66.32 - - [24/Sep/2026:05:03:33 +0300] "GET /?sale/search/detail/?ITMCODE=e2n3d7e5r8o9n34684 HTTP/1.1" 200 30034 "-" "Mozilla/5.0 (Linux; Android 6.0.1; Nexus 5X Build/MMB29P) AppleWebKit/537.36 (KHTML, like Gecko) Chrome/153.0.8010.52 Mobile Safari/537.36 (compatible; Googlebot/2.1; +http://www.google.com/bot.html)"
40.77.167.14 - - [24/Sep/2026:05:03:35 +0300] "GET /?sale/search/detail/?ITMCODE=p2e2t0r1i2f2a2c7t7i1v2e HTTP/1.1" 200 30037 "-" "Mozilla/5.0 AppleWebKit/537.36 (KHTML, like Gecko; compatible; bingbot/2.0; +http://www.bing.com/bingbot.htm) Chrome/116.0.1938.76 Safari/537.36"
40.77.167.14 - - [24/Sep/2026:05:03:36 +0300] "GET /?sale/search/detail/?ITMCODE=d1i1s7s9a8t9i7s7f0a7c2tory HTTP/1.1" 200 30040 "-" "Mozilla/5.0 AppleWebKit/537.36 (KHTML, like Gecko; compatible; bingbot/2.0; +http://www.bing.com/bingbot.htm) Chrome/116.0.1938.76 Safari/537.36"
40.77.167.14 - - [24/Sep/2026:05:03:37 +0300] "GET /?sale/search/detail/?ITMCODE=u7n2c1o5n8f4o9r5m8a4b9ility HTTP/1.1" 200 30041 "-" "Mozilla/5.0 AppleWebKit/537.36 (KHTML, like Gecko; compatible; bingbot/2.0; +http://www.bing.com/bingbot.htm) Chrome/116.0.1938.76 Safari/537.36"
40.77.167.14 - - [24/Sep/2026:05:03:39 +0300] "GET /?sale/search/detail/?ITMCODE=b7u5l4l6s1h4o3t151 HTTP/1.1" 200 30035 "-" "Mozilla/5.0 AppleWebKit/537.36 (KHTML, like Gecko; compatible; bingbot/2.0; +http://www.bing.com/bingbot.htm) Chrome/116.0.1938.76 Safari/537.36"
40.77.167.14 - - [24/Sep/2026:05:03:39 +0300] "GET /?sale/search/detail/?ITMCODE=f0r3o9s1t5w3o6r9k744 HTTP/1.1" 200 30036 "-" "Mozilla/5.0 AppleWebKit/537.36 (KHTML, like Gecko; compatible; bingbot/2.0; +http://www.bing.com/bingbot.htm) Chrome/116.0.1938.76 Safari/537.36"
57.141.20.16 - - [24/Sep/2026:05:03:40 +0300] "GET /?sale/search/detail/?ITMCODE=u1n7d2i4v2i2d4u6a9l HTTP/1.1" 200 30035 "-" "Mozilla/5.0 (X11; Linux x86_64) AppleWebKit/537.36 (KHTML, like Gecko) Chrome/145.0.0.0 Safari/537.36 (compatible; meta-externalagent/1.1 (+https://developers.facebook.com/docs/sharing/webmasters/crawler))"
40.77.167.14 - - [24/Sep/2026:05:03:40 +0300] "GET /?sale/search/detail/?ITMCODE=z9e2n7d6a6v6e2s8t9a71 HTTP/1.1" 200 30036 "-" "Mozilla/5.0 AppleWebKit/537.36 (KHTML, like Gecko; compatible; bingbot/2.0; +http://www.bing.com/bingbot.htm) Chrome/116.0.1938.76 Safari/537.36"
40.77.167.51 - - [24/Sep/2026:05:03:45 +0300] "GET /?sale/search/detail/?ITMCODE=w5o3o9l3m0e6n17881 HTTP/1.1" 200 30035 "-" "Mozilla/5.0 AppleWebKit/537.36 (KHTML, like Gecko; compatible; bingbot/2.0; +http://www.bing.com/bingbot.htm) Chrome/116.0.1938.76 Safari/537.36"
40.77.167.51 - - [24/Sep/2026:05:03:46 +0300] "GET /?sale/search/detail/?ITMCODE=c0r4o9s9s4w6e2e2k75 HTTP/1.1" 200 30035 "-" "Mozilla/5.0 AppleWebKit/537.36 (KHTML, like Gecko; compatible; bingbot/2.0; +http://www.bing.com/bingbot.htm) Chrome/116.0.1938.76 Safari/537.36"
114.119.156.126 - - [24/Sep/2026:05:03:47 +0300] "GET /sitemap827.xml HTTP/1.1" 301 5190 "-" "Mozilla/5.0 (Linux; Android 7.0;) AppleWebKit/537.36 (KHTML, like Gecko) Mobile Safari/537.36 (compatible; PetalBot;+https://webmaster.petalsearch.com/site/petalbot)"
40.77.167.51 - - [24/Sep/2026:05:03:47 +0300] "GET /?sale/search/detail/?ITMCODE=r7a7c3o5n6t3e0u0r62 HTTP/1.1" 200 30036 "-" "Mozilla/5.0 AppleWebKit/537.36 (KHTML, like Gecko; compatible; bingbot/2.0; +http://www.bing.com/bingbot.htm) Chrome/116.0.1938.76 Safari/537.36"
40.77.167.51 - - [24/Sep/2026:05:03:48 +0300] "GET /?sale/search/detail/?ITMCODE=c8l3o5s0t1r8i8d5i6a47 HTTP/1.1" 200 30038 "-" "Mozilla/5.0 AppleWebKit/537.36 (KHTML, like Gecko; compatible; bingbot/2.0; +http://www.bing.com/bingbot.htm) Chrome/116.0.1938.76 Safari/537.36"
66.249.66.32 - - [24/Sep/2026:05:03:48 +0300] "GET /?sale/search/detail/?ITMCODE=i5n1e0x4o7r7a8b5l1e89 HTTP/1.1" 200 30038 "-" "Mozilla/5.0 (Linux; Android 6.0.1; Nexus 5X Build/MMB29P) AppleWebKit/537.36 (KHTML, like Gecko) Chrome/153.0.8010.52 Mobile Safari/537.36 (compatible; Googlebot/2.1; +http://www.google.com/bot.html)"
40.77.167.14 - - [24/Sep/2026:05:03:51 +0300] "GET /?sale/search/detail/?ITMCODE=e7x1h4i5b9i1t58976 HTTP/1.1" 200 30035 "-" "Mozilla/5.0 AppleWebKit/537.36 (KHTML, like Gecko; compatible; bingbot/2.0; +http://www.bing.com/bingbot.htm) Chrome/116.0.1938.76 Safari/537.36"
66.249.66.32 - - [24/Sep/2026:05:03:51 +0300] "GET /?sale/search/detail/?ITMCODE=a4r1m5a4t5u7s51722 HTTP/1.1" 200 30035 "-" "Mozilla/5.0 (Linux; Android 6.0.1; Nexus 5X Build/MMB29P) AppleWebKit/537.36 (KHTML, like Gecko) Chrome/153.0.8010.52 Mobile Safari/537.36 (compatible; Googlebot/2.1; +http://www.google.com/bot.html)"
40.77.167.14 - - [24/Sep/2026:05:03:52 +0300] "GET /?sale/search/detail/?ITMCODE=i8n3d8i6s6c6r2i9m5i7n7ate HTTP/1.1" 200 30040 "-" "Mozilla/5.0 AppleWebKit/537.36 (KHTML, like Gecko; compatible; bingbot/2.0; +http://www.bing.com/bingbot.htm) Chrome/116.0.1938.76 Safari/537.36"
40.77.167.14 - - [24/Sep/2026:05:03:53 +0300] "GET /?sale/search/detail/?ITMCODE=a6p2h2e8m9i0a22590 HTTP/1.1" 200 30035 "-" "Mozilla/5.0 AppleWebKit/537.36 (KHTML, like Gecko; compatible; bingbot/2.0; +http://www.bing.com/bingbot.htm) Chrome/116.0.1938.76 Safari/537.36"
66.249.66.76 - - [24/Sep/2026:05:03:54 +0300] "GET /?sale/search/detail/?ITMCODE=i9n1k3n2e5e352971 HTTP/1.1" 301 5189 "-" "Mozilla/5.0 (Linux; Android 6.0.1; Nexus 5X Build/MMB29P) AppleWebKit/537.36 (KHTML, like Gecko) Chrome/153.0.8010.52 Mobile Safari/537.36 (compatible; Googlebot/2.1; +http://www.google.com/bot.html)"
40.77.167.14 - - [24/Sep/2026:05:03:54 +0300] "GET /?sale/search/detail/?ITMCODE=a7n3a9t6o7m4i0s2t083 HTTP/1.1" 200 30035 "-" "Mozilla/5.0 AppleWebKit/537.36 (KHTML, like Gecko; compatible; bingbot/2.0; +http://www.bing.com/bingbot.htm) Chrome/116.0.1938.76 Safari/537.36"
66.249.66.76 - - [24/Sep/2026:05:03:54 +0300] "GET /?sale/search/detail/?ITMCODE=r0e2p1u9b4l1i4c5a7n7i0zed HTTP/1.1" 301 5197 "-" "Mozilla/5.0 (Linux; Android 6.0.1; Nexus 5X Build/MMB29P) AppleWebKit/537.36 (KHTML, like Gecko) Chrome/153.0.8010.52 Mobile Safari/537.36 (compatible; Googlebot/2.1; +http://www.google.com/bot.html)"
40.77.167.7 - - [24/Sep/2026:05:03:55 +0300] "GET /?sale/search/detail/?ITMCODE=q9u1i1c8a5923794 HTTP/1.1" 200 30033 "-" "Mozilla/5.0 AppleWebKit/537.36 (KHTML, like Gecko; compatible; bingbot/2.0; +http://www.bing.com/bingbot.htm) Chrome/116.0.1938.76 Safari/537.36"
40.77.167.7 - - [24/Sep/2026:05:03:56 +0300] "GET /?sale/search/detail/?ITMCODE=s4a9g0g6i5n2g5923 HTTP/1.1" 200 30034 "-" "Mozilla/5.0 AppleWebKit/537.36 (KHTML, like Gecko; compatible; bingbot/2.0; +http://www.bing.com/bingbot.htm) Chrome/116.0.1938.76 Safari/537.36"
40.77.167.7 - - [24/Sep/2026:05:03:57 +0300] "GET /?sale/search/detail/?ITMCODE=g3u3m8m3o5s9i6t4y374 HTTP/1.1" 200 30035 "-" "Mozilla/5.0 AppleWebKit/537.36 (KHTML, like Gecko; compatible; bingbot/2.0; +http://www.bing.com/bingbot.htm) Chrome/116.0.1938.76 Safari/537.36"
40.77.167.7 - - [24/Sep/2026:05:03:58 +0300] "GET /?sale/search/detail/?ITMCODE=m5a1g4n7i6f0i4c4819 HTTP/1.1" 200 30036 "-" "Mozilla/5.0 AppleWebKit/537.36 (KHTML, like Gecko; compatible; bingbot/2.0; +http://www.bing.com/bingbot.htm) Chrome/116.0.1938.76 Safari/537.36"
66.249.66.32 - - [24/Sep/2026:05:03:58 +0300] "GET /?sale/search/detail/?ITMCODE=a5l4h2e4n7n6a48199 HTTP/1.1" 200 30034 "-" "Mozilla/5.0 (Linux; Android 6.0.1; Nexus 5X Build/MMB29P) AppleWebKit/537.36 (KHTML, like Gecko) Chrome/153.0.8010.52 Mobile Safari/537.36 (compatible; Googlebot/2.1; +http://www.google.com/bot.html)"
114.119.156.126 - - [24/Sep/2026:05:03:59 +0300] "GET / HTTP/1.1" 200 29580 "-" "Mozilla/5.0 (Linux; Android 7.0;) AppleWebKit/537.36 (KHTML, like Gecko) Mobile Safari/537.36 (compatible; PetalBot;+https://webmaster.petalsearch.com/site/petalbot)"
40.77.167.7 - - [24/Sep/2026:05:03:59 +0300] "GET /?sale/search/detail/?ITMCODE=i6n6c9o5m6p1r5e9h8e7nsiveness HTTP/1.1" 200 30042 "-" "Mozilla/5.0 AppleWebKit/537.36 (KHTML, like Gecko; compatible; bingbot/2.0; +http://www.bing.com/bingbot.htm) Chrome/116.0.1938.76 Safari/537.36"
40.77.167.51 - - [24/Sep/2026:05:04:01 +0300] "GET /?sale/search/detail/?ITMCODE=q4u3i4n7q2u6a3g4e5s9i2ma HTTP/1.1" 200 30040 "-" "Mozilla/5.0 AppleWebKit/537.36 (KHTML, like Gecko; compatible; bingbot/2.0; +http://www.bing.com/bingbot.htm) Chrome/116.0.1938.76 Safari/537.36"
66.249.66.32 - - [24/Sep/2026:05:04:02 +0300] "GET /?sale/search/detail/?ITMCODE=i0n3s7t1i6t5u8t6e7d28 HTTP/1.1" 200 30037 "-" "Mozilla/5.0 (Linux; Android 6.0.1; Nexus 5X Build/MMB29P) AppleWebKit/537.36 (KHTML, like Gecko) Chrome/153.0.8010.52 Mobile Safari/537.36 (compatible; Googlebot/2.1; +http://www.google.com/bot.html)"
40.77.167.7 - - [24/Sep/2026:05:04:05 +0300] "GET /?sale/search/detail/?ITMCODE=d0e3c9i6l2976050 HTTP/1.1" 200 30033 "-" "Mozilla/5.0 AppleWebKit/537.36 (KHTML, like Gecko; compatible; bingbot/2.0; +http://www.bing.com/bingbot.htm) Chrome/116.0.1938.76 Safari/537.36"
66.249.66.32 - - [24/Sep/2026:05:04:06 +0300] "GET /?sale/search/detail/?ITMCODE=t6i1p3u2l8a20308 HTTP/1.1" 200 30033 "-" "Mozilla/5.0 (Linux; Android 6.0.1; Nexus 5X Build/MMB29P) AppleWebKit/537.36 (KHTML, like Gecko) Chrome/153.0.8010.52 Mobile Safari/537.36 (compatible; Googlebot/2.1; +http://www.google.com/bot.html)"
57.141.20.56 - - [24/Sep/2026:05:04:06 +0300] "GET /?sale/search/detail/?ITMCODE=d1e3a0d0m3a9n0s973 HTTP/1.1" 200 30034 "-" "Mozilla/5.0 (Windows NT 10.0; Win64; x64) AppleWebKit/537.36 (KHTML, like Gecko) Chrome/145.0.0.0 Safari/537.36 (compatible; meta-externalagent/1.1 (+https://developers.facebook.com/docs/sharing/webmasters/crawler))"
40.77.167.7 - - [24/Sep/2026:05:04:06 +0300] "GET /?sale/search/detail/?ITMCODE=a2r1c8h6l7y074957 HTTP/1.1" 200 30034 "-" "Mozilla/5.0 AppleWebKit/537.36 (KHTML, like Gecko; compatible; bingbot/2.0; +http://www.bing.com/bingbot.htm) Chrome/116.0.1938.76 Safari/537.36"
40.77.167.7 - - [24/Sep/2026:05:04:07 +0300] "GET /?sale/search/detail/?ITMCODE=a6t1t4a9i9n7t9e4d430 HTTP/1.1" 200 30035 "-" "Mozilla/5.0 AppleWebKit/537.36 (KHTML, like Gecko; compatible; bingbot/2.0; +http://www.bing.com/bingbot.htm) Chrome/116.0.1938.76 Safari/537.36"
40.77.167.7 - - [24/Sep/2026:05:04:08 +0300] "GET /?sale/search/detail/?ITMCODE=t0e2n7d7e3r2h9e7a3r4t1edly HTTP/1.1" 200 30040 "-" "Mozilla/5.0 AppleWebKit/537.36 (KHTML, like Gecko; compatible; bingbot/2.0; +http://www.bing.com/bingbot.htm) Chrome/136.0.0.0 Safari/537.36 AppleWebKit/537.36 (KHTML, like Gecko; compatible; bingbot/2.0; +http://www.bing.com/bingbot.htm) Chrome/116.0.1938.76 Safari/537.36"
40.77.167.7 - - [24/Sep/2026:05:04:09 +0300] "GET /?sale/search/detail/?ITMCODE=t8e3n4s5i6b5l9e7442 HTTP/1.1" 200 30035 "-" "Mozilla/5.0 AppleWebKit/537.36 (KHTML, like Gecko; compatible; bingbot/2.0; +http://www.bing.com/bingbot.htm) Chrome/116.0.1938.76 Safari/537.36"
40.77.167.51 - - [24/Sep/2026:05:04:11 +0300] "GET /?sale/search/detail/?ITMCODE=i5s3o4t3h9e9r8o2m1b3r4ose HTTP/1.1" 200 30039 "-" "Mozilla/5.0 AppleWebKit/537.36 (KHTML, like Gecko; compatible; bingbot/2.0; +http://www.bing.com/bingbot.htm) Chrome/116.0.1938.76 Safari/537.36"
66.249.66.32 - - [24/Sep/2026:05:04:13 +0300] "GET /?sale/search/detail/?ITMCODE=p4r1a9e8t0e6r9m8i3t15 HTTP/1.1" 200 30037 "-" "Mozilla/5.0 (Linux; Android 6.0.1; Nexus 5X Build/MMB29P) AppleWebKit/537.36 (KHTML, like Gecko) Chrome/153.0.8010.52 Mobile Safari/537.36 (compatible; Googlebot/2.1; +http://www.google.com/bot.html)"
40.77.167.14 - - [24/Sep/2026:05:04:16 +0300] "GET /?sale/search/detail/?ITMCODE=c7o4m1p4o5r5t2a8b6l1e0 HTTP/1.1" 200 30037 "-" "Mozilla/5.0 AppleWebKit/537.36 (KHTML, like Gecko; compatible; bingbot/2.0; +http://www.bing.com/bingbot.htm) Chrome/116.0.1938.76 Safari/537.36"
40.77.167.14 - - [24/Sep/2026:05:04:16 +0300] "GET /?sale/search/detail/?ITMCODE=d6i1n5d7u0s9t4r5i5e62 HTTP/1.1" 200 30037 "-" "Mozilla/5.0 AppleWebKit/537.36 (KHTML, like Gecko; compatible; bingbot/2.0; +http://www.bing.com/bingbot.htm) Chrome/116.0.1938.76 Safari/537.36"
66.249.66.32 - - [24/Sep/2026:05:04:17 +0300] "GET /?sale/search/detail/?ITMCODE=c0r2o3s4s0l3y54334 HTTP/1.1" 200 30035 "-" "Mozilla/5.0 (Linux; Android 6.0.1; Nexus 5X Build/MMB29P) AppleWebKit/537.36 (KHTML, like Gecko) Chrome/153.0.8010.52 Mobile Safari/537.36 (compatible; Googlebot/2.1; +http://www.google.com/bot.html)"
40.77.167.14 - - [24/Sep/2026:05:04:17 +0300] "GET /?sale/search/detail/?ITMCODE=h2i1s7p2a0n5i4o2l6a2n1 HTTP/1.1" 200 30037 "-" "Mozilla/5.0 AppleWebKit/537.36 (KHTML, like Gecko; compatible; bingbot/2.0; +http://www.bing.com/bingbot.htm) Chrome/116.0.1938.76 Safari/537.36"
40.77.167.14 - - [24/Sep/2026:05:04:18 +0300] "GET /?sale/search/detail/?ITMCODE=o7e1d8e3m6i6a70206 HTTP/1.1" 200 30035 "-" "Mozilla/5.0 AppleWebKit/537.36 (KHTML, like Gecko; compatible; bingbot/2.0; +http://www.bing.com/bingbot.htm) Chrome/116.0.1938.76 Safari/537.36"
40.77.167.14 - - [24/Sep/2026:05:04:19 +0300] "GET /?sale/search/detail/?ITMCODE=w3i4s1t7f0u6l0n1e3s4s7 HTTP/1.1" 200 30038 "-" "Mozilla/5.0 AppleWebKit/537.36 (KHTML, like Gecko; compatible; bingbot/2.0; +http://www.bing.com/bingbot.htm) Chrome/116.0.1938.76 Safari/537.36"
40.77.167.14 - - [24/Sep/2026:05:04:20 +0300] "GET /?sale/search/detail/?ITMCODE=t1r2a0i5n4b4a0n7d712 HTTP/1.1" 200 30035 "-" "Mozilla/5.0 AppleWebKit/537.36 (KHTML, like Gecko; compatible; bingbot/2.0; +http://www.bing.com/bingbot.htm) Chrome/116.0.1938.76 Safari/537.36"
40.77.167.51 - - [24/Sep/2026:05:04:20 +0300] "GET /?sale/search/detail/?ITMCODE=b5a1c6k7p5a8c9k0e6r5 HTTP/1.1" 200 30037 "-" "Mozilla/5.0 AppleWebKit/537.36 (KHTML, like Gecko; compatible; bingbot/2.0; +http://www.bing.com/bingbot.htm) Chrome/116.0.1938.76 Safari/537.36"
40.77.167.14 - - [24/Sep/2026:05:04:21 +0300] "GET /?sale/search/detail/?ITMCODE=o4r1c4h4i5s5e8s549 HTTP/1.1" 200 30034 "-" "Mozilla/5.0 AppleWebKit/537.36 (KHTML, like Gecko; compatible; bingbot/2.0; +http://www.bing.com/bingbot.htm) Chrome/116.0.1938.76 Safari/537.36"
40.77.167.14 - - [24/Sep/2026:05:04:22 +0300] "GET /?sale/search/detail/?ITMCODE=e9m1b6o8d6y6i8n8g253 HTTP/1.1" 200 30037 "-" "Mozilla/5.0 AppleWebKit/537.36 (KHTML, like Gecko; compatible; bingbot/2.0; +http://www.bing.com/bingbot.htm) Chrome/116.0.1938.76 Safari/537.36"
66.249.66.32 - - [24/Sep/2026:05:04:23 +0300] "GET /wp-content/themes/dt-the7/css/wpbakery.min.css?ver=9.14.1 HTTP/1.1" 200 5152 "https://princessmare.com.gr/?sale/search/detail/?ITMCODE=c0r2o3s4s0l3y54334" "Mozilla/5.0 (Linux; Android 6.0.1; Nexus 5X Build/MMB29P) AppleWebKit/537.36 (KHTML, like Gecko) Chrome/153.0.8010.52 Mobile Safari/537.36 (compatible; Googlebot/2.1; +http://www.google.com/bot.html)"
40.77.167.14 - - [24/Sep/2026:05:04:23 +0300] "GET /?sale/search/detail/?ITMCODE=n6a3b2b3e2d086895 HTTP/1.1" 200 30034 "-" "Mozilla/5.0 AppleWebKit/537.36 (KHTML, like Gecko; compatible; bingbot/2.0; +http://www.bing.com/bingbot.htm) Chrome/116.0.1938.76 Safari/537.36"
66.249.66.32 - - [24/Sep/2026:05:04:23 +0300] "GET /wp-content/themes/dt-the7/css/wpbakery.min.css?ver=9.14.1 HTTP/1.1" 200 4106 "https://princessmare.com.gr/?sale/search/detail/?ITMCODE=c0r2o3s4s0l3y54334" "Mozilla/5.0 (Linux; Android 6.0.1; Nexus 5X Build/MMB29P) AppleWebKit/537.36 (KHTML, like Gecko) Chrome/153.0.8010.52 Mobile Safari/537.36 (compatible; Googlebot/2.1; +http://www.google.com/bot.html)"
