52.167.144.234 - - [24/Sep/2026:04:01:21 +0300] "GET /?sale/search/detail/?ITMCODE=h1a3e0m2a9t9o8c1r5y1s3tallin HTTP/1.1" 200 30042 "-" "Mozilla/5.0 AppleWebKit/537.36 (KHTML, like Gecko; compatible; bingbot/2.0; +http://www.bing.com/bingbot.htm) Chrome/116.0.1938.76 Safari/537.36"
66.249.66.32 - - [24/Sep/2026:04:01:22 +0300] "GET /?sale/search/detail/?ITMCODE=f6o4g2g7i4n4e6s1s858 HTTP/1.1" 200 30037 "-" "Mozilla/5.0 (Linux; Android 6.0.1; Nexus 5X Build/MMB29P) AppleWebKit/537.36 (KHTML, like Gecko) Chrome/153.0.8010.52 Mobile Safari/537.36 (compatible; Googlebot/2.1; +http://www.google.com/bot.html)"
52.167.144.234 - - [24/Sep/2026:04:01:22 +0300] "GET /?sale/search/detail/?ITMCODE=h4i2s5p6i8d9u1l6o7u3s9 HTTP/1.1" 200 30038 "-" "Mozilla/5.0 AppleWebKit/537.36 (KHTML, like Gecko; compatible; bingbot/2.0; +http://www.bing.com/bingbot.htm) Chrome/116.0.1938.76 Safari/537.36"
52.167.144.234 - - [24/Sep/2026:04:01:22 +0300] "GET /?sale/search/detail/?ITMCODE=c3h2o1w0r4y077244 HTTP/1.1" 200 30034 "-" "Mozilla/5.0 AppleWebKit/537.36 (KHTML, like Gecko; compatible; bingbot/2.0; +http://www.bing.com/bingbot.htm) Chrome/116.0.1938.76 Safari/537.36"
66.249.66.32 - - [24/Sep/2026:04:01:22 +0300] "GET /shopdetail/easy/071000511 HTTP/1.1" 404 60888 "-" "Mozilla/5.0 (Linux; Android 6.0.1; Nexus 5X Build/MMB29P) AppleWebKit/537.36 (KHTML, like Gecko) Chrome/153.0.8010.52 Mobile Safari/537.36 (compatible; Googlebot/2.1; +http://www.google.com/bot.html)"
52.167.144.234 - - [24/Sep/2026:04:01:23 +0300] "GET /?sale/search/detail/?ITMCODE=d6e1v5i6c7e4s06210 HTTP/1.1" 200 30035 "-" "Mozilla/5.0 AppleWebKit/537.36 (KHTML, like Gecko; compatible; bingbot/2.0; +http://www.bing.com/bingbot.htm) Chrome/116.0.1938.76 Safari/537.36"
52.167.144.234 - - [24/Sep/2026:04:01:24 +0300] "GET /?sale/search/detail/?ITMCODE=d0u2y0o6n3g901783 HTTP/1.1" 200 30034 "-" "Mozilla/5.0 AppleWebKit/537.36 (KHTML, like Gecko; compatible; bingbot/2.0; +http://www.bing.com/bingbot.htm) Chrome/116.0.1938.76 Safari/537.36"
66.249.66.32 - - [24/Sep/2026:04:01:26 +0300] "GET /wp-includes/js/jquery/jquery.min.js?ver=3.7.1 HTTP/1.1" 200 5155 "https://princessmare.com.gr/?sale/search/detail/?ITMCODE=t0w3i1d0l3e859718" "Mozilla/5.0 (Linux; Android 6.0.1; Nexus 5X Build/MMB29P) AppleWebKit/537.36 (KHTML, like Gecko) Chrome/153.0.8010.52 Mobile Safari/537.36 (compatible; Googlebot/2.1; +http://www.google.com/bot.html)"
57.141.2.76 - - [24/Sep/2026:04:01:25 +0300] "GET / HTTP/1.1" 200 29992 "-" "facebookexternalhit/1.1 (+http://www.facebook.com/externalhit_uatext.php)"
66.249.66.32 - - [24/Sep/2026:04:01:25 +0300] "GET /?sale/search/detail/?ITMCODE=k5a3l4e4e2g6e72371 HTTP/1.1" 200 30034 "-" "Mozilla/5.0 (Linux; Android 6.0.1; Nexus 5X Build/MMB29P) AppleWebKit/537.36 (KHTML, like Gecko) Chrome/153.0.8010.52 Mobile Safari/537.36 (compatible; Googlebot/2.1; +http://www.google.com/bot.html)"
52.167.144.234 - - [24/Sep/2026:04:01:25 +0300] "GET /?sale/search/detail/?ITMCODE=d9o2g2i7e0640400 HTTP/1.1" 200 30032 "-" "Mozilla/5.0 AppleWebKit/537.36 (KHTML, like Gecko; compatible; bingbot/2.0; +http://www.bing.com/bingbot.htm) Chrome/116.0.1938.76 Safari/537.36"
66.249.66.32 - - [24/Sep/2026:04:01:26 +0300] "GET /wp-content/plugins/revslider/public/assets/js/rs6.min.js?ver=6.5.3 HTTP/1.1" 200 5176 "https://princessmare.com.gr/?sale/search/detail/?ITMCODE=t0w3i1d0l3e859718" "Mozilla/5.0 (Linux; Android 6.0.1; Nexus 5X Build/MMB29P) AppleWebKit/537.36 (KHTML, like Gecko) Chrome/153.0.8010.52 Mobile Safari/537.36 (compatible; Googlebot/2.1; +http://www.google.com/bot.html)"
66.249.66.32 - - [24/Sep/2026:04:01:26 +0300] "GET /wp-includes/js/jquery/jquery.min.js?ver=3.7.1 HTTP/1.1" 200 29610 "https://princessmare.com.gr/?sale/search/detail/?ITMCODE=t0w3i1d0l3e859718" "Mozilla/5.0 (Linux; Android 6.0.1; Nexus 5X Build/MMB29P) AppleWebKit/537.36 (KHTML, like Gecko) Chrome/153.0.8010.52 Mobile Safari/537.36 (compatible; Googlebot/2.1; +http://www.google.com/bot.html)"
66.249.66.32 - - [24/Sep/2026:04:01:26 +0300] "GET /wp-content/plugins/revslider/public/assets/js/rs6.min.js?ver=6.5.3 HTTP/1.1" 200 90147 "https://princessmare.com.gr/?sale/search/detail/?ITMCODE=t0w3i1d0l3e859718" "Mozilla/5.0 (Linux; Android 6.0.1; Nexus 5X Build/MMB29P) AppleWebKit/537.36 (KHTML, like Gecko) Chrome/153.0.8010.52 Mobile Safari/537.36 (compatible; Googlebot/2.1; +http://www.google.com/bot.html)"
66.249.66.32 - - [24/Sep/2026:04:01:27 +0300] "GET /wp-content/themes/dt-the7/fonts/FontAwesome/back-compat.min.css?ver=9.14.1 HTTP/1.1" 200 3928 "https://princessmare.com.gr/?sale/search/detail/?ITMCODE=f6o4g2g7i4n4e6s1s858" "Mozilla/5.0 (Linux; Android 6.0.1; Nexus 5X Build/MMB29P) AppleWebKit/537.36 (KHTML, like Gecko) Chrome/153.0.8010.52 Mobile Safari/537.36 (compatible; Googlebot/2.1; +http://www.google.com/bot.html)"
66.249.66.32 - - [24/Sep/2026:04:01:27 +0300] "GET /wp-content/themes/dt-the7/fonts/FontAwesome/back-compat.min.css?ver=9.14.1 HTTP/1.1" 200 5169 "https://princessmare.com.gr/?sale/search/detail/?ITMCODE=f6o4g2g7i4n4e6s1s858" "Mozilla/5.0 (Linux; Android 6.0.1; Nexus 5X Build/MMB29P) AppleWebKit/537.36 (KHTML, like Gecko) Chrome/153.0.8010.52 Mobile Safari/537.36 (compatible; Googlebot/2.1; +http://www.google.com/bot.html)"
52.167.144.234 - - [24/Sep/2026:04:01:26 +0300] "GET /?sale/search/detail/?ITMCODE=a2d7a1m2a4n5c4y257 HTTP/1.1" 200 30034 "-" "Mozilla/5.0 AppleWebKit/537.36 (KHTML, like Gecko; compatible; bingbot/2.0; +http://www.bing.com/bingbot.htm) Chrome/116.0.1938.76 Safari/537.36"
52.167.144.234 - - [24/Sep/2026:04:01:27 +0300] "GET /?sale/search/detail/?ITMCODE=p0e2a9k3i1n6g19495 HTTP/1.1" 200 30035 "-" "Mozilla/5.0 AppleWebKit/537.36 (KHTML, like Gecko; compatible; bingbot/2.0; +http://www.bing.com/bingbot.htm) Chrome/116.0.1938.76 Safari/537.36"
52.167.144.234 - - [24/Sep/2026:04:01:28 +0300] "GET /?sale/search/detail/?ITMCODE=d9i3s9t1a4s9t3e8358 HTTP/1.1" 200 30035 "-" "Mozilla/5.0 AppleWebKit/537.36 (KHTML, like Gecko; compatible; bingbot/2.0; +http://www.bing.com/bingbot.htm) Chrome/116.0.1938.76 Safari/537.36"
52.167.144.234 - - [24/Sep/2026:04:01:30 +0300] "GET /?sale/search/detail/?ITMCODE=c7a4t2s6e0y2e72030 HTTP/1.1" 200 30034 "-" "Mozilla/5.0 AppleWebKit/537.36 (KHTML, like Gecko; compatible; bingbot/2.0; +http://www.bing.com/bingbot.htm) Chrome/116.0.1938.76 Safari/537.36"
66.249.66.32 - - [24/Sep/2026:04:01:30 +0300] "GET /?w=068000275 HTTP/1.1" 404 60864 "-" "Mozilla/5.0 (Linux; Android 6.0.1; Nexus 5X Build/MMB29P) AppleWebKit/537.36 (KHTML, like Gecko) Chrome/153.0.8010.52 Mobile Safari/537.36 (compatible; Googlebot/2.1; +http://www.google.com/bot.html)"
52.167.144.234 - - [24/Sep/2026:04:01:30 +0300] "GET /?sale/search/detail/?ITMCODE=t4u9n6e8l5e3s3s888 HTTP/1.1" 200 30034 "-" "Mozilla/5.0 AppleWebKit/537.36 (KHTML, like Gecko; compatible; bingbot/2.0; +http://www.bing.com/bingbot.htm) Chrome/116.0.1938.76 Safari/537.36"
66.249.66.32 - - [24/Sep/2026:04:01:31 +0300] "GET /?sale/search/detail/?ITMCODE=b0e3l5l2e3320386 HTTP/1.1" 200 30033 "-" "Mozilla/5.0 (Linux; Android 6.0.1; Nexus 5X Build/MMB29P) AppleWebKit/537.36 (KHTML, like Gecko) Chrome/153.0.8010.52 Mobile Safari/537.36 (compatible; Googlebot/2.1; +http://www.google.com/bot.html)"
52.167.144.234 - - [24/Sep/2026:04:01:32 +0300] "GET /?sale/search/detail/?ITMCODE=b9r1a4s9s4i9n1e9s6s7 HTTP/1.1" 200 30036 "-" "Mozilla/5.0 AppleWebKit/537.36 (KHTML, like Gecko; compatible; bingbot/2.0; +http://www.bing.com/bingbot.htm) Chrome/116.0.1938.76 Safari/537.36"
66.249.66.32 - - [24/Sep/2026:04:01:32 +0300] "GET /wp-content/themes/dt-the7/css/wpbakery.min.css?ver=9.14.1 HTTP/1.1" 200 5152 "https://princessmare.com.gr/?sale/search/detail/?ITMCODE=a8n3t2i5p3e4l9l9a6g3r1a" "Mozilla/5.0 (Linux; Android 6.0.1; Nexus 5X Build/MMB29P) AppleWebKit/537.36 (KHTML, like Gecko) Chrome/153.0.8010.52 Mobile Safari/537.36 (compatible; Googlebot/2.1; +http://www.google.com/bot.html)"
66.249.66.32 - - [24/Sep/2026:04:01:32 +0300] "GET /wp-content/themes/dt-the7/css/wpbakery.min.css?ver=9.14.1 HTTP/1.1" 200 4106 "https://princessmare.com.gr/?sale/search/detail/?ITMCODE=a8n3t2i5p3e4l9l9a6g3r1a" "Mozilla/5.0 (Linux; Android 6.0.1; Nexus 5X Build/MMB29P) AppleWebKit/537.36 (KHTML, like Gecko) Chrome/153.0.8010.52 Mobile Safari/537.36 (compatible; Googlebot/2.1; +http://www.google.com/bot.html)"
52.167.144.234 - - [24/Sep/2026:04:01:33 +0300] "GET /?sale/search/detail/?ITMCODE=e8c1h3i8n2o4d1e4r0m6a7ta HTTP/1.1" 200 30040 "-" "Mozilla/5.0 AppleWebKit/537.36 (KHTML, like Gecko; compatible; bingbot/2.0; +http://www.bing.com/bingbot.htm) Chrome/116.0.1938.76 Safari/537.36"
66.249.66.32 - - [24/Sep/2026:04:01:33 +0300] "GET /?sale/search/detail/?ITMCODE=l8e2c7t5i4o5n04010 HTTP/1.1" 200 30035 "-" "Mozilla/5.0 (Linux; Android 6.0.1; Nexus 5X Build/MMB29P) AppleWebKit/537.36 (KHTML, like Gecko) Chrome/153.0.8010.52 Mobile Safari/537.36 (compatible; Googlebot/2.1; +http://www.google.com/bot.html)"
52.167.144.234 - - [24/Sep/2026:04:01:33 +0300] "GET /?sale/search/detail/?ITMCODE=r8a3n2u4n6c4u0l3a7c3e3ous HTTP/1.1" 200 30041 "-" "Mozilla/5.0 AppleWebKit/537.36 (KHTML, like Gecko; compatible; bingbot/2.0; +http://www.bing.com/bingbot.htm) Chrome/116.0.1938.76 Safari/537.36"
52.167.144.234 - - [24/Sep/2026:04:01:35 +0300] "GET /?sale/search/detail/?ITMCODE=s4i1l4i4c5i0o9i3d6e5a1 HTTP/1.1" 200 30037 "-" "Mozilla/5.0 AppleWebKit/537.36 (KHTML, like Gecko; compatible; bingbot/2.0; +http://www.bing.com/bingbot.htm) Chrome/116.0.1938.76 Safari/537.36"
52.167.144.234 - - [24/Sep/2026:04:01:36 +0300] "GET /?sale/search/detail/?ITMCODE=c4o2n4s2p9i8r0a2t8o1r HTTP/1.1" 200 30037 "-" "Mozilla/5.0 AppleWebKit/537.36 (KHTML, like Gecko; compatible; bingbot/2.0; +http://www.bing.com/bingbot.htm) Chrome/116.0.1938.76 Safari/537.36"
52.167.144.234 - - [24/Sep/2026:04:01:36 +0300] "GET /?sale/search/detail/?ITMCODE=d4i9s1w7o7r6t6h737 HTTP/1.1" 200 30035 "-" "Mozilla/5.0 AppleWebKit/537.36 (KHTML, like Gecko; compatible; bingbot/2.0; +http://www.bing.com/bingbot.htm) Chrome/116.0.1938.76 Safari/537.36"
52.167.144.234 - - [24/Sep/2026:04:01:37 +0300] "GET /?sale/search/detail/?ITMCODE=r5e3d0f2o4o7t2e2d211 HTTP/1.1" 200 30035 "-" "Mozilla/5.0 AppleWebKit/537.36 (KHTML, like Gecko; compatible; bingbot/2.0; +http://www.bing.com/bingbot.htm) Chrome/116.0.1938.76 Safari/537.36"
66.249.66.32 - - [24/Sep/2026:04:01:38 +0300] "GET /?sale/search/detail/?ITMCODE=m9n1i6o7t6i3l2t2a02 HTTP/1.1" 200 30035 "-" "Mozilla/5.0 (Linux; Android 6.0.1; Nexus 5X Build/MMB29P) AppleWebKit/537.36 (KHTML, like Gecko) Chrome/153.0.8010.52 Mobile Safari/537.36 (compatible; Googlebot/2.1; +http://www.google.com/bot.html)"
52.167.144.234 - - [24/Sep/2026:04:01:38 +0300] "GET /?sale/search/detail/?ITMCODE=b6e1w3r8o4u9g4h0t011 HTTP/1.1" 200 30037 "-" "Mozilla/5.0 AppleWebKit/537.36 (KHTML, like Gecko; compatible; bingbot/2.0; +http://www.bing.com/bingbot.htm) Chrome/116.0.1938.76 Safari/537.36"
52.167.144.234 - - [24/Sep/2026:04:01:39 +0300] "GET /?sale/search/detail/?ITMCODE=u2n2i4n4h2i1b6i8t1e7d HTTP/1.1" 200 30037 "-" "Mozilla/5.0 AppleWebKit/537.36 (KHTML, like Gecko; compatible; bingbot/2.0; +http://www.bing.com/bingbot.htm) Chrome/116.0.1938.76 Safari/537.36"
52.167.144.234 - - [24/Sep/2026:04:01:40 +0300] "GET /?sale/search/detail/?ITMCODE=d0e3s1t0r9o5y32476 HTTP/1.1" 200 30034 "-" "Mozilla/5.0 AppleWebKit/537.36 (KHTML, like Gecko; compatible; bingbot/2.0; +http://www.bing.com/bingbot.htm) Chrome/116.0.1938.76 Safari/537.36"
52.167.144.234 - - [24/Sep/2026:04:01:41 +0300] "GET /?sale/search/detail/?ITMCODE=i0s3o9g1o3n4i1s7m445 HTTP/1.1" 200 30036 "-" "Mozilla/5.0 AppleWebKit/537.36 (KHTML, like Gecko; compatible; bingbot/2.0; +http://www.bing.com/bingbot.htm) Chrome/116.0.1938.76 Safari/537.36"
52.167.144.234 - - [24/Sep/2026:04:01:42 +0300] "GET /?sale/search/detail/?ITMCODE=m4a1j2o3r7i9t2y0128 HTTP/1.1" 200 30036 "-" "Mozilla/5.0 AppleWebKit/537.36 (KHTML, like Gecko; compatible; bingbot/2.0; +http://www.bing.com/bingbot.htm) Chrome/116.0.1938.76 Safari/537.36"
66.249.66.32 - - [24/Sep/2026:04:01:43 +0300] "GET /wp-content/plugins/revslider/public/assets/js/rs6.min.js?ver=6.5.3 HTTP/1.1" 200 5176 "https://princessmare.com.gr/?sale/search/detail/?ITMCODE=c5a4s0s1o7l9e4t2t8e67" "Mozilla/5.0 (Linux; Android 6.0.1; Nexus 5X Build/MMB29P) AppleWebKit/537.36 (KHTML, like Gecko) Chrome/153.0.8010.52 Mobile Safari/537.36 (compatible; Googlebot/2.1; +http://www.google.com/bot.html)"
52.167.144.234 - - [24/Sep/2026:04:01:43 +0300] "GET /?sale/search/detail/?ITMCODE=e5x7c2e0e5d6i6n1g7l1y HTTP/1.1" 200 30037 "-" "Mozilla/5.0 AppleWebKit/537.36 (KHTML, like Gecko; compatible; bingbot/2.0; +http://www.bing.com/bingbot.htm) Chrome/116.0.1938.76 Safari/537.36"
66.249.66.32 - - [24/Sep/2026:04:01:43 +0300] "GET /?sale/search/detail/?ITMCODE=u8n1d0u5l5a2t1e5952 HTTP/1.1" 200 30035 "-" "Mozilla/5.0 (Linux; Android 6.0.1; Nexus 5X Build/MMB29P) AppleWebKit/537.36 (KHTML, like Gecko) Chrome/153.0.8010.52 Mobile Safari/537.36 (compatible; Googlebot/2.1; +http://www.google.com/bot.html)"
66.249.66.32 - - [24/Sep/2026:04:01:43 +0300] "GET /wp-content/plugins/revslider/public/assets/js/rs6.min.js?ver=6.5.3 HTTP/1.1" 200 90147 "https://princessmare.com.gr/?sale/search/detail/?ITMCODE=c5a4s0s1o7l9e4t2t8e67" "Mozilla/5.0 (Linux; Android 6.0.1; Nexus 5X Build/MMB29P) AppleWebKit/537.36 (KHTML, like Gecko) Chrome/153.0.8010.52 Mobile Safari/537.36 (compatible; Googlebot/2.1; +http://www.google.com/bot.html)"
52.167.144.234 - - [24/Sep/2026:04:01:44 +0300] "GET /?sale/search/detail/?ITMCODE=a2n2t0i8m3a5g8i4s0t1r9ical HTTP/1.1" 200 30041 "-" "Mozilla/5.0 AppleWebKit/537.36 (KHTML, like Gecko; compatible; bingbot/2.0; +http://www.bing.com/bingbot.htm) Chrome/116.0.1938.76 Safari/537.36"
40.77.167.70 - - [24/Sep/2026:04:01:44 +0300] "GET /?sale/search/detail/?ITMCODE=j2e6a4m5e1s32881 HTTP/1.1" 200 30033 "-" "Mozilla/5.0 AppleWebKit/537.36 (KHTML, like Gecko; compatible; bingbot/2.0; +http://www.bing.com/bingbot.htm) Chrome/116.0.1938.76 Safari/537.36"
40.77.167.70 - - [24/Sep/2026:04:01:45 +0300] "GET /?sale/search/detail/?ITMCODE=w9a3d3d1l2e234528 HTTP/1.1" 200 30034 "-" "Mozilla/5.0 AppleWebKit/537.36 (KHTML, like Gecko; compatible; bingbot/2.0; +http://www.bing.com/bingbot.htm) Chrome/116.0.1938.76 Safari/537.36"
66.249.66.32 - - [24/Sep/2026:04:01:46 +0300] "GET /?sale/search/detail/?ITMCODE=s7n2u9b3b1e9d26197 HTTP/1.1" 200 30034 "-" "Mozilla/5.0 (Linux; Android 6.0.1; Nexus 5X Build/MMB29P) AppleWebKit/537.36 (KHTML, like Gecko) Chrome/153.0.8010.52 Mobile Safari/537.36 (compatible; Googlebot/2.1; +http://www.google.com/bot.html)"
40.77.167.70 - - [24/Sep/2026:04:01:46 +0300] "GET /?sale/search/detail/?ITMCODE=d1i2s2g2r4a7c4i9o8u7s7 HTTP/1.1" 200 30038 "-" "Mozilla/5.0 AppleWebKit/537.36 (KHTML, like Gecko; compatible; bingbot/2.0; +http://www.bing.com/bingbot.htm) Chrome/116.0.1938.76 Safari/537.36"
40.77.167.70 - - [24/Sep/2026:04:01:47 +0300] "GET /?sale/search/detail/?ITMCODE=i4m2b8u5r9s4e45460 HTTP/1.1" 200 30034 "-" "Mozilla/5.0 AppleWebKit/537.36 (KHTML, like Gecko; compatible; bingbot/2.0; +http://www.bing.com/bingbot.htm) Chrome/116.0.1938.76 Safari/537.36"
40.77.167.70 - - [24/Sep/2026:04:01:48 +0300] "GET /?sale/search/detail/?ITMCODE=p0r2o9l8l4i7n7g3716 HTTP/1.1" 200 30035 "-" "Mozilla/5.0 AppleWebKit/537.36 (KHTML, like Gecko; compatible; bingbot/2.0; +http://www.bing.com/bingbot.htm) Chrome/116.0.1938.76 Safari/537.36"
52.167.144.234 - - [24/Sep/2026:04:01:48 +0300] "GET /?sale/search/detail/?ITMCODE=f7l1i4t5t4e7r6m7o9u2s7e HTTP/1.1" 200 30038 "-" "Mozilla/5.0 AppleWebKit/537.36 (KHTML, like Gecko; compatible; bingbot/2.0; +http://www.bing.com/bingbot.htm) Chrome/116.0.1938.76 Safari/537.36"
66.249.66.32 - - [24/Sep/2026:04:01:48 +0300] "GET /?sale/search/detail/?ITMCODE=s4a1c5k8c6l5o6t6h144 HTTP/1.1" 200 30037 "-" "Mozilla/5.0 (Linux; Android 6.0.1; Nexus 5X Build/MMB29P) AppleWebKit/537.36 (KHTML, like Gecko) Chrome/153.0.8010.52 Mobile Safari/537.36 (compatible; Googlebot/2.1; +http://www.google.com/bot.html)"
40.77.167.73 - - [24/Sep/2026:04:01:50 +0300] "GET /?sale/search/detail/?ITMCODE=s9a3n0d0i8x624532 HTTP/1.1" 200 30034 "-" "Mozilla/5.0 AppleWebKit/537.36 (KHTML, like Gecko; compatible; bingbot/2.0; +http://www.bing.com/bingbot.htm) Chrome/116.0.1938.76 Safari/537.36"
40.77.167.73 - - [24/Sep/2026:04:01:51 +0300] "GET /?sale/search/detail/?ITMCODE=i8n1h6a5u5l42025 HTTP/1.1" 200 30033 "-" "Mozilla/5.0 AppleWebKit/537.36 (KHTML, like Gecko; compatible; bingbot/2.0; +http://www.bing.com/bingbot.htm) Chrome/116.0.1938.76 Safari/537.36"
40.77.167.73 - - [24/Sep/2026:04:01:51 +0300] "GET /?sale/search/detail/?ITMCODE=b1e2d9a6s2h836557 HTTP/1.1" 200 30033 "-" "Mozilla/5.0 AppleWebKit/537.36 (KHTML, like Gecko; compatible; bingbot/2.0; +http://www.bing.com/bingbot.htm) Chrome/116.0.1938.76 Safari/537.36"
40.77.167.73 - - [24/Sep/2026:04:01:52 +0300] "GET /?sale/search/detail/?ITMCODE=t7h3y9r8o7i0d8559 HTTP/1.1" 200 30035 "-" "Mozilla/5.0 AppleWebKit/537.36 (KHTML, like Gecko; compatible; bingbot/2.0; +http://www.bing.com/bingbot.htm) Chrome/116.0.1938.76 Safari/537.36"
66.249.66.32 - - [24/Sep/2026:04:01:53 +0300] "GET /?sale/search/detail/?ITMCODE=c8a2t8h7e7r4e2t8i9c81 HTTP/1.1" 200 30036 "-" "Mozilla/5.0 (Linux; Android 6.0.1; Nexus 5X Build/MMB29P) AppleWebKit/537.36 (KHTML, like Gecko) Chrome/153.0.8010.52 Mobile Safari/537.36 (compatible; Googlebot/2.1; +http://www.google.com/bot.html)"
40.77.167.73 - - [24/Sep/2026:04:01:53 +0300] "GET /?sale/search/detail/?ITMCODE=a4b1l7i2n8s86250 HTTP/1.1" 200 30033 "-" "Mozilla/5.0 AppleWebKit/537.36 (KHTML, like Gecko; compatible; bingbot/2.0; +http://www.bing.com/bingbot.htm) Chrome/116.0.1938.76 Safari/537.36"
40.77.167.73 - - [24/Sep/2026:04:01:54 +0300] "GET /?sale/search/detail/?ITMCODE=u4n3e9x0p8e4c6t9e2d4ly HTTP/1.1" 200 30039 "-" "Mozilla/5.0 AppleWebKit/537.36 (KHTML, like Gecko; compatible; bingbot/2.0; +http://www.bing.com/bingbot.htm) Chrome/116.0.1938.76 Safari/537.36"
40.77.167.73 - - [24/Sep/2026:04:01:55 +0300] "GET /?sale/search/detail/?ITMCODE=d9r7i8p8p5y63230 HTTP/1.1" 200 30034 "-" "Mozilla/5.0 AppleWebKit/537.36 (KHTML, like Gecko; compatible; bingbot/2.0; +http://www.bing.com/bingbot.htm) Chrome/116.0.1938.76 Safari/537.36"
40.77.167.73 - - [24/Sep/2026:04:01:56 +0300] "GET /?sale/search/detail/?ITMCODE=a0b1a9c0u6l8u3s5635 HTTP/1.1" 200 30036 "-" "Mozilla/5.0 AppleWebKit/537.36 (KHTML, like Gecko; compatible; bingbot/2.0; +http://www.bing.com/bingbot.htm) Chrome/116.0.1938.76 Safari/537.36"
40.77.167.73 - - [24/Sep/2026:04:01:57 +0300] "GET /?sale/search/detail/?ITMCODE=u8m1b0r6a4g4e3o7u8s7n1ess HTTP/1.1" 200 30041 "-" "Mozilla/5.0 AppleWebKit/537.36 (KHTML, like Gecko; compatible; bingbot/2.0; +http://www.bing.com/bingbot.htm) Chrome/116.0.1938.76 Safari/537.36"
40.77.167.73 - - [24/Sep/2026:04:01:58 +0300] "GET /?sale/search/detail/?ITMCODE=i3n1c6u4m4b5e9r7e6d37 HTTP/1.1" 200 30037 "-" "Mozilla/5.0 AppleWebKit/537.36 (KHTML, like Gecko; compatible; bingbot/2.0; +http://www.bing.com/bingbot.htm) Chrome/116.0.1938.76 Safari/537.36"
40.77.167.73 - - [24/Sep/2026:04:01:58 +0300] "GET /?sale/search/detail/?ITMCODE=r9e1m7o9n9s4t8r4a0n6t1 HTTP/1.1" 200 30038 "-" "Mozilla/5.0 AppleWebKit/537.36 (KHTML, like Gecko; compatible; bingbot/2.0; +http://www.bing.com/bingbot.htm) Chrome/116.0.1938.76 Safari/537.36"
40.77.167.73 - - [24/Sep/2026:04:01:59 +0300] "GET /?sale/search/detail/?ITMCODE=d4e2l8i8r6i8o5u0s1l6y9 HTTP/1.1" 200 30038 "-" "Mozilla/5.0 AppleWebKit/537.36 (KHTML, like Gecko; compatible; bingbot/2.0; +http://www.bing.com/bingbot.htm) Chrome/116.0.1938.76 Safari/537.36"
66.249.66.33 - - [24/Sep/2026:04:01:59 +0300] "GET /?sale/search/detail/?ITMCODE=s8h4a2d8w4a8i0t9e6r02 HTTP/1.1" 200 30037 "-" "Mozilla/5.0 (Linux; Android 6.0.1; Nexus 5X Build/MMB29P) AppleWebKit/537.36 (KHTML, like Gecko) Chrome/153.0.8010.52 Mobile Safari/537.36 (compatible; Googlebot/2.1; +http://www.google.com/bot.html)"
40.77.167.73 - - [24/Sep/2026:04:02:00 +0300] "GET /?sale/search/detail/?ITMCODE=e9x7c5o7r6i5a6b6l9e7 HTTP/1.1" 200 30037 "-" "Mozilla/5.0 AppleWebKit/537.36 (KHTML, like Gecko; compatible; bingbot/2.0; +http://www.bing.com/bingbot.htm) Chrome/116.0.1938.76 Safari/537.36"
40.77.167.73 - - [24/Sep/2026:04:02:01 +0300] "GET /?sale/search/detail/?ITMCODE=c7o2i4n4s5t3a1n7t1a4n6eous HTTP/1.1" 200 30039 "-" "Mozilla/5.0 AppleWebKit/537.36 (KHTML, like Gecko; compatible; bingbot/2.0; +http://www.bing.com/bingbot.htm) Chrome/116.0.1938.76 Safari/537.36"
57.141.20.52 - - [24/Sep/2026:04:02:01 +0300] "GET /?sale/search/detail/?ITMCODE=f1i3b4r4i2l4l2a3r8y56 HTTP/1.1" 200 30037 "-" "Mozilla/5.0 (Windows NT 10.0; Win64; x64) AppleWebKit/537.36 (KHTML, like Gecko) Chrome/145.0.0.0 Safari/537.36 (compatible; meta-externalagent/1.1 (+https://developers.facebook.com/docs/sharing/webmasters/crawler))"
66.249.66.33 - - [24/Sep/2026:04:02:01 +0300] "GET /?sale/search/detail/?ITMCODE=i4n7t9e5g5r0a7t8o7r0 HTTP/1.1" 200 30036 "-" "Mozilla/5.0 (Linux; Android 6.0.1; Nexus 5X Build/MMB29P) AppleWebKit/537.36 (KHTML, like Gecko) Chrome/153.0.8010.52 Mobile Safari/537.36 (compatible; Googlebot/2.1; +http://www.google.com/bot.html)"
66.249.66.33 - - [24/Sep/2026:04:02:03 +0300] "GET /?sale/search/detail/?ITMCODE=l2a9f1t8e710247 HTTP/1.1" 200 30030 "-" "Mozilla/5.0 (Linux; Android 6.0.1; Nexus 5X Build/MMB29P) AppleWebKit/537.36 (KHTML, like Gecko) Chrome/153.0.8010.52 Mobile Safari/537.36 (compatible; Googlebot/2.1; +http://www.google.com/bot.html)"
40.77.167.73 - - [24/Sep/2026:04:02:04 +0300] "GET /?sale/search/detail/?ITMCODE=u8g3l5i9n9e0s7s6970 HTTP/1.1" 200 30035 "-" "Mozilla/5.0 AppleWebKit/537.36 (KHTML, like Gecko; compatible; bingbot/2.0; +http://www.bing.com/bingbot.htm) Chrome/116.0.1938.76 Safari/537.36"
40.77.167.73 - - [24/Sep/2026:04:02:05 +0300] "GET /?sale/search/detail/?ITMCODE=a2d3v2e7r0s4e95035 HTTP/1.1" 200 30035 "-" "Mozilla/5.0 AppleWebKit/537.36 (KHTML, like Gecko; compatible; bingbot/2.0; +http://www.bing.com/bingbot.htm) Chrome/116.0.1938.76 Safari/537.36"
66.249.66.32 - - [24/Sep/2026:04:02:05 +0300] "GET /?sale/search/detail/?ITMCODE=s0c4r2e3w3p0o6d4884 HTTP/1.1" 200 30036 "-" "Mozilla/5.0 (Linux; Android 6.0.1; Nexus 5X Build/MMB29P) AppleWebKit/537.36 (KHTML, like Gecko) Chrome/153.0.8010.52 Mobile Safari/537.36 (compatible; Googlebot/2.1; +http://www.google.com/bot.html)"
40.77.167.73 - - [24/Sep/2026:04:02:05 +0300] "GET /?sale/search/detail/?ITMCODE=e7u2l6o3g8i2z6i2n5g39 HTTP/1.1" 200 30038 "-" "Mozilla/5.0 AppleWebKit/537.36 (KHTML, like Gecko; compatible; bingbot/2.0; +http://www.bing.com/bingbot.htm) Chrome/116.0.1938.76 Safari/537.36"
40.77.167.73 - - [24/Sep/2026:04:02:06 +0300] "GET /?sale/search/detail/?ITMCODE=b2e1t7o4n3i2c8a8686 HTTP/1.1" 200 30036 "-" "Mozilla/5.0 AppleWebKit/537.36 (KHTML, like Gecko; compatible; bingbot/2.0; +http://www.bing.com/bingbot.htm) Chrome/116.0.1938.76 Safari/537.36"
40.77.167.73 - - [24/Sep/2026:04:02:06 +0300] "GET /?sale/search/detail/?ITMCODE=b2e3d3s5i8t7e0704 HTTP/1.1" 200 30034 "-" "Mozilla/5.0 AppleWebKit/537.36 (KHTML, like Gecko; compatible; bingbot/2.0; +http://www.bing.com/bingbot.htm) Chrome/116.0.1938.76 Safari/537.36"
66.249.66.32 - - [24/Sep/2026:04:02:07 +0300] "GET /?sale/search/detail/?ITMCODE=k3i3t1t7e2l098891 HTTP/1.1" 200 30034 "-" "Mozilla/5.0 (Linux; Android 6.0.1; Nexus 5X Build/MMB29P) AppleWebKit/537.36 (KHTML, like Gecko) Chrome/153.0.8010.52 Mobile Safari/537.36 (compatible; Googlebot/2.1; +http://www.google.com/bot.html)"
40.77.167.73 - - [24/Sep/2026:04:02:07 +0300] "GET /?sale/search/detail/?ITMCODE=l3y1s4i7c6h5i4t0u9m36 HTTP/1.1" 200 30038 "-" "Mozilla/5.0 AppleWebKit/537.36 (KHTML, like Gecko; compatible; bingbot/2.0; +http://www.bing.com/bingbot.htm) Chrome/116.0.1938.76 Safari/537.36"
40.77.167.70 - - [24/Sep/2026:04:02:09 +0300] "GET /?sale/search/detail/?ITMCODE=d2i2s8c8e1r2p4t6i3v8e5 HTTP/1.1" 200 30037 "-" "Mozilla/5.0 AppleWebKit/537.36 (KHTML, like Gecko; compatible; bingbot/2.0; +http://www.bing.com/bingbot.htm) Chrome/116.0.1938.76 Safari/537.36"
40.77.167.70 - - [24/Sep/2026:04:02:10 +0300] "GET /?sale/search/detail/?ITMCODE=b4e3l1e4m1n4o0i2d0e7a9 HTTP/1.1" 200 30038 "-" "Mozilla/5.0 AppleWebKit/537.36 (KHTML, like Gecko; compatible; bingbot/2.0; +http://www.bing.com/bingbot.htm) Chrome/116.0.1938.76 Safari/537.36"
40.77.167.70 - - [24/Sep/2026:04:02:10 +0300] "GET /?sale/search/detail/?ITMCODE=w4o1o6l9g3r0o0w5i4n5g8 HTTP/1.1" 200 30039 "-" "Mozilla/5.0 AppleWebKit/537.36 (KHTML, like Gecko; compatible; bingbot/2.0; +http://www.bing.com/bingbot.htm) Chrome/116.0.1938.76 Safari/537.36"
40.77.167.70 - - [24/Sep/2026:04:02:11 +0300] "GET /?sale/search/detail/?ITMCODE=p0a3r7a5p6h5r5a7g5m9a2ta HTTP/1.1" 200 30040 "-" "Mozilla/5.0 AppleWebKit/537.36 (KHTML, like Gecko; compatible; bingbot/2.0; +http://www.bing.com/bingbot.htm) Chrome/116.0.1938.76 Safari/537.36"
66.249.66.32 - - [24/Sep/2026:04:02:12 +0300] "GET /?sale/search/detail/?ITMCODE=i8n2f9u1n2d8i0b9u5l7a HTTP/1.1" 200 30038 "-" "Mozilla/5.0 (Linux; Android 6.0.1; Nexus 5X Build/MMB29P) AppleWebKit/537.36 (KHTML, like Gecko) Chrome/153.0.8010.52 Mobile Safari/537.36 (compatible; Googlebot/2.1; +http://www.google.com/bot.html)"
40.77.167.70 - - [24/Sep/2026:04:02:12 +0300] "GET /?sale/search/detail/?ITMCODE=c7u1r3u3l8e095526 HTTP/1.1" 200 30034 "-" "Mozilla/5.0 AppleWebKit/537.36 (KHTML, like Gecko; compatible; bingbot/2.0; +http://www.bing.com/bingbot.htm) Chrome/116.0.1938.76 Safari/537.36"
40.77.167.70 - - [24/Sep/2026:04:02:13 +0300] "GET /?sale/search/detail/?ITMCODE=c0a4r0r6a2c6k65881 HTTP/1.1" 200 30035 "-" "Mozilla/5.0 AppleWebKit/537.36 (KHTML, like Gecko; compatible; bingbot/2.0; +http://www.bing.com/bingbot.htm) Chrome/116.0.1938.76 Safari/537.36"
40.77.167.70 - - [24/Sep/2026:04:02:14 +0300] "GET /?sale/search/detail/?ITMCODE=t7o4x1i1c2o6l0o3g1y40 HTTP/1.1" 200 30037 "-" "Mozilla/5.0 AppleWebKit/537.36 (KHTML, like Gecko; compatible; bingbot/2.0; +http://www.bing.com/bingbot.htm) Chrome/116.0.1938.76 Safari/537.36"
40.77.167.70 - - [24/Sep/2026:04:02:15 +0300] "GET /?sale/search/detail/?ITMCODE=h0e3x5d9e7c7y1l2321 HTTP/1.1" 200 30036 "-" "Mozilla/5.0 AppleWebKit/537.36 (KHTML, like Gecko; compatible; bingbot/2.0; +http://www.bing.com/bingbot.htm) Chrome/116.0.1938.76 Safari/537.36"
66.249.66.32 - - [24/Sep/2026:04:02:15 +0300] "GET /?sale/search/detail/?ITMCODE=r5h2i7n0o7s4c3l1e9r6o8ma HTTP/1.1" 200 30040 "-" "Mozilla/5.0 (Linux; Android 6.0.1; Nexus 5X Build/MMB29P) AppleWebKit/537.36 (KHTML, like Gecko) Chrome/153.0.8010.52 Mobile Safari/537.36 (compatible; Googlebot/2.1; +http://www.google.com/bot.html)"
66.249.66.32 - - [24/Sep/2026:04:02:16 +0300] "GET /wp-content/plugins/js_composer/assets/js/dist/js_composer_front.min.js?ver=6.6.0.1 HTTP/1.1" 200 5190 "https://princessmare.com.gr/?sale/search/detail/?ITMCODE=s4a1c5k8c6l5o6t6h144" "Mozilla/5.0 (Linux; Android 6.0.1; Nexus 5X Build/MMB29P) AppleWebKit/537.36 (KHTML, like Gecko) Chrome/153.0.8010.52 Mobile Safari/537.36 (compatible; Googlebot/2.1; +http://www.google.com/bot.html)"
40.77.167.70 - - [24/Sep/2026:04:02:16 +0300] "GET /?sale/search/detail/?ITMCODE=g6a1s3i2f4y4i3n2g962 HTTP/1.1" 200 30036 "-" "Mozilla/5.0 AppleWebKit/537.36 (KHTML, like Gecko; compatible; bingbot/2.0; +http://www.bing.com/bingbot.htm) Chrome/116.0.1938.76 Safari/537.36"
66.249.66.32 - - [24/Sep/2026:04:02:16 +0300] "GET /wp-content/plugins/js_composer/assets/js/dist/js_composer_front.min.js?ver=6.6.0.1 HTTP/1.1" 200 5553 "https://princessmare.com.gr/?sale/search/detail/?ITMCODE=s4a1c5k8c6l5o6t6h144" "Mozilla/5.0 (Linux; Android 6.0.1; Nexus 5X Build/MMB29P) AppleWebKit/537.36 (KHTML, like Gecko) Chrome/153.0.8010.52 Mobile Safari/537.36 (compatible; Googlebot/2.1; +http://www.google.com/bot.html)"
40.77.167.70 - - [24/Sep/2026:04:02:17 +0300] "GET /?sale/search/detail/?ITMCODE=d6e7f8o0r0c9i2a0n7t2 HTTP/1.1" 200 30035 "-" "Mozilla/5.0 AppleWebKit/537.36 (KHTML, like Gecko; compatible; bingbot/2.0; +http://www.bing.com/bingbot.htm) Chrome/116.0.1938.76 Safari/537.36"
40.77.167.70 - - [24/Sep/2026:04:02:17 +0300] "GET /?sale/search/detail/?ITMCODE=d3e3l5i9q5u9e7s8c6ence HTTP/1.1" 200 30039 "-" "Mozilla/5.0 AppleWebKit/537.36 (KHTML, like Gecko; compatible; bingbot/2.0; +http://www.bing.com/bingbot.htm) Chrome/116.0.1938.76 Safari/537.36"
40.77.167.70 - - [24/Sep/2026:04:02:18 +0300] "GET /?sale/search/detail/?ITMCODE=d8i2s3r7e9s6p2e7c3t2e0r HTTP/1.1" 200 30037 "-" "Mozilla/5.0 AppleWebKit/537.36 (KHTML, like Gecko; compatible; bingbot/2.0; +http://www.bing.com/bingbot.htm) Chrome/116.0.1938.76 Safari/537.36"
40.77.167.70 - - [24/Sep/2026:04:02:19 +0300] "GET /?sale/search/detail/?ITMCODE=d5o3u6g4h4f7a6c6e2d90 HTTP/1.1" 200 30037 "-" "Mozilla/5.0 AppleWebKit/537.36 (KHTML, like Gecko; compatible; bingbot/2.0; +http://www.bing.com/bingbot.htm) Chrome/116.0.1938.76 Safari/537.36"
66.249.66.32 - - [24/Sep/2026:04:02:20 +0300] "GET /wp-content/plugins/Ultimate_VC_Addons/assets/min-js/ultimate-params.min.js?ver=3.19.10 HTTP/1.1" 200 5194 "https://princessmare.com.gr/?sale/search/detail/?ITMCODE=r3e1f3r2i1g3e2r9a7t0i7ng" "Mozilla/5.0 (Linux; Android 6.0.1; Nexus 5X Build/MMB29P) AppleWebKit/537.36 (KHTML, like Gecko) Chrome/153.0.8010.52 Mobile Safari/537.36 (compatible; Googlebot/2.1; +http://www.google.com/bot.html)"
40.77.167.70 - - [24/Sep/2026:04:02:20 +0300] "GET /?sale/search/detail/?ITMCODE=a5n6t9h3o3l1i0t9e69 HTTP/1.1" 200 30035 "-" "Mozilla/5.0 AppleWebKit/537.36 (KHTML, like Gecko; compatible; bingbot/2.0; +http://www.bing.com/bingbot.htm) Chrome/116.0.1938.76 Safari/537.36"
57.141.20.56 - - [24/Sep/2026:04:02:20 +0300] "GET /?sale/search/detail/?ITMCODE=a1f2f5i8l8i6a0t7e605 HTTP/1.1" 200 30037 "-" "Mozilla/5.0 (Windows NT 10.0; Win64; x64) AppleWebKit/537.36 (KHTML, like Gecko) Chrome/145.0.0.0 Safari/537.36 (compatible; meta-externalagent/1.1 (+https://developers.facebook.com/docs/sharing/webmasters/crawler))"
66.249.66.32 - - [24/Sep/2026:04:02:20 +0300] "GET /wp-content/plugins/Ultimate_VC_Addons/assets/min-js/ultimate-params.min.js?ver=3.19.10 HTTP/1.1" 200 467 "https://princessmare.com.gr/?sale/search/detail/?ITMCODE=r3e1f3r2i1g3e2r9a7t0i7ng" "Mozilla/5.0 (Linux; Android 6.0.1; Nexus 5X Build/MMB29P) AppleWebKit/537.36 (KHTML, like Gecko) Chrome/153.0.8010.52 Mobile Safari/537.36 (compatible; Googlebot/2.1; +http://www.google.com/bot.html)"
40.77.167.70 - - [24/Sep/2026:04:02:21 +0300] "GET /?sale/search/detail/?ITMCODE=r1e3d7d9i1s0h4n9e9s9s3 HTTP/1.1" 200 30037 "-" "Mozilla/5.0 AppleWebKit/537.36 (KHTML, like Gecko; compatible; bingbot/2.0; +http://www.bing.com/bingbot.htm) Chrome/116.0.1938.76 Safari/537.36"
66.249.66.32 - - [24/Sep/2026:04:02:21 +0300] "GET /?sale/search/detail/?ITMCODE=g0r2o1e8n1l1a0n8d5i1c5a HTTP/1.1" 200 30038 "-" "Mozilla/5.0 (Linux; Android 6.0.1; Nexus 5X Build/MMB29P) AppleWebKit/537.36 (KHTML, like Gecko) Chrome/153.0.8010.52 Mobile Safari/537.36 (compatible; Googlebot/2.1; +http://www.google.com/bot.html)"
40.77.167.70 - - [24/Sep/2026:04:02:22 +0300] "GET /?sale/search/detail/?ITMCODE=v2i3s5i8g3o9t1h2i9c81 HTTP/1.1" 200 30038 "-" "Mozilla/5.0 AppleWebKit/537.36 (KHTML, like Gecko; compatible; bingbot/2.0; +http://www.bing.com/bingbot.htm) Chrome/116.0.1938.76 Safari/537.36"
66.249.66.32 - - [24/Sep/2026:04:02:22 +0300] "GET /?sale/search/detail/?ITMCODE=f7u3r0t3i1v8e7l1y841 HTTP/1.1" 200 30036 "-" "Mozilla/5.0 (Linux; Android 6.0.1; Nexus 5X Build/MMB29P) AppleWebKit/537.36 (KHTML, like Gecko) Chrome/153.0.8010.52 Mobile Safari/537.36 (compatible; Googlebot/2.1; +http://www.google.com/bot.html)"
40.77.167.70 - - [24/Sep/2026:04:02:23 +0300] "GET /?sale/search/detail/?ITMCODE=a5p4o8t6h9e3g3m699 HTTP/1.1" 200 30036 "-" "Mozilla/5.0 AppleWebKit/537.36 (KHTML, like Gecko; compatible; bingbot/2.0; +http://www.bing.com/bingbot.htm) Chrome/116.0.1938.76 Safari/537.36"
66.249.66.32 - - [24/Sep/2026:04:02:23 +0300] "GET /?sale/search/detail/?ITMCODE=f0l2o9o8d5l8i3t8912 HTTP/1.1" 200 30036 "-" "Mozilla/5.0 (Linux; Android 6.0.1; Nexus 5X Build/MMB29P) AppleWebKit/537.36 (KHTML, like Gecko) Chrome/153.0.8010.52 Mobile Safari/537.36 (compatible; Googlebot/2.1; +http://www.google.com/bot.html)"
40.77.167.70 - - [24/Sep/2026:04:02:23 +0300] "GET /?sale/search/detail/?ITMCODE=m7a8r3s5i3p0o7b5r2a3nch HTTP/1.1" 200 30039 "-" "Mozilla/5.0 AppleWebKit/537.36 (KHTML, like Gecko; compatible; bingbot/2.0; +http://www.bing.com/bingbot.htm) Chrome/116.0.1938.76 Safari/537.36"
40.77.167.70 - - [24/Sep/2026:04:02:24 +0300] "GET /?sale/search/detail/?ITMCODE=i8d3e9n3t6i9c3a4l664 HTTP/1.1" 200 30036 "-" "Mozilla/5.0 AppleWebKit/537.36 (KHTML, like Gecko; compatible; bingbot/2.0; +http://www.bing.com/bingbot.htm) Chrome/116.0.1938.76 Safari/537.36"
40.77.167.70 - - [24/Sep/2026:04:02:25 +0300] "GET /?sale/search/detail/?ITMCODE=m2u2l6i2e0b2r3i5t4y43 HTTP/1.1" 200 30037 "-" "Mozilla/5.0 AppleWebKit/537.36 (KHTML, like Gecko; compatible; bingbot/2.0; +http://www.bing.com/bingbot.htm) Chrome/116.0.1938.76 Safari/537.36"
40.77.167.70 - - [24/Sep/2026:04:02:26 +0300] "GET /?sale/search/detail/?ITMCODE=b7a3r6l6e1y7b0r6a6k3e6 HTTP/1.1" 200 30038 "-" "Mozilla/5.0 AppleWebKit/537.36 (KHTML, like Gecko; compatible; bingbot/2.0; +http://www.bing.com/bingbot.htm) Chrome/116.0.1938.76 Safari/537.36"
57.141.20.61 - - [24/Sep/2026:04:02:26 +0300] "GET /?sale/search/detail/?ITMCODE=d1i3s3l3i4v5e28133 HTTP/1.1" 200 30034 "-" "Mozilla/5.0 (Windows NT 10.0; Win64; x64) AppleWebKit/537.36 (KHTML, like Gecko) Chrome/145.0.0.0 Safari/537.36 Edg/145.0.0.0 (compatible; meta-externalagent/1.1 (+https://developers.facebook.com/docs/sharing/webmasters/crawler))"
66.249.66.32 - - [24/Sep/2026:04:02:28 +0300] "GET /?sale/search/detail/?ITMCODE=s8p1a8t6h0u0l5a5946 HTTP/1.1" 200 30035 "-" "Mozilla/5.0 (Linux; Android 6.0.1; Nexus 5X Build/MMB29P) AppleWebKit/537.36 (KHTML, like Gecko) Chrome/153.0.8010.52 Mobile Safari/537.36 (compatible; Googlebot/2.1; +http://www.google.com/bot.html)"
40.77.167.70 - - [24/Sep/2026:04:02:30 +0300] "GET /?sale/search/detail/?ITMCODE=l6i3e5n6a4l2067 HTTP/1.1" 200 30032 "-" "Mozilla/5.0 AppleWebKit/537.36 (KHTML, like Gecko; compatible; bingbot/2.0; +http://www.bing.com/bingbot.htm) Chrome/116.0.1938.76 Safari/537.36"
40.77.167.70 - - [24/Sep/2026:04:02:30 +0300] "GET /?sale/search/detail/?ITMCODE=a9f1f7r6i2g5h7t9i3n7g0 HTTP/1.1" 200 30038 "-" "Mozilla/5.0 AppleWebKit/537.36 (KHTML, like Gecko; compatible; bingbot/2.0; +http://www.bing.com/bingbot.htm) Chrome/116.0.1938.76 Safari/537.36"
66.249.66.32 - - [24/Sep/2026:04:02:31 +0300] "GET /?sale/search/detail/?ITMCODE=p1r3o2l4i2f2i8c5a2t4i6on HTTP/1.1" 200 30039 "-" "Mozilla/5.0 (Linux; Android 6.0.1; Nexus 5X Build/MMB29P) AppleWebKit/537.36 (KHTML, like Gecko) Chrome/153.0.8010.52 Mobile Safari/537.36 (compatible; Googlebot/2.1; +http://www.google.com/bot.html)"
40.77.167.70 - - [24/Sep/2026:04:02:31 +0300] "GET /?sale/search/detail/?ITMCODE=c0a1p1i7l7l9o7s5e403 HTTP/1.1" 200 30035 "-" "Mozilla/5.0 AppleWebKit/537.36 (KHTML, like Gecko; compatible; bingbot/2.0; +http://www.bing.com/bingbot.htm) Chrome/116.0.1938.76 Safari/537.36"
40.77.167.70 - - [24/Sep/2026:04:02:32 +0300] "GET /?sale/search/detail/?ITMCODE=p6e3p9l3u7m683753 HTTP/1.1" 200 30035 "-" "Mozilla/5.0 AppleWebKit/537.36 (KHTML, like Gecko; compatible; bingbot/2.0; +http://www.bing.com/bingbot.htm) Chrome/116.0.1938.76 Safari/537.36"
66.249.66.32 - - [24/Sep/2026:04:02:32 +0300] "GET /?sale/search/detail/?ITMCODE=b0a2t8t8l6e1f1i9e0l2d6 HTTP/1.1" 200 30038 "-" "Mozilla/5.0 (Linux; Android 6.0.1; Nexus 5X Build/MMB29P) AppleWebKit/537.36 (KHTML, like Gecko) Chrome/153.0.8010.52 Mobile Safari/537.36 (compatible; Googlebot/2.1; +http://www.google.com/bot.html)"
40.77.167.70 - - [24/Sep/2026:04:02:33 +0300] "GET /?sale/search/detail/?ITMCODE=c8h1e5s8s5b4o9a1r1d39 HTTP/1.1" 200 30038 "-" "Mozilla/5.0 AppleWebKit/537.36 (KHTML, like Gecko; compatible; bingbot/2.0; +http://www.bing.com/bingbot.htm) Chrome/116.0.1938.76 Safari/537.36"
40.77.167.70 - - [24/Sep/2026:04:02:35 +0300] "GET /?sale/search/detail/?ITMCODE=a7w4r2e0a8k383316 HTTP/1.1" 200 30034 "-" "Mozilla/5.0 AppleWebKit/537.36 (KHTML, like Gecko; compatible; bingbot/2.0; +http://www.bing.com/bingbot.htm) Chrome/116.0.1938.76 Safari/537.36"
40.77.167.70 - - [24/Sep/2026:04:02:35 +0300] "GET /?sale/search/detail/?ITMCODE=e1x1t9r1i8n9s4i1c1a5l2 HTTP/1.1" 200 30038 "-" "Mozilla/5.0 AppleWebKit/537.36 (KHTML, like Gecko; compatible; bingbot/2.0; +http://www.bing.com/bingbot.htm) Chrome/116.0.1938.76 Safari/537.36"
40.77.167.70 - - [24/Sep/2026:04:02:36 +0300] "GET /?sale/search/detail/?ITMCODE=c1o5r8d6i2n9e8r84 HTTP/1.1" 200 30034 "-" "Mozilla/5.0 AppleWebKit/537.36 (KHTML, like Gecko; compatible; bingbot/2.0; +http://www.bing.com/bingbot.htm) Chrome/116.0.1938.76 Safari/537.36"
66.249.66.33 - - [24/Sep/2026:04:02:37 +0300] "GET /?sale/search/detail/?ITMCODE=r0u4e1f4u1l1l5y3819 HTTP/1.1" 200 30035 "-" "Mozilla/5.0 (Linux; Android 6.0.1; Nexus 5X Build/MMB29P) AppleWebKit/537.36 (KHTML, like Gecko) Chrome/153.0.8010.52 Mobile Safari/537.36 (compatible; Googlebot/2.1; +http://www.google.com/bot.html)"
40.77.167.70 - - [24/Sep/2026:04:02:37 +0300] "GET /?sale/search/detail/?ITMCODE=b2a1s0t5a0r7d4i7s5m94 HTTP/1.1" 200 30037 "-" "Mozilla/5.0 AppleWebKit/537.36 (KHTML, like Gecko; compatible; bingbot/2.0; +http://www.bing.com/bingbot.htm) Chrome/116.0.1938.76 Safari/537.36"
40.77.167.70 - - [24/Sep/2026:04:02:38 +0300] "GET /?sale/search/detail/?ITMCODE=c4e3n2o8t5a4p4h5y697 HTTP/1.1" 200 30037 "-" "Mozilla/5.0 AppleWebKit/537.36 (KHTML, like Gecko; compatible; bingbot/2.0; +http://www.bing.com/bingbot.htm) Chrome/116.0.1938.76 Safari/537.36"
42.118.158.171 - - [24/Sep/2026:04:02:39 +0300] "GET / HTTP/1.1" 200 29580 "-" "Mozilla/5.0 (Windows NT 10.0; Win64; x64) AppleWebKit/537.36 (KHTML, like Gecko) Chrome/128.0.0.0 Safari/537.36"
52.167.144.20 - - [24/Sep/2026:04:02:40 +0300] "GET /?sale/search/detail/?ITMCODE=u1n4i2d9e0a8l49253 HTTP/1.1" 200 30035 "-" "Mozilla/5.0 AppleWebKit/537.36 (KHTML, like Gecko; compatible; bingbot/2.0; +http://www.bing.com/bingbot.htm) Chrome/116.0.1938.76 Safari/537.36"
42.118.158.171 - - [24/Sep/2026:04:02:41 +0300] "GET /wp-login.php?action=register HTTP/1.1" 302 5422 "-" "Mozilla/5.0 (Windows NT 10.0; Win64; x64) AppleWebKit/537.36 (KHTML, like Gecko) Chrome/128.0.0.0 Safari/537.36"
52.167.144.20 - - [24/Sep/2026:04:02:41 +0300] "GET /?sale/search/detail/?ITMCODE=u3p3w3a6f3t951330 HTTP/1.1" 200 30035 "-" "Mozilla/5.0 AppleWebKit/537.36 (KHTML, like Gecko; compatible; bingbot/2.0; +http://www.bing.com/bingbot.htm) Chrome/116.0.1938.76 Safari/537.36"
42.118.158.171 - - [24/Sep/2026:04:02:42 +0300] "GET /wp-login.php?registration=disabled HTTP/1.1" 200 9076 "-" "Mozilla/5.0 (Windows NT 10.0; Win64; x64) AppleWebKit/537.36 (KHTML, like Gecko) Chrome/128.0.0.0 Safari/537.36"
52.167.144.20 - - [24/Sep/2026:04:02:42 +0300] "GET /?sale/search/detail/?ITMCODE=d3i4s7c4o8u6r8s9i9v3e HTTP/1.1" 200 30037 "-" "Mozilla/5.0 AppleWebKit/537.36 (KHTML, like Gecko; compatible; bingbot/2.0; +http://www.bing.com/bingbot.htm) Chrome/116.0.1938.76 Safari/537.36"
52.167.144.20 - - [24/Sep/2026:04:02:43 +0300] "GET /?sale/search/detail/?ITMCODE=c6o3n2c8e9p2t7i2b3i4l0ity HTTP/1.1" 200 30040 "-" "Mozilla/5.0 AppleWebKit/537.36 (KHTML, like Gecko; compatible; bingbot/2.0; +http://www.bing.com/bingbot.htm) Chrome/116.0.1938.76 Safari/537.36"
52.167.144.20 - - [24/Sep/2026:04:02:44 +0300] "GET /?sale/search/detail/?ITMCODE=g3e6t9t5a2b2l0e975 HTTP/1.1" 200 30035 "-" "Mozilla/5.0 AppleWebKit/537.36 (KHTML, like Gecko; compatible; bingbot/2.0; +http://www.bing.com/bingbot.htm) Chrome/116.0.1938.76 Safari/537.36"
52.167.144.20 - - [24/Sep/2026:04:02:44 +0300] "GET /?sale/search/detail/?ITMCODE=a3e3g4i7l4o8p5s8967 HTTP/1.1" 200 30035 "-" "Mozilla/5.0 AppleWebKit/537.36 (KHTML, like Gecko; compatible; bingbot/2.0; +http://www.bing.com/bingbot.htm) Chrome/116.0.1938.76 Safari/537.36"
52.167.144.20 - - [24/Sep/2026:04:02:45 +0300] "GET /?sale/search/detail/?ITMCODE=w8h4e2l0k6e9d37618 HTTP/1.1" 200 30036 "-" "Mozilla/5.0 AppleWebKit/537.36 (KHTML, like Gecko; compatible; bingbot/2.0; +http://www.bing.com/bingbot.htm) Chrome/116.0.1938.76 Safari/537.36"
52.167.144.20 - - [24/Sep/2026:04:02:46 +0300] "GET /?sale/search/detail/?ITMCODE=a2g4a1i2n4s5t3a0n3d90 HTTP/1.1" 200 30036 "-" "Mozilla/5.0 AppleWebKit/537.36 (KHTML, like Gecko; compatible; bingbot/2.0; +http://www.bing.com/bingbot.htm) Chrome/116.0.1938.76 Safari/537.36"
52.167.144.20 - - [24/Sep/2026:04:02:47 +0300] "GET /?sale/search/detail/?ITMCODE=h6y2o4i9d2e9a6l6227 HTTP/1.1" 200 30035 "-" "Mozilla/5.0 AppleWebKit/537.36 (KHTML, like Gecko; compatible; bingbot/2.0; +http://www.bing.com/bingbot.htm) Chrome/116.0.1938.76 Safari/537.36"
66.249.66.32 - - [24/Sep/2026:04:02:48 +0300] "GET /?sale/search/detail/?ITMCODE=a6l2l1e8g7r0e1t3t2o00 HTTP/1.1" 200 30037 "-" "Mozilla/5.0 (Linux; Android 6.0.1; Nexus 5X Build/MMB29P) AppleWebKit/537.36 (KHTML, like Gecko) Chrome/153.0.8010.52 Mobile Safari/537.36 (compatible; Googlebot/2.1; +http://www.google.com/bot.html)"
52.167.144.20 - - [24/Sep/2026:04:02:49 +0300] "GET /?sale/search/detail/?ITMCODE=c5r3e6n1g7l0e20310 HTTP/1.1" 200 30034 "-" "Mozilla/5.0 AppleWebKit/537.36 (KHTML, like Gecko; compatible; bingbot/2.0; +http://www.bing.com/bingbot.htm) Chrome/116.0.1938.76 Safari/537.36"
66.249.66.33 - - [24/Sep/2026:04:02:51 +0300] "GET /?sale/search/detail/?ITMCODE=s0t1r4a9i0t3l9y4796 HTTP/1.1" 200 30035 "-" "Mozilla/5.0 (Linux; Android 6.0.1; Nexus 5X Build/MMB29P) AppleWebKit/537.36 (KHTML, like Gecko) Chrome/153.0.8010.52 Mobile Safari/537.36 (compatible; Googlebot/2.1; +http://www.google.com/bot.html)"
66.249.66.33 - - [24/Sep/2026:04:02:52 +0300] "GET /shopdetail/manipulate/057000881 HTTP/1.1" 404 60888 "-" "Mozilla/5.0 (Linux; Android 6.0.1; Nexus 5X Build/MMB29P) AppleWebKit/537.36 (KHTML, like Gecko) Chrome/153.0.8010.52 Mobile Safari/537.36 (compatible; Googlebot/2.1; +http://www.google.com/bot.html)"
66.249.66.33 - - [24/Sep/2026:04:02:55 +0300] "GET /wp-content/plugins/js_composer/assets/js/dist/js_composer_front.min.js?ver=6.6.0.1 HTTP/1.1" 200 5190 "https://princessmare.com.gr/?sale/search/detail/?ITMCODE=i4n7t9e5g5r0a7t8o7r0" "Mozilla/5.0 (Linux; Android 6.0.1; Nexus 5X Build/MMB29P) AppleWebKit/537.36 (KHTML, like Gecko) Chrome/153.0.8010.52 Mobile Safari/537.36 (compatible; Googlebot/2.1; +http://www.google.com/bot.html)"
66.249.66.33 - - [24/Sep/2026:04:02:55 +0300] "GET /wp-content/themes/dt-the7/fonts/FontAwesome/css/all.min.css?ver=9.14.1 HTTP/1.1" 200 5165 "https://princessmare.com.gr/?sale/search/detail/?ITMCODE=m5e4t0a3g1a6s1t2r5i0c5" "Mozilla/5.0 (Linux; Android 6.0.1; Nexus 5X Build/MMB29P) AppleWebKit/537.36 (KHTML, like Gecko) Chrome/153.0.8010.52 Mobile Safari/537.36 (compatible; Googlebot/2.1; +http://www.google.com/bot.html)"
40.77.167.70 - - [24/Sep/2026:04:02:55 +0300] "GET /?sale/search/detail/?ITMCODE=d2i8t5r8i6c7h9o5t1o1mous HTTP/1.1" 200 30040 "-" "Mozilla/5.0 AppleWebKit/537.36 (KHTML, like Gecko; compatible; bingbot/2.0; +http://www.bing.com/bingbot.htm) Chrome/116.0.1938.76 Safari/537.36"
66.249.66.33 - - [24/Sep/2026:04:02:55 +0300] "GET /wp-content/plugins/js_composer/assets/js/dist/js_composer_front.min.js?ver=6.6.0.1 HTTP/1.1" 200 5553 "https://princessmare.com.gr/?sale/search/detail/?ITMCODE=i4n7t9e5g5r0a7t8o7r0" "Mozilla/5.0 (Linux; Android 6.0.1; Nexus 5X Build/MMB29P) AppleWebKit/537.36 (KHTML, like Gecko) Chrome/153.0.8010.52 Mobile Safari/537.36 (compatible; Googlebot/2.1; +http://www.google.com/bot.html)"
66.249.66.33 - - [24/Sep/2026:04:02:55 +0300] "GET /wp-content/themes/dt-the7/fonts/FontAwesome/css/all.min.css?ver=9.14.1 HTTP/1.1" 200 12361 "https://princessmare.com.gr/?sale/search/detail/?ITMCODE=m5e4t0a3g1a6s1t2r5i0c5" "Mozilla/5.0 (Linux; Android 6.0.1; Nexus 5X Build/MMB29P) AppleWebKit/537.36 (KHTML, like Gecko) Chrome/153.0.8010.52 Mobile Safari/537.36 (compatible; Googlebot/2.1; +http://www.google.com/bot.html)"
40.77.167.70 - - [24/Sep/2026:04:02:56 +0300] "GET /?sale/search/detail/?ITMCODE=s9t2o9u9t4i4s8h9193 HTTP/1.1" 200 30035 "-" "Mozilla/5.0 AppleWebKit/537.36 (KHTML, like Gecko; compatible; bingbot/2.0; +http://www.bing.com/bingbot.htm) Chrome/116.0.1938.76 Safari/537.36"
66.249.66.32 - - [24/Sep/2026:04:02:57 +0300] "GET /?sale/search/detail/?ITMCODE=i6n2d7i5s1t5i1n4g4u8ishably HTTP/1.1" 200 30041 "-" "Mozilla/5.0 (Linux; Android 6.0.1; Nexus 5X Build/MMB29P) AppleWebKit/537.36 (KHTML, like Gecko) Chrome/153.0.8010.52 Mobile Safari/537.36 (compatible; Googlebot/2.1; +http://www.google.com/bot.html)"
40.77.167.70 - - [24/Sep/2026:04:02:57 +0300] "GET /?sale/search/detail/?ITMCODE=t1h1i4o9p9h2t1h9e9n9e9 HTTP/1.1" 200 30036 "-" "Mozilla/5.0 AppleWebKit/537.36 (KHTML, like Gecko; compatible; bingbot/2.0; +http://www.bing.com/bingbot.htm) Chrome/116.0.1938.76 Safari/537.36"
40.77.167.70 - - [24/Sep/2026:04:02:58 +0300] "GET /?sale/search/detail/?ITMCODE=c7a1n4t6e7l512204 HTTP/1.1" 200 30034 "-" "Mozilla/5.0 AppleWebKit/537.36 (KHTML, like Gecko; compatible; bingbot/2.0; +http://www.bing.com/bingbot.htm) Chrome/116.0.1938.76 Safari/537.36"
66.249.66.32 - - [24/Sep/2026:04:02:58 +0300] "GET /?sale/search/detail/?ITMCODE=s3e7l3v0e34086 HTTP/1.1" 200 30032 "-" "Mozilla/5.0 (Linux; Android 6.0.1; Nexus 5X Build/MMB29P) AppleWebKit/537.36 (KHTML, like Gecko) Chrome/153.0.8010.52 Mobile Safari/537.36 (compatible; Googlebot/2.1; +http://www.google.com/bot.html)"
40.77.167.70 - - [24/Sep/2026:04:02:58 +0300] "GET /?sale/search/detail/?ITMCODE=a3r2r9a2s6t1r7e0137 HTTP/1.1" 200 30034 "-" "Mozilla/5.0 AppleWebKit/537.36 (KHTML, like Gecko; compatible; bingbot/2.0; +http://www.bing.com/bingbot.htm) Chrome/116.0.1938.76 Safari/537.36"
52.167.144.234 - - [24/Sep/2026:04:03:00 +0300] "GET /?sale/search/detail/?ITMCODE=f7r2i1a0b6i4i4i1t2y77 HTTP/1.1" 200 30037 "-" "Mozilla/5.0 AppleWebKit/537.36 (KHTML, like Gecko; compatible; bingbot/2.0; +http://www.bing.com/bingbot.htm) Chrome/116.0.1938.76 Safari/537.36"
52.167.144.234 - - [24/Sep/2026:04:03:01 +0300] "GET /?sale/search/detail/?ITMCODE=e1s7c4h3e3a6t6a8g1e4 HTTP/1.1" 200 30036 "-" "Mozilla/5.0 AppleWebKit/537.36 (KHTML, like Gecko; compatible; bingbot/2.0; +http://www.bing.com/bingbot.htm) Chrome/116.0.1938.76 Safari/537.36"
66.249.66.33 - - [24/Sep/2026:04:03:01 +0300] "GET /?sale/search/detail/?ITMCODE=s7k3i0t0t3y424625 HTTP/1.1" 200 30034 "-" "Mozilla/5.0 (Linux; Android 6.0.1; Nexus 5X Build/MMB29P) AppleWebKit/537.36 (KHTML, like Gecko) Chrome/153.0.8010.52 Mobile Safari/537.36 (compatible; Googlebot/2.1; +http://www.google.com/bot.html)"
52.167.144.234 - - [24/Sep/2026:04:03:02 +0300] "GET /?sale/search/detail/?ITMCODE=s9e3q7u1e1n7t32703 HTTP/1.1" 200 30035 "-" "Mozilla/5.0 AppleWebKit/537.36 (KHTML, like Gecko; compatible; bingbot/2.0; +http://www.bing.com/bingbot.htm) Chrome/116.0.1938.76 Safari/537.36"
52.167.144.234 - - [24/Sep/2026:04:03:02 +0300] "GET /?sale/search/detail/?ITMCODE=u5n3b3u5c6k3l5e3668 HTTP/1.1" 200 30037 "-" "Mozilla/5.0 AppleWebKit/537.36 (KHTML, like Gecko; compatible; bingbot/2.0; +http://www.bing.com/bingbot.htm) Chrome/116.0.1938.76 Safari/537.36"
52.167.144.234 - - [24/Sep/2026:04:03:03 +0300] "GET /?sale/search/detail/?ITMCODE=g0n3a1t7h6o9s2t7o2m8a9ta HTTP/1.1" 200 30040 "-" "Mozilla/5.0 AppleWebKit/537.36 (KHTML, like Gecko; compatible; bingbot/2.0; +http://www.bing.com/bingbot.htm) Chrome/116.0.1938.76 Safari/537.36"
66.249.66.34 - - [24/Sep/2026:04:03:04 +0300] "GET /?sale/search/detail/?ITMCODE=t4h3u7n0d5e1r0s5t8r4i0king HTTP/1.1" 200 30041 "-" "Mozilla/5.0 (Linux; Android 6.0.1; Nexus 5X Build/MMB29P) AppleWebKit/537.36 (KHTML, like Gecko) Chrome/153.0.8010.52 Mobile Safari/537.36 (compatible; Googlebot/2.1; +http://www.google.com/bot.html)"
40.77.167.70 - - [24/Sep/2026:04:03:04 +0300] "GET /?sale/search/detail/?ITMCODE=t8u1r5n6i3c2i9m0o2r4p1hae HTTP/1.1" 200 30040 "-" "Mozilla/5.0 AppleWebKit/537.36 (KHTML, like Gecko; compatible; bingbot/2.0; +http://www.bing.com/bingbot.htm) Chrome/116.0.1938.76 Safari/537.36"
52.167.144.234 - - [24/Sep/2026:04:03:04 +0300] "GET /?sale/search/detail/?ITMCODE=c7a3n6n8a6b0i3s6369 HTTP/1.1" 200 30036 "-" "Mozilla/5.0 AppleWebKit/537.36 (KHTML, like Gecko; compatible; bingbot/2.0; +http://www.bing.com/bingbot.htm) Chrome/116.0.1938.76 Safari/537.36"
52.167.144.20 - - [24/Sep/2026:04:03:05 +0300] "GET /?sale/search/detail/?ITMCODE=c8e8n3t6u7r6i1a3l74 HTTP/1.1" 200 30036 "-" "Mozilla/5.0 AppleWebKit/537.36 (KHTML, like Gecko; compatible; bingbot/2.0; +http://www.bing.com/bingbot.htm) Chrome/116.0.1938.76 Safari/537.36"
52.167.144.234 - - [24/Sep/2026:04:03:05 +0300] "GET /?sale/search/detail/?ITMCODE=h4o4r0r8o9r2s95204 HTTP/1.1" 200 30035 "-" "Mozilla/5.0 AppleWebKit/537.36 (KHTML, like Gecko; compatible; bingbot/2.0; +http://www.bing.com/bingbot.htm) Chrome/116.0.1938.76 Safari/537.36"
52.167.144.234 - - [24/Sep/2026:04:03:06 +0300] "GET /?sale/search/detail/?ITMCODE=i8m9m9e0n8s9i7t6i0e1s HTTP/1.1" 200 30037 "-" "Mozilla/5.0 AppleWebKit/537.36 (KHTML, like Gecko; compatible; bingbot/2.0; +http://www.bing.com/bingbot.htm) Chrome/116.0.1938.76 Safari/537.36"
66.249.66.33 - - [24/Sep/2026:04:03:07 +0300] "GET /shopdetail/doctrine/098004922 HTTP/1.1" 404 60888 "-" "Mozilla/5.0 (Linux; Android 6.0.1; Nexus 5X Build/MMB29P) AppleWebKit/537.36 (KHTML, like Gecko) Chrome/153.0.8010.52 Mobile Safari/537.36 (compatible; Googlebot/2.1; +http://www.google.com/bot.html)"
52.167.144.234 - - [24/Sep/2026:04:03:07 +0300] "GET /?sale/search/detail/?ITMCODE=b5i1t6c9h7i9n6g3645 HTTP/1.1" 200 30036 "-" "Mozilla/5.0 AppleWebKit/537.36 (KHTML, like Gecko; compatible; bingbot/2.0; +http://www.bing.com/bingbot.htm) Chrome/116.0.1938.76 Safari/537.36"
