66.249.66.32 - - [25/Sep/2026:14:21:12 +0300] "GET /wp-content/themes/dt-the7/fonts/FontAwesome/css/all.min.css?ver=9.14.1 HTTP/1.1" 200 12361 "https://princessmare.com.gr/?sale/search/detail/?ITMCODE=d3e2c3o6r8o7u2s2l5y95" "Mozilla/5.0 (Linux; Android 6.0.1; Nexus 5X Build/MMB29P) AppleWebKit/537.36 (KHTML, like Gecko) Chrome/153.0.8010.52 Mobile Safari/537.36 (compatible; Googlebot/2.1; +http://www.google.com/bot.html)"
66.249.66.32 - - [25/Sep/2026:14:21:12 +0300] "GET /wp-content/themes/dt-the7-child/style.css?ver=9.14.1 HTTP/1.1" 200 3752 "https://princessmare.com.gr/?sale/search/detail/?ITMCODE=d3e2c3o6r8o7u2s2l5y95" "Mozilla/5.0 (Linux; Android 6.0.1; Nexus 5X Build/MMB29P) AppleWebKit/537.36 (KHTML, like Gecko) Chrome/153.0.8010.52 Mobile Safari/537.36 (compatible; Googlebot/2.1; +http://www.google.com/bot.html)"
66.249.66.32 - - [25/Sep/2026:14:21:16 +0300] "GET /wp-content/themes/dt-the7/fonts/FontAwesome/css/all.min.css?ver=9.14.1 HTTP/1.1" 200 12361 "https://princessmare.com.gr/?sale/search/detail/?ITMCODE=n2a2v0e3l7s4t1r3i2n1g2" "Mozilla/5.0 (Linux; Android 6.0.1; Nexus 5X Build/MMB29P) AppleWebKit/537.36 (KHTML, like Gecko) Chrome/153.0.8010.52 Mobile Safari/537.36 (compatible; Googlebot/2.1; +http://www.google.com/bot.html)"
66.249.66.32 - - [25/Sep/2026:14:21:18 +0300] "GET /wp-content/themes/dt-the7-child/style.css?ver=9.14.1 HTTP/1.1" 200 3752 "https://princessmare.com.gr/?sale/search/detail/?ITMCODE=n2a2v0e3l7s4t1r3i2n1g2" "Mozilla/5.0 (Linux; Android 6.0.1; Nexus 5X Build/MMB29P) AppleWebKit/537.36 (KHTML, like Gecko) Chrome/153.0.8010.52 Mobile Safari/537.36 (compatible; Googlebot/2.1; +http://www.google.com/bot.html)"
66.249.66.33 - - [25/Sep/2026:14:21:26 +0300] "GET /wp-content/themes/dt-the7/fonts/FontAwesome/css/all.min.css?ver=9.14.1 HTTP/1.1" 200 12361 "https://princessmare.com.gr/?sale/search/detail/?ITMCODE=a1c3e4r0b0i2c46122" "Mozilla/5.0 (Linux; Android 6.0.1; Nexus 5X Build/MMB29P) AppleWebKit/537.36 (KHTML, like Gecko) Chrome/153.0.8010.52 Mobile Safari/537.36 (compatible; Googlebot/2.1; +http://www.google.com/bot.html)"
66.249.66.34 - - [25/Sep/2026:14:21:43 +0300] "GET /wp-content/themes/dt-the7/fonts/FontAwesome/css/all.min.css?ver=9.14.1 HTTP/1.1" 200 12361 "https://princessmare.com.gr/?sale/search/detail/?ITMCODE=l6i1g7h7t7m8a9n2172" "Mozilla/5.0 (Linux; Android 6.0.1; Nexus 5X Build/MMB29P) AppleWebKit/537.36 (KHTML, like Gecko) Chrome/153.0.8010.52 Mobile Safari/537.36 (compatible; Googlebot/2.1; +http://www.google.com/bot.html)"
126.90.27.2 - - [25/Sep/2026:14:21:48 +0300] "GET /wp-content/plugins/cookie-notice/css/front.min.css?ver=6.9.4 HTTP/2.0" 200 1018 "https://princessmare.com.gr/?sale/search/detail/?ITMCODE=f6e2r8r7y3040498" "Mozilla/5.0 (iPhone; CPU iPhone OS 18_7 like Mac OS X) AppleWebKit/605.1.15 (KHTML, like Gecko) Version/26.5.2 Mobile/15E148 Safari/604.1"
126.90.27.2 - - [25/Sep/2026:14:21:48 +0300] "GET /wp-content/plugins/js_composer/assets/css/js_composer.min.css?ver=6.6.0.1 HTTP/2.0" 200 40480 "https://princessmare.com.gr/?sale/search/detail/?ITMCODE=f6e2r8r7y3040498" "Mozilla/5.0 (iPhone; CPU iPhone OS 18_7 like Mac OS X) AppleWebKit/605.1.15 (KHTML, like Gecko) Version/26.5.2 Mobile/15E148 Safari/604.1"
126.90.27.2 - - [25/Sep/2026:14:21:48 +0300] "GET /wp-content/plugins/contact-form-7/includes/css/styles.css?ver=5.4.1 HTTP/2.0" 200 825 "https://princessmare.com.gr/?sale/search/detail/?ITMCODE=f6e2r8r7y3040498" "Mozilla/5.0 (iPhone; CPU iPhone OS 18_7 like Mac OS X) AppleWebKit/605.1.15 (KHTML, like Gecko) Version/26.5.2 Mobile/15E148 Safari/604.1"
126.90.27.2 - - [25/Sep/2026:14:21:48 +0300] "GET /wp-content/themes/dt-the7/fonts/icomoon-the7-font/icomoon-the7-font.min.css?ver=9.14.1 HTTP/2.0" 200 2438 "https://princessmare.com.gr/?sale/search/detail/?ITMCODE=f6e2r8r7y3040498" "Mozilla/5.0 (iPhone; CPU iPhone OS 18_7 like Mac OS X) AppleWebKit/605.1.15 (KHTML, like Gecko) Version/26.5.2 Mobile/15E148 Safari/604.1"
126.90.27.2 - - [25/Sep/2026:14:21:48 +0300] "GET /wp-content/themes/dt-the7/css/wpbakery.min.css?ver=9.14.1 HTTP/2.0" 200 4094 "https://princessmare.com.gr/?sale/search/detail/?ITMCODE=f6e2r8r7y3040498" "Mozilla/5.0 (iPhone; CPU iPhone OS 18_7 like Mac OS X) AppleWebKit/605.1.15 (KHTML, like Gecko) Version/26.5.2 Mobile/15E148 Safari/604.1"
126.90.27.2 - - [25/Sep/2026:14:21:48 +0300] "GET /wp-content/themes/dt-the7/fonts/FontAwesome/css/all.min.css?ver=9.14.1 HTTP/2.0" 200 12348 "https://princessmare.com.gr/?sale/search/detail/?ITMCODE=f6e2r8r7y3040498" "Mozilla/5.0 (iPhone; CPU iPhone OS 18_7 like Mac OS X) AppleWebKit/605.1.15 (KHTML, like Gecko) Version/26.5.2 Mobile/15E148 Safari/604.1"
126.90.27.2 - - [25/Sep/2026:14:21:48 +0300] "GET /wp-content/themes/dt-the7/lib/custom-scrollbar/custom-scrollbar.min.css?ver=9.14.1 HTTP/2.0" 200 1362 "https://princessmare.com.gr/?sale/search/detail/?ITMCODE=f6e2r8r7y3040498" "Mozilla/5.0 (iPhone; CPU iPhone OS 18_7 like Mac OS X) AppleWebKit/605.1.15 (KHTML, like Gecko) Version/26.5.2 Mobile/15E148 Safari/604.1"
66.249.66.34 - - [25/Sep/2026:14:21:48 +0300] "GET /wp-content/plugins/js_composer/assets/css/js_composer.min.css?ver=6.6.0.1 HTTP/1.1" 200 40493 "https://princessmare.com.gr/?sale/search/detail/?ITMCODE=b3a4n1g6i6n3g05569" "Mozilla/5.0 (Linux; Android 6.0.1; Nexus 5X Build/MMB29P) AppleWebKit/537.36 (KHTML, like Gecko) Chrome/153.0.8010.52 Mobile Safari/537.36 (compatible; Googlebot/2.1; +http://www.google.com/bot.html)"
126.90.27.2 - - [25/Sep/2026:14:21:49 +0300] "GET /wp-content/themes/dt-the7/css/main.min.css?ver=9.14.1 HTTP/2.0" 200 38598 "https://princessmare.com.gr/?sale/search/detail/?ITMCODE=f6e2r8r7y3040498" "Mozilla/5.0 (iPhone; CPU iPhone OS 18_7 like Mac OS X) AppleWebKit/605.1.15 (KHTML, like Gecko) Version/26.5.2 Mobile/15E148 Safari/604.1"
126.90.27.2 - - [25/Sep/2026:14:21:49 +0300] "GET /wp-content/uploads/the7-css/media.css?ver=a11134ae5739 HTTP/2.0" 200 9599 "https://princessmare.com.gr/?sale/search/detail/?ITMCODE=f6e2r8r7y3040498" "Mozilla/5.0 (iPhone; CPU iPhone OS 18_7 like Mac OS X) AppleWebKit/605.1.15 (KHTML, like Gecko) Version/26.5.2 Mobile/15E148 Safari/604.1"
126.90.27.2 - - [25/Sep/2026:14:21:49 +0300] "GET /wp-content/themes/dt-the7/fonts/FontAwesome/back-compat.min.css?ver=9.14.1 HTTP/2.0" 200 3916 "https://princessmare.com.gr/?sale/search/detail/?ITMCODE=f6e2r8r7y3040498" "Mozilla/5.0 (iPhone; CPU iPhone OS 18_7 like Mac OS X) AppleWebKit/605.1.15 (KHTML, like Gecko) Version/26.5.2 Mobile/15E148 Safari/604.1"
126.90.27.2 - - [25/Sep/2026:14:21:49 +0300] "GET /wp-content/plugins/dt-the7-core/assets/css/post-type.min.css?ver=2.5.7.1 HTTP/2.0" 200 5952 "https://princessmare.com.gr/?sale/search/detail/?ITMCODE=f6e2r8r7y3040498" "Mozilla/5.0 (iPhone; CPU iPhone OS 18_7 like Mac OS X) AppleWebKit/605.1.15 (KHTML, like Gecko) Version/26.5.2 Mobile/15E148 Safari/604.1"
126.90.27.2 - - [25/Sep/2026:14:21:49 +0300] "GET /wp-content/uploads/the7-css/mega-menu.css?ver=a11134ae5739 HTTP/2.0" 200 2723 "https://princessmare.com.gr/?sale/search/detail/?ITMCODE=f6e2r8r7y3040498" "Mozilla/5.0 (iPhone; CPU iPhone OS 18_7 like Mac OS X) AppleWebKit/605.1.15 (KHTML, like Gecko) Version/26.5.2 Mobile/15E148 Safari/604.1"
126.90.27.2 - - [25/Sep/2026:14:21:49 +0300] "GET /wp-content/uploads/the7-css/custom.css?ver=a11134ae5739 HTTP/2.0" 200 29336 "https://princessmare.com.gr/?sale/search/detail/?ITMCODE=f6e2r8r7y3040498" "Mozilla/5.0 (iPhone; CPU iPhone OS 18_7 like Mac OS X) AppleWebKit/605.1.15 (KHTML, like Gecko) Version/26.5.2 Mobile/15E148 Safari/604.1"
126.90.27.2 - - [25/Sep/2026:14:21:49 +0300] "GET /wp-content/uploads/the7-css/css-vars.css?ver=a11134ae5739 HTTP/2.0" 200 4027 "https://princessmare.com.gr/?sale/search/detail/?ITMCODE=f6e2r8r7y3040498" "Mozilla/5.0 (iPhone; CPU iPhone OS 18_7 like Mac OS X) AppleWebKit/605.1.15 (KHTML, like Gecko) Version/26.5.2 Mobile/15E148 Safari/604.1"
126.90.27.2 - - [25/Sep/2026:14:21:49 +0300] "GET /wp-content/uploads/the7-css/the7-elements-albums-portfolio.css?ver=a11134ae5739 HTTP/2.0" 200 2483 "https://princessmare.com.gr/?sale/search/detail/?ITMCODE=f6e2r8r7y3040498" "Mozilla/5.0 (iPhone; CPU iPhone OS 18_7 like Mac OS X) AppleWebKit/605.1.15 (KHTML, like Gecko) Version/26.5.2 Mobile/15E148 Safari/604.1"
126.90.27.2 - - [25/Sep/2026:14:21:49 +0300] "GET /wp-content/themes/dt-the7-child/style.css?ver=9.14.1 HTTP/2.0" 200 3740 "https://princessmare.com.gr/?sale/search/detail/?ITMCODE=f6e2r8r7y3040498" "Mozilla/5.0 (iPhone; CPU iPhone OS 18_7 like Mac OS X) AppleWebKit/605.1.15 (KHTML, like Gecko) Version/26.5.2 Mobile/15E148 Safari/604.1"
126.90.27.2 - - [25/Sep/2026:14:21:49 +0300] "GET /wp-content/uploads/the7-css/post-type-dynamic.css?ver=a11134ae5739 HTTP/2.0" 200 1226 "https://princessmare.com.gr/?sale/search/detail/?ITMCODE=f6e2r8r7y3040498" "Mozilla/5.0 (iPhone; CPU iPhone OS 18_7 like Mac OS X) AppleWebKit/605.1.15 (KHTML, like Gecko) Version/26.5.2 Mobile/15E148 Safari/604.1"
126.90.27.2 - - [25/Sep/2026:14:21:49 +0300] "GET /wp-content/plugins/Ultimate_VC_Addons/assets/min-css/style.min.css?ver=3.19.10 HTTP/2.0" 200 2577 "https://princessmare.com.gr/?sale/search/detail/?ITMCODE=f6e2r8r7y3040498" "Mozilla/5.0 (iPhone; CPU iPhone OS 18_7 like Mac OS X) AppleWebKit/605.1.15 (KHTML, like Gecko) Version/26.5.2 Mobile/15E148 Safari/604.1"
126.90.27.2 - - [25/Sep/2026:14:21:49 +0300] "GET /wp-includes/js/jquery/jquery.min.js?ver=3.7.1 HTTP/2.0" 200 29597 "https://princessmare.com.gr/?sale/search/detail/?ITMCODE=f6e2r8r7y3040498" "Mozilla/5.0 (iPhone; CPU iPhone OS 18_7 like Mac OS X) AppleWebKit/605.1.15 (KHTML, like Gecko) Version/26.5.2 Mobile/15E148 Safari/604.1"
126.90.27.2 - - [25/Sep/2026:14:21:49 +0300] "GET /wp-includes/js/jquery/jquery-migrate.min.js?ver=3.4.1 HTTP/2.0" 200 4677 "https://princessmare.com.gr/?sale/search/detail/?ITMCODE=f6e2r8r7y3040498" "Mozilla/5.0 (iPhone; CPU iPhone OS 18_7 like Mac OS X) AppleWebKit/605.1.15 (KHTML, like Gecko) Version/26.5.2 Mobile/15E148 Safari/604.1"
126.90.27.2 - - [25/Sep/2026:14:21:49 +0300] "GET /wp-content/plugins/cookie-notice/js/front.min.js?ver=2.1.0 HTTP/2.0" 200 1788 "https://princessmare.com.gr/?sale/search/detail/?ITMCODE=f6e2r8r7y3040498" "Mozilla/5.0 (iPhone; CPU iPhone OS 18_7 like Mac OS X) AppleWebKit/605.1.15 (KHTML, like Gecko) Version/26.5.2 Mobile/15E148 Safari/604.1"
126.90.27.2 - - [25/Sep/2026:14:21:49 +0300] "GET /wp-content/plugins/Ultimate_VC_Addons/assets/min-js/ultimate-params.min.js?ver=3.19.10 HTTP/2.0" 200 455 "https://princessmare.com.gr/?sale/search/detail/?ITMCODE=f6e2r8r7y3040498" "Mozilla/5.0 (iPhone; CPU iPhone OS 18_7 like Mac OS X) AppleWebKit/605.1.15 (KHTML, like Gecko) Version/26.5.2 Mobile/15E148 Safari/604.1"
126.90.27.2 - - [25/Sep/2026:14:21:49 +0300] "GET /wp-includes/js/dist/vendor/wp-polyfill.min.js?ver=3.15.0 HTTP/2.0" 200 11503 "https://princessmare.com.gr/?sale/search/detail/?ITMCODE=f6e2r8r7y3040498" "Mozilla/5.0 (iPhone; CPU iPhone OS 18_7 like Mac OS X) AppleWebKit/605.1.15 (KHTML, like Gecko) Version/26.5.2 Mobile/15E148 Safari/604.1"
126.90.27.2 - - [25/Sep/2026:14:21:49 +0300] "GET /wp-content/plugins/Ultimate_VC_Addons/assets/min-css/background-style.min.css?ver=3.19.10 HTTP/2.0" 200 1635 "https://princessmare.com.gr/?sale/search/detail/?ITMCODE=f6e2r8r7y3040498" "Mozilla/5.0 (iPhone; CPU iPhone OS 18_7 like Mac OS X) AppleWebKit/605.1.15 (KHTML, like Gecko) Version/26.5.2 Mobile/15E148 Safari/604.1"
126.90.27.2 - - [25/Sep/2026:14:21:49 +0300] "GET /wp-content/themes/dt-the7/js/above-the-fold.min.js?ver=9.14.1 HTTP/2.0" 200 3311 "https://princessmare.com.gr/?sale/search/detail/?ITMCODE=f6e2r8r7y3040498" "Mozilla/5.0 (iPhone; CPU iPhone OS 18_7 like Mac OS X) AppleWebKit/605.1.15 (KHTML, like Gecko) Version/26.5.2 Mobile/15E148 Safari/604.1"
126.90.27.2 - - [25/Sep/2026:14:21:49 +0300] "GET /wp-content/plugins/revslider/public/assets/fonts/revicons/revicons.woff?5510888 HTTP/2.0" 200 7536 "https://princessmare.com.gr/?sale/search/detail/?ITMCODE=f6e2r8r7y3040498" "Mozilla/5.0 (iPhone; CPU iPhone OS 18_7 like Mac OS X) AppleWebKit/605.1.15 (KHTML, like Gecko) Version/26.5.2 Mobile/15E148 Safari/604.1"
126.90.27.2 - - [25/Sep/2026:14:21:49 +0300] "GET /wp-content/themes/dt-the7/js/main.min.js?ver=9.14.1 HTTP/2.0" 200 77415 "https://princessmare.com.gr/?sale/search/detail/?ITMCODE=f6e2r8r7y3040498" "Mozilla/5.0 (iPhone; CPU iPhone OS 18_7 like Mac OS X) AppleWebKit/605.1.15 (KHTML, like Gecko) Version/26.5.2 Mobile/15E148 Safari/604.1"
126.90.27.2 - - [25/Sep/2026:14:21:49 +0300] "GET /wp-content/plugins/revslider/public/assets/css/rs6.css?ver=6.5.3 HTTP/2.0" 200 11655 "https://princessmare.com.gr/?sale/search/detail/?ITMCODE=f6e2r8r7y3040498" "Mozilla/5.0 (iPhone; CPU iPhone OS 18_7 like Mac OS X) AppleWebKit/605.1.15 (KHTML, like Gecko) Version/26.5.2 Mobile/15E148 Safari/604.1"
126.90.27.2 - - [25/Sep/2026:14:21:49 +0300] "GET /wp-content/plugins/revslider/public/assets/js/rbtools.min.js?ver=6.5.3 HTTP/2.0" 200 45281 "https://princessmare.com.gr/?sale/search/detail/?ITMCODE=f6e2r8r7y3040498" "Mozilla/5.0 (iPhone; CPU iPhone OS 18_7 like Mac OS X) AppleWebKit/605.1.15 (KHTML, like Gecko) Version/26.5.2 Mobile/15E148 Safari/604.1"
126.90.27.2 - - [25/Sep/2026:14:21:49 +0300] "GET /wp-content/plugins/contact-form-7/includes/js/index.js?ver=5.4.1 HTTP/2.0" 200 3772 "https://princessmare.com.gr/?sale/search/detail/?ITMCODE=f6e2r8r7y3040498" "Mozilla/5.0 (iPhone; CPU iPhone OS 18_7 like Mac OS X) AppleWebKit/605.1.15 (KHTML, like Gecko) Version/26.5.2 Mobile/15E148 Safari/604.1"
126.90.27.2 - - [25/Sep/2026:14:21:49 +0300] "GET /wp-content/plugins/revslider/public/assets/js/rs6.min.js?ver=6.5.3 HTTP/2.0" 200 90133 "https://princessmare.com.gr/?sale/search/detail/?ITMCODE=f6e2r8r7y3040498" "Mozilla/5.0 (iPhone; CPU iPhone OS 18_7 like Mac OS X) AppleWebKit/605.1.15 (KHTML, like Gecko) Version/26.5.2 Mobile/15E148 Safari/604.1"
126.90.27.2 - - [25/Sep/2026:14:21:49 +0300] "GET /wp-content/plugins/dt-the7-core/assets/js/post-type.min.js?ver=2.5.7.1 HTTP/2.0" 200 4685 "https://princessmare.com.gr/?sale/search/detail/?ITMCODE=f6e2r8r7y3040498" "Mozilla/5.0 (iPhone; CPU iPhone OS 18_7 like Mac OS X) AppleWebKit/605.1.15 (KHTML, like Gecko) Version/26.5.2 Mobile/15E148 Safari/604.1"
126.90.27.2 - - [25/Sep/2026:14:21:49 +0300] "GET /wp-content/themes/dt-the7/lib/jquery-mousewheel/jquery-mousewheel.min.js?ver=9.14.1 HTTP/2.0" 200 1037 "https://princessmare.com.gr/?sale/search/detail/?ITMCODE=f6e2r8r7y3040498" "Mozilla/5.0 (iPhone; CPU iPhone OS 18_7 like Mac OS X) AppleWebKit/605.1.15 (KHTML, like Gecko) Version/26.5.2 Mobile/15E148 Safari/604.1"
126.90.27.2 - - [25/Sep/2026:14:21:49 +0300] "GET /wp-content/plugins/js_composer/assets/js/dist/js_composer_front.min.js?ver=6.6.0.1 HTTP/2.0" 200 5540 "https://princessmare.com.gr/?sale/search/detail/?ITMCODE=f6e2r8r7y3040498" "Mozilla/5.0 (iPhone; CPU iPhone OS 18_7 like Mac OS X) AppleWebKit/605.1.15 (KHTML, like Gecko) Version/26.5.2 Mobile/15E148 Safari/604.1"
126.90.27.2 - - [25/Sep/2026:14:21:49 +0300] "GET /wp-content/plugins/Ultimate_VC_Addons/assets/min-js/custom.min.js?ver=3.19.10 HTTP/2.0" 200 4443 "https://princessmare.com.gr/?sale/search/detail/?ITMCODE=f6e2r8r7y3040498" "Mozilla/5.0 (iPhone; CPU iPhone OS 18_7 like Mac OS X) AppleWebKit/605.1.15 (KHTML, like Gecko) Version/26.5.2 Mobile/15E148 Safari/604.1"
126.90.27.2 - - [25/Sep/2026:14:21:49 +0300] "GET /wp-content/plugins/Ultimate_VC_Addons/assets/min-js/ultimate_bg.min.js?ver=3.19.10 HTTP/2.0" 200 8657 "https://princessmare.com.gr/?sale/search/detail/?ITMCODE=f6e2r8r7y3040498" "Mozilla/5.0 (iPhone; CPU iPhone OS 18_7 like Mac OS X) AppleWebKit/605.1.15 (KHTML, like Gecko) Version/26.5.2 Mobile/15E148 Safari/604.1"
126.90.27.2 - - [25/Sep/2026:14:21:49 +0300] "GET /wp-content/plugins/Ultimate_VC_Addons/assets/min-js/jquery-appear.min.js?ver=3.19.10 HTTP/2.0" 200 576 "https://princessmare.com.gr/?sale/search/detail/?ITMCODE=f6e2r8r7y3040498" "Mozilla/5.0 (iPhone; CPU iPhone OS 18_7 like Mac OS X) AppleWebKit/605.1.15 (KHTML, like Gecko) Version/26.5.2 Mobile/15E148 Safari/604.1"
126.90.27.2 - - [25/Sep/2026:14:21:49 +0300] "GET /wp-content/themes/dt-the7/lib/custom-scrollbar/custom-scrollbar.min.js?ver=9.14.1 HTTP/2.0" 200 11382 "https://princessmare.com.gr/?sale/search/detail/?ITMCODE=f6e2r8r7y3040498" "Mozilla/5.0 (iPhone; CPU iPhone OS 18_7 like Mac OS X) AppleWebKit/605.1.15 (KHTML, like Gecko) Version/26.5.2 Mobile/15E148 Safari/604.1"
126.90.27.2 - - [25/Sep/2026:14:21:49 +0300] "GET /wp-content/themes/dt-the7-child/fonts/PalatinoLinotype/PalatinoLinotype-Roman.woff HTTP/2.0" 200 292252 "https://princessmare.com.gr/?sale/search/detail/?ITMCODE=f6e2r8r7y3040498" "Mozilla/5.0 (iPhone; CPU iPhone OS 18_7 like Mac OS X) AppleWebKit/605.1.15 (KHTML, like Gecko) Version/26.5.2 Mobile/15E148 Safari/604.1"
126.90.27.2 - - [25/Sep/2026:14:21:49 +0300] "GET /wp-content/themes/dt-the7/fonts/icomoon-the7-font/icomoon-the7-font.ttf?wi57p5 HTTP/2.0" 200 48020 "https://princessmare.com.gr/?sale/search/detail/?ITMCODE=f6e2r8r7y3040498" "Mozilla/5.0 (iPhone; CPU iPhone OS 18_7 like Mac OS X) AppleWebKit/605.1.15 (KHTML, like Gecko) Version/26.5.2 Mobile/15E148 Safari/604.1"
126.90.27.2 - - [25/Sep/2026:14:21:50 +0300] "GET /wp-content/uploads/2021/07/logo.png HTTP/2.0" 200 4649 "https://princessmare.com.gr/?sale/search/detail/?ITMCODE=f6e2r8r7y3040498" "Mozilla/5.0 (iPhone; CPU iPhone OS 18_7 like Mac OS X) AppleWebKit/605.1.15 (KHTML, like Gecko) Version/26.5.2 Mobile/15E148 Safari/604.1"
126.90.27.2 - - [25/Sep/2026:14:21:50 +0300] "GET /wp-content/uploads/2021/07/logo-colored.png HTTP/2.0" 200 4778 "https://princessmare.com.gr/?sale/search/detail/?ITMCODE=f6e2r8r7y3040498" "Mozilla/5.0 (iPhone; CPU iPhone OS 18_7 like Mac OS X) AppleWebKit/605.1.15 (KHTML, like Gecko) Version/26.5.2 Mobile/15E148 Safari/604.1"
126.90.27.2 - - [25/Sep/2026:14:21:50 +0300] "GET /wp-content/uploads/2021/07/naxos-map-outline.jpg HTTP/2.0" 200 12701 "https://princessmare.com.gr/?sale/search/detail/?ITMCODE=f6e2r8r7y3040498" "Mozilla/5.0 (iPhone; CPU iPhone OS 18_7 like Mac OS X) AppleWebKit/605.1.15 (KHTML, like Gecko) Version/26.5.2 Mobile/15E148 Safari/604.1"
66.249.66.33 - - [25/Sep/2026:14:21:58 +0300] "GET /wp-content/themes/dt-the7/fonts/FontAwesome/css/all.min.css?ver=9.14.1 HTTP/1.1" 200 12361 "https://princessmare.com.gr/?sale/search/detail/?ITMCODE=f0e8a6t3h3e1r9p4a9t7ed" "Mozilla/5.0 (Linux; Android 6.0.1; Nexus 5X Build/MMB29P) AppleWebKit/537.36 (KHTML, like Gecko) Chrome/153.0.8010.52 Mobile Safari/537.36 (compatible; Googlebot/2.1; +http://www.google.com/bot.html)"
66.249.66.33 - - [25/Sep/2026:14:24:43 +0300] "GET /wp-content/themes/dt-the7/lib/jquery-mousewheel/jquery-mousewheel.min.js?ver=9.14.1 HTTP/1.1" 200 1049 "https://princessmare.com.gr/?sale/search/detail/?ITMCODE=u4n1d2e2r9g9o0i5n7g0" "Mozilla/5.0 (Linux; Android 6.0.1; Nexus 5X Build/MMB29P) AppleWebKit/537.36 (KHTML, like Gecko) Chrome/153.0.8010.52 Mobile Safari/537.36 (compatible; Googlebot/2.1; +http://www.google.com/bot.html)"
66.249.66.32 - - [25/Sep/2026:14:24:47 +0300] "GET /wp-content/themes/dt-the7/lib/jquery-mousewheel/jquery-mousewheel.min.js?ver=9.14.1 HTTP/1.1" 200 1049 "https://princessmare.com.gr/?sale/search/detail/?ITMCODE=o8p3t6i3o0n6e6e5121" "Mozilla/5.0 (Linux; Android 6.0.1; Nexus 5X Build/MMB29P) AppleWebKit/537.36 (KHTML, like Gecko) Chrome/153.0.8010.52 Mobile Safari/537.36 (compatible; Googlebot/2.1; +http://www.google.com/bot.html)"
66.249.66.33 - - [25/Sep/2026:14:26:07 +0300] "GET /wp-content/plugins/dt-the7-core/assets/js/post-type.min.js?ver=2.5.7.1 HTTP/1.1" 200 4698 "https://princessmare.com.gr/?sale/search/detail/?ITMCODE=g9u3i8l5l1e8m8e7t585" "Mozilla/5.0 (Linux; Android 6.0.1; Nexus 5X Build/MMB29P) AppleWebKit/537.36 (KHTML, like Gecko) Chrome/153.0.8010.52 Mobile Safari/537.36 (compatible; Googlebot/2.1; +http://www.google.com/bot.html)"
66.249.66.33 - - [25/Sep/2026:14:27:01 +0300] "GET /wp-content/plugins/dt-the7-core/assets/css/post-type.min.css?ver=2.5.7.1 HTTP/1.1" 200 5965 "https://princessmare.com.gr/?sale/search/detail/?ITMCODE=p8r6i0m0n1e7s2s451" "Mozilla/5.0 (Linux; Android 6.0.1; Nexus 5X Build/MMB29P) AppleWebKit/537.36 (KHTML, like Gecko) Chrome/153.0.8010.52 Mobile Safari/537.36 (compatible; Googlebot/2.1; +http://www.google.com/bot.html)"
66.249.66.32 - - [25/Sep/2026:14:27:01 +0300] "GET /wp-content/themes/dt-the7/js/above-the-fold.min.js?ver=9.14.1 HTTP/1.1" 200 3323 "https://princessmare.com.gr/?sale/search/detail/?ITMCODE=p8r6i0m0n1e7s2s451" "Mozilla/5.0 (Linux; Android 6.0.1; Nexus 5X Build/MMB29P) AppleWebKit/537.36 (KHTML, like Gecko) Chrome/153.0.8010.52 Mobile Safari/537.36 (compatible; Googlebot/2.1; +http://www.google.com/bot.html)"
66.249.66.32 - - [25/Sep/2026:14:27:09 +0300] "GET /wp-content/themes/dt-the7/js/above-the-fold.min.js?ver=9.14.1 HTTP/1.1" 200 3323 "https://princessmare.com.gr/?sale/search/detail/?ITMCODE=i0n3t9e3r0n0e8t7389" "Mozilla/5.0 (Linux; Android 6.0.1; Nexus 5X Build/MMB29P) AppleWebKit/537.36 (KHTML, like Gecko) Chrome/153.0.8010.52 Mobile Safari/537.36 (compatible; Googlebot/2.1; +http://www.google.com/bot.html)"
66.249.66.196 - - [25/Sep/2026:14:27:15 +0300] "GET /wp-content/themes/dt-the7/js/above-the-fold.min.js?ver=9.14.1 HTTP/1.1" 200 3323 "https://princessmare.com.gr/?sale/search/detail/?ITMCODE=c0o1l6o3r1i5m6e5t7r1y2" "Mozilla/5.0 (Linux; Android 6.0.1; Nexus 5X Build/MMB29P) AppleWebKit/537.36 (KHTML, like Gecko) Chrome/153.0.8010.52 Mobile Safari/537.36 (compatible; Googlebot/2.1; +http://www.google.com/bot.html)"
66.249.66.33 - - [25/Sep/2026:14:27:29 +0300] "GET /wp-content/plugins/revslider/public/assets/js/rs6.min.js?ver=6.5.3 HTTP/1.1" 200 90147 "https://princessmare.com.gr/?sale/search/detail/?ITMCODE=p8r1a8c4t6i1s0o0u0r08" "Mozilla/5.0 (Linux; Android 6.0.1; Nexus 5X Build/MMB29P) AppleWebKit/537.36 (KHTML, like Gecko) Chrome/153.0.8010.52 Mobile Safari/537.36 (compatible; Googlebot/2.1; +http://www.google.com/bot.html)"
66.249.66.33 - - [25/Sep/2026:14:27:59 +0300] "GET /wp-content/themes/dt-the7/fonts/icomoon-the7-font/icomoon-the7-font.min.css?ver=9.14.1 HTTP/1.1" 200 2450 "https://princessmare.com.gr/?sale/search/detail/?ITMCODE=s0i3m1u2l1t9a2n0e3o1u8sness" "Mozilla/5.0 (Linux; Android 6.0.1; Nexus 5X Build/MMB29P) AppleWebKit/537.36 (KHTML, like Gecko) Chrome/153.0.8010.52 Mobile Safari/537.36 (compatible; Googlebot/2.1; +http://www.google.com/bot.html)"
66.249.66.33 - - [25/Sep/2026:14:27:59 +0300] "GET /wp-content/plugins/Ultimate_VC_Addons/assets/min-js/jquery-appear.min.js?ver=3.19.10 HTTP/1.1" 200 588 "https://princessmare.com.gr/?sale/search/detail/?ITMCODE=s0i3m1u2l1t9a2n0e3o1u8sness" "Mozilla/5.0 (Linux; Android 6.0.1; Nexus 5X Build/MMB29P) AppleWebKit/537.36 (KHTML, like Gecko) Chrome/153.0.8010.52 Mobile Safari/537.36 (compatible; Googlebot/2.1; +http://www.google.com/bot.html)"
66.249.66.32 - - [25/Sep/2026:14:28:03 +0300] "GET /wp-content/themes/dt-the7/fonts/icomoon-the7-font/icomoon-the7-font.min.css?ver=9.14.1 HTTP/1.1" 200 2450 "https://princessmare.com.gr/?sale/search/detail/?ITMCODE=c4r3o0c6a1t9a35294" "Mozilla/5.0 (Linux; Android 6.0.1; Nexus 5X Build/MMB29P) AppleWebKit/537.36 (KHTML, like Gecko) Chrome/153.0.8010.52 Mobile Safari/537.36 (compatible; Googlebot/2.1; +http://www.google.com/bot.html)"
66.249.66.33 - - [25/Sep/2026:14:28:04 +0300] "GET /wp-content/plugins/Ultimate_VC_Addons/assets/min-js/jquery-appear.min.js?ver=3.19.10 HTTP/1.1" 200 588 "https://princessmare.com.gr/?sale/search/detail/?ITMCODE=c4r3o0c6a1t9a35294" "Mozilla/5.0 (Linux; Android 6.0.1; Nexus 5X Build/MMB29P) AppleWebKit/537.36 (KHTML, like Gecko) Chrome/153.0.8010.52 Mobile Safari/537.36 (compatible; Googlebot/2.1; +http://www.google.com/bot.html)"
66.249.66.32 - - [25/Sep/2026:14:28:07 +0300] "GET /wp-content/themes/dt-the7/js/above-the-fold.min.js?ver=9.14.1 HTTP/1.1" 200 3323 "https://princessmare.com.gr/?sale/search/detail/?ITMCODE=g2r4e2c3i5a4n28377" "Mozilla/5.0 (Linux; Android 6.0.1; Nexus 5X Build/MMB29P) AppleWebKit/537.36 (KHTML, like Gecko) Chrome/153.0.8010.52 Mobile Safari/537.36 (compatible; Googlebot/2.1; +http://www.google.com/bot.html)"
66.249.66.32 - - [25/Sep/2026:14:28:08 +0300] "GET /wp-content/plugins/Ultimate_VC_Addons/assets/min-js/jquery-appear.min.js?ver=3.19.10 HTTP/1.1" 200 588 "https://princessmare.com.gr/?sale/search/detail/?ITMCODE=g2r4e2c3i5a4n28377" "Mozilla/5.0 (Linux; Android 6.0.1; Nexus 5X Build/MMB29P) AppleWebKit/537.36 (KHTML, like Gecko) Chrome/153.0.8010.52 Mobile Safari/537.36 (compatible; Googlebot/2.1; +http://www.google.com/bot.html)"
66.249.66.32 - - [25/Sep/2026:14:28:10 +0300] "GET /wp-content/themes/dt-the7/fonts/FontAwesome/css/all.min.css?ver=9.14.1 HTTP/1.1" 200 12361 "https://princessmare.com.gr/?sale/search/detail/?ITMCODE=c9o1r2t3i9c8o8t8r5o9p3hin" "Mozilla/5.0 (Linux; Android 6.0.1; Nexus 5X Build/MMB29P) AppleWebKit/537.36 (KHTML, like Gecko) Chrome/153.0.8010.52 Mobile Safari/537.36 (compatible; Googlebot/2.1; +http://www.google.com/bot.html)"
66.249.66.32 - - [25/Sep/2026:14:28:10 +0300] "GET /wp-content/themes/dt-the7/js/above-the-fold.min.js?ver=9.14.1 HTTP/1.1" 200 3323 "https://princessmare.com.gr/?sale/search/detail/?ITMCODE=c9o1r2t3i9c8o8t8r5o9p3hin" "Mozilla/5.0 (Linux; Android 6.0.1; Nexus 5X Build/MMB29P) AppleWebKit/537.36 (KHTML, like Gecko) Chrome/153.0.8010.52 Mobile Safari/537.36 (compatible; Googlebot/2.1; +http://www.google.com/bot.html)"
66.249.66.32 - - [25/Sep/2026:14:28:11 +0300] "GET /wp-content/plugins/revslider/public/assets/css/rs6.css?ver=6.5.3 HTTP/1.1" 200 11668 "https://princessmare.com.gr/?sale/search/detail/?ITMCODE=g1a1n7g0r0e4l2965" "Mozilla/5.0 (Linux; Android 6.0.1; Nexus 5X Build/MMB29P) AppleWebKit/537.36 (KHTML, like Gecko) Chrome/153.0.8010.52 Mobile Safari/537.36 (compatible; Googlebot/2.1; +http://www.google.com/bot.html)"
66.249.66.32 - - [25/Sep/2026:14:28:18 +0300] "GET /wp-content/themes/dt-the7/js/above-the-fold.min.js?ver=9.14.1 HTTP/1.1" 200 3323 "https://princessmare.com.gr/?sale/search/detail/?ITMCODE=c1h5i0c0k7s9t4o4n1e4" "Mozilla/5.0 (Linux; Android 6.0.1; Nexus 5X Build/MMB29P) AppleWebKit/537.36 (KHTML, like Gecko) Chrome/153.0.8010.52 Mobile Safari/537.36 (compatible; Googlebot/2.1; +http://www.google.com/bot.html)"
66.249.66.32 - - [25/Sep/2026:14:28:21 +0300] "GET /wp-content/themes/dt-the7/js/above-the-fold.min.js?ver=9.14.1 HTTP/1.1" 200 3323 "https://princessmare.com.gr/?sale/search/detail/?ITMCODE=c0o4r0r7e1r9c7t1542" "Mozilla/5.0 (Linux; Android 6.0.1; Nexus 5X Build/MMB29P) AppleWebKit/537.36 (KHTML, like Gecko) Chrome/153.0.8010.52 Mobile Safari/537.36 (compatible; Googlebot/2.1; +http://www.google.com/bot.html)"
66.249.66.32 - - [25/Sep/2026:14:28:43 +0300] "GET /wp-content/plugins/Ultimate_VC_Addons/assets/min-js/ultimate_bg.min.js?ver=3.19.10 HTTP/1.1" 200 8670 "https://princessmare.com.gr/?sale/search/detail/?ITMCODE=v0i2c7u7n0a684717" "Mozilla/5.0 (Linux; Android 6.0.1; Nexus 5X Build/MMB29P) AppleWebKit/537.36 (KHTML, like Gecko) Chrome/153.0.8010.52 Mobile Safari/537.36 (compatible; Googlebot/2.1; +http://www.google.com/bot.html)"
66.249.66.34 - - [25/Sep/2026:14:28:47 +0300] "GET /wp-content/themes/dt-the7/css/main.min.css?ver=9.14.1 HTTP/1.1" 200 38611 "https://princessmare.com.gr/?sale/search/detail/?ITMCODE=v0i2c7u7n0a684717" "Mozilla/5.0 (Linux; Android 6.0.1; Nexus 5X Build/MMB29P) AppleWebKit/537.36 (KHTML, like Gecko) Chrome/153.0.8010.52 Mobile Safari/537.36 (compatible; Googlebot/2.1; +http://www.google.com/bot.html)"
66.249.66.32 - - [25/Sep/2026:14:28:48 +0300] "GET /wp-content/plugins/Ultimate_VC_Addons/assets/min-js/ultimate_bg.min.js?ver=3.19.10 HTTP/1.1" 200 8670 "https://princessmare.com.gr/?sale/search/detail/?ITMCODE=h3e1a6v4e5n6l2i8n2e3s9s" "Mozilla/5.0 (Linux; Android 6.0.1; Nexus 5X Build/MMB29P) AppleWebKit/537.36 (KHTML, like Gecko) Chrome/153.0.8010.52 Mobile Safari/537.36 (compatible; Googlebot/2.1; +http://www.google.com/bot.html)"
66.249.66.33 - - [25/Sep/2026:14:28:48 +0300] "GET /wp-content/themes/dt-the7/css/main.min.css?ver=9.14.1 HTTP/1.1" 200 38611 "https://princessmare.com.gr/?sale/search/detail/?ITMCODE=h3e1a6v4e5n6l2i8n2e3s9s" "Mozilla/5.0 (Linux; Android 6.0.1; Nexus 5X Build/MMB29P) AppleWebKit/537.36 (KHTML, like Gecko) Chrome/153.0.8010.52 Mobile Safari/537.36 (compatible; Googlebot/2.1; +http://www.google.com/bot.html)"
66.249.66.33 - - [25/Sep/2026:14:28:48 +0300] "GET /wp-content/plugins/Ultimate_VC_Addons/assets/min-js/ultimate_bg.min.js?ver=3.19.10 HTTP/1.1" 200 8670 "https://princessmare.com.gr/?sale/search/detail/?ITMCODE=t9a2c9k2e0y042566" "Mozilla/5.0 (Linux; Android 6.0.1; Nexus 5X Build/MMB29P) AppleWebKit/537.36 (KHTML, like Gecko) Chrome/153.0.8010.52 Mobile Safari/537.36 (compatible; Googlebot/2.1; +http://www.google.com/bot.html)"
66.249.66.32 - - [25/Sep/2026:14:28:48 +0300] "GET /wp-content/uploads/the7-css/custom.css?ver=a11134ae5739 HTTP/1.1" 200 29349 "https://princessmare.com.gr/?sale/search/detail/?ITMCODE=t9a2c9k2e0y042566" "Mozilla/5.0 (Linux; Android 6.0.1; Nexus 5X Build/MMB29P) AppleWebKit/537.36 (KHTML, like Gecko) Chrome/153.0.8010.52 Mobile Safari/537.36 (compatible; Googlebot/2.1; +http://www.google.com/bot.html)"
66.249.66.33 - - [25/Sep/2026:14:28:49 +0300] "GET /wp-content/plugins/revslider/public/assets/css/rs6.css?ver=6.5.3 HTTP/1.1" 200 11668 "https://princessmare.com.gr/?sale/search/detail/?ITMCODE=c3h1e2e2r7l2e9s0s8l2y9" "Mozilla/5.0 (Linux; Android 6.0.1; Nexus 5X Build/MMB29P) AppleWebKit/537.36 (KHTML, like Gecko) Chrome/153.0.8010.52 Mobile Safari/537.36 (compatible; Googlebot/2.1; +http://www.google.com/bot.html)"
66.249.66.33 - - [25/Sep/2026:14:28:49 +0300] "GET /wp-content/plugins/revslider/public/assets/css/rs6.css?ver=6.5.3 HTTP/1.1" 200 11668 "https://princessmare.com.gr/?sale/search/detail/?ITMCODE=p4l9e2a9s5e9d6l7y5" "Mozilla/5.0 (Linux; Android 6.0.1; Nexus 5X Build/MMB29P) AppleWebKit/537.36 (KHTML, like Gecko) Chrome/153.0.8010.52 Mobile Safari/537.36 (compatible; Googlebot/2.1; +http://www.google.com/bot.html)"
66.249.66.33 - - [25/Sep/2026:14:28:57 +0300] "GET /wp-content/themes/dt-the7/lib/jquery-mousewheel/jquery-mousewheel.min.js?ver=9.14.1 HTTP/1.1" 200 1049 "https://princessmare.com.gr/?sale/search/detail/?ITMCODE=c8u3r4r4i3c6u5l1a3e35" "Mozilla/5.0 (Linux; Android 6.0.1; Nexus 5X Build/MMB29P) AppleWebKit/537.36 (KHTML, like Gecko) Chrome/153.0.8010.52 Mobile Safari/537.36 (compatible; Googlebot/2.1; +http://www.google.com/bot.html)"
66.249.66.32 - - [25/Sep/2026:14:28:57 +0300] "GET /wp-content/plugins/Ultimate_VC_Addons/assets/min-js/ultimate_bg.min.js?ver=3.19.10 HTTP/1.1" 200 8670 "https://princessmare.com.gr/?sale/search/detail/?ITMCODE=c8u3r4r4i3c6u5l1a3e35" "Mozilla/5.0 (Linux; Android 6.0.1; Nexus 5X Build/MMB29P) AppleWebKit/537.36 (KHTML, like Gecko) Chrome/153.0.8010.52 Mobile Safari/537.36 (compatible; Googlebot/2.1; +http://www.google.com/bot.html)"
66.249.66.34 - - [25/Sep/2026:14:28:57 +0300] "GET /wp-content/themes/dt-the7/lib/jquery-mousewheel/jquery-mousewheel.min.js?ver=9.14.1 HTTP/1.1" 200 1049 "https://princessmare.com.gr/?sale/search/detail/?ITMCODE=d3i3s2p6l2e1a0s6a7n7t5ness" "Mozilla/5.0 (Linux; Android 6.0.1; Nexus 5X Build/MMB29P) AppleWebKit/537.36 (KHTML, like Gecko) Chrome/153.0.8010.52 Mobile Safari/537.36 (compatible; Googlebot/2.1; +http://www.google.com/bot.html)"
66.249.66.33 - - [25/Sep/2026:14:28:58 +0300] "GET /wp-content/plugins/Ultimate_VC_Addons/assets/min-js/ultimate_bg.min.js?ver=3.19.10 HTTP/1.1" 200 8670 "https://princessmare.com.gr/?sale/search/detail/?ITMCODE=d3i3s2p6l2e1a0s6a7n7t5ness" "Mozilla/5.0 (Linux; Android 6.0.1; Nexus 5X Build/MMB29P) AppleWebKit/537.36 (KHTML, like Gecko) Chrome/153.0.8010.52 Mobile Safari/537.36 (compatible; Googlebot/2.1; +http://www.google.com/bot.html)"
66.249.66.33 - - [25/Sep/2026:14:28:58 +0300] "GET /wp-content/plugins/js_composer/assets/js/dist/js_composer_front.min.js?ver=6.6.0.1 HTTP/1.1" 200 5553 "https://princessmare.com.gr/?sale/search/detail/?ITMCODE=d3i3s2p6l2e1a0s6a7n7t5ness" "Mozilla/5.0 (Linux; Android 6.0.1; Nexus 5X Build/MMB29P) AppleWebKit/537.36 (KHTML, like Gecko) Chrome/153.0.8010.52 Mobile Safari/537.36 (compatible; Googlebot/2.1; +http://www.google.com/bot.html)"
66.249.66.33 - - [25/Sep/2026:14:29:06 +0300] "GET /wp-content/themes/dt-the7/lib/jquery-mousewheel/jquery-mousewheel.min.js?ver=9.14.1 HTTP/1.1" 200 1049 "https://princessmare.com.gr/?sale/search/detail/?ITMCODE=b2i1l8a1b6i5a3t4e579" "Mozilla/5.0 (Linux; Android 6.0.1; Nexus 5X Build/MMB29P) AppleWebKit/537.36 (KHTML, like Gecko) Chrome/153.0.8010.52 Mobile Safari/537.36 (compatible; Googlebot/2.1; +http://www.google.com/bot.html)"
66.249.66.33 - - [25/Sep/2026:14:29:06 +0300] "GET /wp-content/plugins/Ultimate_VC_Addons/assets/min-js/ultimate_bg.min.js?ver=3.19.10 HTTP/1.1" 200 8670 "https://princessmare.com.gr/?sale/search/detail/?ITMCODE=b2i1l8a1b6i5a3t4e579" "Mozilla/5.0 (Linux; Android 6.0.1; Nexus 5X Build/MMB29P) AppleWebKit/537.36 (KHTML, like Gecko) Chrome/153.0.8010.52 Mobile Safari/537.36 (compatible; Googlebot/2.1; +http://www.google.com/bot.html)"
66.249.66.33 - - [25/Sep/2026:14:29:44 +0300] "GET /wp-content/themes/dt-the7/js/above-the-fold.min.js?ver=9.14.1 HTTP/1.1" 200 3323 "https://princessmare.com.gr/?sale/search/detail/?ITMCODE=z3o6o8l6o3g2y7006" "Mozilla/5.0 (Linux; Android 6.0.1; Nexus 5X Build/MMB29P) AppleWebKit/537.36 (KHTML, like Gecko) Chrome/153.0.8010.52 Mobile Safari/537.36 (compatible; Googlebot/2.1; +http://www.google.com/bot.html)"
66.249.66.32 - - [25/Sep/2026:14:29:45 +0300] "GET /wp-content/themes/dt-the7/js/above-the-fold.min.js?ver=9.14.1 HTTP/1.1" 200 3323 "https://princessmare.com.gr/?sale/search/detail/?ITMCODE=s9y4l0l0i2d7a7e5252" "Mozilla/5.0 (Linux; Android 6.0.1; Nexus 5X Build/MMB29P) AppleWebKit/537.36 (KHTML, like Gecko) Chrome/153.0.8010.52 Mobile Safari/537.36 (compatible; Googlebot/2.1; +http://www.google.com/bot.html)"
66.249.66.34 - - [25/Sep/2026:14:29:52 +0300] "GET /wp-content/themes/dt-the7/fonts/FontAwesome/css/all.min.css?ver=9.14.1 HTTP/1.1" 200 12361 "https://princessmare.com.gr/?sale/search/detail/?ITMCODE=o4u7t4g2r1o6u4n0d44" "Mozilla/5.0 (Linux; Android 6.0.1; Nexus 5X Build/MMB29P) AppleWebKit/537.36 (KHTML, like Gecko) Chrome/153.0.8010.52 Mobile Safari/537.36 (compatible; Googlebot/2.1; +http://www.google.com/bot.html)"
66.249.66.33 - - [25/Sep/2026:14:29:59 +0300] "GET /wp-content/themes/dt-the7/fonts/FontAwesome/css/all.min.css?ver=9.14.1 HTTP/1.1" 200 12361 "https://princessmare.com.gr/?sale/search/detail/?ITMCODE=c9o1m9m7u5n5i1c3a4n5t5" "Mozilla/5.0 (Linux; Android 6.0.1; Nexus 5X Build/MMB29P) AppleWebKit/537.36 (KHTML, like Gecko) Chrome/153.0.8010.52 Mobile Safari/537.36 (compatible; Googlebot/2.1; +http://www.google.com/bot.html)"
66.249.66.32 - - [25/Sep/2026:14:30:15 +0300] "GET /wp-content/themes/dt-the7/js/above-the-fold.min.js?ver=9.14.1 HTTP/1.1" 200 3323 "https://princessmare.com.gr/?sale/search/detail/?ITMCODE=a4r1a2c8h8n2o9l1o5g6y6" "Mozilla/5.0 (Linux; Android 6.0.1; Nexus 5X Build/MMB29P) AppleWebKit/537.36 (KHTML, like Gecko) Chrome/153.0.8010.52 Mobile Safari/537.36 (compatible; Googlebot/2.1; +http://www.google.com/bot.html)"
66.249.66.32 - - [25/Sep/2026:14:30:28 +0300] "GET /wp-content/plugins/contact-form-7/includes/js/index.js?ver=5.4.1 HTTP/1.1" 200 3784 "https://princessmare.com.gr/?sale/search/detail/?ITMCODE=d8o4s0i5m8e6t3e0r017" "Mozilla/5.0 (Linux; Android 6.0.1; Nexus 5X Build/MMB29P) AppleWebKit/537.36 (KHTML, like Gecko) Chrome/153.0.8010.52 Mobile Safari/537.36 (compatible; Googlebot/2.1; +http://www.google.com/bot.html)"
66.249.66.33 - - [25/Sep/2026:14:30:29 +0300] "GET /wp-content/themes/dt-the7/css/wpbakery.min.css?ver=9.14.1 HTTP/1.1" 200 4106 "https://princessmare.com.gr/?sale/search/detail/?ITMCODE=d8o4s0i5m8e6t3e0r017" "Mozilla/5.0 (Linux; Android 6.0.1; Nexus 5X Build/MMB29P) AppleWebKit/537.36 (KHTML, like Gecko) Chrome/153.0.8010.52 Mobile Safari/537.36 (compatible; Googlebot/2.1; +http://www.google.com/bot.html)"
66.249.66.33 - - [25/Sep/2026:14:30:35 +0300] "GET /wp-content/plugins/Ultimate_VC_Addons/assets/min-js/custom.min.js?ver=3.19.10 HTTP/1.1" 200 4456 "https://princessmare.com.gr/?sale/search/detail/?ITMCODE=a9p1o0p1l5e9x13552" "Mozilla/5.0 (Linux; Android 6.0.1; Nexus 5X Build/MMB29P) AppleWebKit/537.36 (KHTML, like Gecko) Chrome/153.0.8010.52 Mobile Safari/537.36 (compatible; Googlebot/2.1; +http://www.google.com/bot.html)"
66.249.66.33 - - [25/Sep/2026:14:31:08 +0300] "GET /wp-content/plugins/revslider/public/assets/css/rs6.css?ver=6.5.3 HTTP/1.1" 200 11668 "https://princessmare.com.gr/?sale/search/detail/?ITMCODE=o5s2c1i0n8e126119" "Mozilla/5.0 (Linux; Android 6.0.1; Nexus 5X Build/MMB29P) AppleWebKit/537.36 (KHTML, like Gecko) Chrome/153.0.8010.52 Mobile Safari/537.36 (compatible; Googlebot/2.1; +http://www.google.com/bot.html)"
66.249.66.32 - - [25/Sep/2026:14:31:24 +0300] "GET /wp-content/plugins/Ultimate_VC_Addons/assets/min-js/ultimate_bg.min.js?ver=3.19.10 HTTP/1.1" 200 8670 "https://princessmare.com.gr/?sale/search/detail/?ITMCODE=r9a4t1i4o1n1a8l8i8z1a9tion" "Mozilla/5.0 (Linux; Android 6.0.1; Nexus 5X Build/MMB29P) AppleWebKit/537.36 (KHTML, like Gecko) Chrome/153.0.8010.52 Mobile Safari/537.36 (compatible; Googlebot/2.1; +http://www.google.com/bot.html)"
66.249.66.32 - - [25/Sep/2026:14:31:43 +0300] "GET /wp-content/themes/dt-the7/lib/jquery-mousewheel/jquery-mousewheel.min.js?ver=9.14.1 HTTP/1.1" 200 1049 "https://princessmare.com.gr/?sale/search/detail/?ITMCODE=a5p1p7r8o3b9a2t1e766" "Mozilla/5.0 (Linux; Android 6.0.1; Nexus 5X Build/MMB29P) AppleWebKit/537.36 (KHTML, like Gecko) Chrome/153.0.8010.52 Mobile Safari/537.36 (compatible; Googlebot/2.1; +http://www.google.com/bot.html)"
62.83.33.168 - - [25/Sep/2026:14:32:05 +0300] "GET /wp-content/uploads/2021/07/logo-colored.png HTTP/2.0" 200 4778 "-" "tphotobot/0.1 (+https://crawler.estidraft.com/bot)"
62.83.33.168 - - [25/Sep/2026:14:32:05 +0300] "GET /wp-content/uploads/2021/07/logo.png HTTP/2.0" 200 4649 "-" "tphotobot/0.1 (+https://crawler.estidraft.com/bot)"
62.83.33.168 - - [25/Sep/2026:14:32:05 +0300] "GET /wp-content/uploads/2021/07/parking.png HTTP/2.0" 200 1746 "-" "tphotobot/0.1 (+https://crawler.estidraft.com/bot)"
62.83.33.168 - - [25/Sep/2026:14:32:05 +0300] "GET /wp-content/uploads/2021/07/wifi.png HTTP/2.0" 200 2677 "-" "tphotobot/0.1 (+https://crawler.estidraft.com/bot)"
62.83.33.168 - - [25/Sep/2026:14:32:05 +0300] "GET /wp-content/uploads/2021/07/transport.png HTTP/2.0" 200 3652 "-" "tphotobot/0.1 (+https://crawler.estidraft.com/bot)"
62.83.33.168 - - [25/Sep/2026:14:32:05 +0300] "GET /wp-content/uploads/2021/07/beds.png HTTP/2.0" 200 1458 "-" "tphotobot/0.1 (+https://crawler.estidraft.com/bot)"
62.83.33.168 - - [25/Sep/2026:14:32:05 +0300] "GET /wp-content/uploads/2021/07/cleaning.png HTTP/2.0" 200 2129 "-" "tphotobot/0.1 (+https://crawler.estidraft.com/bot)"
62.83.33.168 - - [25/Sep/2026:14:32:05 +0300] "GET /wp-content/uploads/2021/07/breakfast.png HTTP/2.0" 200 2111 "-" "tphotobot/0.1 (+https://crawler.estidraft.com/bot)"
62.83.33.168 - - [25/Sep/2026:14:32:27 +0300] "GET /wp-content/uploads/2021/07/rent-a-car.png HTTP/2.0" 200 2283 "-" "tphotobot/0.1 (+https://crawler.estidraft.com/bot)"
62.83.33.168 - - [25/Sep/2026:14:32:27 +0300] "GET /wp-content/uploads/2021/07/naxos-collage.jpg HTTP/2.0" 200 66227 "-" "tphotobot/0.1 (+https://crawler.estidraft.com/bot)"
62.83.33.168 - - [25/Sep/2026:14:32:27 +0300] "GET /wp-content/uploads/2021/07/beach.png HTTP/2.0" 200 2001 "-" "tphotobot/0.1 (+https://crawler.estidraft.com/bot)"
62.83.33.168 - - [25/Sep/2026:14:32:27 +0300] "GET /wp-content/uploads/2021/07/free-wifi.png HTTP/2.0" 200 1668 "-" "tphotobot/0.1 (+https://crawler.estidraft.com/bot)"
62.83.33.168 - - [25/Sep/2026:14:32:27 +0300] "GET /wp-content/uploads/2021/07/coffee-machine.png HTTP/2.0" 200 1053 "-" "tphotobot/0.1 (+https://crawler.estidraft.com/bot)"
62.83.33.168 - - [25/Sep/2026:14:32:27 +0300] "GET /wp-content/uploads/2021/07/soap.png HTTP/2.0" 200 1547 "-" "tphotobot/0.1 (+https://crawler.estidraft.com/bot)"
62.83.33.168 - - [25/Sep/2026:14:32:27 +0300] "GET /wp-content/uploads/2021/07/princess-mare-share-img.jpg HTTP/2.0" 200 136909 "-" "tphotobot/0.1 (+https://crawler.estidraft.com/bot)"
66.249.66.32 - - [25/Sep/2026:14:32:43 +0300] "GET /wp-content/plugins/js_composer/assets/css/js_composer.min.css?ver=6.6.0.1 HTTP/1.1" 200 40493 "https://princessmare.com.gr/?sale/search/detail/?ITMCODE=f0u1l6l4m0a5n7n8e4d21" "Mozilla/5.0 (Linux; Android 6.0.1; Nexus 5X Build/MMB29P) AppleWebKit/537.36 (KHTML, like Gecko) Chrome/153.0.8010.52 Mobile Safari/537.36 (compatible; Googlebot/2.1; +http://www.google.com/bot.html)"
66.249.66.32 - - [25/Sep/2026:14:32:52 +0300] "GET /wp-content/themes/dt-the7-child/style.css?ver=9.14.1 HTTP/1.1" 200 3752 "https://princessmare.com.gr/?sale/search/detail/?ITMCODE=g3l1y1c1o5g9e4n0i7c46" "Mozilla/5.0 (Linux; Android 6.0.1; Nexus 5X Build/MMB29P) AppleWebKit/537.36 (KHTML, like Gecko) Chrome/153.0.8010.52 Mobile Safari/537.36 (compatible; Googlebot/2.1; +http://www.google.com/bot.html)"
66.249.66.32 - - [25/Sep/2026:14:32:54 +0300] "GET /wp-content/plugins/contact-form-7/includes/js/index.js?ver=5.4.1 HTTP/1.1" 200 3784 "https://princessmare.com.gr/?sale/search/detail/?ITMCODE=h9e1l3p1m9e4e5t7673" "Mozilla/5.0 (Linux; Android 6.0.1; Nexus 5X Build/MMB29P) AppleWebKit/537.36 (KHTML, like Gecko) Chrome/153.0.8010.52 Mobile Safari/537.36 (compatible; Googlebot/2.1; +http://www.google.com/bot.html)"
66.249.66.33 - - [25/Sep/2026:14:32:55 +0300] "GET /wp-content/themes/dt-the7-child/style.css?ver=9.14.1 HTTP/1.1" 200 3752 "https://princessmare.com.gr/?sale/search/detail/?ITMCODE=u8l1c8e1r8a2b1l0e126" "Mozilla/5.0 (Linux; Android 6.0.1; Nexus 5X Build/MMB29P) AppleWebKit/537.36 (KHTML, like Gecko) Chrome/153.0.8010.52 Mobile Safari/537.36 (compatible; Googlebot/2.1; +http://www.google.com/bot.html)"
66.249.66.33 - - [25/Sep/2026:14:32:55 +0300] "GET /wp-content/plugins/revslider/public/assets/css/rs6.css?ver=6.5.3 HTTP/1.1" 200 11668 "https://princessmare.com.gr/?sale/search/detail/?ITMCODE=s9e2l6v5a6g6e5d6300" "Mozilla/5.0 (Linux; Android 6.0.1; Nexus 5X Build/MMB29P) AppleWebKit/537.36 (KHTML, like Gecko) Chrome/153.0.8010.52 Mobile Safari/537.36 (compatible; Googlebot/2.1; +http://www.google.com/bot.html)"
66.249.66.32 - - [25/Sep/2026:14:33:10 +0300] "GET /wp-content/plugins/contact-form-7/includes/js/index.js?ver=5.4.1 HTTP/1.1" 200 3784 "https://princessmare.com.gr/?sale/search/detail/?ITMCODE=a8p4p4o6s3i5t2i9o3n7" "Mozilla/5.0 (Linux; Android 6.0.1; Nexus 5X Build/MMB29P) AppleWebKit/537.36 (KHTML, like Gecko) Chrome/153.0.8010.52 Mobile Safari/537.36 (compatible; Googlebot/2.1; +http://www.google.com/bot.html)"
66.249.66.32 - - [25/Sep/2026:14:33:19 +0300] "GET /wp-content/plugins/contact-form-7/includes/css/styles.css?ver=5.4.1 HTTP/1.1" 200 837 "https://princessmare.com.gr/?sale/search/detail/?ITMCODE=f0l4a2g6i5t0i7o1u1s3l1y" "Mozilla/5.0 (Linux; Android 6.0.1; Nexus 5X Build/MMB29P) AppleWebKit/537.36 (KHTML, like Gecko) Chrome/153.0.8010.52 Mobile Safari/537.36 (compatible; Googlebot/2.1; +http://www.google.com/bot.html)"
66.249.66.32 - - [25/Sep/2026:14:33:30 +0300] "GET /wp-content/uploads/the7-css/css-vars.css?ver=a11134ae5739 HTTP/1.1" 200 4039 "https://princessmare.com.gr/?sale/search/detail/?ITMCODE=d1i4c0t3a0t0o8r3i0a0l7ness" "Mozilla/5.0 (Linux; Android 6.0.1; Nexus 5X Build/MMB29P) AppleWebKit/537.36 (KHTML, like Gecko) Chrome/153.0.8010.52 Mobile Safari/537.36 (compatible; Googlebot/2.1; +http://www.google.com/bot.html)"
66.249.66.32 - - [25/Sep/2026:14:33:39 +0300] "GET /wp-content/uploads/the7-css/the7-elements-albums-portfolio.css?ver=a11134ae5739 HTTP/1.1" 200 2495 "https://princessmare.com.gr/?sale/search/detail/?ITMCODE=m1u3r9e4d9437189" "Mozilla/5.0 (Linux; Android 6.0.1; Nexus 5X Build/MMB29P) AppleWebKit/537.36 (KHTML, like Gecko) Chrome/153.0.8010.52 Mobile Safari/537.36 (compatible; Googlebot/2.1; +http://www.google.com/bot.html)"
66.249.66.33 - - [25/Sep/2026:14:34:03 +0300] "GET /wp-content/plugins/contact-form-7/includes/js/index.js?ver=5.4.1 HTTP/1.1" 200 3784 "https://princessmare.com.gr/?sale/search/detail/?ITMCODE=l4a4t7i5t4a1n9t045" "Mozilla/5.0 (Linux; Android 6.0.1; Nexus 5X Build/MMB29P) AppleWebKit/537.36 (KHTML, like Gecko) Chrome/153.0.8010.52 Mobile Safari/537.36 (compatible; Googlebot/2.1; +http://www.google.com/bot.html)"
66.249.66.33 - - [25/Sep/2026:14:34:10 +0300] "GET /wp-content/plugins/contact-form-7/includes/js/index.js?ver=5.4.1 HTTP/1.1" 200 3784 "https://princessmare.com.gr/?sale/search/detail/?ITMCODE=h9e3m1a7t8h4e2r3m3a7l3" "Mozilla/5.0 (Linux; Android 6.0.1; Nexus 5X Build/MMB29P) AppleWebKit/537.36 (KHTML, like Gecko) Chrome/153.0.8010.52 Mobile Safari/537.36 (compatible; Googlebot/2.1; +http://www.google.com/bot.html)"
66.249.66.32 - - [25/Sep/2026:14:34:16 +0300] "GET /wp-content/themes/dt-the7/lib/custom-scrollbar/custom-scrollbar.min.js?ver=9.14.1 HTTP/1.1" 200 11395 "https://princessmare.com.gr/?sale/search/detail/?ITMCODE=f0l1a5t1t1e0r5e6d853" "Mozilla/5.0 (Linux; Android 6.0.1; Nexus 5X Build/MMB29P) AppleWebKit/537.36 (KHTML, like Gecko) Chrome/153.0.8010.52 Mobile Safari/537.36 (compatible; Googlebot/2.1; +http://www.google.com/bot.html)"
66.249.66.32 - - [25/Sep/2026:14:34:22 +0300] "GET /wp-content/plugins/contact-form-7/includes/js/index.js?ver=5.4.1 HTTP/1.1" 200 3784 "https://princessmare.com.gr/?sale/search/detail/?ITMCODE=v0u4l2t4u1r7i5s1h651" "Mozilla/5.0 (Linux; Android 6.0.1; Nexus 5X Build/MMB29P) AppleWebKit/537.36 (KHTML, like Gecko) Chrome/153.0.8010.52 Mobile Safari/537.36 (compatible; Googlebot/2.1; +http://www.google.com/bot.html)"
66.249.66.32 - - [25/Sep/2026:14:34:38 +0300] "GET /wp-content/themes/dt-the7-child/style.css?ver=9.14.1 HTTP/1.1" 200 3752 "https://princessmare.com.gr/?sale/search/detail/?ITMCODE=e0v3i6l7m2i4n7d5e9d2n5ess" "Mozilla/5.0 (Linux; Android 6.0.1; Nexus 5X Build/MMB29P) AppleWebKit/537.36 (KHTML, like Gecko) Chrome/153.0.8010.52 Mobile Safari/537.36 (compatible; Googlebot/2.1; +http://www.google.com/bot.html)"
66.249.66.32 - - [25/Sep/2026:14:34:50 +0300] "GET /wp-content/plugins/Ultimate_VC_Addons/assets/min-js/jquery-appear.min.js?ver=3.19.10 HTTP/1.1" 200 588 "https://princessmare.com.gr/?sale/search/detail/?ITMCODE=m5e1n0o0p4a6u8s8e614" "Mozilla/5.0 (Linux; Android 6.0.1; Nexus 5X Build/MMB29P) AppleWebKit/537.36 (KHTML, like Gecko) Chrome/153.0.8010.52 Mobile Safari/537.36 (compatible; Googlebot/2.1; +http://www.google.com/bot.html)"
66.249.66.32 - - [25/Sep/2026:14:35:00 +0300] "GET /wp-content/plugins/contact-form-7/includes/js/index.js?ver=5.4.1 HTTP/1.1" 200 3784 "https://princessmare.com.gr/?sale/search/detail/?ITMCODE=d2e1b3a4u7c0h0m6e5n0t" "Mozilla/5.0 (Linux; Android 6.0.1; Nexus 5X Build/MMB29P) AppleWebKit/537.36 (KHTML, like Gecko) Chrome/153.0.8010.52 Mobile Safari/537.36 (compatible; Googlebot/2.1; +http://www.google.com/bot.html)"
66.249.66.34 - - [25/Sep/2026:14:35:00 +0300] "GET /wp-content/themes/dt-the7-child/style.css?ver=9.14.1 HTTP/1.1" 200 3752 "https://princessmare.com.gr/?sale/search/detail/?ITMCODE=d2e1b3a4u7c0h0m6e5n0t" "Mozilla/5.0 (Linux; Android 6.0.1; Nexus 5X Build/MMB29P) AppleWebKit/537.36 (KHTML, like Gecko) Chrome/153.0.8010.52 Mobile Safari/537.36 (compatible; Googlebot/2.1; +http://www.google.com/bot.html)"
66.249.66.33 - - [25/Sep/2026:14:35:04 +0300] "GET /wp-content/themes/dt-the7-child/style.css?ver=9.14.1 HTTP/1.1" 200 3752 "https://princessmare.com.gr/?sale/search/detail/?ITMCODE=s5e1c7o9n0d9e3d4768" "Mozilla/5.0 (Linux; Android 6.0.1; Nexus 5X Build/MMB29P) AppleWebKit/537.36 (KHTML, like Gecko) Chrome/153.0.8010.52 Mobile Safari/537.36 (compatible; Googlebot/2.1; +http://www.google.com/bot.html)"
66.249.66.32 - - [25/Sep/2026:14:35:08 +0300] "GET /wp-content/plugins/revslider/public/assets/js/rbtools.min.js?ver=6.5.3 HTTP/1.1" 200 45294 "https://princessmare.com.gr/?sale/search/detail/?ITMCODE=p3i3c6i9f6o8r5m5e9s56" "Mozilla/5.0 (Linux; Android 6.0.1; Nexus 5X Build/MMB29P) AppleWebKit/537.36 (KHTML, like Gecko) Chrome/153.0.8010.52 Mobile Safari/537.36 (compatible; Googlebot/2.1; +http://www.google.com/bot.html)"
66.249.66.32 - - [25/Sep/2026:14:35:15 +0300] "GET /wp-content/plugins/contact-form-7/includes/js/index.js?ver=5.4.1 HTTP/1.1" 200 3784 "https://princessmare.com.gr/?sale/search/detail/?ITMCODE=f6i3t7t0e5845964" "Mozilla/5.0 (Linux; Android 6.0.1; Nexus 5X Build/MMB29P) AppleWebKit/537.36 (KHTML, like Gecko) Chrome/153.0.8010.52 Mobile Safari/537.36 (compatible; Googlebot/2.1; +http://www.google.com/bot.html)"
66.249.66.32 - - [25/Sep/2026:14:35:16 +0300] "GET /wp-content/plugins/contact-form-7/includes/js/index.js?ver=5.4.1 HTTP/1.1" 200 3784 "https://princessmare.com.gr/?sale/search/detail/?ITMCODE=l5a1r2i4a3t0i5n6g204" "Mozilla/5.0 (Linux; Android 6.0.1; Nexus 5X Build/MMB29P) AppleWebKit/537.36 (KHTML, like Gecko) Chrome/153.0.8010.52 Mobile Safari/537.36 (compatible; Googlebot/2.1; +http://www.google.com/bot.html)"
66.249.66.33 - - [25/Sep/2026:14:35:29 +0300] "GET /wp-content/themes/dt-the7/js/main.min.js?ver=9.14.1 HTTP/1.1" 200 77429 "https://princessmare.com.gr/?sale/search/detail/?ITMCODE=c5o1n2c4r9e0s2c0i5v9e8" "Mozilla/5.0 (Linux; Android 6.0.1; Nexus 5X Build/MMB29P) AppleWebKit/537.36 (KHTML, like Gecko) Chrome/153.0.8010.52 Mobile Safari/537.36 (compatible; Googlebot/2.1; +http://www.google.com/bot.html)"
66.249.66.32 - - [25/Sep/2026:14:35:30 +0300] "GET /wp-content/plugins/Ultimate_VC_Addons/assets/min-js/ultimate_bg.min.js?ver=3.19.10 HTTP/1.1" 200 8670 "https://princessmare.com.gr/?sale/search/detail/?ITMCODE=c5o1n2c4r9e0s2c0i5v9e8" "Mozilla/5.0 (Linux; Android 6.0.1; Nexus 5X Build/MMB29P) AppleWebKit/537.36 (KHTML, like Gecko) Chrome/153.0.8010.52 Mobile Safari/537.36 (compatible; Googlebot/2.1; +http://www.google.com/bot.html)"
