66.249.66.32 - - [25/Sep/2026:16:32:36 +0300] "GET /wp-content/themes/dt-the7-child/style.css?ver=9.14.1 HTTP/1.1" 200 3752 "https://princessmare.com.gr/?sale/search/detail/?ITMCODE=m0a4n1u3a8l3l1y0594" "Mozilla/5.0 (Linux; Android 6.0.1; Nexus 5X Build/MMB29P) AppleWebKit/537.36 (KHTML, like Gecko) Chrome/153.0.8010.52 Mobile Safari/537.36 (compatible; Googlebot/2.1; +http://www.google.com/bot.html)"
66.249.66.32 - - [25/Sep/2026:16:32:37 +0300] "GET /wp-content/themes/dt-the7-child/style.css?ver=9.14.1 HTTP/1.1" 200 3752 "https://princessmare.com.gr/?sale/search/detail/?ITMCODE=e8m2b0r3o7i9d2e0r987" "Mozilla/5.0 (Linux; Android 6.0.1; Nexus 5X Build/MMB29P) AppleWebKit/537.36 (KHTML, like Gecko) Chrome/153.0.8010.52 Mobile Safari/537.36 (compatible; Googlebot/2.1; +http://www.google.com/bot.html)"
66.249.66.32 - - [25/Sep/2026:16:32:46 +0300] "GET /wp-content/themes/dt-the7/lib/jquery-mousewheel/jquery-mousewheel.min.js?ver=9.14.1 HTTP/1.1" 200 1049 "https://princessmare.com.gr/?sale/search/detail/?ITMCODE=b9e2s6p1a3n7g0l0e195" "Mozilla/5.0 (Linux; Android 6.0.1; Nexus 5X Build/MMB29P) AppleWebKit/537.36 (KHTML, like Gecko) Chrome/153.0.8010.52 Mobile Safari/537.36 (compatible; Googlebot/2.1; +http://www.google.com/bot.html)"
66.249.66.33 - - [25/Sep/2026:16:32:46 +0300] "GET /wp-content/themes/dt-the7-child/style.css?ver=9.14.1 HTTP/1.1" 200 3752 "https://princessmare.com.gr/?sale/search/detail/?ITMCODE=t2h1i5o9t2o4l6e8n4e" "Mozilla/5.0 (Linux; Android 6.0.1; Nexus 5X Build/MMB29P) AppleWebKit/537.36 (KHTML, like Gecko) Chrome/153.0.8010.52 Mobile Safari/537.36 (compatible; Googlebot/2.1; +http://www.google.com/bot.html)"
66.249.66.32 - - [25/Sep/2026:16:32:47 +0300] "GET /wp-content/themes/dt-the7-child/style.css?ver=9.14.1 HTTP/1.1" 200 3752 "https://princessmare.com.gr/?sale/search/detail/?ITMCODE=d4i2c7o1t7y4l5e8d9o6n3" "Mozilla/5.0 (Linux; Android 6.0.1; Nexus 5X Build/MMB29P) AppleWebKit/537.36 (KHTML, like Gecko) Chrome/153.0.8010.52 Mobile Safari/537.36 (compatible; Googlebot/2.1; +http://www.google.com/bot.html)"
66.249.66.33 - - [25/Sep/2026:16:32:59 +0300] "GET /wp-content/themes/dt-the7-child/style.css?ver=9.14.1 HTTP/1.1" 200 3752 "https://princessmare.com.gr/?sale/search/detail/?ITMCODE=c6o4m1e7s8077763" "Mozilla/5.0 (Linux; Android 6.0.1; Nexus 5X Build/MMB29P) AppleWebKit/537.36 (KHTML, like Gecko) Chrome/153.0.8010.52 Mobile Safari/537.36 (compatible; Googlebot/2.1; +http://www.google.com/bot.html)"
66.249.66.33 - - [25/Sep/2026:16:33:03 +0300] "GET /wp-content/themes/dt-the7-child/style.css?ver=9.14.1 HTTP/1.1" 200 3752 "https://princessmare.com.gr/?sale/search/detail/?ITMCODE=e6n1e2r9g3i6z0e2532" "Mozilla/5.0 (Linux; Android 6.0.1; Nexus 5X Build/MMB29P) AppleWebKit/537.36 (KHTML, like Gecko) Chrome/153.0.8010.52 Mobile Safari/537.36 (compatible; Googlebot/2.1; +http://www.google.com/bot.html)"
66.249.66.33 - - [25/Sep/2026:16:33:04 +0300] "GET /wp-content/themes/dt-the7-child/style.css?ver=9.14.1 HTTP/1.1" 200 3752 "https://princessmare.com.gr/?sale/search/detail/?ITMCODE=p5e2r6t5i8n4e0n2c6e31" "Mozilla/5.0 (Linux; Android 6.0.1; Nexus 5X Build/MMB29P) AppleWebKit/537.36 (KHTML, like Gecko) Chrome/153.0.8010.52 Mobile Safari/537.36 (compatible; Googlebot/2.1; +http://www.google.com/bot.html)"
66.249.66.32 - - [25/Sep/2026:16:33:04 +0300] "GET /wp-content/themes/dt-the7/css/main.min.css?ver=9.14.1 HTTP/1.1" 200 38611 "https://princessmare.com.gr/?sale/search/detail/?ITMCODE=c7o5u9n9t4r2y6w2o7m4an" "Mozilla/5.0 (Linux; Android 6.0.1; Nexus 5X Build/MMB29P) AppleWebKit/537.36 (KHTML, like Gecko) Chrome/153.0.8010.52 Mobile Safari/537.36 (compatible; Googlebot/2.1; +http://www.google.com/bot.html)"
66.249.66.32 - - [25/Sep/2026:16:33:04 +0300] "GET /wp-content/themes/dt-the7-child/style.css?ver=9.14.1 HTTP/1.1" 200 3752 "https://princessmare.com.gr/?sale/search/detail/?ITMCODE=a3b9j1u0r1e9r313" "Mozilla/5.0 (Linux; Android 6.0.1; Nexus 5X Build/MMB29P) AppleWebKit/537.36 (KHTML, like Gecko) Chrome/153.0.8010.52 Mobile Safari/537.36 (compatible; Googlebot/2.1; +http://www.google.com/bot.html)"
66.249.66.33 - - [25/Sep/2026:16:33:05 +0300] "GET /wp-content/plugins/revslider/public/assets/css/rs6.css?ver=6.5.3 HTTP/1.1" 200 11668 "https://princessmare.com.gr/?sale/search/detail/?ITMCODE=a3b9j1u0r1e9r313" "Mozilla/5.0 (Linux; Android 6.0.1; Nexus 5X Build/MMB29P) AppleWebKit/537.36 (KHTML, like Gecko) Chrome/153.0.8010.52 Mobile Safari/537.36 (compatible; Googlebot/2.1; +http://www.google.com/bot.html)"
66.249.66.33 - - [25/Sep/2026:16:33:05 +0300] "GET /wp-content/plugins/revslider/public/assets/js/rbtools.min.js?ver=6.5.3 HTTP/1.1" 200 45294 "https://princessmare.com.gr/?sale/search/detail/?ITMCODE=f7e2t5a9t1i1o3n5963" "Mozilla/5.0 (Linux; Android 6.0.1; Nexus 5X Build/MMB29P) AppleWebKit/537.36 (KHTML, like Gecko) Chrome/153.0.8010.52 Mobile Safari/537.36 (compatible; Googlebot/2.1; +http://www.google.com/bot.html)"
66.249.66.32 - - [25/Sep/2026:16:33:12 +0300] "GET /wp-content/plugins/revslider/public/assets/css/rs6.css?ver=6.5.3 HTTP/1.1" 200 11668 "https://princessmare.com.gr/?sale/search/detail/?ITMCODE=r7h1a4p2s0o0d3e8r857" "Mozilla/5.0 (Linux; Android 6.0.1; Nexus 5X Build/MMB29P) AppleWebKit/537.36 (KHTML, like Gecko) Chrome/153.0.8010.52 Mobile Safari/537.36 (compatible; Googlebot/2.1; +http://www.google.com/bot.html)"
66.249.66.33 - - [25/Sep/2026:16:33:13 +0300] "GET /wp-content/themes/dt-the7-child/style.css?ver=9.14.1 HTTP/1.1" 200 3752 "https://princessmare.com.gr/?sale/search/detail/?ITMCODE=r7h1a4p2s0o0d3e8r857" "Mozilla/5.0 (Linux; Android 6.0.1; Nexus 5X Build/MMB29P) AppleWebKit/537.36 (KHTML, like Gecko) Chrome/153.0.8010.52 Mobile Safari/537.36 (compatible; Googlebot/2.1; +http://www.google.com/bot.html)"
66.249.66.32 - - [25/Sep/2026:16:33:13 +0300] "GET /wp-content/themes/dt-the7-child/style.css?ver=9.14.1 HTTP/1.1" 200 3752 "https://princessmare.com.gr/?sale/search/detail/?ITMCODE=t2u1b8i2c7o4l3e2045" "Mozilla/5.0 (Linux; Android 6.0.1; Nexus 5X Build/MMB29P) AppleWebKit/537.36 (KHTML, like Gecko) Chrome/153.0.8010.52 Mobile Safari/537.36 (compatible; Googlebot/2.1; +http://www.google.com/bot.html)"
66.249.66.32 - - [25/Sep/2026:16:33:13 +0300] "GET /wp-content/uploads/the7-css/custom.css?ver=a11134ae5739 HTTP/1.1" 200 29349 "https://princessmare.com.gr/?sale/search/detail/?ITMCODE=e1n2g9r9a1v7e81826" "Mozilla/5.0 (Linux; Android 6.0.1; Nexus 5X Build/MMB29P) AppleWebKit/537.36 (KHTML, like Gecko) Chrome/153.0.8010.52 Mobile Safari/537.36 (compatible; Googlebot/2.1; +http://www.google.com/bot.html)"
66.249.66.32 - - [25/Sep/2026:16:33:14 +0300] "GET /wp-content/plugins/revslider/public/assets/css/rs6.css?ver=6.5.3 HTTP/1.1" 200 11668 "https://princessmare.com.gr/?sale/search/detail/?ITMCODE=t2u1b8i2c7o4l3e2045" "Mozilla/5.0 (Linux; Android 6.0.1; Nexus 5X Build/MMB29P) AppleWebKit/537.36 (KHTML, like Gecko) Chrome/153.0.8010.52 Mobile Safari/537.36 (compatible; Googlebot/2.1; +http://www.google.com/bot.html)"
66.249.66.32 - - [25/Sep/2026:16:33:16 +0300] "GET /wp-content/plugins/Ultimate_VC_Addons/assets/min-js/ultimate_bg.min.js?ver=3.19.10 HTTP/1.1" 200 8670 "https://princessmare.com.gr/?sale/search/detail/?ITMCODE=n9e1m1a0t0o8p4h6o3r8a3" "Mozilla/5.0 (Linux; Android 6.0.1; Nexus 5X Build/MMB29P) AppleWebKit/537.36 (KHTML, like Gecko) Chrome/153.0.8010.52 Mobile Safari/537.36 (compatible; Googlebot/2.1; +http://www.google.com/bot.html)"
66.249.66.33 - - [25/Sep/2026:16:33:18 +0300] "GET /wp-content/plugins/Ultimate_VC_Addons/assets/min-js/ultimate_bg.min.js?ver=3.19.10 HTTP/1.1" 200 8670 "https://princessmare.com.gr/?sale/search/detail/?ITMCODE=p7i1c0i7f4o9r2m0e8s86" "Mozilla/5.0 (Linux; Android 6.0.1; Nexus 5X Build/MMB29P) AppleWebKit/537.36 (KHTML, like Gecko) Chrome/153.0.8010.52 Mobile Safari/537.36 (compatible; Googlebot/2.1; +http://www.google.com/bot.html)"
66.249.66.32 - - [25/Sep/2026:16:33:19 +0300] "GET /wp-content/uploads/the7-css/mega-menu.css?ver=a11134ae5739 HTTP/1.1" 200 2735 "https://princessmare.com.gr/?sale/search/detail/?ITMCODE=r7a7f6t2i9n9g4152" "Mozilla/5.0 (Linux; Android 6.0.1; Nexus 5X Build/MMB29P) AppleWebKit/537.36 (KHTML, like Gecko) Chrome/153.0.8010.52 Mobile Safari/537.36 (compatible; Googlebot/2.1; +http://www.google.com/bot.html)"
66.249.66.33 - - [25/Sep/2026:16:33:23 +0300] "GET /wp-content/themes/dt-the7/fonts/FontAwesome/back-compat.min.css?ver=9.14.1 HTTP/1.1" 200 3928 "https://princessmare.com.gr/?sale/search/detail/?ITMCODE=d2o1c5e1t3i1s9m8710" "Mozilla/5.0 (Linux; Android 6.0.1; Nexus 5X Build/MMB29P) AppleWebKit/537.36 (KHTML, like Gecko) Chrome/153.0.8010.52 Mobile Safari/537.36 (compatible; Googlebot/2.1; +http://www.google.com/bot.html)"
66.249.66.33 - - [25/Sep/2026:16:33:24 +0300] "GET /wp-content/plugins/revslider/public/assets/css/rs6.css?ver=6.5.3 HTTP/1.1" 200 11668 "https://princessmare.com.gr/?sale/search/detail/?ITMCODE=e2l2i6x2i9r661972" "Mozilla/5.0 (Linux; Android 6.0.1; Nexus 5X Build/MMB29P) AppleWebKit/537.36 (KHTML, like Gecko) Chrome/153.0.8010.52 Mobile Safari/537.36 (compatible; Googlebot/2.1; +http://www.google.com/bot.html)"
66.249.66.32 - - [25/Sep/2026:16:33:27 +0300] "GET /wp-content/plugins/revslider/public/assets/css/rs6.css?ver=6.5.3 HTTP/1.1" 200 11668 "https://princessmare.com.gr/?sale/search/detail/?ITMCODE=i6n2n2o2d8a2t2e9082" "Mozilla/5.0 (Linux; Android 6.0.1; Nexus 5X Build/MMB29P) AppleWebKit/537.36 (KHTML, like Gecko) Chrome/153.0.8010.52 Mobile Safari/537.36 (compatible; Googlebot/2.1; +http://www.google.com/bot.html)"
66.249.66.33 - - [25/Sep/2026:16:33:35 +0300] "GET /wp-content/themes/dt-the7/js/main.min.js?ver=9.14.1 HTTP/1.1" 200 77429 "https://princessmare.com.gr/?sale/search/detail/?ITMCODE=s0t4e3r1c4u2l2i0a9c7eae" "Mozilla/5.0 (Linux; Android 6.0.1; Nexus 5X Build/MMB29P) AppleWebKit/537.36 (KHTML, like Gecko) Chrome/153.0.8010.52 Mobile Safari/537.36 (compatible; Googlebot/2.1; +http://www.google.com/bot.html)"
66.249.66.33 - - [25/Sep/2026:16:33:49 +0300] "GET /wp-includes/js/dist/vendor/wp-polyfill.min.js?ver=3.15.0 HTTP/1.1" 200 11516 "https://princessmare.com.gr/?sale/search/detail/?ITMCODE=u2n3i7v5e6r7s0a5l3i7a1n" "Mozilla/5.0 (Linux; Android 6.0.1; Nexus 5X Build/MMB29P) AppleWebKit/537.36 (KHTML, like Gecko) Chrome/153.0.8010.52 Mobile Safari/537.36 (compatible; Googlebot/2.1; +http://www.google.com/bot.html)"
66.249.66.33 - - [25/Sep/2026:16:33:54 +0300] "GET /wp-content/plugins/revslider/public/assets/js/rs6.min.js?ver=6.5.3 HTTP/1.1" 200 90147 "https://princessmare.com.gr/?sale/search/detail/?ITMCODE=s1e2a7s0o8n4a8b8l6e0n5ess" "Mozilla/5.0 (Linux; Android 6.0.1; Nexus 5X Build/MMB29P) AppleWebKit/537.36 (KHTML, like Gecko) Chrome/153.0.8010.52 Mobile Safari/537.36 (compatible; Googlebot/2.1; +http://www.google.com/bot.html)"
66.249.66.32 - - [25/Sep/2026:16:33:55 +0300] "GET /wp-content/plugins/revslider/public/assets/js/rbtools.min.js?ver=6.5.3 HTTP/1.1" 200 45294 "https://princessmare.com.gr/?sale/search/detail/?ITMCODE=p7r1o2p9o9u2n1d5e4d89" "Mozilla/5.0 (Linux; Android 6.0.1; Nexus 5X Build/MMB29P) AppleWebKit/537.36 (KHTML, like Gecko) Chrome/153.0.8010.52 Mobile Safari/537.36 (compatible; Googlebot/2.1; +http://www.google.com/bot.html)"
66.249.66.32 - - [25/Sep/2026:16:33:59 +0300] "GET /wp-content/plugins/revslider/public/assets/js/rs6.min.js?ver=6.5.3 HTTP/1.1" 200 90147 "https://princessmare.com.gr/?sale/search/detail/?ITMCODE=c1h4i0r2r7u4p3i6n3g13" "Mozilla/5.0 (Linux; Android 6.0.1; Nexus 5X Build/MMB29P) AppleWebKit/537.36 (KHTML, like Gecko) Chrome/153.0.8010.52 Mobile Safari/537.36 (compatible; Googlebot/2.1; +http://www.google.com/bot.html)"
66.249.66.34 - - [25/Sep/2026:16:34:01 +0300] "GET /wp-content/plugins/revslider/public/assets/js/rs6.min.js?ver=6.5.3 HTTP/1.1" 200 90147 "https://princessmare.com.gr/?sale/search/detail/?ITMCODE=d0o8u4g7h9k6n3e5a7d4ed" "Mozilla/5.0 (Linux; Android 6.0.1; Nexus 5X Build/MMB29P) AppleWebKit/537.36 (KHTML, like Gecko) Chrome/153.0.8010.52 Mobile Safari/537.36 (compatible; Googlebot/2.1; +http://www.google.com/bot.html)"
66.249.66.33 - - [25/Sep/2026:16:34:06 +0300] "GET /wp-content/plugins/revslider/public/assets/js/rs6.min.js?ver=6.5.3 HTTP/1.1" 200 90147 "https://princessmare.com.gr/?sale/search/detail/?ITMCODE=r4e1f4i6t8680380" "Mozilla/5.0 (Linux; Android 6.0.1; Nexus 5X Build/MMB29P) AppleWebKit/537.36 (KHTML, like Gecko) Chrome/153.0.8010.52 Mobile Safari/537.36 (compatible; Googlebot/2.1; +http://www.google.com/bot.html)"
66.249.66.35 - - [25/Sep/2026:16:34:06 +0300] "GET /wp-content/plugins/revslider/public/assets/js/rs6.min.js?ver=6.5.3 HTTP/1.1" 200 90147 "https://princessmare.com.gr/?sale/search/detail/?ITMCODE=i8m2p0o0r8t6u6n2i2n1g7" "Mozilla/5.0 (Linux; Android 6.0.1; Nexus 5X Build/MMB29P) AppleWebKit/537.36 (KHTML, like Gecko) Chrome/153.0.8010.52 Mobile Safari/537.36 (compatible; Googlebot/2.1; +http://www.google.com/bot.html)"
66.249.66.34 - - [25/Sep/2026:16:34:07 +0300] "GET /wp-content/plugins/revslider/public/assets/css/rs6.css?ver=6.5.3 HTTP/1.1" 200 11668 "https://princessmare.com.gr/?sale/search/detail/?ITMCODE=b1r1e4v6i7a7t0u2r2e44" "Mozilla/5.0 (Linux; Android 6.0.1; Nexus 5X Build/MMB29P) AppleWebKit/537.36 (KHTML, like Gecko) Chrome/153.0.8010.52 Mobile Safari/537.36 (compatible; Googlebot/2.1; +http://www.google.com/bot.html)"
66.249.66.32 - - [25/Sep/2026:16:34:08 +0300] "GET /wp-content/plugins/revslider/public/assets/js/rs6.min.js?ver=6.5.3 HTTP/1.1" 200 90147 "https://princessmare.com.gr/?sale/search/detail/?ITMCODE=a9e5s1t5h8e3s7i5a37" "Mozilla/5.0 (Linux; Android 6.0.1; Nexus 5X Build/MMB29P) AppleWebKit/537.36 (KHTML, like Gecko) Chrome/153.0.8010.52 Mobile Safari/537.36 (compatible; Googlebot/2.1; +http://www.google.com/bot.html)"
66.249.66.33 - - [25/Sep/2026:16:34:08 +0300] "GET /wp-content/plugins/revslider/public/assets/js/rs6.min.js?ver=6.5.3 HTTP/1.1" 200 90147 "https://princessmare.com.gr/?sale/search/detail/?ITMCODE=m4a1s1s7i4n1g73138" "Mozilla/5.0 (Linux; Android 6.0.1; Nexus 5X Build/MMB29P) AppleWebKit/537.36 (KHTML, like Gecko) Chrome/153.0.8010.52 Mobile Safari/537.36 (compatible; Googlebot/2.1; +http://www.google.com/bot.html)"
66.249.66.33 - - [25/Sep/2026:16:34:24 +0300] "GET /wp-content/themes/dt-the7/fonts/icomoon-the7-font/icomoon-the7-font.min.css?ver=9.14.1 HTTP/1.1" 200 2450 "https://princessmare.com.gr/?sale/search/detail/?ITMCODE=s9u1b5b1r3e1e9d8710" "Mozilla/5.0 (Linux; Android 6.0.1; Nexus 5X Build/MMB29P) AppleWebKit/537.36 (KHTML, like Gecko) Chrome/153.0.8010.52 Mobile Safari/537.36 (compatible; Googlebot/2.1; +http://www.google.com/bot.html)"
66.249.66.33 - - [25/Sep/2026:16:34:24 +0300] "GET /wp-content/plugins/revslider/public/assets/js/rs6.min.js?ver=6.5.3 HTTP/1.1" 200 90147 "https://princessmare.com.gr/?sale/search/detail/?ITMCODE=s9u1b5b1r3e1e9d8710" "Mozilla/5.0 (Linux; Android 6.0.1; Nexus 5X Build/MMB29P) AppleWebKit/537.36 (KHTML, like Gecko) Chrome/153.0.8010.52 Mobile Safari/537.36 (compatible; Googlebot/2.1; +http://www.google.com/bot.html)"
66.249.66.32 - - [25/Sep/2026:16:34:28 +0300] "GET /wp-content/themes/dt-the7/fonts/FontAwesome/back-compat.min.css?ver=9.14.1 HTTP/1.1" 200 3928 "https://princessmare.com.gr/?sale/search/detail/?ITMCODE=a7p5o0c1h1r3o6m9a7t8ism" "Mozilla/5.0 (Linux; Android 6.0.1; Nexus 5X Build/MMB29P) AppleWebKit/537.36 (KHTML, like Gecko) Chrome/153.0.8010.52 Mobile Safari/537.36 (compatible; Googlebot/2.1; +http://www.google.com/bot.html)"
66.249.66.33 - - [25/Sep/2026:16:34:28 +0300] "GET /wp-content/plugins/revslider/public/assets/js/rs6.min.js?ver=6.5.3 HTTP/1.1" 200 90147 "https://princessmare.com.gr/?sale/search/detail/?ITMCODE=a7p5o0c1h1r3o6m9a7t8ism" "Mozilla/5.0 (Linux; Android 6.0.1; Nexus 5X Build/MMB29P) AppleWebKit/537.36 (KHTML, like Gecko) Chrome/153.0.8010.52 Mobile Safari/537.36 (compatible; Googlebot/2.1; +http://www.google.com/bot.html)"
66.249.66.33 - - [25/Sep/2026:16:34:42 +0300] "GET /wp-content/plugins/js_composer/assets/css/js_composer.min.css?ver=6.6.0.1 HTTP/1.1" 200 40493 "https://princessmare.com.gr/?sale/search/detail/?ITMCODE=e2m5b0e3l2l3i5s6h9e8d" "Mozilla/5.0 (Linux; Android 6.0.1; Nexus 5X Build/MMB29P) AppleWebKit/537.36 (KHTML, like Gecko) Chrome/153.0.8010.52 Mobile Safari/537.36 (compatible; Googlebot/2.1; +http://www.google.com/bot.html)"
66.249.66.35 - - [25/Sep/2026:16:34:48 +0300] "GET /wp-content/plugins/js_composer/assets/css/js_composer.min.css?ver=6.6.0.1 HTTP/1.1" 200 40493 "https://princessmare.com.gr/?sale/search/detail/?ITMCODE=p0a1u5c2i0l6o9q9u9y11" "Mozilla/5.0 (Linux; Android 6.0.1; Nexus 5X Build/MMB29P) AppleWebKit/537.36 (KHTML, like Gecko) Chrome/153.0.8010.52 Mobile Safari/537.36 (compatible; Googlebot/2.1; +http://www.google.com/bot.html)"
5.255.231.114 - - [25/Sep/2026:16:34:52 +0300] "GET /wp-content/plugins/Ultimate_VC_Addons/assets/min-js/ultimate-params.min.js?ver=3.19.10 HTTP/1.1" 200 540 "https://princessmare.com.gr/?sa=X&ved=2ahUKEwiRx4ipzLyDAxV5S5EFHRegAaYQyK4DegUIAxDkAg" "Mozilla/5.0 (compatible; YandexRenderResourcesBot/1.0; +http://yandex.com/bots) AppleWebKit/537.36 (KHTML, like Gecko) Chrome/108.0.0.0"
66.249.66.35 - - [25/Sep/2026:16:34:52 +0300] "GET /wp-content/plugins/js_composer/assets/css/js_composer.min.css?ver=6.6.0.1 HTTP/1.1" 200 40493 "https://princessmare.com.gr/?sale/search/detail/?ITMCODE=e7p1i3l1o4b7i3u1m007" "Mozilla/5.0 (Linux; Android 6.0.1; Nexus 5X Build/MMB29P) AppleWebKit/537.36 (KHTML, like Gecko) Chrome/153.0.8010.52 Mobile Safari/537.36 (compatible; Googlebot/2.1; +http://www.google.com/bot.html)"
213.180.203.92 - - [25/Sep/2026:16:34:52 +0300] "GET /wp-includes/js/jquery/jquery.min.js?ver=3.7.1 HTTP/1.1" 200 30646 "https://princessmare.com.gr/?sa=X&ved=2ahUKEwiRx4ipzLyDAxV5S5EFHRegAaYQyK4DegUIAxDkAg" "Mozilla/5.0 (compatible; YandexRenderResourcesBot/1.0; +http://yandex.com/bots) AppleWebKit/537.36 (KHTML, like Gecko) Chrome/108.0.0.0"
5.255.231.129 - - [25/Sep/2026:16:34:52 +0300] "GET /wp-includes/js/jquery/jquery-migrate.min.js?ver=3.4.1 HTTP/1.1" 200 4894 "https://princessmare.com.gr/?sa=X&ved=2ahUKEwiRx4ipzLyDAxV5S5EFHRegAaYQyK4DegUIAxDkAg" "Mozilla/5.0 (compatible; YandexRenderResourcesBot/1.0; +http://yandex.com/bots) AppleWebKit/537.36 (KHTML, like Gecko) Chrome/108.0.0.0"
95.108.213.117 - - [25/Sep/2026:16:34:54 +0300] "GET /wp-content/themes/dt-the7/js/above-the-fold.min.js?ver=9.14.1 HTTP/1.1" 200 3501 "https://princessmare.com.gr/?sa=X&ved=2ahUKEwiRx4ipzLyDAxV5S5EFHRegAaYQyK4DegUIAxDkAg" "Mozilla/5.0 (compatible; YandexRenderResourcesBot/1.0; +http://yandex.com/bots) AppleWebKit/537.36 (KHTML, like Gecko) Chrome/108.0.0.0"
5.255.231.117 - - [25/Sep/2026:16:34:56 +0300] "GET /wp-content/themes/dt-the7/js/main.min.js?ver=9.14.1 HTTP/1.1" 200 84688 "https://princessmare.com.gr/?sa=X&ved=2ahUKEwiRx4ipzLyDAxV5S5EFHRegAaYQyK4DegUIAxDkAg" "Mozilla/5.0 (compatible; YandexRenderResourcesBot/1.0; +http://yandex.com/bots) AppleWebKit/537.36 (KHTML, like Gecko) Chrome/108.0.0.0"
66.249.66.35 - - [25/Sep/2026:16:34:56 +0300] "GET /wp-content/themes/dt-the7-child/style.css?ver=9.14.1 HTTP/1.1" 200 3752 "https://princessmare.com.gr/?sale/search/detail/?ITMCODE=i7n1f7e4o0f3f59593" "Mozilla/5.0 (Linux; Android 6.0.1; Nexus 5X Build/MMB29P) AppleWebKit/537.36 (KHTML, like Gecko) Chrome/153.0.8010.52 Mobile Safari/537.36 (compatible; Googlebot/2.1; +http://www.google.com/bot.html)"
5.255.231.76 - - [25/Sep/2026:16:34:57 +0300] "GET /wp-includes/js/dist/vendor/wp-polyfill.min.js?ver=3.15.0 HTTP/1.1" 200 11924 "https://princessmare.com.gr/?sa=X&ved=2ahUKEwiRx4ipzLyDAxV5S5EFHRegAaYQyK4DegUIAxDkAg" "Mozilla/5.0 (compatible; YandexRenderResourcesBot/1.0; +http://yandex.com/bots) AppleWebKit/537.36 (KHTML, like Gecko) Chrome/108.0.0.0"
95.108.213.214 - - [25/Sep/2026:16:34:58 +0300] "GET /wp-content/plugins/contact-form-7/includes/js/index.js?ver=5.4.1 HTTP/1.1" 200 4025 "https://princessmare.com.gr/?sa=X&ved=2ahUKEwiRx4ipzLyDAxV5S5EFHRegAaYQyK4DegUIAxDkAg" "Mozilla/5.0 (compatible; YandexRenderResourcesBot/1.0; +http://yandex.com/bots) AppleWebKit/537.36 (KHTML, like Gecko) Chrome/108.0.0.0"
95.108.213.200 - - [25/Sep/2026:16:34:59 +0300] "GET /wp-content/plugins/revslider/public/assets/js/rs6.min.js?ver=6.5.3 HTTP/1.1" 200 98207 "https://princessmare.com.gr/?sa=X&ved=2ahUKEwiRx4ipzLyDAxV5S5EFHRegAaYQyK4DegUIAxDkAg" "Mozilla/5.0 (compatible; YandexRenderResourcesBot/1.0; +http://yandex.com/bots) AppleWebKit/537.36 (KHTML, like Gecko) Chrome/108.0.0.0"
95.108.213.146 - - [25/Sep/2026:16:34:59 +0300] "GET /wp-content/plugins/revslider/public/assets/js/rbtools.min.js?ver=6.5.3 HTTP/1.1" 200 47275 "https://princessmare.com.gr/?sa=X&ved=2ahUKEwiRx4ipzLyDAxV5S5EFHRegAaYQyK4DegUIAxDkAg" "Mozilla/5.0 (compatible; YandexRenderResourcesBot/1.0; +http://yandex.com/bots) AppleWebKit/537.36 (KHTML, like Gecko) Chrome/108.0.0.0"
5.255.231.116 - - [25/Sep/2026:16:34:59 +0300] "GET /wp-content/themes/dt-the7/lib/jquery-mousewheel/jquery-mousewheel.min.js?ver=9.14.1 HTTP/1.1" 200 1148 "https://princessmare.com.gr/?sa=X&ved=2ahUKEwiRx4ipzLyDAxV5S5EFHRegAaYQyK4DegUIAxDkAg" "Mozilla/5.0 (compatible; YandexRenderResourcesBot/1.0; +http://yandex.com/bots) AppleWebKit/537.36 (KHTML, like Gecko) Chrome/108.0.0.0"
5.255.231.123 - - [25/Sep/2026:16:35:00 +0300] "GET /wp-content/themes/dt-the7/lib/custom-scrollbar/custom-scrollbar.min.js?ver=9.14.1 HTTP/1.1" 200 12019 "https://princessmare.com.gr/?sa=X&ved=2ahUKEwiRx4ipzLyDAxV5S5EFHRegAaYQyK4DegUIAxDkAg" "Mozilla/5.0 (compatible; YandexRenderResourcesBot/1.0; +http://yandex.com/bots) AppleWebKit/537.36 (KHTML, like Gecko) Chrome/108.0.0.0"
66.249.66.35 - - [25/Sep/2026:16:35:00 +0300] "GET /wp-content/themes/dt-the7-child/style.css?ver=9.14.1 HTTP/1.1" 200 3752 "https://princessmare.com.gr/?sale/search/detail/?ITMCODE=a1t4r1a8b1i3l7i8o3u6s7" "Mozilla/5.0 (Linux; Android 6.0.1; Nexus 5X Build/MMB29P) AppleWebKit/537.36 (KHTML, like Gecko) Chrome/153.0.8010.52 Mobile Safari/537.36 (compatible; Googlebot/2.1; +http://www.google.com/bot.html)"
5.255.231.115 - - [25/Sep/2026:16:35:01 +0300] "GET /wp-content/plugins/dt-the7-core/assets/js/post-type.min.js?ver=2.5.7.1 HTTP/1.1" 200 5134 "https://princessmare.com.gr/?sa=X&ved=2ahUKEwiRx4ipzLyDAxV5S5EFHRegAaYQyK4DegUIAxDkAg" "Mozilla/5.0 (compatible; YandexRenderResourcesBot/1.0; +http://yandex.com/bots) AppleWebKit/537.36 (KHTML, like Gecko) Chrome/108.0.0.0"
213.180.203.103 - - [25/Sep/2026:16:35:02 +0300] "GET /wp-content/plugins/js_composer/assets/js/dist/js_composer_front.min.js?ver=6.6.0.1 HTTP/1.1" 200 5852 "https://princessmare.com.gr/?sa=X&ved=2ahUKEwiRx4ipzLyDAxV5S5EFHRegAaYQyK4DegUIAxDkAg" "Mozilla/5.0 (compatible; YandexRenderResourcesBot/1.0; +http://yandex.com/bots) AppleWebKit/537.36 (KHTML, like Gecko) Chrome/108.0.0.0"
95.108.213.140 - - [25/Sep/2026:16:35:03 +0300] "GET /wp-content/plugins/Ultimate_VC_Addons/assets/min-js/jquery-appear.min.js?ver=3.19.10 HTTP/1.1" 200 640 "https://princessmare.com.gr/?sa=X&ved=2ahUKEwiRx4ipzLyDAxV5S5EFHRegAaYQyK4DegUIAxDkAg" "Mozilla/5.0 (compatible; YandexRenderResourcesBot/1.0; +http://yandex.com/bots) AppleWebKit/537.36 (KHTML, like Gecko) Chrome/108.0.0.0"
95.108.213.131 - - [25/Sep/2026:16:35:03 +0300] "GET /wp-content/plugins/Ultimate_VC_Addons/assets/min-js/ultimate_bg.min.js?ver=3.19.10 HTTP/1.1" 200 9587 "https://princessmare.com.gr/?sa=X&ved=2ahUKEwiRx4ipzLyDAxV5S5EFHRegAaYQyK4DegUIAxDkAg" "Mozilla/5.0 (compatible; YandexRenderResourcesBot/1.0; +http://yandex.com/bots) AppleWebKit/537.36 (KHTML, like Gecko) Chrome/108.0.0.0"
5.255.231.114 - - [25/Sep/2026:16:35:04 +0300] "GET /wp-content/plugins/Ultimate_VC_Addons/assets/min-js/custom.min.js?ver=3.19.10 HTTP/1.1" 200 4791 "https://princessmare.com.gr/?sa=X&ved=2ahUKEwiRx4ipzLyDAxV5S5EFHRegAaYQyK4DegUIAxDkAg" "Mozilla/5.0 (compatible; YandexRenderResourcesBot/1.0; +http://yandex.com/bots) AppleWebKit/537.36 (KHTML, like Gecko) Chrome/108.0.0.0"
66.249.66.33 - - [25/Sep/2026:16:35:15 +0300] "GET /wp-content/themes/dt-the7-child/style.css?ver=9.14.1 HTTP/1.1" 200 3752 "https://princessmare.com.gr/?sale/search/detail/?ITMCODE=b9a1r5t7s7i9a53716" "Mozilla/5.0 (Linux; Android 6.0.1; Nexus 5X Build/MMB29P) AppleWebKit/537.36 (KHTML, like Gecko) Chrome/153.0.8010.52 Mobile Safari/537.36 (compatible; Googlebot/2.1; +http://www.google.com/bot.html)"
66.249.66.32 - - [25/Sep/2026:16:35:21 +0300] "GET /wp-content/themes/dt-the7-child/style.css?ver=9.14.1 HTTP/1.1" 200 3752 "https://princessmare.com.gr/?sale/search/detail/?ITMCODE=z5e7n4a6i6d5u6r7a47" "Mozilla/5.0 (Linux; Android 6.0.1; Nexus 5X Build/MMB29P) AppleWebKit/537.36 (KHTML, like Gecko) Chrome/153.0.8010.52 Mobile Safari/537.36 (compatible; Googlebot/2.1; +http://www.google.com/bot.html)"
66.249.66.32 - - [25/Sep/2026:16:35:22 +0300] "GET /wp-content/plugins/contact-form-7/includes/js/index.js?ver=5.4.1 HTTP/1.1" 200 3784 "https://princessmare.com.gr/?sale/search/detail/?ITMCODE=g7a6t0h8e8r7i0n6g01" "Mozilla/5.0 (Linux; Android 6.0.1; Nexus 5X Build/MMB29P) AppleWebKit/537.36 (KHTML, like Gecko) Chrome/153.0.8010.52 Mobile Safari/537.36 (compatible; Googlebot/2.1; +http://www.google.com/bot.html)"
66.249.66.32 - - [25/Sep/2026:16:35:27 +0300] "GET /wp-content/plugins/revslider/public/assets/js/rs6.min.js?ver=6.5.3 HTTP/1.1" 200 90147 "https://princessmare.com.gr/?sale/search/detail/?ITMCODE=f6o3r0e8t6a0s8t3e936" "Mozilla/5.0 (Linux; Android 6.0.1; Nexus 5X Build/MMB29P) AppleWebKit/537.36 (KHTML, like Gecko) Chrome/153.0.8010.52 Mobile Safari/537.36 (compatible; Googlebot/2.1; +http://www.google.com/bot.html)"
66.249.66.32 - - [25/Sep/2026:16:35:35 +0300] "GET /wp-content/themes/dt-the7/js/main.min.js?ver=9.14.1 HTTP/1.1" 200 77429 "https://princessmare.com.gr/?sale/search/detail/?ITMCODE=r4u1b8i9g7i5n7o3s1a11" "Mozilla/5.0 (Linux; Android 6.0.1; Nexus 5X Build/MMB29P) AppleWebKit/537.36 (KHTML, like Gecko) Chrome/153.0.8010.52 Mobile Safari/537.36 (compatible; Googlebot/2.1; +http://www.google.com/bot.html)"
66.249.66.33 - - [25/Sep/2026:16:35:37 +0300] "GET /wp-content/uploads/the7-css/mega-menu.css?ver=a11134ae5739 HTTP/1.1" 200 2735 "https://princessmare.com.gr/?sale/search/detail/?ITMCODE=u1r4a1l4i0a9n22298" "Mozilla/5.0 (Linux; Android 6.0.1; Nexus 5X Build/MMB29P) AppleWebKit/537.36 (KHTML, like Gecko) Chrome/153.0.8010.52 Mobile Safari/537.36 (compatible; Googlebot/2.1; +http://www.google.com/bot.html)"
66.249.66.34 - - [25/Sep/2026:16:35:37 +0300] "GET /wp-content/plugins/Ultimate_VC_Addons/assets/min-js/ultimate-params.min.js?ver=3.19.10 HTTP/1.1" 200 467 "https://princessmare.com.gr/?sale/search/detail/?ITMCODE=u1r4a1l4i0a9n22298" "Mozilla/5.0 (Linux; Android 6.0.1; Nexus 5X Build/MMB29P) AppleWebKit/537.36 (KHTML, like Gecko) Chrome/153.0.8010.52 Mobile Safari/537.36 (compatible; Googlebot/2.1; +http://www.google.com/bot.html)"
66.249.66.33 - - [25/Sep/2026:16:35:37 +0300] "GET /wp-content/uploads/the7-css/mega-menu.css?ver=a11134ae5739 HTTP/1.1" 200 2735 "https://princessmare.com.gr/?sale/search/detail/?ITMCODE=o7s6i0e9r4e9d016" "Mozilla/5.0 (Linux; Android 6.0.1; Nexus 5X Build/MMB29P) AppleWebKit/537.36 (KHTML, like Gecko) Chrome/153.0.8010.52 Mobile Safari/537.36 (compatible; Googlebot/2.1; +http://www.google.com/bot.html)"
66.249.66.32 - - [25/Sep/2026:16:35:37 +0300] "GET /wp-content/plugins/Ultimate_VC_Addons/assets/min-js/ultimate-params.min.js?ver=3.19.10 HTTP/1.1" 200 467 "https://princessmare.com.gr/?sale/search/detail/?ITMCODE=o7s6i0e9r4e9d016" "Mozilla/5.0 (Linux; Android 6.0.1; Nexus 5X Build/MMB29P) AppleWebKit/537.36 (KHTML, like Gecko) Chrome/153.0.8010.52 Mobile Safari/537.36 (compatible; Googlebot/2.1; +http://www.google.com/bot.html)"
66.249.66.32 - - [25/Sep/2026:16:35:38 +0300] "GET /wp-content/themes/dt-the7/js/main.min.js?ver=9.14.1 HTTP/1.1" 200 77429 "https://princessmare.com.gr/?sale/search/detail/?ITMCODE=m7e3n9d5e7l3i7s8m243" "Mozilla/5.0 (Linux; Android 6.0.1; Nexus 5X Build/MMB29P) AppleWebKit/537.36 (KHTML, like Gecko) Chrome/153.0.8010.52 Mobile Safari/537.36 (compatible; Googlebot/2.1; +http://www.google.com/bot.html)"
66.249.66.34 - - [25/Sep/2026:16:35:39 +0300] "GET /wp-content/uploads/the7-css/css-vars.css?ver=a11134ae5739 HTTP/1.1" 200 4039 "https://princessmare.com.gr/?sale/search/detail/?ITMCODE=m7e3n9d5e7l3i7s8m243" "Mozilla/5.0 (Linux; Android 6.0.1; Nexus 5X Build/MMB29P) AppleWebKit/537.36 (KHTML, like Gecko) Chrome/153.0.8010.52 Mobile Safari/537.36 (compatible; Googlebot/2.1; +http://www.google.com/bot.html)"
66.249.66.35 - - [25/Sep/2026:16:35:39 +0300] "GET /wp-content/plugins/revslider/public/assets/css/rs6.css?ver=6.5.3 HTTP/1.1" 200 11668 "https://princessmare.com.gr/?sale/search/detail/?ITMCODE=c6o4n3f7r7a3t4e0r4n8ity" "Mozilla/5.0 (Linux; Android 6.0.1; Nexus 5X Build/MMB29P) AppleWebKit/537.36 (KHTML, like Gecko) Chrome/153.0.8010.52 Mobile Safari/537.36 (compatible; Googlebot/2.1; +http://www.google.com/bot.html)"
66.249.66.34 - - [25/Sep/2026:16:35:39 +0300] "GET /wp-content/plugins/Ultimate_VC_Addons/assets/min-js/ultimate-params.min.js?ver=3.19.10 HTTP/1.1" 200 467 "https://princessmare.com.gr/?sale/search/detail/?ITMCODE=a1s3c8o7c8o3c1c7u2s17" "Mozilla/5.0 (Linux; Android 6.0.1; Nexus 5X Build/MMB29P) AppleWebKit/537.36 (KHTML, like Gecko) Chrome/153.0.8010.52 Mobile Safari/537.36 (compatible; Googlebot/2.1; +http://www.google.com/bot.html)"
66.249.66.34 - - [25/Sep/2026:16:35:40 +0300] "GET /wp-content/uploads/the7-css/mega-menu.css?ver=a11134ae5739 HTTP/1.1" 200 2735 "https://princessmare.com.gr/?sale/search/detail/?ITMCODE=a1s3c8o7c8o3c1c7u2s17" "Mozilla/5.0 (Linux; Android 6.0.1; Nexus 5X Build/MMB29P) AppleWebKit/537.36 (KHTML, like Gecko) Chrome/153.0.8010.52 Mobile Safari/537.36 (compatible; Googlebot/2.1; +http://www.google.com/bot.html)"
66.249.66.32 - - [25/Sep/2026:16:35:40 +0300] "GET /wp-content/plugins/Ultimate_VC_Addons/assets/min-css/style.min.css?ver=3.19.10 HTTP/1.1" 200 2589 "https://princessmare.com.gr/?sale/search/detail/?ITMCODE=a2m3o3e2b7i7f5o8r1m51" "Mozilla/5.0 (Linux; Android 6.0.1; Nexus 5X Build/MMB29P) AppleWebKit/537.36 (KHTML, like Gecko) Chrome/153.0.8010.52 Mobile Safari/537.36 (compatible; Googlebot/2.1; +http://www.google.com/bot.html)"
66.249.66.32 - - [25/Sep/2026:16:35:43 +0300] "GET /wp-content/plugins/revslider/public/assets/css/rs6.css?ver=6.5.3 HTTP/1.1" 200 11668 "https://princessmare.com.gr/?sale/search/detail/?ITMCODE=c2o1b0b5i3n3g68761" "Mozilla/5.0 (Linux; Android 6.0.1; Nexus 5X Build/MMB29P) AppleWebKit/537.36 (KHTML, like Gecko) Chrome/153.0.8010.52 Mobile Safari/537.36 (compatible; Googlebot/2.1; +http://www.google.com/bot.html)"
66.249.66.33 - - [25/Sep/2026:16:35:43 +0300] "GET /wp-content/uploads/the7-css/mega-menu.css?ver=a11134ae5739 HTTP/1.1" 200 2735 "https://princessmare.com.gr/?sale/search/detail/?ITMCODE=d2i1a1l2l8i4n1g9752" "Mozilla/5.0 (Linux; Android 6.0.1; Nexus 5X Build/MMB29P) AppleWebKit/537.36 (KHTML, like Gecko) Chrome/153.0.8010.52 Mobile Safari/537.36 (compatible; Googlebot/2.1; +http://www.google.com/bot.html)"
66.249.66.33 - - [25/Sep/2026:16:35:43 +0300] "GET /wp-content/plugins/Ultimate_VC_Addons/assets/min-js/ultimate-params.min.js?ver=3.19.10 HTTP/1.1" 200 467 "https://princessmare.com.gr/?sale/search/detail/?ITMCODE=d2i1a1l2l8i4n1g9752" "Mozilla/5.0 (Linux; Android 6.0.1; Nexus 5X Build/MMB29P) AppleWebKit/537.36 (KHTML, like Gecko) Chrome/153.0.8010.52 Mobile Safari/537.36 (compatible; Googlebot/2.1; +http://www.google.com/bot.html)"
66.249.66.32 - - [25/Sep/2026:16:35:44 +0300] "GET /wp-content/uploads/the7-css/mega-menu.css?ver=a11134ae5739 HTTP/1.1" 200 2735 "https://princessmare.com.gr/?sale/search/detail/?ITMCODE=b2i3p8e6n2n4i8s749" "Mozilla/5.0 (Linux; Android 6.0.1; Nexus 5X Build/MMB29P) AppleWebKit/537.36 (KHTML, like Gecko) Chrome/153.0.8010.52 Mobile Safari/537.36 (compatible; Googlebot/2.1; +http://www.google.com/bot.html)"
66.249.66.35 - - [25/Sep/2026:16:35:44 +0300] "GET /wp-content/plugins/Ultimate_VC_Addons/assets/min-js/ultimate-params.min.js?ver=3.19.10 HTTP/1.1" 200 467 "https://princessmare.com.gr/?sale/search/detail/?ITMCODE=b2i3p8e6n2n4i8s749" "Mozilla/5.0 (Linux; Android 6.0.1; Nexus 5X Build/MMB29P) AppleWebKit/537.36 (KHTML, like Gecko) Chrome/153.0.8010.52 Mobile Safari/537.36 (compatible; Googlebot/2.1; +http://www.google.com/bot.html)"
66.249.66.32 - - [25/Sep/2026:16:35:44 +0300] "GET /wp-content/plugins/revslider/public/assets/css/rs6.css?ver=6.5.3 HTTP/1.1" 200 11668 "https://princessmare.com.gr/?sale/search/detail/?ITMCODE=v6i2r5e9s4c1e2n5t745" "Mozilla/5.0 (Linux; Android 6.0.1; Nexus 5X Build/MMB29P) AppleWebKit/537.36 (KHTML, like Gecko) Chrome/153.0.8010.52 Mobile Safari/537.36 (compatible; Googlebot/2.1; +http://www.google.com/bot.html)"
66.249.66.34 - - [25/Sep/2026:16:35:46 +0300] "GET /wp-content/uploads/the7-css/mega-menu.css?ver=a11134ae5739 HTTP/1.1" 200 2735 "https://princessmare.com.gr/?sale/search/detail/?ITMCODE=m0o2l1l1u0s4c53886" "Mozilla/5.0 (Linux; Android 6.0.1; Nexus 5X Build/MMB29P) AppleWebKit/537.36 (KHTML, like Gecko) Chrome/153.0.8010.52 Mobile Safari/537.36 (compatible; Googlebot/2.1; +http://www.google.com/bot.html)"
66.249.66.34 - - [25/Sep/2026:16:35:47 +0300] "GET /wp-content/uploads/the7-css/mega-menu.css?ver=a11134ae5739 HTTP/1.1" 200 2735 "https://princessmare.com.gr/?sale/search/detail/?ITMCODE=m5i7s9s2t1a2t2e200" "Mozilla/5.0 (Linux; Android 6.0.1; Nexus 5X Build/MMB29P) AppleWebKit/537.36 (KHTML, like Gecko) Chrome/153.0.8010.52 Mobile Safari/537.36 (compatible; Googlebot/2.1; +http://www.google.com/bot.html)"
66.249.66.33 - - [25/Sep/2026:16:35:51 +0300] "GET /wp-content/plugins/Ultimate_VC_Addons/assets/min-js/ultimate-params.min.js?ver=3.19.10 HTTP/1.1" 200 467 "https://princessmare.com.gr/?sale/search/detail/?ITMCODE=r7e1v7o3c3a2b0l8y713" "Mozilla/5.0 (Linux; Android 6.0.1; Nexus 5X Build/MMB29P) AppleWebKit/537.36 (KHTML, like Gecko) Chrome/153.0.8010.52 Mobile Safari/537.36 (compatible; Googlebot/2.1; +http://www.google.com/bot.html)"
66.249.66.32 - - [25/Sep/2026:16:35:52 +0300] "GET /wp-content/plugins/revslider/public/assets/css/rs6.css?ver=6.5.3 HTTP/1.1" 200 11668 "https://princessmare.com.gr/?sale/search/detail/?ITMCODE=m9a9c8r8o4p4o8d9i6a6n" "Mozilla/5.0 (Linux; Android 6.0.1; Nexus 5X Build/MMB29P) AppleWebKit/537.36 (KHTML, like Gecko) Chrome/153.0.8010.52 Mobile Safari/537.36 (compatible; Googlebot/2.1; +http://www.google.com/bot.html)"
66.249.66.36 - - [25/Sep/2026:16:35:52 +0300] "GET /wp-content/themes/dt-the7/js/main.min.js?ver=9.14.1 HTTP/1.1" 200 77429 "https://princessmare.com.gr/?sale/search/detail/?ITMCODE=n9e2o3n0a2t7a4l254" "Mozilla/5.0 (Linux; Android 6.0.1; Nexus 5X Build/MMB29P) AppleWebKit/537.36 (KHTML, like Gecko) Chrome/153.0.8010.52 Mobile Safari/537.36 (compatible; Googlebot/2.1; +http://www.google.com/bot.html)"
66.249.66.32 - - [25/Sep/2026:16:35:53 +0300] "GET /wp-content/plugins/Ultimate_VC_Addons/assets/min-js/ultimate-params.min.js?ver=3.19.10 HTTP/1.1" 200 467 "https://princessmare.com.gr/?sale/search/detail/?ITMCODE=n9e2o3n0a2t7a4l254" "Mozilla/5.0 (Linux; Android 6.0.1; Nexus 5X Build/MMB29P) AppleWebKit/537.36 (KHTML, like Gecko) Chrome/153.0.8010.52 Mobile Safari/537.36 (compatible; Googlebot/2.1; +http://www.google.com/bot.html)"
66.249.66.35 - - [25/Sep/2026:16:35:54 +0300] "GET /wp-content/plugins/revslider/public/assets/css/rs6.css?ver=6.5.3 HTTP/1.1" 200 11668 "https://princessmare.com.gr/?sale/search/detail/?ITMCODE=f3i4n1e5t9u7n3e3123" "Mozilla/5.0 (Linux; Android 6.0.1; Nexus 5X Build/MMB29P) AppleWebKit/537.36 (KHTML, like Gecko) Chrome/153.0.8010.52 Mobile Safari/537.36 (compatible; Googlebot/2.1; +http://www.google.com/bot.html)"
66.249.66.36 - - [25/Sep/2026:16:35:59 +0300] "GET /wp-content/plugins/revslider/public/assets/css/rs6.css?ver=6.5.3 HTTP/1.1" 200 11668 "https://princessmare.com.gr/?sale/search/detail/?ITMCODE=r9o2o9k3e3r1i5e5s382" "Mozilla/5.0 (Linux; Android 6.0.1; Nexus 5X Build/MMB29P) AppleWebKit/537.36 (KHTML, like Gecko) Chrome/153.0.8010.52 Mobile Safari/537.36 (compatible; Googlebot/2.1; +http://www.google.com/bot.html)"
66.249.66.32 - - [25/Sep/2026:16:36:02 +0300] "GET /wp-content/themes/dt-the7/js/main.min.js?ver=9.14.1 HTTP/1.1" 200 77429 "https://princessmare.com.gr/?sale/search/detail/?ITMCODE=r9o2o9k3e3r1i5e5s382" "Mozilla/5.0 (Linux; Android 6.0.1; Nexus 5X Build/MMB29P) AppleWebKit/537.36 (KHTML, like Gecko) Chrome/153.0.8010.52 Mobile Safari/537.36 (compatible; Googlebot/2.1; +http://www.google.com/bot.html)"
66.249.66.32 - - [25/Sep/2026:16:36:03 +0300] "GET /wp-content/plugins/revslider/public/assets/css/rs6.css?ver=6.5.3 HTTP/1.1" 200 11668 "https://princessmare.com.gr/?sale/search/detail/?ITMCODE=p7r1o9c8e4e1d1i0n3g82" "Mozilla/5.0 (Linux; Android 6.0.1; Nexus 5X Build/MMB29P) AppleWebKit/537.36 (KHTML, like Gecko) Chrome/153.0.8010.52 Mobile Safari/537.36 (compatible; Googlebot/2.1; +http://www.google.com/bot.html)"
66.249.66.35 - - [25/Sep/2026:16:36:03 +0300] "GET /wp-content/plugins/revslider/public/assets/css/rs6.css?ver=6.5.3 HTTP/1.1" 200 11668 "https://princessmare.com.gr/?sale/search/detail/?ITMCODE=p3r1o8s9c1r2i4p0t8i7o2nal" "Mozilla/5.0 (Linux; Android 6.0.1; Nexus 5X Build/MMB29P) AppleWebKit/537.36 (KHTML, like Gecko) Chrome/153.0.8010.52 Mobile Safari/537.36 (compatible; Googlebot/2.1; +http://www.google.com/bot.html)"
66.249.66.34 - - [25/Sep/2026:16:36:07 +0300] "GET /wp-content/plugins/revslider/public/assets/css/rs6.css?ver=6.5.3 HTTP/1.1" 200 11668 "https://princessmare.com.gr/?sale/search/detail/?ITMCODE=p4e3r2f9e2c9t32998" "Mozilla/5.0 (Linux; Android 6.0.1; Nexus 5X Build/MMB29P) AppleWebKit/537.36 (KHTML, like Gecko) Chrome/153.0.8010.52 Mobile Safari/537.36 (compatible; Googlebot/2.1; +http://www.google.com/bot.html)"
66.249.66.32 - - [25/Sep/2026:16:36:12 +0300] "GET /wp-content/plugins/revslider/public/assets/css/rs6.css?ver=6.5.3 HTTP/1.1" 200 11668 "https://princessmare.com.gr/?sale/search/detail/?ITMCODE=c9o1l0l5a1t8i9n4g5" "Mozilla/5.0 (Linux; Android 6.0.1; Nexus 5X Build/MMB29P) AppleWebKit/537.36 (KHTML, like Gecko) Chrome/153.0.8010.52 Mobile Safari/537.36 (compatible; Googlebot/2.1; +http://www.google.com/bot.html)"
66.249.66.32 - - [25/Sep/2026:16:36:15 +0300] "GET /wp-content/plugins/js_composer/assets/js/dist/js_composer_front.min.js?ver=6.6.0.1 HTTP/1.1" 200 5553 "https://princessmare.com.gr/?sale/search/detail/?ITMCODE=c9o1l0l5a1t8i9n4g5" "Mozilla/5.0 (Linux; Android 6.0.1; Nexus 5X Build/MMB29P) AppleWebKit/537.36 (KHTML, like Gecko) Chrome/153.0.8010.52 Mobile Safari/537.36 (compatible; Googlebot/2.1; +http://www.google.com/bot.html)"
66.249.66.32 - - [25/Sep/2026:16:36:18 +0300] "GET /wp-content/themes/dt-the7/css/main.min.css?ver=9.14.1 HTTP/1.1" 200 38611 "https://princessmare.com.gr/?sale/search/detail/?ITMCODE=c9o1l0l5a1t8i9n4g5" "Mozilla/5.0 (Linux; Android 6.0.1; Nexus 5X Build/MMB29P) AppleWebKit/537.36 (KHTML, like Gecko) Chrome/153.0.8010.52 Mobile Safari/537.36 (compatible; Googlebot/2.1; +http://www.google.com/bot.html)"
66.249.66.32 - - [25/Sep/2026:16:36:19 +0300] "GET /wp-content/plugins/revslider/public/assets/css/rs6.css?ver=6.5.3 HTTP/1.1" 200 11668 "https://princessmare.com.gr/?sale/search/detail/?ITMCODE=b1u2s4s1i4n1g42831" "Mozilla/5.0 (Linux; Android 6.0.1; Nexus 5X Build/MMB29P) AppleWebKit/537.36 (KHTML, like Gecko) Chrome/153.0.8010.52 Mobile Safari/537.36 (compatible; Googlebot/2.1; +http://www.google.com/bot.html)"
66.249.66.32 - - [25/Sep/2026:16:36:19 +0300] "GET /wp-content/themes/dt-the7/lib/custom-scrollbar/custom-scrollbar.min.js?ver=9.14.1 HTTP/1.1" 200 11395 "https://princessmare.com.gr/?sale/search/detail/?ITMCODE=b1u2s4s1i4n1g42831" "Mozilla/5.0 (Linux; Android 6.0.1; Nexus 5X Build/MMB29P) AppleWebKit/537.36 (KHTML, like Gecko) Chrome/153.0.8010.52 Mobile Safari/537.36 (compatible; Googlebot/2.1; +http://www.google.com/bot.html)"
66.249.66.33 - - [25/Sep/2026:16:36:19 +0300] "GET /wp-content/plugins/dt-the7-core/assets/css/post-type.min.css?ver=2.5.7.1 HTTP/1.1" 200 5965 "https://princessmare.com.gr/?sale/search/detail/?ITMCODE=c9o1l0l5a1t8i9n4g5" "Mozilla/5.0 (Linux; Android 6.0.1; Nexus 5X Build/MMB29P) AppleWebKit/537.36 (KHTML, like Gecko) Chrome/153.0.8010.52 Mobile Safari/537.36 (compatible; Googlebot/2.1; +http://www.google.com/bot.html)"
66.249.66.32 - - [25/Sep/2026:16:36:20 +0300] "GET /wp-content/themes/dt-the7/js/above-the-fold.min.js?ver=9.14.1 HTTP/1.1" 200 3323 "https://princessmare.com.gr/?sale/search/detail/?ITMCODE=p6a4r1i2a0l241889" "Mozilla/5.0 (Linux; Android 6.0.1; Nexus 5X Build/MMB29P) AppleWebKit/537.36 (KHTML, like Gecko) Chrome/153.0.8010.52 Mobile Safari/537.36 (compatible; Googlebot/2.1; +http://www.google.com/bot.html)"
66.249.66.32 - - [25/Sep/2026:16:36:21 +0300] "GET /wp-content/plugins/Ultimate_VC_Addons/assets/min-css/background-style.min.css?ver=3.19.10 HTTP/1.1" 200 1647 "https://princessmare.com.gr/?sale/search/detail/?ITMCODE=b1e1t5r7o6t2h7m4e9n1t2" "Mozilla/5.0 (Linux; Android 6.0.1; Nexus 5X Build/MMB29P) AppleWebKit/537.36 (KHTML, like Gecko) Chrome/153.0.8010.52 Mobile Safari/537.36 (compatible; Googlebot/2.1; +http://www.google.com/bot.html)"
66.249.66.34 - - [25/Sep/2026:16:36:22 +0300] "GET /wp-content/plugins/revslider/public/assets/css/rs6.css?ver=6.5.3 HTTP/1.1" 200 11668 "https://princessmare.com.gr/?sale/search/detail/?ITMCODE=i7m3p8a0t5r9o4n5i8z3e3d" "Mozilla/5.0 (Linux; Android 6.0.1; Nexus 5X Build/MMB29P) AppleWebKit/537.36 (KHTML, like Gecko) Chrome/153.0.8010.52 Mobile Safari/537.36 (compatible; Googlebot/2.1; +http://www.google.com/bot.html)"
66.249.66.34 - - [25/Sep/2026:16:36:32 +0300] "GET /wp-content/themes/dt-the7/lib/custom-scrollbar/custom-scrollbar.min.js?ver=9.14.1 HTTP/1.1" 200 11395 "https://princessmare.com.gr/?sale/search/detail/?ITMCODE=c3r3o7q6u7e2t5i3n3g02" "Mozilla/5.0 (Linux; Android 6.0.1; Nexus 5X Build/MMB29P) AppleWebKit/537.36 (KHTML, like Gecko) Chrome/153.0.8010.52 Mobile Safari/537.36 (compatible; Googlebot/2.1; +http://www.google.com/bot.html)"
66.249.66.33 - - [25/Sep/2026:16:36:38 +0300] "GET /wp-content/plugins/revslider/public/assets/css/rs6.css?ver=6.5.3 HTTP/1.1" 200 11668 "https://princessmare.com.gr/?sale/search/detail/?ITMCODE=f2e4r0v1o9u2r56652" "Mozilla/5.0 (Linux; Android 6.0.1; Nexus 5X Build/MMB29P) AppleWebKit/537.36 (KHTML, like Gecko) Chrome/153.0.8010.52 Mobile Safari/537.36 (compatible; Googlebot/2.1; +http://www.google.com/bot.html)"
66.249.66.32 - - [25/Sep/2026:16:36:49 +0300] "GET /wp-content/uploads/the7-css/the7-elements-albums-portfolio.css?ver=a11134ae5739 HTTP/1.1" 200 2495 "https://princessmare.com.gr/?sale/search/detail/?ITMCODE=m2a2s9h2i2e1s40020" "Mozilla/5.0 (Linux; Android 6.0.1; Nexus 5X Build/MMB29P) AppleWebKit/537.36 (KHTML, like Gecko) Chrome/153.0.8010.52 Mobile Safari/537.36 (compatible; Googlebot/2.1; +http://www.google.com/bot.html)"
66.249.66.34 - - [25/Sep/2026:16:36:52 +0300] "GET /wp-content/plugins/revslider/public/assets/css/rs6.css?ver=6.5.3 HTTP/1.1" 200 11668 "https://princessmare.com.gr/?sale/search/detail/?ITMCODE=i3n4d0i8s5t2i1n8c3t6ly" "Mozilla/5.0 (Linux; Android 6.0.1; Nexus 5X Build/MMB29P) AppleWebKit/537.36 (KHTML, like Gecko) Chrome/153.0.8010.52 Mobile Safari/537.36 (compatible; Googlebot/2.1; +http://www.google.com/bot.html)"
66.249.66.35 - - [25/Sep/2026:16:37:02 +0300] "GET /wp-content/plugins/revslider/public/assets/css/rs6.css?ver=6.5.3 HTTP/1.1" 200 11668 "https://princessmare.com.gr/?sale/search/detail/?ITMCODE=p2r3e3f0e6r7a0b0l3e7" "Mozilla/5.0 (Linux; Android 6.0.1; Nexus 5X Build/MMB29P) AppleWebKit/537.36 (KHTML, like Gecko) Chrome/153.0.8010.52 Mobile Safari/537.36 (compatible; Googlebot/2.1; +http://www.google.com/bot.html)"
66.249.66.35 - - [25/Sep/2026:16:37:06 +0300] "GET /wp-content/plugins/revslider/public/assets/css/rs6.css?ver=6.5.3 HTTP/1.1" 200 11668 "https://princessmare.com.gr/?sale/search/detail/?ITMCODE=a1c2c6r9e0m2e5n1t4i3tion" "Mozilla/5.0 (Linux; Android 6.0.1; Nexus 5X Build/MMB29P) AppleWebKit/537.36 (KHTML, like Gecko) Chrome/153.0.8010.52 Mobile Safari/537.36 (compatible; Googlebot/2.1; +http://www.google.com/bot.html)"
66.249.66.33 - - [25/Sep/2026:16:37:51 +0300] "GET /wp-content/themes/dt-the7-child/style.css?ver=9.14.1 HTTP/1.1" 200 3752 "https://princessmare.com.gr/?sale/search/detail/?ITMCODE=l1i1m7a4n0d3a59593" "Mozilla/5.0 (Linux; Android 6.0.1; Nexus 5X Build/MMB29P) AppleWebKit/537.36 (KHTML, like Gecko) Chrome/153.0.8010.52 Mobile Safari/537.36 (compatible; Googlebot/2.1; +http://www.google.com/bot.html)"
66.249.66.32 - - [25/Sep/2026:16:38:26 +0300] "GET /wp-content/plugins/revslider/public/assets/css/rs6.css?ver=6.5.3 HTTP/1.1" 200 11668 "https://princessmare.com.gr/?sale/search/detail/?ITMCODE=p0y3c3n5o2d2o4n8t1i4n9i" "Mozilla/5.0 (Linux; Android 6.0.1; Nexus 5X Build/MMB29P) AppleWebKit/537.36 (KHTML, like Gecko) Chrome/153.0.8010.52 Mobile Safari/537.36 (compatible; Googlebot/2.1; +http://www.google.com/bot.html)"
66.249.66.34 - - [25/Sep/2026:16:38:35 +0300] "GET /wp-content/plugins/revslider/public/assets/css/rs6.css?ver=6.5.3 HTTP/1.1" 200 11668 "https://princessmare.com.gr/?sale/search/detail/?ITMCODE=n2u1m9e4r4a4t8i8v6e15" "Mozilla/5.0 (Linux; Android 6.0.1; Nexus 5X Build/MMB29P) AppleWebKit/537.36 (KHTML, like Gecko) Chrome/153.0.8010.52 Mobile Safari/537.36 (compatible; Googlebot/2.1; +http://www.google.com/bot.html)"
66.249.66.32 - - [25/Sep/2026:16:38:43 +0300] "GET /wp-content/plugins/revslider/public/assets/css/rs6.css?ver=6.5.3 HTTP/1.1" 200 11668 "https://princessmare.com.gr/?sale/search/detail/?ITMCODE=o9u1t7f5o9r9m8470" "Mozilla/5.0 (Linux; Android 6.0.1; Nexus 5X Build/MMB29P) AppleWebKit/537.36 (KHTML, like Gecko) Chrome/153.0.8010.52 Mobile Safari/537.36 (compatible; Googlebot/2.1; +http://www.google.com/bot.html)"
66.249.66.34 - - [25/Sep/2026:16:38:47 +0300] "GET /wp-content/plugins/revslider/public/assets/css/rs6.css?ver=6.5.3 HTTP/1.1" 200 11668 "https://princessmare.com.gr/?sale/search/detail/?ITMCODE=v1a3r9i7o5r7u7m9674" "Mozilla/5.0 (Linux; Android 6.0.1; Nexus 5X Build/MMB29P) AppleWebKit/537.36 (KHTML, like Gecko) Chrome/153.0.8010.52 Mobile Safari/537.36 (compatible; Googlebot/2.1; +http://www.google.com/bot.html)"
66.249.66.32 - - [25/Sep/2026:16:39:06 +0300] "GET /wp-content/plugins/revslider/public/assets/css/rs6.css?ver=6.5.3 HTTP/1.1" 200 11668 "https://princessmare.com.gr/?sale/search/detail/?ITMCODE=i1n2t2e2r9c6a0l4a7t2e0" "Mozilla/5.0 (Linux; Android 6.0.1; Nexus 5X Build/MMB29P) AppleWebKit/537.36 (KHTML, like Gecko) Chrome/153.0.8010.52 Mobile Safari/537.36 (compatible; Googlebot/2.1; +http://www.google.com/bot.html)"
66.249.66.34 - - [25/Sep/2026:16:39:08 +0300] "GET /wp-content/plugins/Ultimate_VC_Addons/assets/min-js/ultimate_bg.min.js?ver=3.19.10 HTTP/1.1" 200 8670 "https://princessmare.com.gr/?sale/search/detail/?ITMCODE=e7c4h0i7n5i0t1e3804" "Mozilla/5.0 (Linux; Android 6.0.1; Nexus 5X Build/MMB29P) AppleWebKit/537.36 (KHTML, like Gecko) Chrome/153.0.8010.52 Mobile Safari/537.36 (compatible; Googlebot/2.1; +http://www.google.com/bot.html)"
66.249.66.32 - - [25/Sep/2026:16:39:12 +0300] "GET /wp-content/plugins/revslider/public/assets/css/rs6.css?ver=6.5.3 HTTP/1.1" 200 11668 "https://princessmare.com.gr/?sale/search/detail/?ITMCODE=t3u2n6k0e2r847950" "Mozilla/5.0 (Linux; Android 6.0.1; Nexus 5X Build/MMB29P) AppleWebKit/537.36 (KHTML, like Gecko) Chrome/153.0.8010.52 Mobile Safari/537.36 (compatible; Googlebot/2.1; +http://www.google.com/bot.html)"
66.249.66.33 - - [25/Sep/2026:16:39:15 +0300] "GET /wp-content/uploads/the7-css/css-vars.css?ver=a11134ae5739 HTTP/1.1" 200 4039 "https://princessmare.com.gr/?sale/search/detail/?ITMCODE=e3p2i2s3t1o8l3e8r076" "Mozilla/5.0 (Linux; Android 6.0.1; Nexus 5X Build/MMB29P) AppleWebKit/537.36 (KHTML, like Gecko) Chrome/153.0.8010.52 Mobile Safari/537.36 (compatible; Googlebot/2.1; +http://www.google.com/bot.html)"
66.249.66.32 - - [25/Sep/2026:16:39:23 +0300] "GET /wp-content/plugins/js_composer/assets/js/dist/js_composer_front.min.js?ver=6.6.0.1 HTTP/1.1" 200 5553 "https://princessmare.com.gr/?sale/search/detail/?ITMCODE=a9m1a3u0r7o5p8e2l9t2a" "Mozilla/5.0 (Linux; Android 6.0.1; Nexus 5X Build/MMB29P) AppleWebKit/537.36 (KHTML, like Gecko) Chrome/153.0.8010.52 Mobile Safari/537.36 (compatible; Googlebot/2.1; +http://www.google.com/bot.html)"
66.249.66.33 - - [25/Sep/2026:16:39:30 +0300] "GET /wp-content/themes/dt-the7/lib/jquery-mousewheel/jquery-mousewheel.min.js?ver=9.14.1 HTTP/1.1" 200 1049 "https://princessmare.com.gr/?sale/search/detail/?ITMCODE=u1n1c3h9r9i2s4t0i5a4n7ness" "Mozilla/5.0 (Linux; Android 6.0.1; Nexus 5X Build/MMB29P) AppleWebKit/537.36 (KHTML, like Gecko) Chrome/153.0.8010.52 Mobile Safari/537.36 (compatible; Googlebot/2.1; +http://www.google.com/bot.html)"
66.249.66.33 - - [25/Sep/2026:16:39:31 +0300] "GET /wp-content/themes/dt-the7/lib/jquery-mousewheel/jquery-mousewheel.min.js?ver=9.14.1 HTTP/1.1" 200 1049 "https://princessmare.com.gr/?sale/search/detail/?ITMCODE=t3w1i4g8g9e7d15739" "Mozilla/5.0 (Linux; Android 6.0.1; Nexus 5X Build/MMB29P) AppleWebKit/537.36 (KHTML, like Gecko) Chrome/153.0.8010.52 Mobile Safari/537.36 (compatible; Googlebot/2.1; +http://www.google.com/bot.html)"
66.249.66.33 - - [25/Sep/2026:16:39:33 +0300] "GET /wp-content/themes/dt-the7/lib/jquery-mousewheel/jquery-mousewheel.min.js?ver=9.14.1 HTTP/1.1" 200 1049 "https://princessmare.com.gr/?sale/search/detail/?ITMCODE=p8u3g4g3a4r2e8e6659" "Mozilla/5.0 (Linux; Android 6.0.1; Nexus 5X Build/MMB29P) AppleWebKit/537.36 (KHTML, like Gecko) Chrome/153.0.8010.52 Mobile Safari/537.36 (compatible; Googlebot/2.1; +http://www.google.com/bot.html)"
66.249.66.35 - - [25/Sep/2026:16:39:37 +0300] "GET /wp-content/plugins/js_composer/assets/js/dist/js_composer_front.min.js?ver=6.6.0.1 HTTP/1.1" 200 5553 "https://princessmare.com.gr/?sale/search/detail/?ITMCODE=s1i2p0h4o0n4a3l7950" "Mozilla/5.0 (Linux; Android 6.0.1; Nexus 5X Build/MMB29P) AppleWebKit/537.36 (KHTML, like Gecko) Chrome/153.0.8010.52 Mobile Safari/537.36 (compatible; Googlebot/2.1; +http://www.google.com/bot.html)"
