52.167.144.142 - - [26/Sep/2026:04:04:10 +0300] "GET /?sale/search/detail/?ITMCODE=c5e4m1e2t7e0r5i2a8l9 HTTP/1.1" 200 9016 "-" "Mozilla/5.0 AppleWebKit/537.36 (KHTML, like Gecko; compatible; bingbot/2.0; +http://www.bing.com/bingbot.htm) Chrome/116.0.1938.76 Safari/537.36"
62.83.33.12 - - [26/Sep/2026:04:04:11 +0300] "GET /wp-content/uploads/2021/07/logo-colored.png HTTP/1.1" 200 5150 "-" "tphotobot/0.1 (+https://crawler.estidraft.com/bot)"
62.83.33.12 - - [26/Sep/2026:04:04:11 +0300] "GET /wp-content/uploads/2021/07/wifi.png HTTP/1.1" 200 5142 "-" "tphotobot/0.1 (+https://crawler.estidraft.com/bot)"
62.83.33.12 - - [26/Sep/2026:04:04:11 +0300] "GET /wp-content/uploads/2021/07/transport.png HTTP/1.1" 200 5147 "-" "tphotobot/0.1 (+https://crawler.estidraft.com/bot)"
62.83.33.12 - - [26/Sep/2026:04:04:11 +0300] "GET /wp-content/uploads/2021/07/parking.png HTTP/1.1" 200 5145 "-" "tphotobot/0.1 (+https://crawler.estidraft.com/bot)"
62.83.33.12 - - [26/Sep/2026:04:04:11 +0300] "GET /wp-content/uploads/2021/07/logo.png HTTP/1.1" 200 5142 "-" "tphotobot/0.1 (+https://crawler.estidraft.com/bot)"
62.83.33.12 - - [26/Sep/2026:04:04:11 +0300] "GET /wp-content/plugins/revslider/public/assets/assets/dummy.png HTTP/1.1" 200 5221 "-" "tphotobot/0.1 (+https://crawler.estidraft.com/bot)"
66.249.66.34 - - [26/Sep/2026:04:04:11 +0300] "GET /?sale/search/detail/?ITMCODE=n7o2h3i5t0t9e1r749 HTTP/1.1" 200 9016 "-" "Mozilla/5.0 (Linux; Android 6.0.1; Nexus 5X Build/MMB29P) AppleWebKit/537.36 (KHTML, like Gecko) Chrome/153.0.8010.52 Mobile Safari/537.36 (compatible; Googlebot/2.1; +http://www.google.com/bot.html)"
66.249.66.32 - - [26/Sep/2026:04:04:11 +0300] "GET /?sale/search/detail/?ITMCODE=g1o2a5t9e1e5d05422 HTTP/1.1" 200 9016 "-" "Mozilla/5.0 (Linux; Android 6.0.1; Nexus 5X Build/MMB29P) AppleWebKit/537.36 (KHTML, like Gecko) Chrome/153.0.8010.52 Mobile Safari/537.36 (compatible; Googlebot/2.1; +http://www.google.com/bot.html)"
62.83.33.12 - - [26/Sep/2026:04:04:11 +0300] "GET /wp-content/uploads/2021/07/beds.png HTTP/1.1" 200 5142 "-" "tphotobot/0.1 (+https://crawler.estidraft.com/bot)"
62.83.33.12 - - [26/Sep/2026:04:04:12 +0300] "GET /wp-content/uploads/2021/07/cleaning.png HTTP/1.1" 200 5146 "-" "tphotobot/0.1 (+https://crawler.estidraft.com/bot)"
62.83.33.12 - - [26/Sep/2026:04:04:12 +0300] "GET /wp-content/uploads/2021/07/breakfast.png HTTP/1.1" 200 5147 "-" "tphotobot/0.1 (+https://crawler.estidraft.com/bot)"
40.77.167.67 - - [26/Sep/2026:04:04:15 +0300] "GET /?sale/search/detail/?ITMCODE=u5n4s0o3u0n2d9n7e4s7s HTTP/1.1" 200 9016 "-" "Mozilla/5.0 AppleWebKit/537.36 (KHTML, like Gecko; compatible; bingbot/2.0; +http://www.bing.com/bingbot.htm) Chrome/116.0.1938.76 Safari/537.36"
40.77.167.67 - - [26/Sep/2026:04:04:15 +0300] "GET /?sale/search/detail/?ITMCODE=e5l2e2c7t4r1o0p4h6o1r3us HTTP/1.1" 200 9016 "-" "Mozilla/5.0 AppleWebKit/537.36 (KHTML, like Gecko; compatible; bingbot/2.0; +http://www.bing.com/bingbot.htm) Chrome/116.0.1938.76 Safari/537.36"
66.249.66.76 - - [26/Sep/2026:04:04:19 +0300] "GET /?sale/search/detail/?ITMCODE=t0h4r0u1s0t3l4e5219 HTTP/1.1" 200 9016 "-" "Mozilla/5.0 (Linux; Android 6.0.1; Nexus 5X Build/MMB29P) AppleWebKit/537.36 (KHTML, like Gecko) Chrome/153.0.8010.52 Mobile Safari/537.36 (compatible; Googlebot/2.1; +http://www.google.com/bot.html)"
66.249.66.76 - - [26/Sep/2026:04:04:19 +0300] "GET /?sale/search/detail/?ITMCODE=m1i3s5l8i9k4i3n1g045 HTTP/1.1" 200 9016 "-" "Mozilla/5.0 (Linux; Android 6.0.1; Nexus 5X Build/MMB29P) AppleWebKit/537.36 (KHTML, like Gecko) Chrome/153.0.8010.52 Mobile Safari/537.36 (compatible; Googlebot/2.1; +http://www.google.com/bot.html)"
52.167.144.142 - - [26/Sep/2026:04:04:20 +0300] "GET /?sale/search/detail/?ITMCODE=a8l1p1i9n3u4s61217 HTTP/1.1" 200 9016 "-" "Mozilla/5.0 AppleWebKit/537.36 (KHTML, like Gecko; compatible; bingbot/2.0; +http://www.bing.com/bingbot.htm) Chrome/116.0.1938.76 Safari/537.36"
52.167.144.142 - - [26/Sep/2026:04:04:20 +0300] "GET /?sale/search/detail/?ITMCODE=t8e8p0h9r6o0i6t2e86 HTTP/1.1" 200 9016 "-" "Mozilla/5.0 AppleWebKit/537.36 (KHTML, like Gecko; compatible; bingbot/2.0; +http://www.bing.com/bingbot.htm) Chrome/116.0.1938.76 Safari/537.36"
52.167.144.142 - - [26/Sep/2026:04:04:20 +0300] "GET /?sale/search/detail/?ITMCODE=c5a1l6i9c9o5b0a1c6k86 HTTP/1.1" 200 9016 "-" "Mozilla/5.0 AppleWebKit/537.36 (KHTML, like Gecko; compatible; bingbot/2.0; +http://www.bing.com/bingbot.htm) Chrome/116.0.1938.76 Safari/537.36"
52.167.144.142 - - [26/Sep/2026:04:04:21 +0300] "GET /?sale/search/detail/?ITMCODE=l6u2c5c7h7e0s7e1806 HTTP/1.1" 200 9016 "-" "Mozilla/5.0 AppleWebKit/537.36 (KHTML, like Gecko; compatible; bingbot/2.0; +http://www.bing.com/bingbot.htm) Chrome/116.0.1938.76 Safari/537.36"
52.167.144.142 - - [26/Sep/2026:04:04:21 +0300] "GET /?sale/search/detail/?ITMCODE=e0m1b8o2l7i1t7e2801 HTTP/1.1" 200 9016 "-" "Mozilla/5.0 AppleWebKit/537.36 (KHTML, like Gecko; compatible; bingbot/2.0; +http://www.bing.com/bingbot.htm) Chrome/116.0.1938.76 Safari/537.36"
40.77.167.67 - - [26/Sep/2026:04:04:25 +0300] "GET /?sale/search/detail/?ITMCODE=d6e2m4u8r2i9t7y0988 HTTP/1.1" 200 9016 "-" "Mozilla/5.0 AppleWebKit/537.36 (KHTML, like Gecko; compatible; bingbot/2.0; +http://www.bing.com/bingbot.htm) Chrome/116.0.1938.76 Safari/537.36"
40.77.167.67 - - [26/Sep/2026:04:04:25 +0300] "GET /?sale/search/detail/?ITMCODE=m1e2n4s5t7r9u9a1t4e3 HTTP/1.1" 200 9016 "-" "Mozilla/5.0 AppleWebKit/537.36 (KHTML, like Gecko; compatible; bingbot/2.0; +http://www.bing.com/bingbot.htm) Chrome/116.0.1938.76 Safari/537.36"
40.77.167.67 - - [26/Sep/2026:04:04:25 +0300] "GET /?sale/search/detail/?ITMCODE=l6i1t6h6o5p3h5y6t0o4u1s HTTP/1.1" 200 9016 "-" "Mozilla/5.0 AppleWebKit/537.36 (KHTML, like Gecko; compatible; bingbot/2.0; +http://www.bing.com/bingbot.htm) Chrome/116.0.1938.76 Safari/537.36"
40.77.167.67 - - [26/Sep/2026:04:04:25 +0300] "GET /?sale/search/detail/?ITMCODE=c3o1u4n7t3e3r6s3t0a6n5d HTTP/1.1" 200 9016 "-" "Mozilla/5.0 AppleWebKit/537.36 (KHTML, like Gecko; compatible; bingbot/2.0; +http://www.bing.com/bingbot.htm) Chrome/116.0.1938.76 Safari/537.36"
66.249.66.33 - - [26/Sep/2026:04:04:26 +0300] "GET /?sale/search/detail/?ITMCODE=d1o1l9p7h1i8n77142 HTTP/1.1" 200 9016 "-" "Mozilla/5.0 (Linux; Android 6.0.1; Nexus 5X Build/MMB29P) AppleWebKit/537.36 (KHTML, like Gecko) Chrome/153.0.8010.52 Mobile Safari/537.36 (compatible; Googlebot/2.1; +http://www.google.com/bot.html)"
52.167.144.19 - - [26/Sep/2026:04:04:29 +0300] "GET /?sale/search/detail/?ITMCODE=i7n3t2e1g4r3a9t9i6o1n6 HTTP/1.1" 200 9016 "-" "Mozilla/5.0 AppleWebKit/537.36 (KHTML, like Gecko; compatible; bingbot/2.0; +http://www.bing.com/bingbot.htm) Chrome/116.0.1938.76 Safari/537.36"
52.167.144.142 - - [26/Sep/2026:04:04:30 +0300] "GET /?sale/search/detail/?ITMCODE=c2i1r0c4u5m8c1l4u6s1i4on HTTP/1.1" 200 9016 "-" "Mozilla/5.0 AppleWebKit/537.36 (KHTML, like Gecko; compatible; bingbot/2.0; +http://www.bing.com/bingbot.htm) Chrome/116.0.1938.76 Safari/537.36"
52.167.144.142 - - [26/Sep/2026:04:04:30 +0300] "GET /?sale/search/detail/?ITMCODE=d8r2a0g6o6m0a9n4s30 HTTP/1.1" 200 9016 "-" "Mozilla/5.0 AppleWebKit/537.36 (KHTML, like Gecko; compatible; bingbot/2.0; +http://www.bing.com/bingbot.htm) Chrome/116.0.1938.76 Safari/537.36"
52.167.144.142 - - [26/Sep/2026:04:04:30 +0300] "GET /?sale/search/detail/?ITMCODE=b9o3c1k3e0r5e6t4836 HTTP/1.1" 200 9016 "-" "Mozilla/5.0 AppleWebKit/537.36 (KHTML, like Gecko; compatible; bingbot/2.0; +http://www.bing.com/bingbot.htm) Chrome/116.0.1938.76 Safari/537.36"
52.167.144.142 - - [26/Sep/2026:04:04:31 +0300] "GET /?sale/search/detail/?ITMCODE=i8m7p2e9n9i6t6e2n8t5ly HTTP/1.1" 200 9016 "-" "Mozilla/5.0 AppleWebKit/537.36 (KHTML, like Gecko; compatible; bingbot/2.0; +http://www.bing.com/bingbot.htm) Chrome/116.0.1938.76 Safari/537.36"
52.167.144.142 - - [26/Sep/2026:04:04:31 +0300] "GET /?sale/search/detail/?ITMCODE=c5h1a6n2g9e2a9b5i2l7i2ty HTTP/1.1" 200 9016 "-" "Mozilla/5.0 AppleWebKit/537.36 (KHTML, like Gecko; compatible; bingbot/2.0; +http://www.bing.com/bingbot.htm) Chrome/116.0.1938.76 Safari/537.36"
62.83.33.12 - - [26/Sep/2026:04:04:31 +0300] "GET /wp-content/uploads/2021/07/rent-a-car.png HTTP/1.1" 200 5148 "-" "tphotobot/0.1 (+https://crawler.estidraft.com/bot)"
62.83.33.12 - - [26/Sep/2026:04:04:31 +0300] "GET /wp-content/uploads/2021/07/naxos-collage.jpg HTTP/1.1" 200 5152 "-" "tphotobot/0.1 (+https://crawler.estidraft.com/bot)"
62.83.33.12 - - [26/Sep/2026:04:04:31 +0300] "GET /wp-content/uploads/2021/07/beach.png HTTP/1.1" 200 5143 "-" "tphotobot/0.1 (+https://crawler.estidraft.com/bot)"
62.83.33.12 - - [26/Sep/2026:04:04:31 +0300] "GET /wp-content/uploads/2021/07/air-condition.png HTTP/1.1" 200 5869 "-" "tphotobot/0.1 (+https://crawler.estidraft.com/bot)"
62.83.33.12 - - [26/Sep/2026:04:04:32 +0300] "GET /wp-content/uploads/2021/07/free-wifi.png HTTP/1.1" 200 5147 "-" "tphotobot/0.1 (+https://crawler.estidraft.com/bot)"
62.83.33.12 - - [26/Sep/2026:04:04:32 +0300] "GET /wp-content/uploads/2021/07/fridge.png HTTP/1.1" 200 5700 "-" "tphotobot/0.1 (+https://crawler.estidraft.com/bot)"
62.83.33.12 - - [26/Sep/2026:04:04:32 +0300] "GET /wp-content/uploads/2021/07/coffee-machine.png HTTP/1.1" 200 5152 "-" "tphotobot/0.1 (+https://crawler.estidraft.com/bot)"
62.83.33.12 - - [26/Sep/2026:04:04:32 +0300] "GET /wp-content/uploads/2021/07/safebox.png HTTP/1.1" 200 6163 "-" "tphotobot/0.1 (+https://crawler.estidraft.com/bot)"
62.83.33.12 - - [26/Sep/2026:04:04:32 +0300] "GET /wp-content/uploads/2021/07/television.png HTTP/1.1" 200 6151 "-" "tphotobot/0.1 (+https://crawler.estidraft.com/bot)"
62.83.33.12 - - [26/Sep/2026:04:04:32 +0300] "GET /wp-content/uploads/2021/07/terrace.png HTTP/1.1" 200 6124 "-" "tphotobot/0.1 (+https://crawler.estidraft.com/bot)"
62.83.33.12 - - [26/Sep/2026:04:04:32 +0300] "GET /wp-content/uploads/2021/07/soap.png HTTP/1.1" 200 5142 "-" "tphotobot/0.1 (+https://crawler.estidraft.com/bot)"
62.83.33.12 - - [26/Sep/2026:04:04:32 +0300] "GET /wp-content/uploads/2021/07/booking-logo.jpg HTTP/1.1" 200 5998 "-" "tphotobot/0.1 (+https://crawler.estidraft.com/bot)"
62.83.33.12 - - [26/Sep/2026:04:04:32 +0300] "GET /wp-content/uploads/2021/07/princess-mare-share-img.jpg HTTP/1.1" 200 5162 "-" "tphotobot/0.1 (+https://crawler.estidraft.com/bot)"
66.249.66.75 - - [26/Sep/2026:04:04:34 +0300] "GET /?sale/search/detail/?ITMCODE=d4i3b1b4l6e6d51630 HTTP/1.1" 200 9016 "-" "Mozilla/5.0 (Linux; Android 6.0.1; Nexus 5X Build/MMB29P) AppleWebKit/537.36 (KHTML, like Gecko) Chrome/153.0.8010.52 Mobile Safari/537.36 (compatible; Googlebot/2.1; +http://www.google.com/bot.html)"
52.167.144.142 - - [26/Sep/2026:04:04:35 +0300] "GET /?sale/search/detail/?ITMCODE=i7r2r2e6l8i8g6i3o1u9s9ness HTTP/1.1" 200 9016 "-" "Mozilla/5.0 AppleWebKit/537.36 (KHTML, like Gecko; compatible; bingbot/2.0; +http://www.bing.com/bingbot.htm) Chrome/116.0.1938.76 Safari/537.36"
40.77.167.67 - - [26/Sep/2026:04:04:35 +0300] "GET /?sale/search/detail/?ITMCODE=s8k3i2r5l4c4r8a9k6e12 HTTP/1.1" 200 9016 "-" "Mozilla/5.0 AppleWebKit/537.36 (KHTML, like Gecko; compatible; bingbot/2.0; +http://www.bing.com/bingbot.htm) Chrome/116.0.1938.76 Safari/537.36"
52.167.144.19 - - [26/Sep/2026:04:04:40 +0300] "GET /?sale/search/detail/?ITMCODE=c8r2a9f6t3s6m4a2s8t9e9r HTTP/1.1" 200 9016 "-" "Mozilla/5.0 AppleWebKit/537.36 (KHTML, like Gecko; compatible; bingbot/2.0; +http://www.bing.com/bingbot.htm) Chrome/116.0.1938.76 Safari/537.36"
52.167.144.19 - - [26/Sep/2026:04:04:40 +0300] "GET /?sale/search/detail/?ITMCODE=c3i3r2c1u9m8l7o4c6u0t3ory HTTP/1.1" 200 9016 "-" "Mozilla/5.0 AppleWebKit/537.36 (KHTML, like Gecko; compatible; bingbot/2.0; +http://www.bing.com/bingbot.htm) Chrome/116.0.1938.76 Safari/537.36"
52.167.144.19 - - [26/Sep/2026:04:04:40 +0300] "GET /?sale/search/detail/?ITMCODE=c2a3u8l8i8c2u4l9i469 HTTP/1.1" 200 9016 "-" "Mozilla/5.0 AppleWebKit/537.36 (KHTML, like Gecko; compatible; bingbot/2.0; +http://www.bing.com/bingbot.htm) Chrome/116.0.1938.76 Safari/537.36"
52.167.144.19 - - [26/Sep/2026:04:04:40 +0300] "GET /?sale/search/detail/?ITMCODE=c6o8n0f0i2g6u6r2e4d HTTP/1.1" 200 9016 "-" "Mozilla/5.0 AppleWebKit/537.36 (KHTML, like Gecko; compatible; bingbot/2.0; +http://www.bing.com/bingbot.htm) Chrome/116.0.1938.76 Safari/537.36"
52.167.144.19 - - [26/Sep/2026:04:04:41 +0300] "GET /?sale/search/detail/?ITMCODE=r7a1n9u0n2c1u6l2a2c6e1ous HTTP/1.1" 200 9016 "-" "Mozilla/5.0 AppleWebKit/537.36 (KHTML, like Gecko; compatible; bingbot/2.0; +http://www.bing.com/bingbot.htm) Chrome/116.0.1938.76 Safari/537.36"
52.167.144.142 - - [26/Sep/2026:04:04:45 +0300] "GET /?sale/search/detail/?ITMCODE=p2h9a4e0n8o8g8a5m1i7a HTTP/1.1" 200 9016 "-" "Mozilla/5.0 AppleWebKit/537.36 (KHTML, like Gecko; compatible; bingbot/2.0; +http://www.bing.com/bingbot.htm) Chrome/116.0.1938.76 Safari/537.36"
52.167.144.142 - - [26/Sep/2026:04:04:45 +0300] "GET /?sale/search/detail/?ITMCODE=c0a1d5a7v4e0r2o9u6s9n5ess HTTP/1.1" 200 9016 "-" "Mozilla/5.0 AppleWebKit/537.36 (KHTML, like Gecko; compatible; bingbot/2.0; +http://www.bing.com/bingbot.htm) Chrome/116.0.1938.76 Safari/537.36"
52.167.144.142 - - [26/Sep/2026:04:04:45 +0300] "GET /?sale/search/detail/?ITMCODE=d0e2c1i7d4e0r41902 HTTP/1.1" 200 9016 "-" "Mozilla/5.0 AppleWebKit/537.36 (KHTML, like Gecko; compatible; bingbot/2.0; +http://www.bing.com/bingbot.htm) Chrome/116.0.1938.76 Safari/537.36"
52.167.144.19 - - [26/Sep/2026:04:04:47 +0300] "GET /?sale/search/detail/?ITMCODE=c9o6r8p8u4s7c3u6l6a6rian HTTP/1.1" 200 9016 "-" "Mozilla/5.0 AppleWebKit/537.36 (KHTML, like Gecko; compatible; bingbot/2.0; +http://www.bing.com/bingbot.htm) Chrome/116.0.1938.76 Safari/537.36"
66.249.66.75 - - [26/Sep/2026:04:04:48 +0300] "GET /?sale/search/detail/?ITMCODE=e5r3y1t9h6r5o4b2l9a7s2t HTTP/1.1" 200 9016 "-" "Mozilla/5.0 (Linux; Android 6.0.1; Nexus 5X Build/MMB29P) AppleWebKit/537.36 (KHTML, like Gecko) Chrome/153.0.8010.52 Mobile Safari/537.36 (compatible; Googlebot/2.1; +http://www.google.com/bot.html)"
66.249.66.32 - - [26/Sep/2026:04:04:50 +0300] "GET /?sale/search/detail/?ITMCODE=t2o4r9r9i3l15794 HTTP/1.1" 200 9016 "-" "Mozilla/5.0 (Linux; Android 6.0.1; Nexus 5X Build/MMB29P) AppleWebKit/537.36 (KHTML, like Gecko) Chrome/153.0.8010.52 Mobile Safari/537.36 (compatible; Googlebot/2.1; +http://www.google.com/bot.html)"
52.167.144.19 - - [26/Sep/2026:04:04:50 +0300] "GET /?sale/search/detail/?ITMCODE=i4n5a0c0c0u5r5a5t4e0 HTTP/1.1" 200 9016 "-" "Mozilla/5.0 AppleWebKit/537.36 (KHTML, like Gecko; compatible; bingbot/2.0; +http://www.bing.com/bingbot.htm) Chrome/116.0.1938.76 Safari/537.36"
52.167.144.19 - - [26/Sep/2026:04:04:50 +0300] "GET /?sale/search/detail/?ITMCODE=g9n9a7s5h8i5n0g7l9y6 HTTP/1.1" 200 9016 "-" "Mozilla/5.0 AppleWebKit/537.36 (KHTML, like Gecko; compatible; bingbot/2.0; +http://www.bing.com/bingbot.htm) Chrome/116.0.1938.76 Safari/537.36"
66.249.66.32 - - [26/Sep/2026:04:04:50 +0300] "GET /?sale/search/detail/?ITMCODE=u9n4r0e9p8r3o0v3e4d32 HTTP/1.1" 200 9016 "-" "Mozilla/5.0 (Linux; Android 6.0.1; Nexus 5X Build/MMB29P) AppleWebKit/537.36 (KHTML, like Gecko) Chrome/153.0.8010.52 Mobile Safari/537.36 (compatible; Googlebot/2.1; +http://www.google.com/bot.html)"
52.167.144.19 - - [26/Sep/2026:04:04:50 +0300] "GET /?sale/search/detail/?ITMCODE=i3n2a3u3r3a1t7i9o0n15 HTTP/1.1" 200 9016 "-" "Mozilla/5.0 AppleWebKit/537.36 (KHTML, like Gecko; compatible; bingbot/2.0; +http://www.bing.com/bingbot.htm) Chrome/116.0.1938.76 Safari/537.36"
216.73.216.152 - - [26/Sep/2026:04:04:53 +0300] "GET /?path=%2Fvar%2Fwww%2Fvhosts%2Fprincessmare.com.gr%2Fhttpdocs%2Fxpl2026%2FCVE-2026-41651-v2%2F.git%2Fobjects HTTP/1.1" 200 8080 "-" "Mozilla/5.0 AppleWebKit/537.36 (KHTML, like Gecko; compatible; ClaudeBot/1.0; +claudebot@anthropic.com)"
216.73.216.152 - - [26/Sep/2026:04:04:53 +0300] "GET /?path=%2Fvar%2Fwww%2Fvhosts%2Fprincessmare.com.gr%2Fhttpdocs%2Fxpl2026%2FCVE-2026-41651-v2%2F.git%2Frefs HTTP/1.1" 200 8115 "-" "Mozilla/5.0 AppleWebKit/537.36 (KHTML, like Gecko; compatible; ClaudeBot/1.0; +claudebot@anthropic.com)"
52.167.144.142 - - [26/Sep/2026:04:04:55 +0300] "GET /?sale/search/detail/?ITMCODE=r9e1n0e8w1a6b5i8l8i0t8y HTTP/1.1" 200 9016 "-" "Mozilla/5.0 AppleWebKit/537.36 (KHTML, like Gecko; compatible; bingbot/2.0; +http://www.bing.com/bingbot.htm) Chrome/116.0.1938.76 Safari/537.36"
66.249.66.76 - - [26/Sep/2026:04:05:00 +0300] "GET /?sale/search/detail/?ITMCODE=b9a3n4d3i6e5s88797 HTTP/1.1" 200 9016 "-" "Mozilla/5.0 (Linux; Android 6.0.1; Nexus 5X Build/MMB29P) AppleWebKit/537.36 (KHTML, like Gecko) Chrome/153.0.8010.52 Mobile Safari/537.36 (compatible; Googlebot/2.1; +http://www.google.com/bot.html)"
66.249.66.32 - - [26/Sep/2026:04:05:02 +0300] "GET /?sale/search/detail/?ITMCODE=f5a4d0i1n8g869745 HTTP/1.1" 200 9016 "-" "Mozilla/5.0 (Linux; Android 6.0.1; Nexus 5X Build/MMB29P) AppleWebKit/537.36 (KHTML, like Gecko) Chrome/153.0.8010.52 Mobile Safari/537.36 (compatible; Googlebot/2.1; +http://www.google.com/bot.html)"
40.77.167.67 - - [26/Sep/2026:04:05:06 +0300] "GET /?sale/search/detail/?ITMCODE=d2e2c0a6h5e4d6r6a2l71 HTTP/1.1" 200 9016 "-" "Mozilla/5.0 AppleWebKit/537.36 (KHTML, like Gecko; compatible; bingbot/2.0; +http://www.bing.com/bingbot.htm) Chrome/116.0.1938.76 Safari/537.36"
40.77.167.67 - - [26/Sep/2026:04:05:06 +0300] "GET /?sale/search/detail/?ITMCODE=d8r3u2n3k3e0n2l1y820 HTTP/1.1" 200 9016 "-" "Mozilla/5.0 AppleWebKit/537.36 (KHTML, like Gecko; compatible; bingbot/2.0; +http://www.bing.com/bingbot.htm) Chrome/116.0.1938.76 Safari/537.36"
40.77.167.67 - - [26/Sep/2026:04:05:06 +0300] "GET /?sale/search/detail/?ITMCODE=c7o2w1a5r8d6i0c0e053 HTTP/1.1" 200 9016 "-" "Mozilla/5.0 AppleWebKit/537.36 (KHTML, like Gecko; compatible; bingbot/2.0; +http://www.bing.com/bingbot.htm) Chrome/116.0.1938.76 Safari/537.36"
40.77.167.67 - - [26/Sep/2026:04:05:06 +0300] "GET /?sale/search/detail/?ITMCODE=a2d8s5i3g4n6i2f5i0c2ation HTTP/1.1" 200 9016 "-" "Mozilla/5.0 AppleWebKit/537.36 (KHTML, like Gecko; compatible; bingbot/2.0; +http://www.bing.com/bingbot.htm) Chrome/116.0.1938.76 Safari/537.36"
40.77.167.67 - - [26/Sep/2026:04:05:06 +0300] "GET /?sale/search/detail/?ITMCODE=r6a2p8u1n3c1u0l5u8s88 HTTP/1.1" 200 9016 "-" "Mozilla/5.0 AppleWebKit/537.36 (KHTML, like Gecko; compatible; bingbot/2.0; +http://www.bing.com/bingbot.htm) Chrome/116.0.1938.76 Safari/537.36"
52.167.144.142 - - [26/Sep/2026:04:05:11 +0300] "GET /?sale/search/detail/?ITMCODE=g8e2n3d2a0r3m4e7r2i7e4 HTTP/1.1" 200 9016 "-" "Mozilla/5.0 AppleWebKit/537.36 (KHTML, like Gecko; compatible; bingbot/2.0; +http://www.bing.com/bingbot.htm) Chrome/116.0.1938.76 Safari/537.36"
52.167.144.142 - - [26/Sep/2026:04:05:11 +0300] "GET /?sale/search/detail/?ITMCODE=c0a1m1p1h5o3r2a3t5a42 HTTP/1.1" 200 9016 "-" "Mozilla/5.0 AppleWebKit/537.36 (KHTML, like Gecko; compatible; bingbot/2.0; +http://www.bing.com/bingbot.htm) Chrome/116.0.1938.76 Safari/537.36"
52.167.144.142 - - [26/Sep/2026:04:05:11 +0300] "GET /?sale/search/detail/?ITMCODE=u7n2t3h8r1i5f0t6i0h1ood HTTP/1.1" 200 9016 "-" "Mozilla/5.0 AppleWebKit/537.36 (KHTML, like Gecko; compatible; bingbot/2.0; +http://www.bing.com/bingbot.htm) Chrome/116.0.1938.76 Safari/537.36"
52.167.144.142 - - [26/Sep/2026:04:05:11 +0300] "GET /?sale/search/detail/?ITMCODE=p3h2o0t7o5l4i3t6h0o1g3raphic HTTP/1.1" 200 9016 "-" "Mozilla/5.0 AppleWebKit/537.36 (KHTML, like Gecko; compatible; bingbot/2.0; +http://www.bing.com/bingbot.htm) Chrome/116.0.1938.76 Safari/537.36"
52.167.144.142 - - [26/Sep/2026:04:05:11 +0300] "GET /?sale/search/detail/?ITMCODE=o8v1e4r0s2e1a0r9c4h01 HTTP/1.1" 200 9016 "-" "Mozilla/5.0 AppleWebKit/537.36 (KHTML, like Gecko; compatible; bingbot/2.0; +http://www.bing.com/bingbot.htm) Chrome/116.0.1938.76 Safari/537.36"
66.249.66.76 - - [26/Sep/2026:04:05:13 +0300] "GET /?sale/search/detail/?ITMCODE=p5u9l9p9a0t2o6o1n63 HTTP/1.1" 200 9016 "-" "Mozilla/5.0 (Linux; Android 6.0.1; Nexus 5X Build/MMB29P) AppleWebKit/537.36 (KHTML, like Gecko) Chrome/153.0.8010.52 Mobile Safari/537.36 (compatible; Googlebot/2.1; +http://www.google.com/bot.html)"
216.73.216.152 - - [26/Sep/2026:04:05:14 +0300] "GET /?path=%2Fvar%2Fwww%2Fvhosts%2Fprincessmare.com.gr%2Fhttpdocs%2Fxpl2026%2FCVE-2026-41651-v2%2F.git%2Fhooks HTTP/1.1" 200 8584 "-" "Mozilla/5.0 AppleWebKit/537.36 (KHTML, like Gecko; compatible; ClaudeBot/1.0; +claudebot@anthropic.com)"
52.167.144.142 - - [26/Sep/2026:04:05:15 +0300] "GET /?sale/search/detail/?ITMCODE=i9n2d4i8s0t9i8n3g2u5i1shable HTTP/1.1" 200 9016 "-" "Mozilla/5.0 AppleWebKit/537.36 (KHTML, like Gecko; compatible; bingbot/2.0; +http://www.bing.com/bingbot.htm) Chrome/116.0.1938.76 Safari/537.36"
57.141.20.41 - - [26/Sep/2026:04:05:17 +0300] "GET /?sale/search/detail/?ITMCODE=p1a3s7s8a4n7t32382 HTTP/1.1" 200 9016 "-" "Mozilla/5.0 (Windows NT 10.0; Win64; x64) AppleWebKit/537.36 (KHTML, like Gecko) Chrome/145.0.0.0 Safari/537.36 (compatible; meta-externalagent/1.1 (+https://developers.facebook.com/docs/sharing/webmasters/crawler))"
40.77.167.67 - - [26/Sep/2026:04:05:20 +0300] "GET /?sale/search/detail/?ITMCODE=h2a5m1m1e5r8h5e7a2d4 HTTP/1.1" 200 9016 "-" "Mozilla/5.0 AppleWebKit/537.36 (KHTML, like Gecko; compatible; bingbot/2.0; +http://www.bing.com/bingbot.htm) Chrome/116.0.1938.76 Safari/537.36"
40.77.167.67 - - [26/Sep/2026:04:05:20 +0300] "GET /?sale/search/detail/?ITMCODE=m8y2t6h0i2c4a2l8l7y4 HTTP/1.1" 200 9016 "-" "Mozilla/5.0 AppleWebKit/537.36 (KHTML, like Gecko; compatible; bingbot/2.0; +http://www.bing.com/bingbot.htm) Chrome/116.0.1938.76 Safari/537.36"
40.77.167.67 - - [26/Sep/2026:04:05:20 +0300] "GET /?sale/search/detail/?ITMCODE=t7w6e0l8f8t9h7n0i9g0ht HTTP/1.1" 200 9016 "-" "Mozilla/5.0 AppleWebKit/537.36 (KHTML, like Gecko; compatible; bingbot/2.0; +http://www.bing.com/bingbot.htm) Chrome/116.0.1938.76 Safari/537.36"
40.77.167.67 - - [26/Sep/2026:04:05:20 +0300] "GET /?sale/search/detail/?ITMCODE=i3n1c2i1r7c3u2m1s4p9e3ct HTTP/1.1" 200 9016 "-" "Mozilla/5.0 AppleWebKit/537.36 (KHTML, like Gecko; compatible; bingbot/2.0; +http://www.bing.com/bingbot.htm) Chrome/116.0.1938.76 Safari/537.36"
40.77.167.67 - - [26/Sep/2026:04:05:20 +0300] "GET /?sale/search/detail/?ITMCODE=c3l2e1p1t8o9m5a6n4i0a4 HTTP/1.1" 200 9016 "-" "Mozilla/5.0 AppleWebKit/537.36 (KHTML, like Gecko; compatible; bingbot/2.0; +http://www.bing.com/bingbot.htm) Chrome/116.0.1938.76 Safari/537.36"
40.77.167.67 - - [26/Sep/2026:04:05:21 +0300] "GET /?sale/search/detail/?ITMCODE=w9h4i1m9s7i8c3a9l8i8t5y HTTP/1.1" 200 9016 "-" "Mozilla/5.0 AppleWebKit/537.36 (KHTML, like Gecko; compatible; bingbot/2.0; +http://www.bing.com/bingbot.htm) Chrome/116.0.1938.76 Safari/537.36"
40.77.167.67 - - [26/Sep/2026:04:05:21 +0300] "GET /?sale/search/detail/?ITMCODE=o6d1o4n7t9o5g8r5a6p5h6 HTTP/1.1" 200 9016 "-" "Mozilla/5.0 AppleWebKit/537.36 (KHTML, like Gecko; compatible; bingbot/2.0; +http://www.bing.com/bingbot.htm) Chrome/116.0.1938.76 Safari/537.36"
66.249.66.33 - - [26/Sep/2026:04:05:24 +0300] "GET /?sale/search/detail/?ITMCODE=h2e3t9e0r2o8d9a2c7t7y2lae HTTP/1.1" 200 9016 "-" "Mozilla/5.0 (Linux; Android 6.0.1; Nexus 5X Build/MMB29P) AppleWebKit/537.36 (KHTML, like Gecko) Chrome/153.0.8010.52 Mobile Safari/537.36 (compatible; Googlebot/2.1; +http://www.google.com/bot.html)"
52.167.144.142 - - [26/Sep/2026:04:05:25 +0300] "GET /?sale/search/detail/?ITMCODE=e9x1t8r5a1l3i3m2i8t3a7ry HTTP/1.1" 200 9016 "-" "Mozilla/5.0 AppleWebKit/537.36 (KHTML, like Gecko; compatible; bingbot/2.0; +http://www.bing.com/bingbot.htm) Chrome/116.0.1938.76 Safari/537.36"
66.249.66.75 - - [26/Sep/2026:04:05:25 +0300] "GET /?sale/search/detail/?ITMCODE=c6h2a0r2i3o2t6e8e890 HTTP/1.1" 200 9016 "-" "Mozilla/5.0 (Linux; Android 6.0.1; Nexus 5X Build/MMB29P) AppleWebKit/537.36 (KHTML, like Gecko) Chrome/153.0.8010.52 Mobile Safari/537.36 (compatible; Googlebot/2.1; +http://www.google.com/bot.html)"
66.249.66.75 - - [26/Sep/2026:04:05:26 +0300] "GET /?sale/search/detail/?ITMCODE=s8t1a7i0d9504350 HTTP/1.1" 200 9016 "-" "Mozilla/5.0 (Linux; Android 6.0.1; Nexus 5X Build/MMB29P) AppleWebKit/537.36 (KHTML, like Gecko) Chrome/153.0.8010.52 Mobile Safari/537.36 (compatible; Googlebot/2.1; +http://www.google.com/bot.html)"
40.77.167.67 - - [26/Sep/2026:04:05:27 +0300] "GET /?sale/search/detail/?ITMCODE=g3h3o4s3t6l9i8n4e7s1s3 HTTP/1.1" 200 9016 "-" "Mozilla/5.0 AppleWebKit/537.36 (KHTML, like Gecko; compatible; bingbot/2.0; +http://www.bing.com/bingbot.htm) Chrome/116.0.1938.76 Safari/537.36"
40.77.167.67 - - [26/Sep/2026:04:05:27 +0300] "GET /?sale/search/detail/?ITMCODE=c0h3o6c5k3a9b5l0o2c8k1 HTTP/1.1" 200 9016 "-" "Mozilla/5.0 AppleWebKit/537.36 (KHTML, like Gecko; compatible; bingbot/2.0; +http://www.bing.com/bingbot.htm) Chrome/116.0.1938.76 Safari/537.36"
40.77.167.67 - - [26/Sep/2026:04:05:27 +0300] "GET /?sale/search/detail/?ITMCODE=i6m8p5o5r1t7u3n8a3c3y HTTP/1.1" 200 9016 "-" "Mozilla/5.0 AppleWebKit/537.36 (KHTML, like Gecko; compatible; bingbot/2.0; +http://www.bing.com/bingbot.htm) Chrome/116.0.1938.76 Safari/537.36"
40.77.167.67 - - [26/Sep/2026:04:05:27 +0300] "GET /?sale/search/detail/?ITMCODE=a9n3a0b8i6o7s5i4s510 HTTP/1.1" 200 9016 "-" "Mozilla/5.0 AppleWebKit/537.36 (KHTML, like Gecko; compatible; bingbot/2.0; +http://www.bing.com/bingbot.htm) Chrome/116.0.1938.76 Safari/537.36"
40.77.167.67 - - [26/Sep/2026:04:05:27 +0300] "GET /?sale/search/detail/?ITMCODE=c6o4r1r5o4s8i1v8e0l2y9 HTTP/1.1" 200 9016 "-" "Mozilla/5.0 AppleWebKit/537.36 (KHTML, like Gecko; compatible; bingbot/2.0; +http://www.bing.com/bingbot.htm) Chrome/116.0.1938.76 Safari/537.36"
40.77.167.67 - - [26/Sep/2026:04:05:27 +0300] "GET /?sale/search/detail/?ITMCODE=i6n3v8i8n3c3i9b5l4e1n2ess HTTP/1.1" 200 9016 "-" "Mozilla/5.0 AppleWebKit/537.36 (KHTML, like Gecko; compatible; bingbot/2.0; +http://www.bing.com/bingbot.htm) Chrome/116.0.1938.76 Safari/537.36"
114.119.137.70 - - [26/Sep/2026:04:05:31 +0300] "GET /sitemap512.xml HTTP/1.1" 200 9016 "-" "Mozilla/5.0 (Linux; Android 7.0;) AppleWebKit/537.36 (KHTML, like Gecko) Mobile Safari/537.36 (compatible; PetalBot;+https://webmaster.petalsearch.com/site/petalbot)"
216.73.216.152 - - [26/Sep/2026:04:05:31 +0300] "GET /?path=%2Fvar%2Fwww%2Fvhosts%2Fprincessmare.com.gr%2Fhttpdocs%2Fxpl2026%2FCVE-2026-41651-v2%2F.git%2Fbranches HTTP/1.1" 200 7782 "-" "Mozilla/5.0 AppleWebKit/537.36 (KHTML, like Gecko; compatible; ClaudeBot/1.0; +claudebot@anthropic.com)"
52.167.144.19 - - [26/Sep/2026:04:05:33 +0300] "GET /?sale/search/detail/?ITMCODE=c4l3u9n7g0733525 HTTP/1.1" 200 9016 "-" "Mozilla/5.0 AppleWebKit/537.36 (KHTML, like Gecko; compatible; bingbot/2.0; +http://www.bing.com/bingbot.htm) Chrome/116.0.1938.76 Safari/537.36"
52.167.144.19 - - [26/Sep/2026:04:05:34 +0300] "GET /?sale/search/detail/?ITMCODE=i6n3d4i3v1i3d1u9i2t6y4 HTTP/1.1" 200 9016 "-" "Mozilla/5.0 AppleWebKit/537.36 (KHTML, like Gecko; compatible; bingbot/2.0; +http://www.bing.com/bingbot.htm) Chrome/116.0.1938.76 Safari/537.36"
52.167.144.19 - - [26/Sep/2026:04:05:34 +0300] "GET /?sale/search/detail/?ITMCODE=j4a2c4k9w5i5t3h8a3l4antern HTTP/1.1" 200 9016 "-" "Mozilla/5.0 AppleWebKit/537.36 (KHTML, like Gecko; compatible; bingbot/2.0; +http://www.bing.com/bingbot.htm) Chrome/116.0.1938.76 Safari/537.36"
57.141.24.90 - - [26/Sep/2026:04:05:34 +0300] "GET / HTTP/1.1" 200 9016 "-" "facebookexternalhit/1.1 (+http://www.facebook.com/externalhit_uatext.php)"
52.167.144.19 - - [26/Sep/2026:04:05:34 +0300] "GET /?sale/search/detail/?ITMCODE=b8a1c5h4e5l2o9r5a6t4a3rms HTTP/1.1" 200 9016 "-" "Mozilla/5.0 AppleWebKit/537.36 (KHTML, like Gecko; compatible; bingbot/2.0; +http://www.bing.com/bingbot.htm) Chrome/116.0.1938.76 Safari/537.36"
52.167.144.19 - - [26/Sep/2026:04:05:34 +0300] "GET /?sale/search/detail/?ITMCODE=a8c1r6o0c8h9o3r0d1u4s HTTP/1.1" 200 9016 "-" "Mozilla/5.0 AppleWebKit/537.36 (KHTML, like Gecko; compatible; bingbot/2.0; +http://www.bing.com/bingbot.htm) Chrome/116.0.1938.76 Safari/537.36"
40.77.167.67 - - [26/Sep/2026:04:05:38 +0300] "GET /?sale/search/detail/?ITMCODE=x1y2l2o6g9r2a9p9h718 HTTP/1.1" 200 9016 "-" "Mozilla/5.0 AppleWebKit/537.36 (KHTML, like Gecko; compatible; bingbot/2.0; +http://www.bing.com/bingbot.htm) Chrome/116.0.1938.76 Safari/537.36"
40.77.167.67 - - [26/Sep/2026:04:05:38 +0300] "GET /?sale/search/detail/?ITMCODE=t1h3e5r0a0p8e4u4t3i9c2s HTTP/1.1" 200 9016 "-" "Mozilla/5.0 AppleWebKit/537.36 (KHTML, like Gecko; compatible; bingbot/2.0; +http://www.bing.com/bingbot.htm) Chrome/116.0.1938.76 Safari/537.36"
40.77.167.67 - - [26/Sep/2026:04:05:38 +0300] "GET /?sale/search/detail/?ITMCODE=s4k4l0a2y6r1e90641 HTTP/1.1" 200 9016 "-" "Mozilla/5.0 AppleWebKit/537.36 (KHTML, like Gecko; compatible; bingbot/2.0; +http://www.bing.com/bingbot.htm) Chrome/116.0.1938.76 Safari/537.36"
40.77.167.67 - - [26/Sep/2026:04:05:38 +0300] "GET /?sale/search/detail/?ITMCODE=p4l8a8t5y4c4e1p4h4a5lous HTTP/1.1" 200 9016 "-" "Mozilla/5.0 AppleWebKit/537.36 (KHTML, like Gecko; compatible; bingbot/2.0; +http://www.bing.com/bingbot.htm) Chrome/116.0.1938.76 Safari/537.36"
66.249.66.75 - - [26/Sep/2026:04:05:42 +0300] "GET /?sale/search/detail/?ITMCODE=a8c3r1o7c5e5n3t5r8i0c3 HTTP/1.1" 200 9016 "-" "Mozilla/5.0 (Linux; Android 6.0.1; Nexus 5X Build/MMB29P) AppleWebKit/537.36 (KHTML, like Gecko) Chrome/153.0.8010.52 Mobile Safari/537.36 (compatible; Googlebot/2.1; +http://www.google.com/bot.html)"
216.73.216.152 - - [26/Sep/2026:04:05:42 +0300] "GET /?path=%2Fvar%2Fwww%2Fvhosts%2Fprincessmare.com.gr%2Fhttpdocs%2Fxpl2026%2FCVE-2026-41651-v2%2F.git%2Flogs HTTP/1.1" 200 8124 "-" "Mozilla/5.0 AppleWebKit/537.36 (KHTML, like Gecko; compatible; ClaudeBot/1.0; +claudebot@anthropic.com)"
52.167.144.19 - - [26/Sep/2026:04:05:43 +0300] "GET /?sale/search/detail/?ITMCODE=e2m1u7l9a7t3i4v3e8l1y8 HTTP/1.1" 200 9016 "-" "Mozilla/5.0 AppleWebKit/537.36 (KHTML, like Gecko; compatible; bingbot/2.0; +http://www.bing.com/bingbot.htm) Chrome/116.0.1938.76 Safari/537.36"
52.167.144.19 - - [26/Sep/2026:04:05:43 +0300] "GET /?sale/search/detail/?ITMCODE=b2r2i2g6h9t0n9e5s1s10 HTTP/1.1" 200 9016 "-" "Mozilla/5.0 AppleWebKit/537.36 (KHTML, like Gecko; compatible; bingbot/2.0; +http://www.bing.com/bingbot.htm) Chrome/116.0.1938.76 Safari/537.36"
52.167.144.19 - - [26/Sep/2026:04:05:44 +0300] "GET /?sale/search/detail/?ITMCODE=e7x1p3u4r5g4a4t3i5o3n6 HTTP/1.1" 200 9016 "-" "Mozilla/5.0 AppleWebKit/537.36 (KHTML, like Gecko; compatible; bingbot/2.0; +http://www.bing.com/bingbot.htm) Chrome/116.0.1938.76 Safari/537.36"
52.167.144.19 - - [26/Sep/2026:04:05:44 +0300] "GET /?sale/search/detail/?ITMCODE=u7n2i8t9e0d5l1y0059 HTTP/1.1" 200 9016 "-" "Mozilla/5.0 AppleWebKit/537.36 (KHTML, like Gecko; compatible; bingbot/2.0; +http://www.bing.com/bingbot.htm) Chrome/116.0.1938.76 Safari/537.36"
52.167.144.19 - - [26/Sep/2026:04:05:44 +0300] "GET /?sale/search/detail/?ITMCODE=i7m3p8u9t8r3e7s2c3i8b8le HTTP/1.1" 200 9016 "-" "Mozilla/5.0 AppleWebKit/537.36 (KHTML, like Gecko; compatible; bingbot/2.0; +http://www.bing.com/bingbot.htm) Chrome/116.0.1938.76 Safari/537.36"
216.73.216.152 - - [26/Sep/2026:04:05:44 +0300] "GET /?path=%2Fvar%2Fwww%2Fvhosts%2Fprincessmare.com.gr%2Fhttpdocs%2Fxpl2026%2FCVE-2026-41651-v2%2F.git%2Finfo HTTP/1.1" 200 8059 "-" "Mozilla/5.0 AppleWebKit/537.36 (KHTML, like Gecko; compatible; ClaudeBot/1.0; +claudebot@anthropic.com)"
52.167.144.142 - - [26/Sep/2026:04:05:48 +0300] "GET /?sale/search/detail/?ITMCODE=p2a5n1e1r1o9g8a7m4i1a HTTP/1.1" 200 9016 "-" "Mozilla/5.0 AppleWebKit/537.36 (KHTML, like Gecko; compatible; bingbot/2.0; +http://www.bing.com/bingbot.htm) Chrome/116.0.1938.76 Safari/537.36"
52.167.144.142 - - [26/Sep/2026:04:05:48 +0300] "GET /?sale/search/detail/?ITMCODE=p8h3a4i6n1o9p4e2p5l8a0 HTTP/1.1" 200 9016 "-" "Mozilla/5.0 AppleWebKit/537.36 (KHTML, like Gecko; compatible; bingbot/2.0; +http://www.bing.com/bingbot.htm) Chrome/116.0.1938.76 Safari/537.36"
52.167.144.142 - - [26/Sep/2026:04:05:48 +0300] "GET /?sale/search/detail/?ITMCODE=r7e3v8e8r2e3n5c1e2d8 HTTP/1.1" 200 9016 "-" "Mozilla/5.0 AppleWebKit/537.36 (KHTML, like Gecko; compatible; bingbot/2.0; +http://www.bing.com/bingbot.htm) Chrome/116.0.1938.76 Safari/537.36"
52.167.144.142 - - [26/Sep/2026:04:05:48 +0300] "GET /?sale/search/detail/?ITMCODE=p8o4l0l7y7w8o7g3737 HTTP/1.1" 200 9016 "-" "Mozilla/5.0 AppleWebKit/537.36 (KHTML, like Gecko; compatible; bingbot/2.0; +http://www.bing.com/bingbot.htm) Chrome/116.0.1938.76 Safari/537.36"
52.167.144.142 - - [26/Sep/2026:04:05:48 +0300] "GET /?sale/search/detail/?ITMCODE=i3s2o4t3r7i9m1o8r5p2h1ism HTTP/1.1" 200 9016 "-" "Mozilla/5.0 AppleWebKit/537.36 (KHTML, like Gecko; compatible; bingbot/2.0; +http://www.bing.com/bingbot.htm) Chrome/116.0.1938.76 Safari/537.36"
52.167.144.142 - - [26/Sep/2026:04:05:48 +0300] "GET /?sale/search/detail/?ITMCODE=d0i6s2c9r6e7d4i2t6i8ng HTTP/1.1" 200 9016 "-" "Mozilla/5.0 AppleWebKit/537.36 (KHTML, like Gecko; compatible; bingbot/2.0; +http://www.bing.com/bingbot.htm) Chrome/116.0.1938.76 Safari/537.36"
52.167.144.142 - - [26/Sep/2026:04:05:49 +0300] "GET /?sale/search/detail/?ITMCODE=r7a4p1a8c9i1o7u1s642 HTTP/1.1" 200 9016 "-" "Mozilla/5.0 AppleWebKit/537.36 (KHTML, like Gecko; compatible; bingbot/2.0; +http://www.bing.com/bingbot.htm) Chrome/116.0.1938.76 Safari/537.36"
52.167.144.142 - - [26/Sep/2026:04:05:49 +0300] "GET /?sale/search/detail/?ITMCODE=f3r5u0s3t1u1l5e6n5t8 HTTP/1.1" 200 9016 "-" "Mozilla/5.0 AppleWebKit/537.36 (KHTML, like Gecko; compatible; bingbot/2.0; +http://www.bing.com/bingbot.htm) Chrome/116.0.1938.76 Safari/537.36"
57.141.20.62 - - [26/Sep/2026:04:05:51 +0300] "GET /?sale/search/detail/?ITMCODE=e1x4a0u6c3t1o6r3a5t0e1 HTTP/1.1" 200 9016 "-" "Mozilla/5.0 (Windows NT 10.0; Win64; x64) AppleWebKit/537.36 (KHTML, like Gecko) Chrome/145.0.0.0 Safari/537.36 (compatible; meta-externalagent/1.1 (+https://developers.facebook.com/docs/sharing/webmasters/crawler))"
66.249.66.32 - - [26/Sep/2026:04:05:51 +0300] "GET /?sale/search/detail/?ITMCODE=s5e3i5d8l6i4t5z47 HTTP/1.1" 200 9016 "-" "Mozilla/5.0 (Linux; Android 6.0.1; Nexus 5X Build/MMB29P) AppleWebKit/537.36 (KHTML, like Gecko) Chrome/153.0.8010.52 Mobile Safari/537.36 (compatible; Googlebot/2.1; +http://www.google.com/bot.html)"
40.77.167.67 - - [26/Sep/2026:04:05:56 +0300] "GET /?sale/search/detail/?ITMCODE=e3x2t7i8n9g1u7i5s4h0a5ble HTTP/1.1" 200 9016 "-" "Mozilla/5.0 AppleWebKit/537.36 (KHTML, like Gecko; compatible; bingbot/2.0; +http://www.bing.com/bingbot.htm) Chrome/116.0.1938.76 Safari/537.36"
52.167.144.142 - - [26/Sep/2026:04:05:56 +0300] "GET /?sale/search/detail/?ITMCODE=p4y3r1a5m6i4d8i6o6n20 HTTP/1.1" 200 9016 "-" "Mozilla/5.0 AppleWebKit/537.36 (KHTML, like Gecko; compatible; bingbot/2.0; +http://www.bing.com/bingbot.htm) Chrome/116.0.1938.76 Safari/537.36"
52.167.144.19 - - [26/Sep/2026:04:05:57 +0300] "GET /?sale/search/detail/?ITMCODE=n0i7c0a7r9a5g1u7a43 HTTP/1.1" 200 9016 "-" "Mozilla/5.0 AppleWebKit/537.36 (KHTML, like Gecko; compatible; bingbot/2.0; +http://www.bing.com/bingbot.htm) Chrome/116.0.1938.76 Safari/537.36"
52.167.144.19 - - [26/Sep/2026:04:05:57 +0300] "GET /?sale/search/detail/?ITMCODE=h7o3m2o8l8o5g9r4a0p6h7ic HTTP/1.1" 200 9016 "-" "Mozilla/5.0 AppleWebKit/537.36 (KHTML, like Gecko; compatible; bingbot/2.0; +http://www.bing.com/bingbot.htm) Chrome/116.0.1938.76 Safari/537.36"
52.167.144.19 - - [26/Sep/2026:04:05:57 +0300] "GET /?sale/search/detail/?ITMCODE=t2h2a6u9m3a9t6u4r1g8i7st HTTP/1.1" 200 9016 "-" "Mozilla/5.0 AppleWebKit/537.36 (KHTML, like Gecko; compatible; bingbot/2.0; +http://www.bing.com/bingbot.htm) Chrome/116.0.1938.76 Safari/537.36"
52.167.144.19 - - [26/Sep/2026:04:05:58 +0300] "GET /?sale/search/detail/?ITMCODE=o0c3t8a7n1d5r6i1a7n87 HTTP/1.1" 200 9016 "-" "Mozilla/5.0 AppleWebKit/537.36 (KHTML, like Gecko; compatible; bingbot/2.0; +http://www.bing.com/bingbot.htm) Chrome/116.0.1938.76 Safari/537.36"
52.167.144.19 - - [26/Sep/2026:04:05:58 +0300] "GET /?sale/search/detail/?ITMCODE=c9o6h6e6r0a6l4d255 HTTP/1.1" 200 9016 "-" "Mozilla/5.0 AppleWebKit/537.36 (KHTML, like Gecko; compatible; bingbot/2.0; +http://www.bing.com/bingbot.htm) Chrome/116.0.1938.76 Safari/537.36"
216.73.216.152 - - [26/Sep/2026:04:06:01 +0300] "GET /?fileloc=%2Fvar%2Fwww%2Fvhosts%2Fprincessmare.com.gr%2Fhttpdocs%2Fxpl2026%2FCVE-2026-41651-v2%2F.git%2Fdescription&path=%2Fvar%2Fwww%2Fvhosts%2Fprincessmare.com.gr%2Fhttpdocs%2Fxpl2026%2FCVE-2026-41651-v2%2F.git HTTP/1.1" 200 7761 "-" "Mozilla/5.0 AppleWebKit/537.36 (KHTML, like Gecko; compatible; ClaudeBot/1.0; +claudebot@anthropic.com)"
52.167.144.19 - - [26/Sep/2026:04:06:01 +0300] "GET /?sale/search/detail/?ITMCODE=f2o1r9m8u8l1a4t8i1n8g2 HTTP/1.1" 200 9016 "-" "Mozilla/5.0 AppleWebKit/537.36 (KHTML, like Gecko; compatible; bingbot/2.0; +http://www.bing.com/bingbot.htm) Chrome/116.0.1938.76 Safari/537.36"
52.167.144.19 - - [26/Sep/2026:04:06:02 +0300] "GET /?sale/search/detail/?ITMCODE=r9e1p0a7s3s2a8n0t160 HTTP/1.1" 200 9016 "-" "Mozilla/5.0 AppleWebKit/537.36 (KHTML, like Gecko; compatible; bingbot/2.0; +http://www.bing.com/bingbot.htm) Chrome/116.0.1938.76 Safari/537.36"
52.167.144.19 - - [26/Sep/2026:04:06:02 +0300] "GET /?sale/search/detail/?ITMCODE=s6t6a7n3n6o8f5l2u6o1ride HTTP/1.1" 200 9016 "-" "Mozilla/5.0 AppleWebKit/537.36 (KHTML, like Gecko; compatible; bingbot/2.0; +http://www.bing.com/bingbot.htm) Chrome/116.0.1938.76 Safari/537.36"
52.167.144.19 - - [26/Sep/2026:04:06:02 +0300] "GET /?sale/search/detail/?ITMCODE=a6g1r0i0c9u7l5t2u4r2ism HTTP/1.1" 200 9016 "-" "Mozilla/5.0 AppleWebKit/537.36 (KHTML, like Gecko; compatible; bingbot/2.0; +http://www.bing.com/bingbot.htm) Chrome/116.0.1938.76 Safari/537.36"
52.167.144.19 - - [26/Sep/2026:04:06:02 +0300] "GET /?sale/search/detail/?ITMCODE=i2m4p1e8r4m9i9s5s0i2b8le HTTP/1.1" 200 9016 "-" "Mozilla/5.0 AppleWebKit/537.36 (KHTML, like Gecko; compatible; bingbot/2.0; +http://www.bing.com/bingbot.htm) Chrome/116.0.1938.76 Safari/537.36"
66.249.66.32 - - [26/Sep/2026:04:06:03 +0300] "GET /?sale/search/detail/?ITMCODE=l5i3t5e3r1a7t7u2s80 HTTP/1.1" 200 9016 "-" "Mozilla/5.0 (Linux; Android 6.0.1; Nexus 5X Build/MMB29P) AppleWebKit/537.36 (KHTML, like Gecko) Chrome/153.0.8010.52 Mobile Safari/537.36 (compatible; Googlebot/2.1; +http://www.google.com/bot.html)"
66.249.66.77 - - [26/Sep/2026:04:06:03 +0300] "GET /?sale/search/detail/?ITMCODE=e0r3m5i5n6344629 HTTP/1.1" 200 9016 "-" "Mozilla/5.0 (Linux; Android 6.0.1; Nexus 5X Build/MMB29P) AppleWebKit/537.36 (KHTML, like Gecko) Chrome/153.0.8010.52 Mobile Safari/537.36 (compatible; Googlebot/2.1; +http://www.google.com/bot.html)"
52.167.144.142 - - [26/Sep/2026:04:06:06 +0300] "GET /?sale/search/detail/?ITMCODE=l1e3p3o7d3a6c5t2y0l7e9 HTTP/1.1" 200 9016 "-" "Mozilla/5.0 AppleWebKit/537.36 (KHTML, like Gecko; compatible; bingbot/2.0; +http://www.bing.com/bingbot.htm) Chrome/116.0.1938.76 Safari/537.36"
52.167.144.142 - - [26/Sep/2026:04:06:06 +0300] "GET /?sale/search/detail/?ITMCODE=i9n1d1u7c2t0i1n4g601 HTTP/1.1" 200 9016 "-" "Mozilla/5.0 AppleWebKit/537.36 (KHTML, like Gecko; compatible; bingbot/2.0; +http://www.bing.com/bingbot.htm) Chrome/116.0.1938.76 Safari/537.36"
52.167.144.142 - - [26/Sep/2026:04:06:06 +0300] "GET /?sale/search/detail/?ITMCODE=d6i2n6g6t3h8r9i9f9t29 HTTP/1.1" 200 9016 "-" "Mozilla/5.0 AppleWebKit/537.36 (KHTML, like Gecko; compatible; bingbot/2.0; +http://www.bing.com/bingbot.htm) Chrome/116.0.1938.76 Safari/537.36"
52.167.144.142 - - [26/Sep/2026:04:06:06 +0300] "GET /?sale/search/detail/?ITMCODE=b3i3m0e9t9a8l3l9i8s3m2 HTTP/1.1" 200 9016 "-" "Mozilla/5.0 AppleWebKit/537.36 (KHTML, like Gecko; compatible; bingbot/2.0; +http://www.bing.com/bingbot.htm) Chrome/116.0.1938.76 Safari/537.36"
57.141.20.27 - - [26/Sep/2026:04:06:07 +0300] "GET /?sale/search/detail/?ITMCODE=d1i2s1c0r0i0m5i6n0a9t2ed HTTP/1.1" 200 9016 "-" "Mozilla/5.0 (Windows NT 10.0; Win64; x64) AppleWebKit/537.36 (KHTML, like Gecko) Chrome/145.0.0.0 Safari/537.36 (compatible; meta-externalagent/1.1 (+https://developers.facebook.com/docs/sharing/webmasters/crawler))"
216.73.216.152 - - [26/Sep/2026:04:06:12 +0300] "GET /?fileloc=%2Fvar%2Fwww%2Fvhosts%2Fprincessmare.com.gr%2Fhttpdocs%2Fxpl2026%2FCVE-2026-41651-v2%2F.git%2Fpacked-refs&path=%2Fvar%2Fwww%2Fvhosts%2Fprincessmare.com.gr%2Fhttpdocs%2Fxpl2026%2FCVE-2026-41651-v2%2F.git HTTP/1.1" 200 7800 "-" "Mozilla/5.0 AppleWebKit/537.36 (KHTML, like Gecko; compatible; ClaudeBot/1.0; +claudebot@anthropic.com)"
52.167.144.142 - - [26/Sep/2026:04:06:15 +0300] "GET /?sale/search/detail/?ITMCODE=e2i3g5h3t7l7i8n1g68 HTTP/1.1" 200 9016 "-" "Mozilla/5.0 AppleWebKit/537.36 (KHTML, like Gecko; compatible; bingbot/2.0; +http://www.bing.com/bingbot.htm) Chrome/116.0.1938.76 Safari/537.36"
52.167.144.142 - - [26/Sep/2026:04:06:15 +0300] "GET /?sale/search/detail/?ITMCODE=a7g3r6i3c4u4l6t2u4r5a1list HTTP/1.1" 200 9016 "-" "Mozilla/5.0 AppleWebKit/537.36 (KHTML, like Gecko; compatible; bingbot/2.0; +http://www.bing.com/bingbot.htm) Chrome/116.0.1938.76 Safari/537.36"
52.167.144.142 - - [26/Sep/2026:04:06:15 +0300] "GET /?sale/search/detail/?ITMCODE=q4u1i3d8d7i9t9a2t8i3v6e HTTP/1.1" 200 9016 "-" "Mozilla/5.0 AppleWebKit/537.36 (KHTML, like Gecko; compatible; bingbot/2.0; +http://www.bing.com/bingbot.htm) Chrome/116.0.1938.76 Safari/537.36"
66.249.66.75 - - [26/Sep/2026:04:06:16 +0300] "GET /?sale/search/detail/?ITMCODE=i2n3a7u9d5i7b2l1e0n2e5ss HTTP/1.1" 200 9016 "-" "Mozilla/5.0 (Linux; Android 6.0.1; Nexus 5X Build/MMB29P) AppleWebKit/537.36 (KHTML, like Gecko) Chrome/153.0.8010.52 Mobile Safari/537.36 (compatible; Googlebot/2.1; +http://www.google.com/bot.html)"
66.249.66.76 - - [26/Sep/2026:04:06:17 +0300] "GET /?v=101021860 HTTP/1.1" 200 9016 "-" "Mozilla/5.0 (Linux; Android 6.0.1; Nexus 5X Build/MMB29P) AppleWebKit/537.36 (KHTML, like Gecko) Chrome/153.0.8010.52 Mobile Safari/537.36 (compatible; Googlebot/2.1; +http://www.google.com/bot.html)"
52.167.144.19 - - [26/Sep/2026:04:06:18 +0300] "GET /?sale/search/detail/?ITMCODE=s8t1u7p1i3d7n9e6s5s04 HTTP/1.1" 200 9016 "-" "Mozilla/5.0 AppleWebKit/537.36 (KHTML, like Gecko; compatible; bingbot/2.0; +http://www.bing.com/bingbot.htm) Chrome/116.0.1938.76 Safari/537.36"
40.77.167.67 - - [26/Sep/2026:04:06:19 +0300] "GET /?sale/search/detail/?ITMCODE=d9i2s5i8n4h0e8r8i8t6a5nce HTTP/1.1" 200 9016 "-" "Mozilla/5.0 AppleWebKit/537.36 (KHTML, like Gecko; compatible; bingbot/2.0; +http://www.bing.com/bingbot.htm) Chrome/116.0.1938.76 Safari/537.36"
40.77.167.67 - - [26/Sep/2026:04:06:20 +0300] "GET /?sale/search/detail/?ITMCODE=m7o2t7h8e0r0l6i9n7e8s1s HTTP/1.1" 200 9016 "-" "Mozilla/5.0 AppleWebKit/537.36 (KHTML, like Gecko; compatible; bingbot/2.0; +http://www.bing.com/bingbot.htm) Chrome/116.0.1938.76 Safari/537.36"
40.77.167.67 - - [26/Sep/2026:04:06:20 +0300] "GET /?sale/search/detail/?ITMCODE=a6l7l4o3x3a8n3a9t0e0 HTTP/1.1" 200 9016 "-" "Mozilla/5.0 AppleWebKit/537.36 (KHTML, like Gecko; compatible; bingbot/2.0; +http://www.bing.com/bingbot.htm) Chrome/116.0.1938.76 Safari/537.36"
40.77.167.67 - - [26/Sep/2026:04:06:20 +0300] "GET /?sale/search/detail/?ITMCODE=r6e2s9t3a4u8r1a3t8i2o7n HTTP/1.1" 200 9016 "-" "Mozilla/5.0 AppleWebKit/537.36 (KHTML, like Gecko; compatible; bingbot/2.0; +http://www.bing.com/bingbot.htm) Chrome/116.0.1938.76 Safari/537.36"
40.77.167.67 - - [26/Sep/2026:04:06:20 +0300] "GET /?sale/search/detail/?ITMCODE=i9m1p1r6a6c3t8i6c7a0b0le HTTP/1.1" 200 9016 "-" "Mozilla/5.0 AppleWebKit/537.36 (KHTML, like Gecko; compatible; bingbot/2.0; +http://www.bing.com/bingbot.htm) Chrome/116.0.1938.76 Safari/537.36"
40.77.167.67 - - [26/Sep/2026:04:06:20 +0300] "GET /?sale/search/detail/?ITMCODE=c5e3n8t6r9i5f4u2g8a5t0ion HTTP/1.1" 200 9016 "-" "Mozilla/5.0 AppleWebKit/537.36 (KHTML, like Gecko; compatible; bingbot/2.0; +http://www.bing.com/bingbot.htm) Chrome/116.0.1938.76 Safari/537.36"
40.77.167.67 - - [26/Sep/2026:04:06:20 +0300] "GET /?sale/search/detail/?ITMCODE=r2u1s5t1i6c8i5t0y479 HTTP/1.1" 200 9016 "-" "Mozilla/5.0 AppleWebKit/537.36 (KHTML, like Gecko; compatible; bingbot/2.0; +http://www.bing.com/bingbot.htm) Chrome/116.0.1938.76 Safari/537.36"
57.141.20.26 - - [26/Sep/2026:04:06:22 +0300] "GET /?sale/search/detail/?ITMCODE=p1r3o1h0i8b8i2t7i7o9n0ist HTTP/1.1" 200 9016 "-" "Mozilla/5.0 (Macintosh; Intel Mac OS X 10_15_7) AppleWebKit/537.36 (KHTML, like Gecko) Chrome/145.0.0.0 Safari/537.36 (compatible; meta-externalagent/1.1 (+https://developers.facebook.com/docs/sharing/webmasters/crawler))"
52.167.144.142 - - [26/Sep/2026:04:06:26 +0300] "GET /?sale/search/detail/?ITMCODE=m2o1n4a2r6c3h9i7z5i8n5g HTTP/1.1" 200 9016 "-" "Mozilla/5.0 AppleWebKit/537.36 (KHTML, like Gecko; compatible; bingbot/2.0; +http://www.bing.com/bingbot.htm) Chrome/116.0.1938.76 Safari/537.36"
40.77.167.67 - - [26/Sep/2026:04:06:26 +0300] "GET /?sale/search/detail/?ITMCODE=r6e3p8r8o6v3i2n4g4l8y9 HTTP/1.1" 200 9016 "-" "Mozilla/5.0 AppleWebKit/537.36 (KHTML, like Gecko; compatible; bingbot/2.0; +http://www.bing.com/bingbot.htm) Chrome/116.0.1938.76 Safari/537.36"
40.77.167.67 - - [26/Sep/2026:04:06:26 +0300] "GET /?sale/search/detail/?ITMCODE=v5e1n5t3r8i8c8o2s8u9m3 HTTP/1.1" 200 9016 "-" "Mozilla/5.0 AppleWebKit/537.36 (KHTML, like Gecko; compatible; bingbot/2.0; +http://www.bing.com/bingbot.htm) Chrome/116.0.1938.76 Safari/537.36"
40.77.167.67 - - [26/Sep/2026:04:06:27 +0300] "GET /?sale/search/detail/?ITMCODE=d3e4c8e0n9t7r9a4l6i2zing HTTP/1.1" 200 9016 "-" "Mozilla/5.0 AppleWebKit/537.36 (KHTML, like Gecko; compatible; bingbot/2.0; +http://www.bing.com/bingbot.htm) Chrome/116.0.1938.76 Safari/537.36"
40.77.167.67 - - [26/Sep/2026:04:06:27 +0300] "GET /?sale/search/detail/?ITMCODE=p3a1c9i9f5i9s0m9007 HTTP/1.1" 200 9016 "-" "Mozilla/5.0 AppleWebKit/537.36 (KHTML, like Gecko; compatible; bingbot/2.0; +http://www.bing.com/bingbot.htm) Chrome/116.0.1938.76 Safari/537.36"
40.77.167.67 - - [26/Sep/2026:04:06:27 +0300] "GET /?sale/search/detail/?ITMCODE=f7i4b0e8r5g9l3a5s6s75 HTTP/1.1" 200 9016 "-" "Mozilla/5.0 AppleWebKit/537.36 (KHTML, like Gecko; compatible; bingbot/2.0; +http://www.bing.com/bingbot.htm) Chrome/116.0.1938.76 Safari/537.36"
66.249.66.32 - - [26/Sep/2026:04:06:27 +0300] "GET /?sale/search/detail/?ITMCODE=k7h3o1n2d245817 HTTP/1.1" 200 9016 "-" "Mozilla/5.0 (Linux; Android 6.0.1; Nexus 5X Build/MMB29P) AppleWebKit/537.36 (KHTML, like Gecko) Chrome/153.0.8010.52 Mobile Safari/537.36 (compatible; Googlebot/2.1; +http://www.google.com/bot.html)"
216.73.216.152 - - [26/Sep/2026:04:06:27 +0300] "GET /?fileloc=%2Fvar%2Fwww%2Fvhosts%2Fprincessmare.com.gr%2Fhttpdocs%2Fxpl2026%2FCVE-2026-41651%2Fsrc%2Fentrypoint.sh&path=%2Fvar%2Fwww%2Fvhosts%2Fprincessmare.com.gr%2Fhttpdocs%2Fxpl2026%2FCVE-2026-41651%2Fsrc HTTP/1.1" 200 8186 "-" "Mozilla/5.0 AppleWebKit/537.36 (KHTML, like Gecko; compatible; ClaudeBot/1.0; +claudebot@anthropic.com)"
66.249.66.75 - - [26/Sep/2026:04:06:29 +0300] "GET /?sale/search/detail/?ITMCODE=s5t9a1l5l6i7o7n404 HTTP/1.1" 200 9016 "-" "Mozilla/5.0 (Linux; Android 6.0.1; Nexus 5X Build/MMB29P) AppleWebKit/537.36 (KHTML, like Gecko) Chrome/153.0.8010.52 Mobile Safari/537.36 (compatible; Googlebot/2.1; +http://www.google.com/bot.html)"
66.249.66.75 - - [26/Sep/2026:04:06:30 +0300] "GET /?sale/search/detail/?ITMCODE=m3e3a5g3e5r1l3y6097 HTTP/1.1" 200 9016 "-" "Mozilla/5.0 (Linux; Android 6.0.1; Nexus 5X Build/MMB29P) AppleWebKit/537.36 (KHTML, like Gecko) Chrome/153.0.8010.52 Mobile Safari/537.36 (compatible; Googlebot/2.1; +http://www.google.com/bot.html)"
57.141.20.26 - - [26/Sep/2026:04:06:30 +0300] "GET /?sale/search/detail/?ITMCODE=a8d1s8t5r4i6c1t5147 HTTP/1.1" 200 9016 "-" "Mozilla/5.0 (Windows NT 10.0; Win64; x64) AppleWebKit/537.36 (KHTML, like Gecko) Chrome/145.0.0.0 Safari/537.36 (compatible; meta-externalagent/1.1 (+https://developers.facebook.com/docs/sharing/webmasters/crawler))"
52.167.144.19 - - [26/Sep/2026:04:06:32 +0300] "GET /?sale/search/detail/?ITMCODE=m0a2s7t1o8d4o6n9s7a5u7rus HTTP/1.1" 200 9016 "-" "Mozilla/5.0 AppleWebKit/537.36 (KHTML, like Gecko; compatible; bingbot/2.0; +http://www.bing.com/bingbot.htm) Chrome/116.0.1938.76 Safari/537.36"
52.167.144.19 - - [26/Sep/2026:04:06:32 +0300] "GET /?sale/search/detail/?ITMCODE=p4h2l9o5g0i0s8t2i7c0a6l HTTP/1.1" 200 9016 "-" "Mozilla/5.0 AppleWebKit/537.36 (KHTML, like Gecko; compatible; bingbot/2.0; +http://www.bing.com/bingbot.htm) Chrome/116.0.1938.76 Safari/537.36"
52.167.144.19 - - [26/Sep/2026:04:06:32 +0300] "GET /?sale/search/detail/?ITMCODE=w0i3n2e5g5l8a5s8s7f5u8ls HTTP/1.1" 200 9016 "-" "Mozilla/5.0 AppleWebKit/537.36 (KHTML, like Gecko; compatible; bingbot/2.0; +http://www.bing.com/bingbot.htm) Chrome/116.0.1938.76 Safari/537.36"
52.167.144.19 - - [26/Sep/2026:04:06:32 +0300] "GET /?sale/search/detail/?ITMCODE=o8c4t0a7s8t3y8l1e106 HTTP/1.1" 200 9016 "-" "Mozilla/5.0 AppleWebKit/537.36 (KHTML, like Gecko; compatible; bingbot/2.0; +http://www.bing.com/bingbot.htm) Chrome/116.0.1938.76 Safari/537.36"
52.167.144.19 - - [26/Sep/2026:04:06:32 +0300] "GET /?sale/search/detail/?ITMCODE=c8i3r0c4u0m8g1y8r0a1tion HTTP/1.1" 200 9016 "-" "Mozilla/5.0 AppleWebKit/537.36 (KHTML, like Gecko; compatible; bingbot/2.0; +http://www.bing.com/bingbot.htm) Chrome/116.0.1938.76 Safari/537.36"
52.167.144.142 - - [26/Sep/2026:04:06:36 +0300] "GET /?sale/search/detail/?ITMCODE=s6t2e7n2o6g4r0a8p7h0e1d HTTP/1.1" 200 9016 "-" "Mozilla/5.0 AppleWebKit/537.36 (KHTML, like Gecko; compatible; bingbot/2.0; +http://www.bing.com/bingbot.htm) Chrome/116.0.1938.76 Safari/537.36"
52.167.144.142 - - [26/Sep/2026:04:06:36 +0300] "GET /?sale/search/detail/?ITMCODE=s0u3b3t7h6a6l4a2m6i2c9 HTTP/1.1" 200 9016 "-" "Mozilla/5.0 AppleWebKit/537.36 (KHTML, like Gecko; compatible; bingbot/2.0; +http://www.bing.com/bingbot.htm) Chrome/116.0.1938.76 Safari/537.36"
52.167.144.142 - - [26/Sep/2026:04:06:36 +0300] "GET /?sale/search/detail/?ITMCODE=p4r8e7t6i3o7s6a618 HTTP/1.1" 200 9016 "-" "Mozilla/5.0 AppleWebKit/537.36 (KHTML, like Gecko; compatible; bingbot/2.0; +http://www.bing.com/bingbot.htm) Chrome/116.0.1938.76 Safari/537.36"
