216.73.216.152 - - [26/Sep/2026:04:55:20 +0300] "GET /?fileloc=%2Fvar%2Fwww%2Fvhosts%2Fprincessmare.com.gr%2Fhttpdocs%2Fwp-content%2Fplugins%2Fwordpress-seo%2Fadmin%2Fclass-admin.php&path=%2Fvar%2Fwww%2Fvhosts%2Fprincessmare.com.gr%2Fhttpdocs%2Fwp-content%2Fplugins%2Fwordpress-seo%2Fadmin HTTP/1.1" 200 11600 "-" "Mozilla/5.0 AppleWebKit/537.36 (KHTML, like Gecko; compatible; ClaudeBot/1.0; +claudebot@anthropic.com)"
216.73.216.152 - - [26/Sep/2026:04:55:20 +0300] "GET /?fileloc=%2Fvar%2Fwww%2Fvhosts%2Fprincessmare.com.gr%2Fhttpdocs%2Fwp-content%2Fplugins%2Fpolylang%2Finclude%2Folt-manager.php&path=%2Fvar%2Fwww%2Fvhosts%2Fprincessmare.com.gr%2Fhttpdocs%2Fwp-content%2Fplugins%2Fpolylang%2Finclude HTTP/1.1" 200 10426 "-" "Mozilla/5.0 AppleWebKit/537.36 (KHTML, like Gecko; compatible; ClaudeBot/1.0; +claudebot@anthropic.com)"
216.73.216.152 - - [26/Sep/2026:04:55:21 +0300] "GET /.github/poc.png?path=%2Fvar%2Fwww%2Fvhosts%2Fprincessmare.com.gr%2Fhttpdocs%2Fwp-admin HTTP/1.1" 200 11447 "-" "Mozilla/5.0 AppleWebKit/537.36 (KHTML, like Gecko; compatible; ClaudeBot/1.0; +claudebot@anthropic.com)"
216.73.216.152 - - [26/Sep/2026:04:55:21 +0300] "GET /?path=%2Fvar%2Fwww%2Fvhosts%2Fprincessmare.com.gr%2Fhttpdocs%2Fwp-includes%2Fsodium_compat%2Fsrc%2FCore%2FAEGIS HTTP/1.1" 200 8126 "-" "Mozilla/5.0 AppleWebKit/537.36 (KHTML, like Gecko; compatible; ClaudeBot/1.0; +claudebot@anthropic.com)"
216.73.216.152 - - [26/Sep/2026:04:55:21 +0300] "GET /?fileloc=%2Fvar%2Fwww%2Fvhosts%2Fprincessmare.com.gr%2Fhttpdocs%2Fwp-content%2Fplugins%2Fpolylang%2Fsettings%2Ftable-string.php&path=%2Fvar%2Fwww%2Fvhosts%2Fprincessmare.com.gr%2Fhttpdocs%2Fwp-content%2Fplugins%2Fpolylang%2Fsettings HTTP/1.1" 200 11698 "-" "Mozilla/5.0 AppleWebKit/537.36 (KHTML, like Gecko; compatible; ClaudeBot/1.0; +claudebot@anthropic.com)"
216.73.216.152 - - [26/Sep/2026:04:55:21 +0300] "GET /?fileloc=%2Fvar%2Fwww%2Fvhosts%2Fprincessmare.com.gr%2Fhttpdocs%2Fwp-content%2Fplugins%2Fpolylang%2Fadmin%2Fadmin-nav-menu.php&path=%2Fvar%2Fwww%2Fvhosts%2Fprincessmare.com.gr%2Fhttpdocs%2Fwp-content%2Fplugins%2Fpolylang%2Fadmin HTTP/1.1" 200 10952 "-" "Mozilla/5.0 AppleWebKit/537.36 (KHTML, like Gecko; compatible; ClaudeBot/1.0; +claudebot@anthropic.com)"
216.73.216.152 - - [26/Sep/2026:04:55:21 +0300] "GET /.github/poc.png?path=%2Fvar%2Fwww%2Fvhosts%2Fprincessmare.com.gr%2Fhttpdocs%2Fwp-includes HTTP/1.1" 200 17448 "-" "Mozilla/5.0 AppleWebKit/537.36 (KHTML, like Gecko; compatible; ClaudeBot/1.0; +claudebot@anthropic.com)"
216.73.216.152 - - [26/Sep/2026:04:55:21 +0300] "GET /?fileloc=%2Fvar%2Fwww%2Fvhosts%2Fprincessmare.com.gr%2Fhttpdocs%2Fwp-content%2Fplugins%2FUltimate_VC_Addons%2Fadmin%2Fabout.php&path=%2Fvar%2Fwww%2Fvhosts%2Fprincessmare.com.gr%2Fhttpdocs%2Fwp-content%2Fplugins%2FUltimate_VC_Addons%2Fadmin HTTP/1.1" 200 9710 "-" "Mozilla/5.0 AppleWebKit/537.36 (KHTML, like Gecko; compatible; ClaudeBot/1.0; +claudebot@anthropic.com)"
216.73.216.152 - - [26/Sep/2026:04:55:21 +0300] "GET /?path=%2Fvar%2Fwww%2Fvhosts%2Fprincessmare.com.gr%2Fhttpdocs%2Fwp-includes%2Fsodium_compat%2Fsrc%2FCore32%2FPoly1305 HTTP/1.1" 200 8076 "-" "Mozilla/5.0 AppleWebKit/537.36 (KHTML, like Gecko; compatible; ClaudeBot/1.0; +claudebot@anthropic.com)"
216.73.216.152 - - [26/Sep/2026:04:55:21 +0300] "GET /?fileloc=%2Fvar%2Fwww%2Fvhosts%2Fprincessmare.com.gr%2Fhttpdocs%2Fwp-includes%2FSimplePie%2Fsrc%2FCache%2FCallableNameFilter.php&path=%2Fvar%2Fwww%2Fvhosts%2Fprincessmare.com.gr%2Fhttpdocs%2Fwp-includes%2FSimplePie%2Fsrc%2FCache HTTP/1.1" 200 8411 "-" "Mozilla/5.0 AppleWebKit/537.36 (KHTML, like Gecko; compatible; ClaudeBot/1.0; +claudebot@anthropic.com)"
216.73.216.152 - - [26/Sep/2026:04:55:21 +0300] "GET /?path=%2Fvar%2Fwww%2Fvhosts%2Fprincessmare.com.gr%2Fhttpdocs%2Fwp-content%2Fplugins%2Fjs_composer%2Fassets%2Ffonts HTTP/1.1" 200 8121 "-" "Mozilla/5.0 AppleWebKit/537.36 (KHTML, like Gecko; compatible; ClaudeBot/1.0; +claudebot@anthropic.com)"
216.73.216.152 - - [26/Sep/2026:04:55:21 +0300] "GET /?fileloc=%2Fvar%2Fwww%2Fvhosts%2Fprincessmare.com.gr%2Fhttpdocs%2Fwp-includes%2FSimplePie%2Fsrc%2FCache%2FBase.php&path=%2Fvar%2Fwww%2Fvhosts%2Fprincessmare.com.gr%2Fhttpdocs%2Fwp-includes%2FSimplePie%2Fsrc%2FCache HTTP/1.1" 200 8434 "-" "Mozilla/5.0 AppleWebKit/537.36 (KHTML, like Gecko; compatible; ClaudeBot/1.0; +claudebot@anthropic.com)"
216.73.216.152 - - [26/Sep/2026:04:55:21 +0300] "GET /?path=%2Fvar%2Fwww%2Fvhosts%2Fprincessmare.com.gr%2Fhttpdocs%2Fwp-content%2Fplugins%2Fdt-the7-core%2Fmods%2Fslideshow HTTP/1.1" 200 8213 "-" "Mozilla/5.0 AppleWebKit/537.36 (KHTML, like Gecko; compatible; ClaudeBot/1.0; +claudebot@anthropic.com)"
216.73.216.152 - - [26/Sep/2026:04:55:22 +0300] "GET /?fileloc=%2Fvar%2Fwww%2Fvhosts%2Fprincessmare.com.gr%2Fhttpdocs%2Fwp-content%2Fplugins%2Fwordpress-seo%2Fsrc%2Fmain.php&path=%2Fvar%2Fwww%2Fvhosts%2Fprincessmare.com.gr%2Fhttpdocs%2Fwp-content%2Fplugins%2Fwordpress-seo%2Fsrc HTTP/1.1" 200 8427 "-" "Mozilla/5.0 AppleWebKit/537.36 (KHTML, like Gecko; compatible; ClaudeBot/1.0; +claudebot@anthropic.com)"
216.73.216.152 - - [26/Sep/2026:04:55:22 +0300] "GET /?path=%2Fvar%2Fwww%2Fvhosts%2Fprincessmare.com.gr%2Fhttpdocs%2Fwp-content%2Fplugins%2Fjs_composer%2Fconfig%2Ftta HTTP/1.1" 200 8261 "-" "Mozilla/5.0 AppleWebKit/537.36 (KHTML, like Gecko; compatible; ClaudeBot/1.0; +claudebot@anthropic.com)"
216.73.216.152 - - [26/Sep/2026:04:55:22 +0300] "GET /?fileloc=%2Fvar%2Fwww%2Fvhosts%2Fprincessmare.com.gr%2Fhttpdocs%2Fwp-includes%2FSimplePie%2Fsrc%2FParse%2FDate.php&path=%2Fvar%2Fwww%2Fvhosts%2Fprincessmare.com.gr%2Fhttpdocs%2Fwp-includes%2FSimplePie%2Fsrc%2FParse HTTP/1.1" 200 13527 "-" "Mozilla/5.0 AppleWebKit/537.36 (KHTML, like Gecko; compatible; ClaudeBot/1.0; +claudebot@anthropic.com)"
216.73.216.152 - - [26/Sep/2026:04:55:22 +0300] "GET /?fileloc=%2Fvar%2Fwww%2Fvhosts%2Fprincessmare.com.gr%2Fhttpdocs%2Fwp-content%2Fplugins%2Fpolylang%2Finclude%2Flicense.php&path=%2Fvar%2Fwww%2Fvhosts%2Fprincessmare.com.gr%2Fhttpdocs%2Fwp-content%2Fplugins%2Fpolylang%2Finclude HTTP/1.1" 200 10294 "-" "Mozilla/5.0 AppleWebKit/537.36 (KHTML, like Gecko; compatible; ClaudeBot/1.0; +claudebot@anthropic.com)"
216.73.216.152 - - [26/Sep/2026:04:55:22 +0300] "GET /?fileloc=%2Fvar%2Fwww%2Fvhosts%2Fprincessmare.com.gr%2Fhttpdocs%2Fwp-content%2Fplugins%2Fpolylang%2Fadmin%2Fadmin-links.php&path=%2Fvar%2Fwww%2Fvhosts%2Fprincessmare.com.gr%2Fhttpdocs%2Fwp-content%2Fplugins%2Fpolylang%2Fadmin HTTP/1.1" 200 9250 "-" "Mozilla/5.0 AppleWebKit/537.36 (KHTML, like Gecko; compatible; ClaudeBot/1.0; +claudebot@anthropic.com)"
216.73.216.152 - - [26/Sep/2026:04:55:22 +0300] "GET /?path=%2Fvar%2Fwww%2Fvhosts%2Fprincessmare.com.gr%2Fhttpdocs%2Fwp-content%2Fplugins%2Fcontact-form-7%2Fmodules%2Fsendinblue HTTP/1.1" 200 8171 "-" "Mozilla/5.0 AppleWebKit/537.36 (KHTML, like Gecko; compatible; ClaudeBot/1.0; +claudebot@anthropic.com)"
216.73.216.152 - - [26/Sep/2026:04:55:22 +0300] "GET /?fileloc=%2Fvar%2Fwww%2Fvhosts%2Fprincessmare.com.gr%2Fhttpdocs%2Fwp-content%2Fplugins%2FUltimate_VC_Addons%2Fadmin%2Findex.php&path=%2Fvar%2Fwww%2Fvhosts%2Fprincessmare.com.gr%2Fhttpdocs%2Fwp-content%2Fplugins%2FUltimate_VC_Addons%2Fadmin HTTP/1.1" 200 7798 "-" "Mozilla/5.0 AppleWebKit/537.36 (KHTML, like Gecko; compatible; ClaudeBot/1.0; +claudebot@anthropic.com)"
216.73.216.152 - - [26/Sep/2026:04:55:22 +0300] "GET /?fileloc=%2Fvar%2Fwww%2Fvhosts%2Fprincessmare.com.gr%2Fhttpdocs%2Fwp-content%2Fplugins%2Fpolylang%2Finclude%2Ffilters.php&path=%2Fvar%2Fwww%2Fvhosts%2Fprincessmare.com.gr%2Fhttpdocs%2Fwp-content%2Fplugins%2Fpolylang%2Finclude HTTP/1.1" 200 11573 "-" "Mozilla/5.0 AppleWebKit/537.36 (KHTML, like Gecko; compatible; ClaudeBot/1.0; +claudebot@anthropic.com)"
216.73.216.152 - - [26/Sep/2026:04:55:22 +0300] "GET /?fileloc=%2Fvar%2Fwww%2Fvhosts%2Fprincessmare.com.gr%2Fhttpdocs%2Fwp-content%2Fplugins%2Fpolylang%2Finclude%2Fcrud-terms.php&path=%2Fvar%2Fwww%2Fvhosts%2Fprincessmare.com.gr%2Fhttpdocs%2Fwp-content%2Fplugins%2Fpolylang%2Finclude HTTP/1.1" 200 9894 "-" "Mozilla/5.0 AppleWebKit/537.36 (KHTML, like Gecko; compatible; ClaudeBot/1.0; +claudebot@anthropic.com)"
216.73.216.152 - - [26/Sep/2026:04:55:22 +0300] "GET /?fileloc=%2Fvar%2Fwww%2Fvhosts%2Fprincessmare.com.gr%2Fhttpdocs%2Fwp-includes%2FSimplePie%2Fsrc%2FCache%2FMemcache.php&path=%2Fvar%2Fwww%2Fvhosts%2Fprincessmare.com.gr%2Fhttpdocs%2Fwp-includes%2FSimplePie%2Fsrc%2FCache HTTP/1.1" 200 8987 "-" "Mozilla/5.0 AppleWebKit/537.36 (KHTML, like Gecko; compatible; ClaudeBot/1.0; +claudebot@anthropic.com)"
216.73.216.152 - - [26/Sep/2026:04:55:22 +0300] "GET /.github/poc.png?path=%2Fvar%2Fwww%2Fvhosts%2Fprincessmare.com.gr%2Fhttpdocs HTTP/1.1" 200 9016 "-" "Mozilla/5.0 AppleWebKit/537.36 (KHTML, like Gecko; compatible; ClaudeBot/1.0; +claudebot@anthropic.com)"
216.73.216.152 - - [26/Sep/2026:04:55:23 +0300] "GET /?fileloc=%2Fvar%2Fwww%2Fvhosts%2Fprincessmare.com.gr%2Fhttpdocs%2Fwp-content%2Fplugins%2Fpolylang%2Fadmin%2Fadmin-notices.php&path=%2Fvar%2Fwww%2Fvhosts%2Fprincessmare.com.gr%2Fhttpdocs%2Fwp-content%2Fplugins%2Fpolylang%2Fadmin HTTP/1.1" 200 9759 "-" "Mozilla/5.0 AppleWebKit/537.36 (KHTML, like Gecko; compatible; ClaudeBot/1.0; +claudebot@anthropic.com)"
216.73.216.152 - - [26/Sep/2026:04:55:23 +0300] "GET /?path=%2Fvar%2Fwww%2Fvhosts%2Fprincessmare.com.gr%2Fhttpdocs%2Fwp-content%2Fplugins%2Fjs_composer%2Fconfig%2Fsocial HTTP/1.1" 200 8179 "-" "Mozilla/5.0 AppleWebKit/537.36 (KHTML, like Gecko; compatible; ClaudeBot/1.0; +claudebot@anthropic.com)"
216.73.216.152 - - [26/Sep/2026:04:55:23 +0300] "GET /?path=%2Fvar%2Fwww%2Fvhosts%2Fprincessmare.com.gr%2Fhttpdocs%2Fwp-content%2Fplugins%2Fjs_composer%2Fassets%2Fimages HTTP/1.1" 200 8282 "-" "Mozilla/5.0 AppleWebKit/537.36 (KHTML, like Gecko; compatible; ClaudeBot/1.0; +claudebot@anthropic.com)"
216.73.216.152 - - [26/Sep/2026:04:55:23 +0300] "GET /?fileloc=%2Fvar%2Fwww%2Fvhosts%2Fprincessmare.com.gr%2Fhttpdocs%2Fwp-includes%2FText%2FDiff%2FEngine%2Fxdiff.php&path=%2Fvar%2Fwww%2Fvhosts%2Fprincessmare.com.gr%2Fhttpdocs%2Fwp-includes%2FText%2FDiff%2FEngine HTTP/1.1" 200 8626 "-" "Mozilla/5.0 AppleWebKit/537.36 (KHTML, like Gecko; compatible; ClaudeBot/1.0; +claudebot@anthropic.com)"
216.73.216.152 - - [26/Sep/2026:04:55:23 +0300] "GET /?path=%2Fvar%2Fwww%2Fvhosts%2Fprincessmare.com.gr%2Fhttpdocs%2Fwp-content%2Fplugins%2Fpolylang%2Fmodules%2Fsite-health HTTP/1.1" 200 8125 "-" "Mozilla/5.0 AppleWebKit/537.36 (KHTML, like Gecko; compatible; ClaudeBot/1.0; +claudebot@anthropic.com)"
216.73.216.152 - - [26/Sep/2026:04:55:23 +0300] "GET /?fileloc=%2Fvar%2Fwww%2Fvhosts%2Fprincessmare.com.gr%2Fhttpdocs%2Fwp-includes%2FSimplePie%2Fsrc%2FCache%2FNameFilter.php&path=%2Fvar%2Fwww%2Fvhosts%2Fprincessmare.com.gr%2Fhttpdocs%2Fwp-includes%2FSimplePie%2Fsrc%2FCache HTTP/1.1" 200 8312 "-" "Mozilla/5.0 AppleWebKit/537.36 (KHTML, like Gecko; compatible; ClaudeBot/1.0; +claudebot@anthropic.com)"
216.73.216.152 - - [26/Sep/2026:04:55:23 +0300] "GET /?fileloc=%2Fvar%2Fwww%2Fvhosts%2Fprincessmare.com.gr%2Fhttpdocs%2Fwp-content%2Fplugins%2Fpolylang%2Fcss%2Fdialog.css&path=%2Fvar%2Fwww%2Fvhosts%2Fprincessmare.com.gr%2Fhttpdocs%2Fwp-content%2Fplugins%2Fpolylang%2Fcss HTTP/1.1" 200 8366 "-" "Mozilla/5.0 AppleWebKit/537.36 (KHTML, like Gecko; compatible; ClaudeBot/1.0; +claudebot@anthropic.com)"
216.73.216.152 - - [26/Sep/2026:04:55:23 +0300] "GET /?fileloc=%2Fvar%2Fwww%2Fvhosts%2Fprincessmare.com.gr%2Fhttpdocs%2Fwp-content%2Fplugins%2Fpolylang%2Finclude%2Flinks-domain.php&path=%2Fvar%2Fwww%2Fvhosts%2Fprincessmare.com.gr%2Fhttpdocs%2Fwp-content%2Fplugins%2Fpolylang%2Finclude HTTP/1.1" 200 8781 "-" "Mozilla/5.0 AppleWebKit/537.36 (KHTML, like Gecko; compatible; ClaudeBot/1.0; +claudebot@anthropic.com)"
216.73.216.152 - - [26/Sep/2026:04:55:23 +0300] "GET /?fileloc=%2Fvar%2Fwww%2Fvhosts%2Fprincessmare.com.gr%2Fhttpdocs%2Fwp-includes%2FSimplePie%2Fsrc%2FCache%2FDB.php&path=%2Fvar%2Fwww%2Fvhosts%2Fprincessmare.com.gr%2Fhttpdocs%2Fwp-includes%2FSimplePie%2Fsrc%2FCache HTTP/1.1" 200 8561 "-" "Mozilla/5.0 AppleWebKit/537.36 (KHTML, like Gecko; compatible; ClaudeBot/1.0; +claudebot@anthropic.com)"
216.73.216.152 - - [26/Sep/2026:04:55:23 +0300] "GET /?fileloc=%2Fvar%2Fwww%2Fvhosts%2Fprincessmare.com.gr%2Fhttpdocs%2Fwp-includes%2Fcss%2Fdist%2Fpatterns%2Fstyle.css&path=%2Fvar%2Fwww%2Fvhosts%2Fprincessmare.com.gr%2Fhttpdocs%2Fwp-includes%2Fcss%2Fdist%2Fpatterns HTTP/1.1" 200 8375 "-" "Mozilla/5.0 AppleWebKit/537.36 (KHTML, like Gecko; compatible; ClaudeBot/1.0; +claudebot@anthropic.com)"
52.167.144.204 - - [26/Sep/2026:04:55:24 +0300] "GET /?sale/search/detail/?ITMCODE=s2t3y2l9i3d5i2a6c7e0a1e HTTP/1.1" 200 9016 "-" "Mozilla/5.0 AppleWebKit/537.36 (KHTML, like Gecko; compatible; bingbot/2.0; +http://www.bing.com/bingbot.htm) Chrome/116.0.1938.76 Safari/537.36"
52.167.144.204 - - [26/Sep/2026:04:55:24 +0300] "GET /?sale/search/detail/?ITMCODE=e8x2h7i3l3a0r7a8t7i0o1n HTTP/1.1" 200 9016 "-" "Mozilla/5.0 AppleWebKit/537.36 (KHTML, like Gecko; compatible; bingbot/2.0; +http://www.bing.com/bingbot.htm) Chrome/116.0.1938.76 Safari/537.36"
52.167.144.204 - - [26/Sep/2026:04:55:24 +0300] "GET /?sale/search/detail/?ITMCODE=w9o4l2f0i7s7h1n1e1s1s4 HTTP/1.1" 200 9016 "-" "Mozilla/5.0 AppleWebKit/537.36 (KHTML, like Gecko; compatible; bingbot/2.0; +http://www.bing.com/bingbot.htm) Chrome/116.0.1938.76 Safari/537.36"
52.167.144.204 - - [26/Sep/2026:04:55:24 +0300] "GET /?sale/search/detail/?ITMCODE=p3r3e5d4i0s3p3o4s8i1t2ion HTTP/1.1" 200 9016 "-" "Mozilla/5.0 AppleWebKit/537.36 (KHTML, like Gecko; compatible; bingbot/2.0; +http://www.bing.com/bingbot.htm) Chrome/116.0.1938.76 Safari/537.36"
52.167.144.204 - - [26/Sep/2026:04:55:24 +0300] "GET /?sale/search/detail/?ITMCODE=i9r2r4e3p9u9t1a9b8l9e2 HTTP/1.1" 200 9016 "-" "Mozilla/5.0 AppleWebKit/537.36 (KHTML, like Gecko; compatible; bingbot/2.0; +http://www.bing.com/bingbot.htm) Chrome/116.0.1938.76 Safari/537.36"
40.77.167.1 - - [26/Sep/2026:04:55:29 +0300] "GET /?sale/search/detail/?ITMCODE=a7n9t0i2h0y4d2r4o4p7ic HTTP/1.1" 200 9016 "-" "Mozilla/5.0 AppleWebKit/537.36 (KHTML, like Gecko; compatible; bingbot/2.0; +http://www.bing.com/bingbot.htm) Chrome/116.0.1938.76 Safari/537.36"
40.77.167.1 - - [26/Sep/2026:04:55:29 +0300] "GET /?sale/search/detail/?ITMCODE=a1c2c5o0m9p2a0n7a2b1l7e HTTP/1.1" 200 9016 "-" "Mozilla/5.0 AppleWebKit/537.36 (KHTML, like Gecko; compatible; bingbot/2.0; +http://www.bing.com/bingbot.htm) Chrome/116.0.1938.76 Safari/537.36"
40.77.167.1 - - [26/Sep/2026:04:55:29 +0300] "GET /?sale/search/detail/?ITMCODE=i6n3e2q4u7i0t5a4t2e65 HTTP/1.1" 200 9016 "-" "Mozilla/5.0 AppleWebKit/537.36 (KHTML, like Gecko; compatible; bingbot/2.0; +http://www.bing.com/bingbot.htm) Chrome/116.0.1938.76 Safari/537.36"
74.7.229.181 - - [26/Sep/2026:04:55:31 +0300] "GET /favicon.ico HTTP/1.1" 200 9016 "https://www.princessmare.com.gr/?sale%2Fsearch%2Fdetail%2F%3FITMCODE=a5c2r4o6g4e6n4i9c208" "Mozilla/5.0 (Macintosh; Intel Mac OS X 10_15_7) AppleWebKit/537.36 (KHTML, like Gecko) Chrome/131.0.0.0 Safari/537.36; compatible; OAI-SearchBot/1.4; +https://openai.com/searchbot"
66.249.66.75 - - [26/Sep/2026:04:55:31 +0300] "GET /?sale/search/detail/?ITMCODE=d3r3o9l4l6e8r5y2380 HTTP/1.1" 200 9016 "-" "Mozilla/5.0 (Linux; Android 6.0.1; Nexus 5X Build/MMB29P) AppleWebKit/537.36 (KHTML, like Gecko) Chrome/153.0.8010.52 Mobile Safari/537.36 (compatible; Googlebot/2.1; +http://www.google.com/bot.html)"
40.77.167.59 - - [26/Sep/2026:04:55:34 +0300] "GET /?sale/search/detail/?ITMCODE=i0n1i0m4i6c9a7l5877 HTTP/1.1" 200 9016 "-" "Mozilla/5.0 AppleWebKit/537.36 (KHTML, like Gecko; compatible; bingbot/2.0; +http://www.bing.com/bingbot.htm) Chrome/116.0.1938.76 Safari/537.36"
40.77.167.59 - - [26/Sep/2026:04:55:34 +0300] "GET /?sale/search/detail/?ITMCODE=i8l3l7u8m0i8n0a4n7t81 HTTP/1.1" 200 9016 "-" "Mozilla/5.0 AppleWebKit/537.36 (KHTML, like Gecko; compatible; bingbot/2.0; +http://www.bing.com/bingbot.htm) Chrome/116.0.1938.76 Safari/537.36"
40.77.167.59 - - [26/Sep/2026:04:55:34 +0300] "GET /?sale/search/detail/?ITMCODE=i6n4c2i4t0o6m6o8t5o5r7y HTTP/1.1" 200 9016 "-" "Mozilla/5.0 AppleWebKit/537.36 (KHTML, like Gecko; compatible; bingbot/2.0; +http://www.bing.com/bingbot.htm) Chrome/116.0.1938.76 Safari/537.36"
40.77.167.59 - - [26/Sep/2026:04:55:34 +0300] "GET /?sale/search/detail/?ITMCODE=c9h3e8i2r0o1p0t7e1r8o1us HTTP/1.1" 200 9016 "-" "Mozilla/5.0 AppleWebKit/537.36 (KHTML, like Gecko; compatible; bingbot/2.0; +http://www.bing.com/bingbot.htm) Chrome/116.0.1938.76 Safari/537.36"
40.77.167.59 - - [26/Sep/2026:04:55:34 +0300] "GET /?sale/search/detail/?ITMCODE=w9h3i6r5l0a3b6o8u5t76 HTTP/1.1" 200 9016 "-" "Mozilla/5.0 AppleWebKit/537.36 (KHTML, like Gecko; compatible; bingbot/2.0; +http://www.bing.com/bingbot.htm) Chrome/116.0.1938.76 Safari/537.36"
40.77.167.59 - - [26/Sep/2026:04:55:34 +0300] "GET /?sale/search/detail/?ITMCODE=t8a2c7c0o7c4u2a1721 HTTP/1.1" 200 9016 "-" "Mozilla/5.0 AppleWebKit/537.36 (KHTML, like Gecko; compatible; bingbot/2.0; +http://www.bing.com/bingbot.htm) Chrome/116.0.1938.76 Safari/537.36"
40.77.167.59 - - [26/Sep/2026:04:55:40 +0300] "GET /?sale/search/detail/?ITMCODE=o8c2h5e9r4o3u6s036 HTTP/1.1" 200 9016 "-" "Mozilla/5.0 AppleWebKit/537.36 (KHTML, like Gecko; compatible; bingbot/2.0; +http://www.bing.com/bingbot.htm) Chrome/116.0.1938.76 Safari/537.36"
40.77.167.59 - - [26/Sep/2026:04:55:40 +0300] "GET /?sale/search/detail/?ITMCODE=o9m4i9n6o8u8s4n7e2s7s HTTP/1.1" 200 9016 "-" "Mozilla/5.0 AppleWebKit/537.36 (KHTML, like Gecko; compatible; bingbot/2.0; +http://www.bing.com/bingbot.htm) Chrome/116.0.1938.76 Safari/537.36"
40.77.167.59 - - [26/Sep/2026:04:55:40 +0300] "GET /?sale/search/detail/?ITMCODE=w5i3r9e7w1o4r1m3848 HTTP/1.1" 200 9016 "-" "Mozilla/5.0 AppleWebKit/537.36 (KHTML, like Gecko; compatible; bingbot/2.0; +http://www.bing.com/bingbot.htm) Chrome/116.0.1938.76 Safari/537.36"
66.249.66.75 - - [26/Sep/2026:04:55:43 +0300] "GET /?sale/search/detail/?ITMCODE=v6e1r6g9a1l2o5o1818 HTTP/1.1" 200 9016 "-" "Mozilla/5.0 (Linux; Android 6.0.1; Nexus 5X Build/MMB29P) AppleWebKit/537.36 (KHTML, like Gecko) Chrome/153.0.8010.52 Mobile Safari/537.36 (compatible; Googlebot/2.1; +http://www.google.com/bot.html)"
52.167.144.204 - - [26/Sep/2026:04:55:45 +0300] "GET /?sale/search/detail/?ITMCODE=m5e3l6i1t2a5e7a7613 HTTP/1.1" 200 9016 "-" "Mozilla/5.0 AppleWebKit/537.36 (KHTML, like Gecko; compatible; bingbot/2.0; +http://www.bing.com/bingbot.htm) Chrome/116.0.1938.76 Safari/537.36"
52.167.144.204 - - [26/Sep/2026:04:55:45 +0300] "GET /?sale/search/detail/?ITMCODE=r9e2m9u9n4e3r1a9t1o7r7y HTTP/1.1" 200 9016 "-" "Mozilla/5.0 AppleWebKit/537.36 (KHTML, like Gecko; compatible; bingbot/2.0; +http://www.bing.com/bingbot.htm) Chrome/116.0.1938.76 Safari/537.36"
52.167.144.204 - - [26/Sep/2026:04:55:45 +0300] "GET /?sale/search/detail/?ITMCODE=i9n3s5p3i7r1a2t0i8o6n2 HTTP/1.1" 200 9016 "-" "Mozilla/5.0 AppleWebKit/537.36 (KHTML, like Gecko; compatible; bingbot/2.0; +http://www.bing.com/bingbot.htm) Chrome/116.0.1938.76 Safari/537.36"
52.167.144.204 - - [26/Sep/2026:04:55:45 +0300] "GET /?sale/search/detail/?ITMCODE=s1e1p2t8a5e9m4i6a713 HTTP/1.1" 200 9016 "-" "Mozilla/5.0 AppleWebKit/537.36 (KHTML, like Gecko; compatible; bingbot/2.0; +http://www.bing.com/bingbot.htm) Chrome/116.0.1938.76 Safari/537.36"
52.167.144.204 - - [26/Sep/2026:04:55:45 +0300] "GET /?sale/search/detail/?ITMCODE=d8i1s9p2a8s0s3i3o2n9a8tely HTTP/1.1" 200 9016 "-" "Mozilla/5.0 AppleWebKit/537.36 (KHTML, like Gecko; compatible; bingbot/2.0; +http://www.bing.com/bingbot.htm) Chrome/116.0.1938.76 Safari/537.36"
114.119.154.73 - - [26/Sep/2026:04:55:46 +0300] "GET /?sitemap714.xml HTTP/1.1" 200 9016 "-" "Mozilla/5.0 (Linux; Android 7.0;) AppleWebKit/537.36 (KHTML, like Gecko) Mobile Safari/537.36 (compatible; PetalBot;+https://webmaster.petalsearch.com/site/petalbot)"
57.141.20.14 - - [26/Sep/2026:04:55:49 +0300] "GET /?sale/search/detail/?ITMCODE=t1e3m0p0o8r2i7z1e391 HTTP/1.1" 200 9016 "-" "Mozilla/5.0 (Macintosh; Intel Mac OS X 10_15_7) AppleWebKit/537.36 (KHTML, like Gecko) Chrome/145.0.0.0 Safari/537.36 (compatible; meta-externalagent/1.1 (+https://developers.facebook.com/docs/sharing/webmasters/crawler))"
216.73.216.152 - - [26/Sep/2026:04:55:49 +0300] "GET /?fileloc=%2Fvar%2Fwww%2Fvhosts%2Fprincessmare.com.gr%2Fhttpdocs%2Fwp-includes%2FSimplePie%2Flibrary%2FSimplePie%2FException.php&path=%2Fvar%2Fwww%2Fvhosts%2Fprincessmare.com.gr%2Fhttpdocs%2Fwp-includes%2FSimplePie%2Flibrary%2FSimplePie HTTP/1.1" 200 8026 "-" "Mozilla/5.0 AppleWebKit/537.36 (KHTML, like Gecko; compatible; ClaudeBot/1.0; +claudebot@anthropic.com)"
216.73.216.152 - - [26/Sep/2026:04:55:49 +0300] "GET /?fileloc=%2Fvar%2Fwww%2Fvhosts%2Fprincessmare.com.gr%2Fhttpdocs%2Fwp-content%2Fplugins%2Fpolylang%2Fadmin%2Fadmin-filters.php&path=%2Fvar%2Fwww%2Fvhosts%2Fprincessmare.com.gr%2Fhttpdocs%2Fwp-content%2Fplugins%2Fpolylang%2Fadmin HTTP/1.1" 200 9056 "-" "Mozilla/5.0 AppleWebKit/537.36 (KHTML, like Gecko; compatible; ClaudeBot/1.0; +claudebot@anthropic.com)"
216.73.216.152 - - [26/Sep/2026:04:55:49 +0300] "GET /?fileloc=%2Fvar%2Fwww%2Fvhosts%2Fprincessmare.com.gr%2Fhttpdocs%2Fwp-includes%2FSimplePie%2Flibrary%2FSimplePie%2FSource.php&path=%2Fvar%2Fwww%2Fvhosts%2Fprincessmare.com.gr%2Fhttpdocs%2Fwp-includes%2FSimplePie%2Flibrary%2FSimplePie HTTP/1.1" 200 8019 "-" "Mozilla/5.0 AppleWebKit/537.36 (KHTML, like Gecko; compatible; ClaudeBot/1.0; +claudebot@anthropic.com)"
216.73.216.152 - - [26/Sep/2026:04:55:49 +0300] "GET /?fileloc=%2Fvar%2Fwww%2Fvhosts%2Fprincessmare.com.gr%2Fhttpdocs%2Fwp-includes%2Fsodium_compat%2Fsrc%2FPHP52%2FSplFixedArray.php&path=%2Fvar%2Fwww%2Fvhosts%2Fprincessmare.com.gr%2Fhttpdocs%2Fwp-includes%2Fsodium_compat%2Fsrc%2FPHP52 HTTP/1.1" 200 8899 "-" "Mozilla/5.0 AppleWebKit/537.36 (KHTML, like Gecko; compatible; ClaudeBot/1.0; +claudebot@anthropic.com)"
216.73.216.152 - - [26/Sep/2026:04:55:49 +0300] "GET /?fileloc=%2Fvar%2Fwww%2Fvhosts%2Fprincessmare.com.gr%2Fhttpdocs%2Fwp-content%2Fplugins%2Frevslider%2Fincludes%2Fbasic-css.php&path=%2Fvar%2Fwww%2Fvhosts%2Fprincessmare.com.gr%2Fhttpdocs%2Fwp-content%2Fplugins%2Frevslider%2Fincludes HTTP/1.1" 200 8952 "-" "Mozilla/5.0 AppleWebKit/537.36 (KHTML, like Gecko; compatible; ClaudeBot/1.0; +claudebot@anthropic.com)"
216.73.216.152 - - [26/Sep/2026:04:55:49 +0300] "GET /?fileloc=%2Fvar%2Fwww%2Fvhosts%2Fprincessmare.com.gr%2Fhttpdocs%2Fwp-includes%2FSimplePie%2Fsrc%2FCache%2FRedis.php&path=%2Fvar%2Fwww%2Fvhosts%2Fprincessmare.com.gr%2Fhttpdocs%2Fwp-includes%2FSimplePie%2Fsrc%2FCache HTTP/1.1" 200 9091 "-" "Mozilla/5.0 AppleWebKit/537.36 (KHTML, like Gecko; compatible; ClaudeBot/1.0; +claudebot@anthropic.com)"
216.73.216.152 - - [26/Sep/2026:04:55:49 +0300] "GET /?fileloc=%2Fvar%2Fwww%2Fvhosts%2Fprincessmare.com.gr%2Fhttpdocs%2Fwp-includes%2FSimplePie%2Fsrc%2FCache%2FMemcached.php&path=%2Fvar%2Fwww%2Fvhosts%2Fprincessmare.com.gr%2Fhttpdocs%2Fwp-includes%2FSimplePie%2Fsrc%2FCache HTTP/1.1" 200 9014 "-" "Mozilla/5.0 AppleWebKit/537.36 (KHTML, like Gecko; compatible; ClaudeBot/1.0; +claudebot@anthropic.com)"
216.73.216.152 - - [26/Sep/2026:04:55:49 +0300] "GET /?path=%2Fvar%2Fwww%2Fvhosts%2Fprincessmare.com.gr%2Fhttpdocs%2Fwp-content%2Fthemes%2Ftwentytwentyfive%2Fassets%2Fcss HTTP/1.1" 200 8069 "-" "Mozilla/5.0 AppleWebKit/537.36 (KHTML, like Gecko; compatible; ClaudeBot/1.0; +claudebot@anthropic.com)"
216.73.216.152 - - [26/Sep/2026:04:55:50 +0300] "GET /?path=%2Fvar%2Fwww%2Fvhosts%2Fprincessmare.com.gr%2Fhttpdocs%2Fwp-content%2Fthemes%2Ftwentytwentytwo%2Finc%2Fpatterns HTTP/1.1" 200 10714 "-" "Mozilla/5.0 AppleWebKit/537.36 (KHTML, like Gecko; compatible; ClaudeBot/1.0; +claudebot@anthropic.com)"
216.73.216.152 - - [26/Sep/2026:04:55:50 +0300] "GET /?path=%2Fvar%2Fwww%2Fvhosts%2Fprincessmare.com.gr%2Fhttpdocs%2Fwp-content%2Fplugins%2Fdt-the7-core%2Fmods%2Ftestimonials HTTP/1.1" 200 8213 "-" "Mozilla/5.0 AppleWebKit/537.36 (KHTML, like Gecko; compatible; ClaudeBot/1.0; +claudebot@anthropic.com)"
216.73.216.152 - - [26/Sep/2026:04:55:50 +0300] "GET /?fileloc=%2Fvar%2Fwww%2Fvhosts%2Fprincessmare.com.gr%2Fhttpdocs%2Fwp-includes%2Fjs%2Ftinymce%2Futils%2Fvalidate.js&path=%2Fvar%2Fwww%2Fvhosts%2Fprincessmare.com.gr%2Fhttpdocs%2Fwp-includes%2Fjs%2Ftinymce%2Futils HTTP/1.1" 200 9590 "-" "Mozilla/5.0 AppleWebKit/537.36 (KHTML, like Gecko; compatible; ClaudeBot/1.0; +claudebot@anthropic.com)"
216.73.216.152 - - [26/Sep/2026:04:55:50 +0300] "GET /?fileloc=%2Fvar%2Fwww%2Fvhosts%2Fprincessmare.com.gr%2Fhttpdocs%2Fwp-content%2Fplugins%2Fpolylang%2Fsettings%2Fflags.php&path=%2Fvar%2Fwww%2Fvhosts%2Fprincessmare.com.gr%2Fhttpdocs%2Fwp-content%2Fplugins%2Fpolylang%2Fsettings HTTP/1.1" 200 10458 "-" "Mozilla/5.0 AppleWebKit/537.36 (KHTML, like Gecko; compatible; ClaudeBot/1.0; +claudebot@anthropic.com)"
216.73.216.152 - - [26/Sep/2026:04:55:50 +0300] "GET /?path=%2Fvar%2Fwww%2Fvhosts%2Fprincessmare.com.gr%2Fhttpdocs%2Fwp-includes%2Fsodium_compat%2Fsrc%2FCore%2FCurve25519 HTTP/1.1" 200 8233 "-" "Mozilla/5.0 AppleWebKit/537.36 (KHTML, like Gecko; compatible; ClaudeBot/1.0; +claudebot@anthropic.com)"
216.73.216.152 - - [26/Sep/2026:04:55:50 +0300] "GET /?fileloc=%2Fvar%2Fwww%2Fvhosts%2Fprincessmare.com.gr%2Fhttpdocs%2Fwp-includes%2FSimplePie%2Fsrc%2FCache%2FPsr16.php&path=%2Fvar%2Fwww%2Fvhosts%2Fprincessmare.com.gr%2Fhttpdocs%2Fwp-includes%2FSimplePie%2Fsrc%2FCache HTTP/1.1" 200 8726 "-" "Mozilla/5.0 AppleWebKit/537.36 (KHTML, like Gecko; compatible; ClaudeBot/1.0; +claudebot@anthropic.com)"
216.73.216.152 - - [26/Sep/2026:04:55:50 +0300] "GET /?fileloc=%2Fvar%2Fwww%2Fvhosts%2Fprincessmare.com.gr%2Fhttpdocs%2Fwp-content%2Fplugins%2Fwordpress-seo%2Fadmin%2Findex.php&path=%2Fvar%2Fwww%2Fvhosts%2Fprincessmare.com.gr%2Fhttpdocs%2Fwp-content%2Fplugins%2Fwordpress-seo%2Fadmin HTTP/1.1" 200 7761 "-" "Mozilla/5.0 AppleWebKit/537.36 (KHTML, like Gecko; compatible; ClaudeBot/1.0; +claudebot@anthropic.com)"
40.77.167.1 - - [26/Sep/2026:04:55:50 +0300] "GET /?sale/search/detail/?ITMCODE=b4i1t7u7m4i8n4i2z2i8n5g HTTP/1.1" 200 9016 "-" "Mozilla/5.0 AppleWebKit/537.36 (KHTML, like Gecko; compatible; bingbot/2.0; +http://www.bing.com/bingbot.htm) Chrome/116.0.1938.76 Safari/537.36"
216.73.216.152 - - [26/Sep/2026:04:55:50 +0300] "GET /?fileloc=%2Fvar%2Fwww%2Fvhosts%2Fprincessmare.com.gr%2Fhttpdocs%2Fwp-content%2Fplugins%2Fpolylang%2Fsettings%2Flanguages.php&path=%2Fvar%2Fwww%2Fvhosts%2Fprincessmare.com.gr%2Fhttpdocs%2Fwp-content%2Fplugins%2Fpolylang%2Fsettings HTTP/1.1" 200 12704 "-" "Mozilla/5.0 AppleWebKit/537.36 (KHTML, like Gecko; compatible; ClaudeBot/1.0; +claudebot@anthropic.com)"
40.77.167.1 - - [26/Sep/2026:04:55:50 +0300] "GET /?sale/search/detail/?ITMCODE=o4b2t7r4u6s1i5v6e5l6y1 HTTP/1.1" 200 9016 "-" "Mozilla/5.0 AppleWebKit/537.36 (KHTML, like Gecko; compatible; bingbot/2.0; +http://www.bing.com/bingbot.htm) Chrome/116.0.1938.76 Safari/537.36"
216.73.216.152 - - [26/Sep/2026:04:55:50 +0300] "GET /?fileloc=%2Fvar%2Fwww%2Fvhosts%2Fprincessmare.com.gr%2Fhttpdocs%2Fwp-includes%2Fcss%2Fdist%2Fedit-post%2Fstyle.css&path=%2Fvar%2Fwww%2Fvhosts%2Fprincessmare.com.gr%2Fhttpdocs%2Fwp-includes%2Fcss%2Fdist%2Fedit-post HTTP/1.1" 200 11072 "-" "Mozilla/5.0 AppleWebKit/537.36 (KHTML, like Gecko; compatible; ClaudeBot/1.0; +claudebot@anthropic.com)"
40.77.167.1 - - [26/Sep/2026:04:55:50 +0300] "GET /?sale/search/detail/?ITMCODE=c6a3r0b8o9n4o9m4e1t5e6r HTTP/1.1" 200 9016 "-" "Mozilla/5.0 AppleWebKit/537.36 (KHTML, like Gecko; compatible; bingbot/2.0; +http://www.bing.com/bingbot.htm) Chrome/116.0.1938.76 Safari/537.36"
216.73.216.152 - - [26/Sep/2026:04:55:50 +0300] "GET /?fileloc=%2Fvar%2Fwww%2Fvhosts%2Fprincessmare.com.gr%2Fhttpdocs%2Fwp-includes%2Fcss%2Fdist%2Fpatterns%2Fstyle.min.css&path=%2Fvar%2Fwww%2Fvhosts%2Fprincessmare.com.gr%2Fhttpdocs%2Fwp-includes%2Fcss%2Fdist%2Fpatterns HTTP/1.1" 200 8351 "-" "Mozilla/5.0 AppleWebKit/537.36 (KHTML, like Gecko; compatible; ClaudeBot/1.0; +claudebot@anthropic.com)"
40.77.167.1 - - [26/Sep/2026:04:55:50 +0300] "GET /?sale/search/detail/?ITMCODE=w5h1e6e3l0s2w4a0r8f66 HTTP/1.1" 200 9016 "-" "Mozilla/5.0 AppleWebKit/537.36 (KHTML, like Gecko; compatible; bingbot/2.0; +http://www.bing.com/bingbot.htm) Chrome/116.0.1938.76 Safari/537.36"
216.73.216.152 - - [26/Sep/2026:04:55:50 +0300] "GET /?fileloc=%2Fvar%2Fwww%2Fvhosts%2Fprincessmare.com.gr%2Fhttpdocs%2Fwp-includes%2Fjs%2Ftinymce%2Futils%2Fform_utils.js&path=%2Fvar%2Fwww%2Fvhosts%2Fprincessmare.com.gr%2Fhttpdocs%2Fwp-includes%2Fjs%2Ftinymce%2Futils HTTP/1.1" 200 9808 "-" "Mozilla/5.0 AppleWebKit/537.36 (KHTML, like Gecko; compatible; ClaudeBot/1.0; +claudebot@anthropic.com)"
216.73.216.152 - - [26/Sep/2026:04:55:51 +0300] "GET /?fileloc=%2Fvar%2Fwww%2Fvhosts%2Fprincessmare.com.gr%2Fhttpdocs%2Fwp-includes%2Fcss%2Fdist%2Fpatterns%2Fstyle-rtl.css&path=%2Fvar%2Fwww%2Fvhosts%2Fprincessmare.com.gr%2Fhttpdocs%2Fwp-includes%2Fcss%2Fdist%2Fpatterns HTTP/1.1" 200 8377 "-" "Mozilla/5.0 AppleWebKit/537.36 (KHTML, like Gecko; compatible; ClaudeBot/1.0; +claudebot@anthropic.com)"
216.73.216.152 - - [26/Sep/2026:04:55:51 +0300] "GET /.github/poc.png?path=%2Fvar%2Fwww%2Fvhosts%2Fprincessmare.com.gr%2Fhttpdocs%2Fwp-content HTTP/1.1" 200 8347 "-" "Mozilla/5.0 AppleWebKit/537.36 (KHTML, like Gecko; compatible; ClaudeBot/1.0; +claudebot@anthropic.com)"
57.141.20.20 - - [26/Sep/2026:04:55:51 +0300] "GET /?sale/search/detail/?ITMCODE=s1u2m3m1u0m684701 HTTP/1.1" 200 9016 "-" "Mozilla/5.0 (X11; Linux x86_64) AppleWebKit/537.36 (KHTML, like Gecko) Chrome/145.0.0.0 Safari/537.36 (compatible; meta-externalagent/1.1 (+https://developers.facebook.com/docs/sharing/webmasters/crawler))"
216.73.216.152 - - [26/Sep/2026:04:55:51 +0300] "GET /?fileloc=%2Fvar%2Fwww%2Fvhosts%2Fprincessmare.com.gr%2Fhttpdocs%2Fwp-includes%2FSimplePie%2Fsrc%2FCache%2FFile.php&path=%2Fvar%2Fwww%2Fvhosts%2Fprincessmare.com.gr%2Fhttpdocs%2Fwp-includes%2FSimplePie%2Fsrc%2FCache HTTP/1.1" 200 8644 "-" "Mozilla/5.0 AppleWebKit/537.36 (KHTML, like Gecko; compatible; ClaudeBot/1.0; +claudebot@anthropic.com)"
216.73.216.152 - - [26/Sep/2026:04:55:51 +0300] "GET /?fileloc=%2Fvar%2Fwww%2Fvhosts%2Fprincessmare.com.gr%2Fhttpdocs%2Fwp-includes%2Fcss%2Fdist%2Fedit-post%2Fclassic.css&path=%2Fvar%2Fwww%2Fvhosts%2Fprincessmare.com.gr%2Fhttpdocs%2Fwp-includes%2Fcss%2Fdist%2Fedit-post HTTP/1.1" 200 8103 "-" "Mozilla/5.0 AppleWebKit/537.36 (KHTML, like Gecko; compatible; ClaudeBot/1.0; +claudebot@anthropic.com)"
216.73.216.152 - - [26/Sep/2026:04:55:51 +0300] "GET /?fileloc=%2Fvar%2Fwww%2Fvhosts%2Fprincessmare.com.gr%2Fhttpdocs%2Fwp-content%2Fplugins%2Fwordpress-seo%2Fadmin%2Fclass-asset.php&path=%2Fvar%2Fwww%2Fvhosts%2Fprincessmare.com.gr%2Fhttpdocs%2Fwp-content%2Fplugins%2Fwordpress-seo%2Fadmin HTTP/1.1" 200 8843 "-" "Mozilla/5.0 AppleWebKit/537.36 (KHTML, like Gecko; compatible; ClaudeBot/1.0; +claudebot@anthropic.com)"
216.73.216.152 - - [26/Sep/2026:04:55:51 +0300] "GET /?fileloc=%2Fvar%2Fwww%2Fvhosts%2Fprincessmare.com.gr%2Fhttpdocs%2Fwp-content%2Fplugins%2Fpolylang%2Finclude%2Ffilters-links.php&path=%2Fvar%2Fwww%2Fvhosts%2Fprincessmare.com.gr%2Fhttpdocs%2Fwp-content%2Fplugins%2Fpolylang%2Finclude HTTP/1.1" 200 9182 "-" "Mozilla/5.0 AppleWebKit/537.36 (KHTML, like Gecko; compatible; ClaudeBot/1.0; +claudebot@anthropic.com)"
216.73.216.152 - - [26/Sep/2026:04:55:51 +0300] "GET /?path=%2Fvar%2Fwww%2Fvhosts%2Fprincessmare.com.gr%2Fhttpdocs%2Fwp-content%2Fplugins%2Fdt-the7-core%2Fmods%2Flogos HTTP/1.1" 200 8210 "-" "Mozilla/5.0 AppleWebKit/537.36 (KHTML, like Gecko; compatible; ClaudeBot/1.0; +claudebot@anthropic.com)"
216.73.216.152 - - [26/Sep/2026:04:55:51 +0300] "GET /?path=%2Fvar%2Fwww%2Fvhosts%2Fprincessmare.com.gr%2Fhttpdocs%2Fwp-content%2Fplugins%2Fdt-the7-core%2Fassets%2Fjs HTTP/1.1" 200 8118 "-" "Mozilla/5.0 AppleWebKit/537.36 (KHTML, like Gecko; compatible; ClaudeBot/1.0; +claudebot@anthropic.com)"
216.73.216.152 - - [26/Sep/2026:04:55:51 +0300] "GET /?path=%2Fvar%2Fwww%2Fvhosts%2Fprincessmare.com.gr%2Fhttpdocs%2Fwp-content%2Fplugins%2Fdt-the7-core%2Fmods%2Fteam HTTP/1.1" 200 8207 "-" "Mozilla/5.0 AppleWebKit/537.36 (KHTML, like Gecko; compatible; ClaudeBot/1.0; +claudebot@anthropic.com)"
216.73.216.152 - - [26/Sep/2026:04:55:51 +0300] "GET /?fileloc=%2Fvar%2Fwww%2Fvhosts%2Fprincessmare.com.gr%2Fhttpdocs%2Fwp-content%2Fplugins%2Fpolylang%2Finstall%2Finstall-base.php&path=%2Fvar%2Fwww%2Fvhosts%2Fprincessmare.com.gr%2Fhttpdocs%2Fwp-content%2Fplugins%2Fpolylang%2Finstall HTTP/1.1" 200 8609 "-" "Mozilla/5.0 AppleWebKit/537.36 (KHTML, like Gecko; compatible; ClaudeBot/1.0; +claudebot@anthropic.com)"
216.73.216.152 - - [26/Sep/2026:04:55:51 +0300] "GET /?fileloc=%2Fvar%2Fwww%2Fvhosts%2Fprincessmare.com.gr%2Fhttpdocs%2Fwp-content%2Fplugins%2Fpolylang%2Finstall%2Finstall.php&path=%2Fvar%2Fwww%2Fvhosts%2Fprincessmare.com.gr%2Fhttpdocs%2Fwp-content%2Fplugins%2Fpolylang%2Finstall HTTP/1.1" 200 9108 "-" "Mozilla/5.0 AppleWebKit/537.36 (KHTML, like Gecko; compatible; ClaudeBot/1.0; +claudebot@anthropic.com)"
216.73.216.152 - - [26/Sep/2026:04:55:52 +0300] "GET /?fileloc=%2Fvar%2Fwww%2Fvhosts%2Fprincessmare.com.gr%2Fhttpdocs%2Fwp-content%2Fplugins%2Fwp-fastest-cache%2Fcss%2Ftoolbar.css&path=%2Fvar%2Fwww%2Fvhosts%2Fprincessmare.com.gr%2Fhttpdocs%2Fwp-content%2Fplugins%2Fwp-fastest-cache%2Fcss HTTP/1.1" 200 12490 "-" "Mozilla/5.0 AppleWebKit/537.36 (KHTML, like Gecko; compatible; ClaudeBot/1.0; +claudebot@anthropic.com)"
40.77.167.1 - - [26/Sep/2026:04:55:52 +0300] "GET /?sale/search/detail/?ITMCODE=d3e2x8t2e4r6o8u8s667 HTTP/1.1" 200 9016 "-" "Mozilla/5.0 AppleWebKit/537.36 (KHTML, like Gecko; compatible; bingbot/2.0; +http://www.bing.com/bingbot.htm) Chrome/116.0.1938.76 Safari/537.36"
216.73.216.152 - - [26/Sep/2026:04:55:52 +0300] "GET /?fileloc=%2Fvar%2Fwww%2Fvhosts%2Fprincessmare.com.gr%2Fhttpdocs%2Fwp-includes%2Fjs%2Fjquery%2Fui%2Feffect-explode.js&path=%2Fvar%2Fwww%2Fvhosts%2Fprincessmare.com.gr%2Fhttpdocs%2Fwp-includes%2Fjs%2Fjquery%2Fui HTTP/1.1" 200 9026 "-" "Mozilla/5.0 AppleWebKit/537.36 (KHTML, like Gecko; compatible; ClaudeBot/1.0; +claudebot@anthropic.com)"
216.73.216.152 - - [26/Sep/2026:04:55:52 +0300] "GET /?fileloc=%2Fvar%2Fwww%2Fvhosts%2Fprincessmare.com.gr%2Fhttpdocs%2Fwp-content%2Fplugins%2Fpolylang%2Fsettings%2Fsettings.php&path=%2Fvar%2Fwww%2Fvhosts%2Fprincessmare.com.gr%2Fhttpdocs%2Fwp-content%2Fplugins%2Fpolylang%2Fsettings HTTP/1.1" 200 11367 "-" "Mozilla/5.0 AppleWebKit/537.36 (KHTML, like Gecko; compatible; ClaudeBot/1.0; +claudebot@anthropic.com)"
216.73.216.152 - - [26/Sep/2026:04:55:52 +0300] "GET /?fileloc=%2Fvar%2Fwww%2Fvhosts%2Fprincessmare.com.gr%2Fhttpdocs%2Fwp-content%2Fplugins%2Fwordpress-seo%2Fadmin%2Fajax.php&path=%2Fvar%2Fwww%2Fvhosts%2Fprincessmare.com.gr%2Fhttpdocs%2Fwp-content%2Fplugins%2Fwordpress-seo%2Fadmin HTTP/1.1" 200 10150 "-" "Mozilla/5.0 AppleWebKit/537.36 (KHTML, like Gecko; compatible; ClaudeBot/1.0; +claudebot@anthropic.com)"
216.73.216.152 - - [26/Sep/2026:04:55:52 +0300] "GET /?fileloc=%2Fvar%2Fwww%2Fvhosts%2Fprincessmare.com.gr%2Fhttpdocs%2Fwp-includes%2Fcss%2Fdist%2Fblock-library%2Feditor-elements.css&path=%2Fvar%2Fwww%2Fvhosts%2Fprincessmare.com.gr%2Fhttpdocs%2Fwp-includes%2Fcss%2Fdist%2Fblock-library HTTP/1.1" 200 7772 "-" "Mozilla/5.0 AppleWebKit/537.36 (KHTML, like Gecko; compatible; ClaudeBot/1.0; +claudebot@anthropic.com)"
216.73.216.152 - - [26/Sep/2026:04:55:52 +0300] "GET /?fileloc=%2Fvar%2Fwww%2Fvhosts%2Fprincessmare.com.gr%2Fhttpdocs%2Fwp-includes%2FRequests%2Fsrc%2FResponse%2FHeaders.php&path=%2Fvar%2Fwww%2Fvhosts%2Fprincessmare.com.gr%2Fhttpdocs%2Fwp-includes%2FRequests%2Fsrc%2FResponse HTTP/1.1" 200 8701 "-" "Mozilla/5.0 AppleWebKit/537.36 (KHTML, like Gecko; compatible; ClaudeBot/1.0; +claudebot@anthropic.com)"
216.73.216.152 - - [26/Sep/2026:04:55:52 +0300] "GET /?fileloc=%2Fvar%2Fwww%2Fvhosts%2Fprincessmare.com.gr%2Fhttpdocs%2Fwp-content%2Fplugins%2Fwp-fastest-cache%2Fcss%2Fstyle.css&path=%2Fvar%2Fwww%2Fvhosts%2Fprincessmare.com.gr%2Fhttpdocs%2Fwp-content%2Fplugins%2Fwp-fastest-cache%2Fcss HTTP/1.1" 200 14882 "-" "Mozilla/5.0 AppleWebKit/537.36 (KHTML, like Gecko; compatible; ClaudeBot/1.0; +claudebot@anthropic.com)"
216.73.216.152 - - [26/Sep/2026:04:55:52 +0300] "GET /?fileloc=%2Fvar%2Fwww%2Fvhosts%2Fprincessmare.com.gr%2Fhttpdocs%2Fwp-includes%2FSimplePie%2Flibrary%2FSimplePie%2FParser.php&path=%2Fvar%2Fwww%2Fvhosts%2Fprincessmare.com.gr%2Fhttpdocs%2Fwp-includes%2FSimplePie%2Flibrary%2FSimplePie HTTP/1.1" 200 8020 "-" "Mozilla/5.0 AppleWebKit/537.36 (KHTML, like Gecko; compatible; ClaudeBot/1.0; +claudebot@anthropic.com)"
216.73.216.152 - - [26/Sep/2026:04:55:52 +0300] "GET /?fileloc=%2Fvar%2Fwww%2Fvhosts%2Fprincessmare.com.gr%2Fhttpdocs%2Fwp-includes%2Fjs%2Ftinymce%2Futils%2Feditable_selects.js&path=%2Fvar%2Fwww%2Fvhosts%2Fprincessmare.com.gr%2Fhttpdocs%2Fwp-includes%2Fjs%2Ftinymce%2Futils HTTP/1.1" 200 8487 "-" "Mozilla/5.0 AppleWebKit/537.36 (KHTML, like Gecko; compatible; ClaudeBot/1.0; +claudebot@anthropic.com)"
216.73.216.152 - - [26/Sep/2026:04:55:52 +0300] "GET /?fileloc=%2Fvar%2Fwww%2Fvhosts%2Fprincessmare.com.gr%2Fhttpdocs%2Fwp-includes%2Fcss%2Fdist%2Fedit-widgets%2Fstyle.css&path=%2Fvar%2Fwww%2Fvhosts%2Fprincessmare.com.gr%2Fhttpdocs%2Fwp-includes%2Fcss%2Fdist%2Fedit-widgets HTTP/1.1" 200 12425 "-" "Mozilla/5.0 AppleWebKit/537.36 (KHTML, like Gecko; compatible; ClaudeBot/1.0; +claudebot@anthropic.com)"
216.73.216.152 - - [26/Sep/2026:04:55:52 +0300] "GET /?path=%2Fvar%2Fwww%2Fvhosts%2Fprincessmare.com.gr%2Fhttpdocs%2Fwp-includes%2Fsodium_compat%2Fsrc%2FCore32%2FCurve25519 HTTP/1.1" 200 8238 "-" "Mozilla/5.0 AppleWebKit/537.36 (KHTML, like Gecko; compatible; ClaudeBot/1.0; +claudebot@anthropic.com)"
216.73.216.152 - - [26/Sep/2026:04:55:53 +0300] "GET /?fileloc=%2Fvar%2Fwww%2Fvhosts%2Fprincessmare.com.gr%2Fhttpdocs%2Fwp-content%2Fplugins%2Fwp-fastest-cache%2Fcss%2Fdialog.css&path=%2Fvar%2Fwww%2Fvhosts%2Fprincessmare.com.gr%2Fhttpdocs%2Fwp-content%2Fplugins%2Fwp-fastest-cache%2Fcss HTTP/1.1" 200 12639 "-" "Mozilla/5.0 AppleWebKit/537.36 (KHTML, like Gecko; compatible; ClaudeBot/1.0; +claudebot@anthropic.com)"
216.73.216.152 - - [26/Sep/2026:04:55:53 +0300] "GET /?fileloc=%2Fvar%2Fwww%2Fvhosts%2Fprincessmare.com.gr%2Fhttpdocs%2Fwp-content%2Fplugins%2Fwp-fastest-cache%2Fcss%2Fflaticon.css&path=%2Fvar%2Fwww%2Fvhosts%2Fprincessmare.com.gr%2Fhttpdocs%2Fwp-content%2Fplugins%2Fwp-fastest-cache%2Fcss HTTP/1.1" 200 8264 "-" "Mozilla/5.0 AppleWebKit/537.36 (KHTML, like Gecko; compatible; ClaudeBot/1.0; +claudebot@anthropic.com)"
216.73.216.152 - - [26/Sep/2026:04:55:53 +0300] "GET /?fileloc=%2Fvar%2Fwww%2Fvhosts%2Fprincessmare.com.gr%2Fhttpdocs%2Fwp-includes%2FSimplePie%2Flibrary%2FSimplePie%2FSanitize.php&path=%2Fvar%2Fwww%2Fvhosts%2Fprincessmare.com.gr%2Fhttpdocs%2Fwp-includes%2FSimplePie%2Flibrary%2FSimplePie HTTP/1.1" 200 8022 "-" "Mozilla/5.0 AppleWebKit/537.36 (KHTML, like Gecko; compatible; ClaudeBot/1.0; +claudebot@anthropic.com)"
216.73.216.152 - - [26/Sep/2026:04:55:53 +0300] "GET /?fileloc=%2Fvar%2Fwww%2Fvhosts%2Fprincessmare.com.gr%2Fhttpdocs%2Fwp-content%2Fplugins%2Fpolylang%2Finstall%2Fplugin-updater.php&path=%2Fvar%2Fwww%2Fvhosts%2Fprincessmare.com.gr%2Fhttpdocs%2Fwp-content%2Fplugins%2Fpolylang%2Finstall HTTP/1.1" 200 12860 "-" "Mozilla/5.0 AppleWebKit/537.36 (KHTML, like Gecko; compatible; ClaudeBot/1.0; +claudebot@anthropic.com)"
216.73.216.152 - - [26/Sep/2026:04:55:53 +0300] "GET /?fileloc=%2Fvar%2Fwww%2Fvhosts%2Fprincessmare.com.gr%2Fhttpdocs%2Fwp-includes%2Fcss%2Fdist%2Fedit-post%2Fstyle.min.css&path=%2Fvar%2Fwww%2Fvhosts%2Fprincessmare.com.gr%2Fhttpdocs%2Fwp-includes%2Fcss%2Fdist%2Fedit-post HTTP/1.1" 200 10938 "-" "Mozilla/5.0 AppleWebKit/537.36 (KHTML, like Gecko; compatible; ClaudeBot/1.0; +claudebot@anthropic.com)"
216.73.216.152 - - [26/Sep/2026:04:55:53 +0300] "GET /?fileloc=%2Fvar%2Fwww%2Fvhosts%2Fprincessmare.com.gr%2Fhttpdocs%2Fwp-includes%2Fcss%2Fdist%2Fedit-post%2Fstyle-rtl.css&path=%2Fvar%2Fwww%2Fvhosts%2Fprincessmare.com.gr%2Fhttpdocs%2Fwp-includes%2Fcss%2Fdist%2Fedit-post HTTP/1.1" 200 11071 "-" "Mozilla/5.0 AppleWebKit/537.36 (KHTML, like Gecko; compatible; ClaudeBot/1.0; +claudebot@anthropic.com)"
216.73.216.152 - - [26/Sep/2026:04:55:53 +0300] "GET /?fileloc=%2Fvar%2Fwww%2Fvhosts%2Fprincessmare.com.gr%2Fhttpdocs%2Fwp-includes%2Fcss%2Fdist%2Fpatterns%2Fstyle-rtl.min.css&path=%2Fvar%2Fwww%2Fvhosts%2Fprincessmare.com.gr%2Fhttpdocs%2Fwp-includes%2Fcss%2Fdist%2Fpatterns HTTP/1.1" 200 8354 "-" "Mozilla/5.0 AppleWebKit/537.36 (KHTML, like Gecko; compatible; ClaudeBot/1.0; +claudebot@anthropic.com)"
216.73.216.152 - - [26/Sep/2026:04:55:53 +0300] "GET /?fileloc=%2Fvar%2Fwww%2Fvhosts%2Fprincessmare.com.gr%2Fhttpdocs%2Fwp-includes%2Fcss%2Fdist%2Fedit-post%2Fclassic.min.css&path=%2Fvar%2Fwww%2Fvhosts%2Fprincessmare.com.gr%2Fhttpdocs%2Fwp-includes%2Fcss%2Fdist%2Fedit-post HTTP/1.1" 200 8109 "-" "Mozilla/5.0 AppleWebKit/537.36 (KHTML, like Gecko; compatible; ClaudeBot/1.0; +claudebot@anthropic.com)"
216.73.216.152 - - [26/Sep/2026:04:55:53 +0300] "GET /?fileloc=%2Fvar%2Fwww%2Fvhosts%2Fprincessmare.com.gr%2Fhttpdocs%2Fwp-content%2Fplugins%2FUltimate_VC_Addons%2Fadmin%2Fbsf.yml&path=%2Fvar%2Fwww%2Fvhosts%2Fprincessmare.com.gr%2Fhttpdocs%2Fwp-content%2Fplugins%2FUltimate_VC_Addons%2Fadmin HTTP/1.1" 200 7744 "-" "Mozilla/5.0 AppleWebKit/537.36 (KHTML, like Gecko; compatible; ClaudeBot/1.0; +claudebot@anthropic.com)"
216.73.216.152 - - [26/Sep/2026:04:55:53 +0300] "GET /?fileloc=%2Fvar%2Fwww%2Fvhosts%2Fprincessmare.com.gr%2Fhttpdocs%2Fwp-includes%2FSimplePie%2Flibrary%2FSimplePie%2FCaption.php&path=%2Fvar%2Fwww%2Fvhosts%2Fprincessmare.com.gr%2Fhttpdocs%2Fwp-includes%2FSimplePie%2Flibrary%2FSimplePie HTTP/1.1" 200 8019 "-" "Mozilla/5.0 AppleWebKit/537.36 (KHTML, like Gecko; compatible; ClaudeBot/1.0; +claudebot@anthropic.com)"
216.73.216.152 - - [26/Sep/2026:04:55:53 +0300] "GET /.github/poc.png?path=%2Fvar%2Fwww%2Fvhosts HTTP/1.1" 200 7695 "-" "Mozilla/5.0 AppleWebKit/537.36 (KHTML, like Gecko; compatible; ClaudeBot/1.0; +claudebot@anthropic.com)"
216.73.216.152 - - [26/Sep/2026:04:55:54 +0300] "GET /?fileloc=%2Fvar%2Fwww%2Fvhosts%2Fprincessmare.com.gr%2Fhttpdocs%2Fwp-includes%2Fcss%2Fdist%2Fedit-post%2Fclassic-rtl.css&path=%2Fvar%2Fwww%2Fvhosts%2Fprincessmare.com.gr%2Fhttpdocs%2Fwp-includes%2Fcss%2Fdist%2Fedit-post HTTP/1.1" 200 8104 "-" "Mozilla/5.0 AppleWebKit/537.36 (KHTML, like Gecko; compatible; ClaudeBot/1.0; +claudebot@anthropic.com)"
216.73.216.152 - - [26/Sep/2026:04:55:54 +0300] "GET /?fileloc=%2Fvar%2Fwww%2Fvhosts%2Fprincessmare.com.gr%2Fhttpdocs%2Fwp-includes%2Fcss%2Fdist%2Fcomponents%2Fstyle.css&path=%2Fvar%2Fwww%2Fvhosts%2Fprincessmare.com.gr%2Fhttpdocs%2Fwp-includes%2Fcss%2Fdist%2Fcomponents HTTP/1.1" 200 22547 "-" "Mozilla/5.0 AppleWebKit/537.36 (KHTML, like Gecko; compatible; ClaudeBot/1.0; +claudebot@anthropic.com)"
216.73.216.152 - - [26/Sep/2026:04:55:54 +0300] "GET /?fileloc=%2Fvar%2Fwww%2Fvhosts%2Fprincessmare.com.gr%2Fhttpdocs%2Fwp-includes%2FSimplePie%2Flibrary%2FSimplePie%2FAuthor.php&path=%2Fvar%2Fwww%2Fvhosts%2Fprincessmare.com.gr%2Fhttpdocs%2Fwp-includes%2FSimplePie%2Flibrary%2FSimplePie HTTP/1.1" 200 8019 "-" "Mozilla/5.0 AppleWebKit/537.36 (KHTML, like Gecko; compatible; ClaudeBot/1.0; +claudebot@anthropic.com)"
216.73.216.152 - - [26/Sep/2026:04:55:54 +0300] "GET /?fileloc=%2Fvar%2Fwww%2Fvhosts%2Fprincessmare.com.gr%2Fhttpdocs%2Fwp-includes%2FSimplePie%2Flibrary%2FSimplePie%2Fgzdecode.php&path=%2Fvar%2Fwww%2Fvhosts%2Fprincessmare.com.gr%2Fhttpdocs%2Fwp-includes%2FSimplePie%2Flibrary%2FSimplePie HTTP/1.1" 200 8023 "-" "Mozilla/5.0 AppleWebKit/537.36 (KHTML, like Gecko; compatible; ClaudeBot/1.0; +claudebot@anthropic.com)"
216.73.216.152 - - [26/Sep/2026:04:55:54 +0300] "GET /?fileloc=%2Fvar%2Fwww%2Fvhosts%2Fprincessmare.com.gr%2Fhttpdocs%2Fwp-includes%2Fjs%2Fjquery%2Fui%2Feffect-explode.min.js&path=%2Fvar%2Fwww%2Fvhosts%2Fprincessmare.com.gr%2Fhttpdocs%2Fwp-includes%2Fjs%2Fjquery%2Fui HTTP/1.1" 200 8396 "-" "Mozilla/5.0 AppleWebKit/537.36 (KHTML, like Gecko; compatible; ClaudeBot/1.0; +claudebot@anthropic.com)"
216.73.216.152 - - [26/Sep/2026:04:55:54 +0300] "GET /?fileloc=%2Fvar%2Fwww%2Fvhosts%2Fprincessmare.com.gr%2Fhttpdocs%2Fwp-content%2Fplugins%2Fwp-fastest-cache%2Fcss%2Findex.html&path=%2Fvar%2Fwww%2Fvhosts%2Fprincessmare.com.gr%2Fhttpdocs%2Fwp-content%2Fplugins%2Fwp-fastest-cache%2Fcss HTTP/1.1" 200 7739 "-" "Mozilla/5.0 AppleWebKit/537.36 (KHTML, like Gecko; compatible; ClaudeBot/1.0; +claudebot@anthropic.com)"
216.73.216.152 - - [26/Sep/2026:04:55:54 +0300] "GET /?fileloc=%2Fvar%2Fwww%2Fvhosts%2Fprincessmare.com.gr%2Fhttpdocs%2Fwp-content%2Fplugins%2Fpolylang%2Fsettings%2Fview-about.php&path=%2Fvar%2Fwww%2Fvhosts%2Fprincessmare.com.gr%2Fhttpdocs%2Fwp-content%2Fplugins%2Fpolylang%2Fsettings HTTP/1.1" 200 8191 "-" "Mozilla/5.0 AppleWebKit/537.36 (KHTML, like Gecko; compatible; ClaudeBot/1.0; +claudebot@anthropic.com)"
216.73.216.152 - - [26/Sep/2026:04:55:54 +0300] "GET /?fileloc=%2Fvar%2Fwww%2Fvhosts%2Fprincessmare.com.gr%2Fhttpdocs%2Fwp-content%2Fplugins%2Fpolylang%2Fsettings%2Fsettings-cpt.php&path=%2Fvar%2Fwww%2Fvhosts%2Fprincessmare.com.gr%2Fhttpdocs%2Fwp-content%2Fplugins%2Fpolylang%2Fsettings HTTP/1.1" 200 8952 "-" "Mozilla/5.0 AppleWebKit/537.36 (KHTML, like Gecko; compatible; ClaudeBot/1.0; +claudebot@anthropic.com)"
216.73.216.152 - - [26/Sep/2026:04:55:54 +0300] "GET /?path=%2Fvar%2Fwww%2Fvhosts%2Fprincessmare.com.gr%2Fhttpdocs%2Fxpl2026%2FCVE-2026-41651%2F.git%2Fobjects%2Fpack HTTP/1.1" 200 8158 "-" "Mozilla/5.0 AppleWebKit/537.36 (KHTML, like Gecko; compatible; ClaudeBot/1.0; +claudebot@anthropic.com)"
216.73.216.152 - - [26/Sep/2026:04:55:54 +0300] "GET /?fileloc=%2Fvar%2Fwww%2Fvhosts%2Fprincessmare.com.gr%2Fhttpdocs%2Fwp-includes%2Fsodium_compat%2Fsrc%2FCore%2FSipHash.php&path=%2Fvar%2Fwww%2Fvhosts%2Fprincessmare.com.gr%2Fhttpdocs%2Fwp-includes%2Fsodium_compat%2Fsrc%2FCore HTTP/1.1" 200 9740 "-" "Mozilla/5.0 AppleWebKit/537.36 (KHTML, like Gecko; compatible; ClaudeBot/1.0; +claudebot@anthropic.com)"
216.73.216.152 - - [26/Sep/2026:04:55:54 +0300] "GET /?fileloc=%2Fvar%2Fwww%2Fvhosts%2Fprincessmare.com.gr%2Fhttpdocs%2Fwp-content%2Fplugins%2Fpolylang%2Fsettings%2Fsettings-url.php&path=%2Fvar%2Fwww%2Fvhosts%2Fprincessmare.com.gr%2Fhttpdocs%2Fwp-content%2Fplugins%2Fpolylang%2Fsettings HTTP/1.1" 200 10180 "-" "Mozilla/5.0 AppleWebKit/537.36 (KHTML, like Gecko; compatible; ClaudeBot/1.0; +claudebot@anthropic.com)"
216.73.216.152 - - [26/Sep/2026:04:55:55 +0300] "GET /?fileloc=%2Fvar%2Fwww%2Fvhosts%2Fprincessmare.com.gr%2Fhttpdocs%2Fwp-includes%2Fcss%2Fdist%2Fedit-site%2Fposts.css&path=%2Fvar%2Fwww%2Fvhosts%2Fprincessmare.com.gr%2Fhttpdocs%2Fwp-includes%2Fcss%2Fdist%2Fedit-site HTTP/1.1" 200 18195 "-" "Mozilla/5.0 AppleWebKit/537.36 (KHTML, like Gecko; compatible; ClaudeBot/1.0; +claudebot@anthropic.com)"
52.167.144.204 - - [26/Sep/2026:04:55:55 +0300] "GET /?sale/search/detail/?ITMCODE=h0y3p4o8t3h1e0t0i7c1a4l HTTP/1.1" 200 9016 "-" "Mozilla/5.0 AppleWebKit/537.36 (KHTML, like Gecko; compatible; bingbot/2.0; +http://www.bing.com/bingbot.htm) Chrome/116.0.1938.76 Safari/537.36"
52.167.144.204 - - [26/Sep/2026:04:55:55 +0300] "GET /?sale/search/detail/?ITMCODE=b5u1r4l1e9s4q6u2i7n5g4 HTTP/1.1" 200 9016 "-" "Mozilla/5.0 AppleWebKit/537.36 (KHTML, like Gecko; compatible; bingbot/2.0; +http://www.bing.com/bingbot.htm) Chrome/116.0.1938.76 Safari/537.36"
66.249.66.75 - - [26/Sep/2026:04:55:55 +0300] "GET /?sale/search/detail/?ITMCODE=i3n1t0e6r2m1a0n7d6i9b0ular HTTP/1.1" 200 9016 "-" "Mozilla/5.0 (Linux; Android 6.0.1; Nexus 5X Build/MMB29P) AppleWebKit/537.36 (KHTML, like Gecko) Chrome/153.0.8010.52 Mobile Safari/537.36 (compatible; Googlebot/2.1; +http://www.google.com/bot.html)"
52.167.144.204 - - [26/Sep/2026:04:55:55 +0300] "GET /?sale/search/detail/?ITMCODE=e2f2f7e8r3v6e5s2c7e8n4cy HTTP/1.1" 200 9016 "-" "Mozilla/5.0 AppleWebKit/537.36 (KHTML, like Gecko; compatible; bingbot/2.0; +http://www.bing.com/bingbot.htm) Chrome/116.0.1938.76 Safari/537.36"
52.167.144.204 - - [26/Sep/2026:04:55:55 +0300] "GET /?sale/search/detail/?ITMCODE=c2o7s6m9o3s6p8h7e0r0e HTTP/1.1" 200 9016 "-" "Mozilla/5.0 AppleWebKit/537.36 (KHTML, like Gecko; compatible; bingbot/2.0; +http://www.bing.com/bingbot.htm) Chrome/116.0.1938.76 Safari/537.36"
52.167.144.204 - - [26/Sep/2026:04:55:55 +0300] "GET /?sale/search/detail/?ITMCODE=t8e2n4t6e1r5h1o3o4k1s1 HTTP/1.1" 200 9016 "-" "Mozilla/5.0 AppleWebKit/537.36 (KHTML, like Gecko; compatible; bingbot/2.0; +http://www.bing.com/bingbot.htm) Chrome/116.0.1938.76 Safari/537.36"
52.167.144.204 - - [26/Sep/2026:04:55:55 +0300] "GET /?sale/search/detail/?ITMCODE=d7i1s3q9u2a6l0i5f5y7i9ng HTTP/1.1" 200 9016 "-" "Mozilla/5.0 AppleWebKit/537.36 (KHTML, like Gecko; compatible; bingbot/2.0; +http://www.bing.com/bingbot.htm) Chrome/116.0.1938.76 Safari/537.36"
52.167.144.204 - - [26/Sep/2026:04:55:55 +0300] "GET /?sale/search/detail/?ITMCODE=s1q2u6a6m7o0s4a7l587 HTTP/1.1" 200 9016 "-" "Mozilla/5.0 AppleWebKit/537.36 (KHTML, like Gecko; compatible; bingbot/2.0; +http://www.bing.com/bingbot.htm) Chrome/116.0.1938.76 Safari/537.36"
52.167.144.204 - - [26/Sep/2026:04:55:56 +0300] "GET /?sale/search/detail/?ITMCODE=w0e3a9t4h6e7r8w4o4r4n2 HTTP/1.1" 200 9016 "-" "Mozilla/5.0 AppleWebKit/537.36 (KHTML, like Gecko; compatible; bingbot/2.0; +http://www.bing.com/bingbot.htm) Chrome/116.0.1938.76 Safari/537.36"
52.167.144.204 - - [26/Sep/2026:04:55:56 +0300] "GET /?sale/search/detail/?ITMCODE=m0u3l0t8i9v9a4l0e0n8c0e HTTP/1.1" 200 9016 "-" "Mozilla/5.0 AppleWebKit/537.36 (KHTML, like Gecko; compatible; bingbot/2.0; +http://www.bing.com/bingbot.htm) Chrome/116.0.1938.76 Safari/537.36"
52.167.144.204 - - [26/Sep/2026:04:55:56 +0300] "GET /?sale/search/detail/?ITMCODE=d5y2n0a5m2i5z3a4t4i7o0n HTTP/1.1" 200 9016 "-" "Mozilla/5.0 AppleWebKit/537.36 (KHTML, like Gecko; compatible; bingbot/2.0; +http://www.bing.com/bingbot.htm) Chrome/116.0.1938.76 Safari/537.36"
