40.77.167.14 - - [26/Sep/2026:04:36:50 +0300] "GET /?sale/search/detail/?ITMCODE=l0i2n7c9o2l2n5e9n5s2i2s HTTP/1.1" 200 9016 "-" "Mozilla/5.0 AppleWebKit/537.36 (KHTML, like Gecko; compatible; bingbot/2.0; +http://www.bing.com/bingbot.htm) Chrome/116.0.1938.76 Safari/537.36"
40.77.167.14 - - [26/Sep/2026:04:36:50 +0300] "GET /?sale/search/detail/?ITMCODE=r6e2g7l0e8m4e9n6t3a0r4y HTTP/1.1" 200 9016 "-" "Mozilla/5.0 AppleWebKit/537.36 (KHTML, like Gecko; compatible; bingbot/2.0; +http://www.bing.com/bingbot.htm) Chrome/116.0.1938.76 Safari/537.36"
40.77.167.14 - - [26/Sep/2026:04:36:50 +0300] "GET /?sale/search/detail/?ITMCODE=i6m1m5o2d3e3r3a6t4e92 HTTP/1.1" 200 9016 "-" "Mozilla/5.0 AppleWebKit/537.36 (KHTML, like Gecko; compatible; bingbot/2.0; +http://www.bing.com/bingbot.htm) Chrome/116.0.1938.76 Safari/537.36"
40.77.167.14 - - [26/Sep/2026:04:36:50 +0300] "GET /?sale/search/detail/?ITMCODE=i5s1r6a8e8l4i5t1i6c70 HTTP/1.1" 200 9016 "-" "Mozilla/5.0 AppleWebKit/537.36 (KHTML, like Gecko; compatible; bingbot/2.0; +http://www.bing.com/bingbot.htm) Chrome/116.0.1938.76 Safari/537.36"
40.77.167.14 - - [26/Sep/2026:04:36:50 +0300] "GET /?sale/search/detail/?ITMCODE=d8i3s1j5u0n1c2t3u0r6e0 HTTP/1.1" 200 9016 "-" "Mozilla/5.0 AppleWebKit/537.36 (KHTML, like Gecko; compatible; bingbot/2.0; +http://www.bing.com/bingbot.htm) Chrome/116.0.1938.76 Safari/537.36"
66.249.66.34 - - [26/Sep/2026:04:36:52 +0300] "GET /?sale/search/detail/?ITMCODE=l1i4g2h2t2e3m2i9t4t4i5ng HTTP/1.1" 200 9016 "-" "Mozilla/5.0 (Linux; Android 6.0.1; Nexus 5X Build/MMB29P) AppleWebKit/537.36 (KHTML, like Gecko) Chrome/153.0.8010.52 Mobile Safari/537.36 (compatible; Googlebot/2.1; +http://www.google.com/bot.html)"
66.249.66.33 - - [26/Sep/2026:04:36:52 +0300] "GET /robots.txt HTTP/1.1" 200 9016 "-" "Mozilla/5.0 (compatible; Googlebot/2.1; +http://www.google.com/bot.html)"
52.167.144.221 - - [26/Sep/2026:04:36:56 +0300] "GET /?sale/search/detail/?ITMCODE=a7t1l7a6n2t7i2d4e1s19 HTTP/1.1" 200 9016 "-" "Mozilla/5.0 AppleWebKit/537.36 (KHTML, like Gecko; compatible; bingbot/2.0; +http://www.bing.com/bingbot.htm) Chrome/116.0.1938.76 Safari/537.36"
52.167.144.221 - - [26/Sep/2026:04:36:57 +0300] "GET /?sale/search/detail/?ITMCODE=a0p3p9e0t6e2n4c2e160 HTTP/1.1" 200 9016 "-" "Mozilla/5.0 AppleWebKit/537.36 (KHTML, like Gecko; compatible; bingbot/2.0; +http://www.bing.com/bingbot.htm) Chrome/116.0.1938.76 Safari/537.36"
52.167.144.221 - - [26/Sep/2026:04:36:57 +0300] "GET /?sale/search/detail/?ITMCODE=m8e1a5n7n3e6s1s7143 HTTP/1.1" 200 9016 "-" "Mozilla/5.0 AppleWebKit/537.36 (KHTML, like Gecko; compatible; bingbot/2.0; +http://www.bing.com/bingbot.htm) Chrome/116.0.1938.76 Safari/537.36"
52.167.144.221 - - [26/Sep/2026:04:36:57 +0300] "GET /?sale/search/detail/?ITMCODE=p5h3a5l3a7n0g7i8s5t5i3ne HTTP/1.1" 200 9016 "-" "Mozilla/5.0 AppleWebKit/537.36 (KHTML, like Gecko; compatible; bingbot/2.0; +http://www.bing.com/bingbot.htm) Chrome/116.0.1938.76 Safari/537.36"
52.167.144.221 - - [26/Sep/2026:04:36:57 +0300] "GET /?sale/search/detail/?ITMCODE=s9u2b3l7i6m2e6s7t717 HTTP/1.1" 200 9016 "-" "Mozilla/5.0 AppleWebKit/537.36 (KHTML, like Gecko; compatible; bingbot/2.0; +http://www.bing.com/bingbot.htm) Chrome/116.0.1938.76 Safari/537.36"
66.249.66.75 - - [26/Sep/2026:04:36:59 +0300] "GET /?sale/search/detail/?ITMCODE=h7e3m8i6c7r6a2n6y065 HTTP/1.1" 200 9016 "-" "Mozilla/5.0 (Linux; Android 6.0.1; Nexus 5X Build/MMB29P) AppleWebKit/537.36 (KHTML, like Gecko) Chrome/153.0.8010.52 Mobile Safari/537.36 (compatible; Googlebot/2.1; +http://www.google.com/bot.html)"
114.119.135.166 - - [26/Sep/2026:04:37:00 +0300] "GET /sitemap189.xml HTTP/1.1" 200 9016 "-" "Mozilla/5.0 (Linux; Android 7.0;) AppleWebKit/537.36 (KHTML, like Gecko) Mobile Safari/537.36 (compatible; PetalBot;+https://webmaster.petalsearch.com/site/petalbot)"
57.141.20.7 - - [26/Sep/2026:04:37:01 +0300] "GET /?sale/search/detail/?ITMCODE=d1u1t8e7o9u4s1918 HTTP/1.1" 200 9016 "-" "Mozilla/5.0 (Windows NT 10.0; Win64; x64) AppleWebKit/537.36 (KHTML, like Gecko) Chrome/145.0.0.0 Safari/537.36 (compatible; meta-externalagent/1.1 (+https://developers.facebook.com/docs/sharing/webmasters/crawler))"
52.167.144.176 - - [26/Sep/2026:04:37:01 +0300] "GET /?sale/search/detail/?ITMCODE=i7o6d2o9t6h1y4r8i7n3 HTTP/1.1" 200 9016 "-" "Mozilla/5.0 AppleWebKit/537.36 (KHTML, like Gecko; compatible; bingbot/2.0; +http://www.bing.com/bingbot.htm) Chrome/116.0.1938.76 Safari/537.36"
52.167.144.176 - - [26/Sep/2026:04:37:01 +0300] "GET /?sale/search/detail/?ITMCODE=d2i7n3o1s6a6u7r8i6a7 HTTP/1.1" 200 9016 "-" "Mozilla/5.0 AppleWebKit/537.36 (KHTML, like Gecko; compatible; bingbot/2.0; +http://www.bing.com/bingbot.htm) Chrome/116.0.1938.76 Safari/537.36"
52.167.144.176 - - [26/Sep/2026:04:37:01 +0300] "GET /?sale/search/detail/?ITMCODE=r5e2g3u8r3g2i3t2a7t5e0 HTTP/1.1" 200 9016 "-" "Mozilla/5.0 AppleWebKit/537.36 (KHTML, like Gecko; compatible; bingbot/2.0; +http://www.bing.com/bingbot.htm) Chrome/116.0.1938.76 Safari/537.36"
52.167.144.176 - - [26/Sep/2026:04:37:01 +0300] "GET /?sale/search/detail/?ITMCODE=h2o2r6o2l0o8g3i7o6g2r9aphic HTTP/1.1" 200 9016 "-" "Mozilla/5.0 AppleWebKit/537.36 (KHTML, like Gecko; compatible; bingbot/2.0; +http://www.bing.com/bingbot.htm) Chrome/116.0.1938.76 Safari/537.36"
52.167.144.176 - - [26/Sep/2026:04:37:06 +0300] "GET /?sale/search/detail/?ITMCODE=s5w1a9r0t5h7i6e1s5t06 HTTP/1.1" 200 9016 "-" "Mozilla/5.0 AppleWebKit/537.36 (KHTML, like Gecko; compatible; bingbot/2.0; +http://www.bing.com/bingbot.htm) Chrome/116.0.1938.76 Safari/537.36"
52.167.144.176 - - [26/Sep/2026:04:37:07 +0300] "GET /?sale/search/detail/?ITMCODE=i7n2t4e8m8p2e5r6a6t3e1ness HTTP/1.1" 200 9016 "-" "Mozilla/5.0 AppleWebKit/537.36 (KHTML, like Gecko; compatible; bingbot/2.0; +http://www.bing.com/bingbot.htm) Chrome/116.0.1938.76 Safari/537.36"
52.167.144.176 - - [26/Sep/2026:04:37:07 +0300] "GET /?sale/search/detail/?ITMCODE=u3m7b4e1l6l8a3t5e10 HTTP/1.1" 200 9016 "-" "Mozilla/5.0 AppleWebKit/537.36 (KHTML, like Gecko; compatible; bingbot/2.0; +http://www.bing.com/bingbot.htm) Chrome/116.0.1938.76 Safari/537.36"
52.167.144.176 - - [26/Sep/2026:04:37:07 +0300] "GET /?sale/search/detail/?ITMCODE=u2n1d4e8r7s8h9r3i2e9v1alty HTTP/1.1" 200 9016 "-" "Mozilla/5.0 AppleWebKit/537.36 (KHTML, like Gecko; compatible; bingbot/2.0; +http://www.bing.com/bingbot.htm) Chrome/116.0.1938.76 Safari/537.36"
57.141.20.13 - - [26/Sep/2026:04:37:08 +0300] "GET /?sale/search/detail/?ITMCODE=f1o2s2s1u3l2a1t4e107 HTTP/1.1" 200 9016 "-" "Mozilla/5.0 (Windows NT 10.0; Win64; x64) AppleWebKit/537.36 (KHTML, like Gecko) Chrome/145.0.0.0 Safari/537.36 (compatible; meta-externalagent/1.1 (+https://developers.facebook.com/docs/sharing/webmasters/crawler))"
40.77.167.14 - - [26/Sep/2026:04:37:11 +0300] "GET /?sale/search/detail/?ITMCODE=p4r6o1v6i9s9i1o4n8a0ry HTTP/1.1" 200 9016 "-" "Mozilla/5.0 AppleWebKit/537.36 (KHTML, like Gecko; compatible; bingbot/2.0; +http://www.bing.com/bingbot.htm) Chrome/116.0.1938.76 Safari/537.36"
40.77.167.14 - - [26/Sep/2026:04:37:11 +0300] "GET /?sale/search/detail/?ITMCODE=p4n4e0u6m0o3g8a7s3t3r6ic HTTP/1.1" 200 9016 "-" "Mozilla/5.0 AppleWebKit/537.36 (KHTML, like Gecko; compatible; bingbot/2.0; +http://www.bing.com/bingbot.htm) Chrome/116.0.1938.76 Safari/537.36"
40.77.167.14 - - [26/Sep/2026:04:37:11 +0300] "GET /?sale/search/detail/?ITMCODE=c2h1r4i6s0t9i7a1n6i1z5ation HTTP/1.1" 200 9016 "-" "Mozilla/5.0 AppleWebKit/537.36 (KHTML, like Gecko; compatible; bingbot/2.0; +http://www.bing.com/bingbot.htm) Chrome/116.0.1938.76 Safari/537.36"
40.77.167.14 - - [26/Sep/2026:04:37:11 +0300] "GET /?sale/search/detail/?ITMCODE=c2l1o1u7d7c4o6m0p3e5l1ler HTTP/1.1" 200 9016 "-" "Mozilla/5.0 AppleWebKit/537.36 (KHTML, like Gecko; compatible; bingbot/2.0; +http://www.bing.com/bingbot.htm) Chrome/116.0.1938.76 Safari/537.36"
40.77.167.14 - - [26/Sep/2026:04:37:11 +0300] "GET /?sale/search/detail/?ITMCODE=c6i6r7c4u0m9v9o1l0u7tion HTTP/1.1" 200 9016 "-" "Mozilla/5.0 AppleWebKit/537.36 (KHTML, like Gecko; compatible; bingbot/2.0; +http://www.bing.com/bingbot.htm) Chrome/116.0.1938.76 Safari/537.36"
66.249.66.75 - - [26/Sep/2026:04:37:13 +0300] "GET /?sale/search/detail/?ITMCODE=d7a2u6g3h8t0r6e6n036 HTTP/1.1" 200 9016 "-" "Mozilla/5.0 (Linux; Android 6.0.1; Nexus 5X Build/MMB29P) AppleWebKit/537.36 (KHTML, like Gecko) Chrome/153.0.8010.52 Mobile Safari/537.36 (compatible; Googlebot/2.1; +http://www.google.com/bot.html)"
66.249.66.75 - - [26/Sep/2026:04:37:14 +0300] "GET /?sale/search/detail/?ITMCODE=c0a1l6c1u4l4e82504 HTTP/1.1" 200 9016 "-" "Mozilla/5.0 (Linux; Android 6.0.1; Nexus 5X Build/MMB29P) AppleWebKit/537.36 (KHTML, like Gecko) Chrome/153.0.8010.52 Mobile Safari/537.36 (compatible; Googlebot/2.1; +http://www.google.com/bot.html)"
52.167.144.176 - - [26/Sep/2026:04:37:17 +0300] "GET /?sale/search/detail/?ITMCODE=i7n2e9l2o8q6u6e9n1t8l6y HTTP/1.1" 200 9016 "-" "Mozilla/5.0 AppleWebKit/537.36 (KHTML, like Gecko; compatible; bingbot/2.0; +http://www.bing.com/bingbot.htm) Chrome/116.0.1938.76 Safari/537.36"
52.167.144.176 - - [26/Sep/2026:04:37:17 +0300] "GET /?sale/search/detail/?ITMCODE=c1a2p3s0u5l5i3t6i8s80 HTTP/1.1" 200 9016 "-" "Mozilla/5.0 AppleWebKit/537.36 (KHTML, like Gecko; compatible; bingbot/2.0; +http://www.bing.com/bingbot.htm) Chrome/116.0.1938.76 Safari/537.36"
52.167.144.176 - - [26/Sep/2026:04:37:17 +0300] "GET /?sale/search/detail/?ITMCODE=e5l1e3c4t5r8i3z6a5t1i4on HTTP/1.1" 200 9016 "-" "Mozilla/5.0 AppleWebKit/537.36 (KHTML, like Gecko; compatible; bingbot/2.0; +http://www.bing.com/bingbot.htm) Chrome/116.0.1938.76 Safari/537.36"
40.77.167.14 - - [26/Sep/2026:04:37:21 +0300] "GET /?sale/search/detail/?ITMCODE=p3a1t7r0o3n9i2z6e9d07 HTTP/1.1" 200 9016 "-" "Mozilla/5.0 AppleWebKit/537.36 (KHTML, like Gecko; compatible; bingbot/2.0; +http://www.bing.com/bingbot.htm) Chrome/116.0.1938.76 Safari/537.36"
40.77.167.14 - - [26/Sep/2026:04:37:21 +0300] "GET /?sale/search/detail/?ITMCODE=a4p7p9l0e3j0o6h6n65 HTTP/1.1" 200 9016 "-" "Mozilla/5.0 AppleWebKit/537.36 (KHTML, like Gecko; compatible; bingbot/2.0; +http://www.bing.com/bingbot.htm) Chrome/116.0.1938.76 Safari/537.36"
40.77.167.14 - - [26/Sep/2026:04:37:22 +0300] "GET /?sale/search/detail/?ITMCODE=m1e1t1o2p7o9s3c0o6p9i3c HTTP/1.1" 200 9016 "-" "Mozilla/5.0 AppleWebKit/537.36 (KHTML, like Gecko; compatible; bingbot/2.0; +http://www.bing.com/bingbot.htm) Chrome/116.0.1938.76 Safari/537.36"
66.249.66.76 - - [26/Sep/2026:04:37:22 +0300] "GET /?sale/search/detail/?ITMCODE=s8e4r1r9a1t0a18935 HTTP/1.1" 200 9016 "-" "Mozilla/5.0 (Linux; Android 6.0.1; Nexus 5X Build/MMB29P) AppleWebKit/537.36 (KHTML, like Gecko) Chrome/153.0.8010.52 Mobile Safari/537.36 (compatible; Googlebot/2.1; +http://www.google.com/bot.html)"
52.167.144.221 - - [26/Sep/2026:04:37:27 +0300] "GET /?sale/search/detail/?ITMCODE=t1r2i8u9m3v4i1r0s01 HTTP/1.1" 200 9016 "-" "Mozilla/5.0 AppleWebKit/537.36 (KHTML, like Gecko; compatible; bingbot/2.0; +http://www.bing.com/bingbot.htm) Chrome/116.0.1938.76 Safari/537.36"
52.167.144.221 - - [26/Sep/2026:04:37:27 +0300] "GET /?sale/search/detail/?ITMCODE=c2a2l8a7n8d7r0i0n4i7a5 HTTP/1.1" 200 9016 "-" "Mozilla/5.0 AppleWebKit/537.36 (KHTML, like Gecko; compatible; bingbot/2.0; +http://www.bing.com/bingbot.htm) Chrome/116.0.1938.76 Safari/537.36"
52.167.144.221 - - [26/Sep/2026:04:37:27 +0300] "GET /?sale/search/detail/?ITMCODE=t1r1i5a7c5a3n6t4h3u5s0 HTTP/1.1" 200 9016 "-" "Mozilla/5.0 AppleWebKit/537.36 (KHTML, like Gecko; compatible; bingbot/2.0; +http://www.bing.com/bingbot.htm) Chrome/116.0.1938.76 Safari/537.36"
52.167.144.221 - - [26/Sep/2026:04:37:27 +0300] "GET /?sale/search/detail/?ITMCODE=t7e3r0r6e3s7t8r5i0a4l5ly HTTP/1.1" 200 9016 "-" "Mozilla/5.0 AppleWebKit/537.36 (KHTML, like Gecko; compatible; bingbot/2.0; +http://www.bing.com/bingbot.htm) Chrome/116.0.1938.76 Safari/537.36"
52.167.144.221 - - [26/Sep/2026:04:37:27 +0300] "GET /?sale/search/detail/?ITMCODE=i7m2p4e1t6u1o6u8s3l8y8 HTTP/1.1" 200 9016 "-" "Mozilla/5.0 AppleWebKit/537.36 (KHTML, like Gecko; compatible; bingbot/2.0; +http://www.bing.com/bingbot.htm) Chrome/116.0.1938.76 Safari/537.36"
40.77.167.14 - - [26/Sep/2026:04:37:29 +0300] "GET /?sale/search/detail/?ITMCODE=a5f3t0e8r7s3e0n1s0a4t1ion HTTP/1.1" 200 9016 "-" "Mozilla/5.0 AppleWebKit/537.36 (KHTML, like Gecko; compatible; bingbot/2.0; +http://www.bing.com/bingbot.htm) Chrome/116.0.1938.76 Safari/537.36"
52.167.144.221 - - [26/Sep/2026:04:37:31 +0300] "GET /?sale/search/detail/?ITMCODE=p0a1s5i6g9r9a6p7h0i7c8ala HTTP/1.1" 200 9016 "-" "Mozilla/5.0 AppleWebKit/537.36 (KHTML, like Gecko; compatible; bingbot/2.0; +http://www.bing.com/bingbot.htm) Chrome/116.0.1938.76 Safari/537.36"
52.167.144.176 - - [26/Sep/2026:04:37:31 +0300] "GET /?sale/search/detail/?ITMCODE=i4s2o5b5a2r5i4s6m776 HTTP/1.1" 200 9016 "-" "Mozilla/5.0 AppleWebKit/537.36 (KHTML, like Gecko; compatible; bingbot/2.0; +http://www.bing.com/bingbot.htm) Chrome/116.0.1938.76 Safari/537.36"
52.167.144.176 - - [26/Sep/2026:04:37:31 +0300] "GET /?sale/search/detail/?ITMCODE=b3e2m2a6u2l616010 HTTP/1.1" 200 9016 "-" "Mozilla/5.0 AppleWebKit/537.36 (KHTML, like Gecko; compatible; bingbot/2.0; +http://www.bing.com/bingbot.htm) Chrome/116.0.1938.76 Safari/537.36"
52.167.144.176 - - [26/Sep/2026:04:37:32 +0300] "GET /?sale/search/detail/?ITMCODE=c2o2n2j4u1g0a4l9l3y42 HTTP/1.1" 200 9016 "-" "Mozilla/5.0 AppleWebKit/537.36 (KHTML, like Gecko; compatible; bingbot/2.0; +http://www.bing.com/bingbot.htm) Chrome/116.0.1938.76 Safari/537.36"
52.167.144.176 - - [26/Sep/2026:04:37:32 +0300] "GET /?sale/search/detail/?ITMCODE=i7n2j7e1c2t3i3o8n475 HTTP/1.1" 200 9016 "-" "Mozilla/5.0 AppleWebKit/537.36 (KHTML, like Gecko; compatible; bingbot/2.0; +http://www.bing.com/bingbot.htm) Chrome/116.0.1938.76 Safari/537.36"
52.167.144.176 - - [26/Sep/2026:04:37:32 +0300] "GET /?sale/search/detail/?ITMCODE=i6n3e7l6u5c6t2a2b5l3e8 HTTP/1.1" 200 9016 "-" "Mozilla/5.0 AppleWebKit/537.36 (KHTML, like Gecko; compatible; bingbot/2.0; +http://www.bing.com/bingbot.htm) Chrome/116.0.1938.76 Safari/537.36"
66.249.66.12 - - [26/Sep/2026:04:37:37 +0300] "GET /robots.txt HTTP/1.1" 200 9016 "-" "Mozilla/5.0 (compatible; Googlebot/2.1; +http://www.google.com/bot.html)"
66.249.66.97 - - [26/Sep/2026:04:37:37 +0300] "GET /?sale/search/detail/?ITMCODE=e4e4l0p2o8u5t88205 HTTP/1.1" 200 9016 "-" "Mozilla/5.0 (Linux; Android 6.0.1; Nexus 5X Build/MMB29P) AppleWebKit/537.36 (KHTML, like Gecko) Chrome/153.0.8010.52 Mobile Safari/537.36 (compatible; Googlebot/2.1; +http://www.google.com/bot.html)"
52.167.144.176 - - [26/Sep/2026:04:37:37 +0300] "GET /?sale/search/detail/?ITMCODE=i3s1o8p8o6d6i2f4o7r8m3 HTTP/1.1" 200 9016 "-" "Mozilla/5.0 AppleWebKit/537.36 (KHTML, like Gecko; compatible; bingbot/2.0; +http://www.bing.com/bingbot.htm) Chrome/116.0.1938.76 Safari/537.36"
52.167.144.176 - - [26/Sep/2026:04:37:37 +0300] "GET /?sale/search/detail/?ITMCODE=r7o3c7k7s7u2c8k3e2r6s7 HTTP/1.1" 200 9016 "-" "Mozilla/5.0 AppleWebKit/537.36 (KHTML, like Gecko; compatible; bingbot/2.0; +http://www.bing.com/bingbot.htm) Chrome/116.0.1938.76 Safari/537.36"
52.167.144.176 - - [26/Sep/2026:04:37:37 +0300] "GET /?sale/search/detail/?ITMCODE=i6s1o6m6e6t4r3i2c734 HTTP/1.1" 200 9016 "-" "Mozilla/5.0 AppleWebKit/537.36 (KHTML, like Gecko; compatible; bingbot/2.0; +http://www.bing.com/bingbot.htm) Chrome/116.0.1938.76 Safari/537.36"
40.77.167.14 - - [26/Sep/2026:04:37:41 +0300] "GET /?sale/search/detail/?ITMCODE=d2i2s4c9o2b2o5l2u5s92 HTTP/1.1" 200 9016 "-" "Mozilla/5.0 AppleWebKit/537.36 (KHTML, like Gecko; compatible; bingbot/2.0; +http://www.bing.com/bingbot.htm) Chrome/116.0.1938.76 Safari/537.36"
40.77.167.14 - - [26/Sep/2026:04:37:41 +0300] "GET /?sale/search/detail/?ITMCODE=i4n4d1i8v7i4d7u9a5l0i7stic HTTP/1.1" 200 9016 "-" "Mozilla/5.0 AppleWebKit/537.36 (KHTML, like Gecko; compatible; bingbot/2.0; +http://www.bing.com/bingbot.htm) Chrome/116.0.1938.76 Safari/537.36"
40.77.167.14 - - [26/Sep/2026:04:37:41 +0300] "GET /?sale/search/detail/?ITMCODE=r7e7p4r5o4v1a3b4l1y6 HTTP/1.1" 200 9016 "-" "Mozilla/5.0 AppleWebKit/537.36 (KHTML, like Gecko; compatible; bingbot/2.0; +http://www.bing.com/bingbot.htm) Chrome/116.0.1938.76 Safari/537.36"
40.77.167.14 - - [26/Sep/2026:04:37:41 +0300] "GET /?sale/search/detail/?ITMCODE=m8a4c1r1o1p5y2r6a8m8i5d HTTP/1.1" 200 9016 "-" "Mozilla/5.0 AppleWebKit/537.36 (KHTML, like Gecko; compatible; bingbot/2.0; +http://www.bing.com/bingbot.htm) Chrome/116.0.1938.76 Safari/537.36"
57.141.20.5 - - [26/Sep/2026:04:37:44 +0300] "GET /?sale/search/detail/?ITMCODE=c2a2n5a9l8i3z7a1t5i4o7n HTTP/1.1" 200 9016 "-" "Mozilla/5.0 (Macintosh; Intel Mac OS X 10_15_7) AppleWebKit/537.36 (KHTML, like Gecko) Chrome/145.0.0.0 Safari/537.36 (compatible; meta-externalagent/1.1 (+https://developers.facebook.com/docs/sharing/webmasters/crawler))"
52.167.144.176 - - [26/Sep/2026:04:37:47 +0300] "GET /?sale/search/detail/?ITMCODE=i9n7f1l7u1x3i8o2n84 HTTP/1.1" 200 9016 "-" "Mozilla/5.0 AppleWebKit/537.36 (KHTML, like Gecko; compatible; bingbot/2.0; +http://www.bing.com/bingbot.htm) Chrome/116.0.1938.76 Safari/537.36"
52.167.144.176 - - [26/Sep/2026:04:37:47 +0300] "GET /?sale/search/detail/?ITMCODE=p8o2l1i8o1m9y2e0l0i6tis HTTP/1.1" 200 9016 "-" "Mozilla/5.0 AppleWebKit/537.36 (KHTML, like Gecko; compatible; bingbot/2.0; +http://www.bing.com/bingbot.htm) Chrome/116.0.1938.76 Safari/537.36"
52.167.144.176 - - [26/Sep/2026:04:37:47 +0300] "GET /?sale/search/detail/?ITMCODE=i0n1a7p2p1l1i1c0a1b8l1y HTTP/1.1" 200 9016 "-" "Mozilla/5.0 AppleWebKit/537.36 (KHTML, like Gecko; compatible; bingbot/2.0; +http://www.bing.com/bingbot.htm) Chrome/116.0.1938.76 Safari/537.36"
57.141.20.55 - - [26/Sep/2026:04:37:48 +0300] "GET /?sale/search/detail/?ITMCODE=o1r8n8i2t0h8o1p3o2dioides HTTP/1.1" 200 9016 "-" "Mozilla/5.0 (X11; Linux x86_64) AppleWebKit/537.36 (KHTML, like Gecko) Chrome/145.0.0.0 Safari/537.36 (compatible; meta-externalagent/1.1 (+https://developers.facebook.com/docs/sharing/webmasters/crawler))"
66.249.66.203 - - [26/Sep/2026:04:37:51 +0300] "GET /?sale/search/detail/?ITMCODE=p2o3s9t2u2l5a9t5a865 HTTP/1.1" 200 9016 "-" "Mozilla/5.0 (Linux; Android 6.0.1; Nexus 5X Build/MMB29P) AppleWebKit/537.36 (KHTML, like Gecko) Chrome/153.0.8010.52 Mobile Safari/537.36 (compatible; Googlebot/2.1; +http://www.google.com/bot.html)"
40.77.167.14 - - [26/Sep/2026:04:37:51 +0300] "GET /?sale/search/detail/?ITMCODE=h7o4r2s4f5i8e9l4d0i2i HTTP/1.1" 200 9016 "-" "Mozilla/5.0 AppleWebKit/537.36 (KHTML, like Gecko; compatible; bingbot/2.0; +http://www.bing.com/bingbot.htm) Chrome/116.0.1938.76 Safari/537.36"
40.77.167.14 - - [26/Sep/2026:04:37:51 +0300] "GET /?sale/search/detail/?ITMCODE=i3m1p2e7t5r0a7t4e6d46 HTTP/1.1" 200 9016 "-" "Mozilla/5.0 AppleWebKit/537.36 (KHTML, like Gecko; compatible; bingbot/2.0; +http://www.bing.com/bingbot.htm) Chrome/116.0.1938.76 Safari/537.36"
52.167.144.221 - - [26/Sep/2026:04:37:52 +0300] "GET /?sale/search/detail/?ITMCODE=d0e2t5r5u7n5c0a6t3e0d5 HTTP/1.1" 200 9016 "-" "Mozilla/5.0 AppleWebKit/537.36 (KHTML, like Gecko; compatible; bingbot/2.0; +http://www.bing.com/bingbot.htm) Chrome/116.0.1938.76 Safari/537.36"
57.141.20.32 - - [26/Sep/2026:04:37:56 +0300] "GET /?sale/search/detail/?ITMCODE=c1a1d1m8i5a1m60513 HTTP/1.1" 200 9016 "-" "Mozilla/5.0 (Windows NT 10.0; Win64; x64) AppleWebKit/537.36 (KHTML, like Gecko) Chrome/145.0.0.0 Safari/537.36 (compatible; meta-externalagent/1.1 (+https://developers.facebook.com/docs/sharing/webmasters/crawler))"
52.167.144.176 - - [26/Sep/2026:04:37:57 +0300] "GET /?sale/search/detail/?ITMCODE=e8f1f7a8s2c2i9n8a7t6i1on HTTP/1.1" 200 9016 "-" "Mozilla/5.0 AppleWebKit/537.36 (KHTML, like Gecko; compatible; bingbot/2.0; +http://www.bing.com/bingbot.htm) Chrome/116.0.1938.76 Safari/537.36"
52.167.144.176 - - [26/Sep/2026:04:37:57 +0300] "GET /?sale/search/detail/?ITMCODE=p4a2l4l6i0o5b8r5a3n5c7hiate HTTP/1.1" 200 9016 "-" "Mozilla/5.0 AppleWebKit/537.36 (KHTML, like Gecko; compatible; bingbot/2.0; +http://www.bing.com/bingbot.htm) Chrome/116.0.1938.76 Safari/537.36"
52.167.144.176 - - [26/Sep/2026:04:37:57 +0300] "GET /?sale/search/detail/?ITMCODE=n3o2n8r7e4s3i2l6i0e9n0t HTTP/1.1" 200 9016 "-" "Mozilla/5.0 AppleWebKit/537.36 (KHTML, like Gecko; compatible; bingbot/2.0; +http://www.bing.com/bingbot.htm) Chrome/116.0.1938.76 Safari/537.36"
57.141.20.37 - - [26/Sep/2026:04:38:01 +0300] "GET /?sale/search/detail/?ITMCODE=p1r3e9s8c1i2e1n6c7e65 HTTP/1.1" 200 9016 "-" "Mozilla/5.0 (Windows NT 10.0; Win64; x64) AppleWebKit/537.36 (KHTML, like Gecko) Chrome/145.0.0.0 Safari/537.36 Edg/145.0.0.0 (compatible; meta-externalagent/1.1 (+https://developers.facebook.com/docs/sharing/webmasters/crawler))"
52.167.144.221 - - [26/Sep/2026:04:38:01 +0300] "GET /?sale/search/detail/?ITMCODE=m0e3t0a9s8t5a0n7n7i2c7 HTTP/1.1" 200 9016 "-" "Mozilla/5.0 AppleWebKit/537.36 (KHTML, like Gecko; compatible; bingbot/2.0; +http://www.bing.com/bingbot.htm) Chrome/116.0.1938.76 Safari/537.36"
52.167.144.221 - - [26/Sep/2026:04:38:02 +0300] "GET /?sale/search/detail/?ITMCODE=l6i3q5u5i5d7a0m7b4e4r3 HTTP/1.1" 200 9016 "-" "Mozilla/5.0 AppleWebKit/537.36 (KHTML, like Gecko; compatible; bingbot/2.0; +http://www.bing.com/bingbot.htm) Chrome/116.0.1938.76 Safari/537.36"
52.167.144.221 - - [26/Sep/2026:04:38:02 +0300] "GET /?sale/search/detail/?ITMCODE=s1u2p3r9a9c0o8n7d1y2l1ar HTTP/1.1" 200 9016 "-" "Mozilla/5.0 AppleWebKit/537.36 (KHTML, like Gecko; compatible; bingbot/2.0; +http://www.bing.com/bingbot.htm) Chrome/116.0.1938.76 Safari/537.36"
52.167.144.221 - - [26/Sep/2026:04:38:02 +0300] "GET /?sale/search/detail/?ITMCODE=a4b2r6a8h9a4m2i7t9i8c3 HTTP/1.1" 200 9016 "-" "Mozilla/5.0 AppleWebKit/537.36 (KHTML, like Gecko; compatible; bingbot/2.0; +http://www.bing.com/bingbot.htm) Chrome/116.0.1938.76 Safari/537.36"
52.167.144.221 - - [26/Sep/2026:04:38:02 +0300] "GET /?sale/search/detail/?ITMCODE=m9a1l1t6h6u5s7i4a6n3i0sm HTTP/1.1" 200 9016 "-" "Mozilla/5.0 AppleWebKit/537.36 (KHTML, like Gecko; compatible; bingbot/2.0; +http://www.bing.com/bingbot.htm) Chrome/116.0.1938.76 Safari/537.36"
52.167.144.221 - - [26/Sep/2026:04:38:02 +0300] "GET /?sale/search/detail/?ITMCODE=p2e6a7s1a7n0t8l2i5k3e HTTP/1.1" 200 9016 "-" "Mozilla/5.0 AppleWebKit/537.36 (KHTML, like Gecko; compatible; bingbot/2.0; +http://www.bing.com/bingbot.htm) Chrome/116.0.1938.76 Safari/537.36"
66.249.67.39 - - [26/Sep/2026:04:38:05 +0300] "GET /?sale/search/detail/?ITMCODE=w5h4i2t3e4f7o1o5t586 HTTP/1.1" 200 9016 "-" "Mozilla/5.0 (Linux; Android 6.0.1; Nexus 5X Build/MMB29P) AppleWebKit/537.36 (KHTML, like Gecko) Chrome/153.0.8010.52 Mobile Safari/537.36 (compatible; Googlebot/2.1; +http://www.google.com/bot.html)"
52.167.144.176 - - [26/Sep/2026:04:38:07 +0300] "GET /?sale/search/detail/?ITMCODE=i2n3c2o6m7p6e3t9e0n2c9e HTTP/1.1" 200 9016 "-" "Mozilla/5.0 AppleWebKit/537.36 (KHTML, like Gecko; compatible; bingbot/2.0; +http://www.bing.com/bingbot.htm) Chrome/116.0.1938.76 Safari/537.36"
52.167.144.221 - - [26/Sep/2026:04:38:11 +0300] "GET /?sale/search/detail/?ITMCODE=m6y3o8t9o0m3e04208 HTTP/1.1" 200 9016 "-" "Mozilla/5.0 AppleWebKit/537.36 (KHTML, like Gecko; compatible; bingbot/2.0; +http://www.bing.com/bingbot.htm) Chrome/116.0.1938.76 Safari/537.36"
40.77.167.14 - - [26/Sep/2026:04:38:12 +0300] "GET /?sale/search/detail/?ITMCODE=o5u1t1w9a9t0c6h891 HTTP/1.1" 200 9016 "-" "Mozilla/5.0 AppleWebKit/537.36 (KHTML, like Gecko; compatible; bingbot/2.0; +http://www.bing.com/bingbot.htm) Chrome/116.0.1938.76 Safari/537.36"
40.77.167.14 - - [26/Sep/2026:04:38:13 +0300] "GET /?sale/search/detail/?ITMCODE=s0t3r9i8c0k7l7a9n8d0i6 HTTP/1.1" 200 9016 "-" "Mozilla/5.0 AppleWebKit/537.36 (KHTML, like Gecko; compatible; bingbot/2.0; +http://www.bing.com/bingbot.htm) Chrome/116.0.1938.76 Safari/537.36"
40.77.167.14 - - [26/Sep/2026:04:38:13 +0300] "GET /?sale/search/detail/?ITMCODE=d5e1l8i9q1u1i5a5t4i5o8n HTTP/1.1" 200 9016 "-" "Mozilla/5.0 AppleWebKit/537.36 (KHTML, like Gecko; compatible; bingbot/2.0; +http://www.bing.com/bingbot.htm) Chrome/116.0.1938.76 Safari/537.36"
40.77.167.14 - - [26/Sep/2026:04:38:13 +0300] "GET /?sale/search/detail/?ITMCODE=u8n3v9a5l4u4a6b5l4e24 HTTP/1.1" 200 9016 "-" "Mozilla/5.0 AppleWebKit/537.36 (KHTML, like Gecko; compatible; bingbot/2.0; +http://www.bing.com/bingbot.htm) Chrome/116.0.1938.76 Safari/537.36"
40.77.167.14 - - [26/Sep/2026:04:38:13 +0300] "GET /?sale/search/detail/?ITMCODE=h3o2g6g7i8s5h9l4y725 HTTP/1.1" 200 9016 "-" "Mozilla/5.0 AppleWebKit/537.36 (KHTML, like Gecko; compatible; bingbot/2.0; +http://www.bing.com/bingbot.htm) Chrome/116.0.1938.76 Safari/537.36"
52.167.144.176 - - [26/Sep/2026:04:38:17 +0300] "GET /?sale/search/detail/?ITMCODE=i3m3p0e8r3s3o7n6a5l9l7y HTTP/1.1" 200 9016 "-" "Mozilla/5.0 AppleWebKit/537.36 (KHTML, like Gecko; compatible; bingbot/2.0; +http://www.bing.com/bingbot.htm) Chrome/116.0.1938.76 Safari/537.36"
52.167.144.176 - - [26/Sep/2026:04:38:17 +0300] "GET /?sale/search/detail/?ITMCODE=m5u3l1l7i2g5r3u7b9s44 HTTP/1.1" 200 9016 "-" "Mozilla/5.0 AppleWebKit/537.36 (KHTML, like Gecko; compatible; bingbot/2.0; +http://www.bing.com/bingbot.htm) Chrome/116.0.1938.76 Safari/537.36"
52.167.144.176 - - [26/Sep/2026:04:38:17 +0300] "GET /?sale/search/detail/?ITMCODE=m5a3n6i1c4h3e8i0s8t51 HTTP/1.1" 200 9016 "-" "Mozilla/5.0 AppleWebKit/537.36 (KHTML, like Gecko; compatible; bingbot/2.0; +http://www.bing.com/bingbot.htm) Chrome/116.0.1938.76 Safari/537.36"
40.77.167.14 - - [26/Sep/2026:04:38:18 +0300] "GET /?sale/search/detail/?ITMCODE=p2e2n8e9t2r5a9b8l5e3n2ess HTTP/1.1" 200 9016 "-" "Mozilla/5.0 AppleWebKit/537.36 (KHTML, like Gecko; compatible; bingbot/2.0; +http://www.bing.com/bingbot.htm) Chrome/116.0.1938.76 Safari/537.36"
66.249.66.76 - - [26/Sep/2026:04:38:19 +0300] "GET /?sale/search/detail/?ITMCODE=o9u3t5r1i1d5e24949 HTTP/1.1" 200 9016 "-" "Mozilla/5.0 (Linux; Android 6.0.1; Nexus 5X Build/MMB29P) AppleWebKit/537.36 (KHTML, like Gecko) Chrome/153.0.8010.52 Mobile Safari/537.36 (compatible; Googlebot/2.1; +http://www.google.com/bot.html)"
57.141.20.30 - - [26/Sep/2026:04:38:21 +0300] "GET /?sale/search/detail/?ITMCODE=d1a3n7d6y4495447 HTTP/1.1" 200 9016 "-" "Mozilla/5.0 (Macintosh; Intel Mac OS X 10_15_7) AppleWebKit/537.36 (KHTML, like Gecko) Chrome/145.0.0.0 Safari/537.36 (compatible; meta-externalagent/1.1 (+https://developers.facebook.com/docs/sharing/webmasters/crawler))"
52.167.144.221 - - [26/Sep/2026:04:38:23 +0300] "GET /?sale/search/detail/?ITMCODE=h3o2l8o9t5h9u8r4i6d2e4a HTTP/1.1" 200 9016 "-" "Mozilla/5.0 AppleWebKit/537.36 (KHTML, like Gecko; compatible; bingbot/2.0; +http://www.bing.com/bingbot.htm) Chrome/116.0.1938.76 Safari/537.36"
52.167.144.221 - - [26/Sep/2026:04:38:23 +0300] "GET /?sale/search/detail/?ITMCODE=d0i3a1t3h5e8r7m5o8m1e8ter HTTP/1.1" 200 9016 "-" "Mozilla/5.0 AppleWebKit/537.36 (KHTML, like Gecko; compatible; bingbot/2.0; +http://www.bing.com/bingbot.htm) Chrome/116.0.1938.76 Safari/537.36"
52.167.144.221 - - [26/Sep/2026:04:38:23 +0300] "GET /?sale/search/detail/?ITMCODE=h0e3a5r8t5s0t6r1u9c2k HTTP/1.1" 200 9016 "-" "Mozilla/5.0 AppleWebKit/537.36 (KHTML, like Gecko; compatible; bingbot/2.0; +http://www.bing.com/bingbot.htm) Chrome/116.0.1938.76 Safari/537.36"
52.167.144.221 - - [26/Sep/2026:04:38:23 +0300] "GET /?sale/search/detail/?ITMCODE=e7l5a6o9p9t1e9n7e86 HTTP/1.1" 200 9016 "-" "Mozilla/5.0 AppleWebKit/537.36 (KHTML, like Gecko; compatible; bingbot/2.0; +http://www.bing.com/bingbot.htm) Chrome/116.0.1938.76 Safari/537.36"
52.167.144.221 - - [26/Sep/2026:04:38:23 +0300] "GET /?sale/search/detail/?ITMCODE=i2m3p1e3r9d8i9b0l5e37 HTTP/1.1" 200 9016 "-" "Mozilla/5.0 AppleWebKit/537.36 (KHTML, like Gecko; compatible; bingbot/2.0; +http://www.bing.com/bingbot.htm) Chrome/116.0.1938.76 Safari/537.36"
52.167.144.176 - - [26/Sep/2026:04:38:27 +0300] "GET /?sale/search/detail/?ITMCODE=r9o4a1d1s0t4e7a0d686 HTTP/1.1" 200 9016 "-" "Mozilla/5.0 AppleWebKit/537.36 (KHTML, like Gecko; compatible; bingbot/2.0; +http://www.bing.com/bingbot.htm) Chrome/116.0.1938.76 Safari/537.36"
52.167.144.221 - - [26/Sep/2026:04:38:32 +0300] "GET /?sale/search/detail/?ITMCODE=d3i2s9c8l8o7s1i4n3g57 HTTP/1.1" 200 9016 "-" "Mozilla/5.0 AppleWebKit/537.36 (KHTML, like Gecko; compatible; bingbot/2.0; +http://www.bing.com/bingbot.htm) Chrome/116.0.1938.76 Safari/537.36"
40.77.167.14 - - [26/Sep/2026:04:38:33 +0300] "GET /?sale/search/detail/?ITMCODE=a7d2v8a6n2t5a4g5e8o3u5sness HTTP/1.1" 200 9016 "-" "Mozilla/5.0 AppleWebKit/537.36 (KHTML, like Gecko; compatible; bingbot/2.0; +http://www.bing.com/bingbot.htm) Chrome/116.0.1938.76 Safari/537.36"
40.77.167.14 - - [26/Sep/2026:04:38:33 +0300] "GET /?sale/search/detail/?ITMCODE=c3o8m1m7o9d0i0t1i2e1s HTTP/1.1" 200 9016 "-" "Mozilla/5.0 AppleWebKit/537.36 (KHTML, like Gecko; compatible; bingbot/2.0; +http://www.bing.com/bingbot.htm) Chrome/116.0.1938.76 Safari/537.36"
40.77.167.14 - - [26/Sep/2026:04:38:33 +0300] "GET /?sale/search/detail/?ITMCODE=l1e1g6i7t1i5m1a1t7e8n9ess HTTP/1.1" 200 9016 "-" "Mozilla/5.0 AppleWebKit/537.36 (KHTML, like Gecko; compatible; bingbot/2.0; +http://www.bing.com/bingbot.htm) Chrome/116.0.1938.76 Safari/537.36"
40.77.167.14 - - [26/Sep/2026:04:38:33 +0300] "GET /?sale/search/detail/?ITMCODE=i1n4d2e7s0t4r6u6c3t3i5bly HTTP/1.1" 200 9016 "-" "Mozilla/5.0 AppleWebKit/537.36 (KHTML, like Gecko; compatible; bingbot/2.0; +http://www.bing.com/bingbot.htm) Chrome/116.0.1938.76 Safari/537.36"
40.77.167.14 - - [26/Sep/2026:04:38:33 +0300] "GET /?sale/search/detail/?ITMCODE=i7m8p0u6t0a4t1i2v7e3ly HTTP/1.1" 200 9016 "-" "Mozilla/5.0 AppleWebKit/537.36 (KHTML, like Gecko; compatible; bingbot/2.0; +http://www.bing.com/bingbot.htm) Chrome/116.0.1938.76 Safari/537.36"
66.249.66.75 - - [26/Sep/2026:04:38:33 +0300] "GET /?sale/search/detail/?ITMCODE=b6a7n0k5n5o1t9e906 HTTP/1.1" 200 9016 "-" "Mozilla/5.0 (Linux; Android 6.0.1; Nexus 5X Build/MMB29P) AppleWebKit/537.36 (KHTML, like Gecko) Chrome/153.0.8010.52 Mobile Safari/537.36 (compatible; Googlebot/2.1; +http://www.google.com/bot.html)"
40.77.167.14 - - [26/Sep/2026:04:38:33 +0300] "GET /?sale/search/detail/?ITMCODE=a5u5t8o6b9i2o3g7r3a3phy HTTP/1.1" 200 9016 "-" "Mozilla/5.0 AppleWebKit/537.36 (KHTML, like Gecko; compatible; bingbot/2.0; +http://www.bing.com/bingbot.htm) Chrome/116.0.1938.76 Safari/537.36"
101.32.15.141 - - [26/Sep/2026:04:38:34 +0300] "GET /?path=/var/www/vhosts/princessmare.com.gr/httpdocs/1337_DATA/alfacgiapi HTTP/1.1" 200 8168 "-" "Mozilla/5.0 (iPhone; CPU iPhone OS 13_2_3 like Mac OS X) AppleWebKit/605.1.15 (KHTML, like Gecko) Version/13.0.3 Mobile/15E148 Safari/604.1"
40.77.167.14 - - [26/Sep/2026:04:38:38 +0300] "GET /?sale/search/detail/?ITMCODE=t1r1u5n4d2l6i2n0g016 HTTP/1.1" 200 9016 "-" "Mozilla/5.0 AppleWebKit/537.36 (KHTML, like Gecko; compatible; bingbot/2.0; +http://www.bing.com/bingbot.htm) Chrome/116.0.1938.76 Safari/537.36"
52.167.144.176 - - [26/Sep/2026:04:38:39 +0300] "GET /?sale/search/detail/?ITMCODE=u3n3d5e8r7s2p8e2n3d4 HTTP/1.1" 200 9016 "-" "Mozilla/5.0 AppleWebKit/537.36 (KHTML, like Gecko; compatible; bingbot/2.0; +http://www.bing.com/bingbot.htm) Chrome/116.0.1938.76 Safari/537.36"
52.167.144.176 - - [26/Sep/2026:04:38:39 +0300] "GET /?sale/search/detail/?ITMCODE=i6n7t7e3r6d9i7g9i9t6al HTTP/1.1" 200 9016 "-" "Mozilla/5.0 AppleWebKit/537.36 (KHTML, like Gecko; compatible; bingbot/2.0; +http://www.bing.com/bingbot.htm) Chrome/116.0.1938.76 Safari/537.36"
52.167.144.221 - - [26/Sep/2026:04:38:44 +0300] "GET /?sale/search/detail/?ITMCODE=d7e4v0e1n9u3s5t0a6t2e5 HTTP/1.1" 200 9016 "-" "Mozilla/5.0 AppleWebKit/537.36 (KHTML, like Gecko; compatible; bingbot/2.0; +http://www.bing.com/bingbot.htm) Chrome/116.0.1938.76 Safari/537.36"
52.167.144.221 - - [26/Sep/2026:04:38:44 +0300] "GET /?sale/search/detail/?ITMCODE=m2o6c4k5i8n8g8b0i2r5d HTTP/1.1" 200 9016 "-" "Mozilla/5.0 AppleWebKit/537.36 (KHTML, like Gecko; compatible; bingbot/2.0; +http://www.bing.com/bingbot.htm) Chrome/116.0.1938.76 Safari/537.36"
52.167.144.221 - - [26/Sep/2026:04:38:44 +0300] "GET /?sale/search/detail/?ITMCODE=u2n3b1e3c4o9m1i2n6g0ness HTTP/1.1" 200 9016 "-" "Mozilla/5.0 AppleWebKit/537.36 (KHTML, like Gecko; compatible; bingbot/2.0; +http://www.bing.com/bingbot.htm) Chrome/116.0.1938.76 Safari/537.36"
52.167.144.221 - - [26/Sep/2026:04:38:44 +0300] "GET /?sale/search/detail/?ITMCODE=p0e2r2d2u9r1a1b5i2l9i7ty HTTP/1.1" 200 9016 "-" "Mozilla/5.0 AppleWebKit/537.36 (KHTML, like Gecko; compatible; bingbot/2.0; +http://www.bing.com/bingbot.htm) Chrome/116.0.1938.76 Safari/537.36"
52.167.144.221 - - [26/Sep/2026:04:38:44 +0300] "GET /?sale/search/detail/?ITMCODE=i6u6l5i8d2a1e0319 HTTP/1.1" 200 9016 "-" "Mozilla/5.0 AppleWebKit/537.36 (KHTML, like Gecko; compatible; bingbot/2.0; +http://www.bing.com/bingbot.htm) Chrome/116.0.1938.76 Safari/537.36"
52.167.144.221 - - [26/Sep/2026:04:38:44 +0300] "GET /?sale/search/detail/?ITMCODE=m0o6m6e3n6t4u9m0s66 HTTP/1.1" 200 9016 "-" "Mozilla/5.0 AppleWebKit/537.36 (KHTML, like Gecko; compatible; bingbot/2.0; +http://www.bing.com/bingbot.htm) Chrome/116.0.1938.76 Safari/537.36"
66.249.66.75 - - [26/Sep/2026:04:38:50 +0300] "GET /robots.txt HTTP/1.1" 200 9016 "-" "Mozilla/5.0 (compatible; Googlebot/2.1; +http://www.google.com/bot.html)"
52.167.144.176 - - [26/Sep/2026:04:38:50 +0300] "GET /?sale/search/detail/?ITMCODE=w8i6l1l5w3i0t0h5t5h3ewisp HTTP/1.1" 200 9016 "-" "Mozilla/5.0 AppleWebKit/537.36 (KHTML, like Gecko; compatible; bingbot/2.0; +http://www.bing.com/bingbot.htm) Chrome/116.0.1938.76 Safari/537.36"
66.249.66.75 - - [26/Sep/2026:04:38:50 +0300] "GET /?sale/search/detail/?ITMCODE=t6h2a6l9l3e4n1e5369 HTTP/1.1" 200 9016 "-" "Mozilla/5.0 (Linux; Android 6.0.1; Nexus 5X Build/MMB29P) AppleWebKit/537.36 (KHTML, like Gecko) Chrome/153.0.8010.52 Mobile Safari/537.36 (compatible; Googlebot/2.1; +http://www.google.com/bot.html)"
52.167.144.221 - - [26/Sep/2026:04:38:55 +0300] "GET /?sale/search/detail/?ITMCODE=q5u2i8n9t6u2p0l0e7t3s1 HTTP/1.1" 200 9016 "-" "Mozilla/5.0 AppleWebKit/537.36 (KHTML, like Gecko; compatible; bingbot/2.0; +http://www.bing.com/bingbot.htm) Chrome/116.0.1938.76 Safari/537.36"
52.167.144.221 - - [26/Sep/2026:04:38:55 +0300] "GET /?sale/search/detail/?ITMCODE=p9h4i7l9o0s3o5p3h7i6cally HTTP/1.1" 200 9016 "-" "Mozilla/5.0 AppleWebKit/537.36 (KHTML, like Gecko; compatible; bingbot/2.0; +http://www.bing.com/bingbot.htm) Chrome/116.0.1938.76 Safari/537.36"
52.167.144.221 - - [26/Sep/2026:04:38:55 +0300] "GET /?sale/search/detail/?ITMCODE=v6e9n7t5o5s4e2810 HTTP/1.1" 200 9016 "-" "Mozilla/5.0 AppleWebKit/537.36 (KHTML, like Gecko; compatible; bingbot/2.0; +http://www.bing.com/bingbot.htm) Chrome/116.0.1938.76 Safari/537.36"
52.167.144.221 - - [26/Sep/2026:04:38:56 +0300] "GET /?sale/search/detail/?ITMCODE=a7p1o6s1t1o2l1a5t6e82 HTTP/1.1" 200 9016 "-" "Mozilla/5.0 AppleWebKit/537.36 (KHTML, like Gecko; compatible; bingbot/2.0; +http://www.bing.com/bingbot.htm) Chrome/116.0.1938.76 Safari/537.36"
52.167.144.221 - - [26/Sep/2026:04:38:56 +0300] "GET /?sale/search/detail/?ITMCODE=t4r3i2f6o1l7i6u4m211 HTTP/1.1" 200 9016 "-" "Mozilla/5.0 AppleWebKit/537.36 (KHTML, like Gecko; compatible; bingbot/2.0; +http://www.bing.com/bingbot.htm) Chrome/116.0.1938.76 Safari/537.36"
40.77.167.14 - - [26/Sep/2026:04:39:00 +0300] "GET /?sale/search/detail/?ITMCODE=m6i8s0w6e9d68921 HTTP/1.1" 200 9016 "-" "Mozilla/5.0 AppleWebKit/537.36 (KHTML, like Gecko; compatible; bingbot/2.0; +http://www.bing.com/bingbot.htm) Chrome/116.0.1938.76 Safari/537.36"
40.77.167.14 - - [26/Sep/2026:04:39:00 +0300] "GET /?sale/search/detail/?ITMCODE=r6h4i1z2o0p6h2a9g2o7u8s HTTP/1.1" 200 9016 "-" "Mozilla/5.0 AppleWebKit/537.36 (KHTML, like Gecko; compatible; bingbot/2.0; +http://www.bing.com/bingbot.htm) Chrome/116.0.1938.76 Safari/537.36"
40.77.167.14 - - [26/Sep/2026:04:39:00 +0300] "GET /?sale/search/detail/?ITMCODE=c9e5n9t5r5a4l6i3s6ation HTTP/1.1" 200 9016 "-" "Mozilla/5.0 AppleWebKit/537.36 (KHTML, like Gecko; compatible; bingbot/2.0; +http://www.bing.com/bingbot.htm) Chrome/116.0.1938.76 Safari/537.36"
40.77.167.14 - - [26/Sep/2026:04:39:00 +0300] "GET /?sale/search/detail/?ITMCODE=s8e2p3t8e9n8t1r5i9o7n8ate HTTP/1.1" 200 9016 "-" "Mozilla/5.0 AppleWebKit/537.36 (KHTML, like Gecko; compatible; bingbot/2.0; +http://www.bing.com/bingbot.htm) Chrome/116.0.1938.76 Safari/537.36"
40.77.167.14 - - [26/Sep/2026:04:39:00 +0300] "GET /?sale/search/detail/?ITMCODE=c3r2e3a7m4w2h2i1t5e37 HTTP/1.1" 200 9016 "-" "Mozilla/5.0 AppleWebKit/537.36 (KHTML, like Gecko; compatible; bingbot/2.0; +http://www.bing.com/bingbot.htm) Chrome/116.0.1938.76 Safari/537.36"
40.77.167.14 - - [26/Sep/2026:04:39:00 +0300] "GET /?sale/search/detail/?ITMCODE=e8x1i6g2u1o1u7s5177 HTTP/1.1" 200 9016 "-" "Mozilla/5.0 AppleWebKit/537.36 (KHTML, like Gecko; compatible; bingbot/2.0; +http://www.bing.com/bingbot.htm) Chrome/116.0.1938.76 Safari/537.36"
40.77.167.14 - - [26/Sep/2026:04:39:00 +0300] "GET /?sale/search/detail/?ITMCODE=d6i2s4p9e0l0l7e0d494 HTTP/1.1" 200 9016 "-" "Mozilla/5.0 AppleWebKit/537.36 (KHTML, like Gecko; compatible; bingbot/2.0; +http://www.bing.com/bingbot.htm) Chrome/116.0.1938.76 Safari/537.36"
40.77.167.14 - - [26/Sep/2026:04:39:01 +0300] "GET /?sale/search/detail/?ITMCODE=p8o9r0t3g6r9e2v3e49 HTTP/1.1" 200 9016 "-" "Mozilla/5.0 AppleWebKit/537.36 (KHTML, like Gecko; compatible; bingbot/2.0; +http://www.bing.com/bingbot.htm) Chrome/116.0.1938.76 Safari/537.36"
66.249.66.75 - - [26/Sep/2026:04:39:03 +0300] "GET /?sale/search/detail/?ITMCODE=c2o3g1m1a6n253718 HTTP/1.1" 200 9016 "-" "Mozilla/5.0 (Linux; Android 6.0.1; Nexus 5X Build/MMB29P) AppleWebKit/537.36 (KHTML, like Gecko) Chrome/153.0.8010.52 Mobile Safari/537.36 (compatible; Googlebot/2.1; +http://www.google.com/bot.html)"
57.141.20.71 - - [26/Sep/2026:04:39:04 +0300] "GET /?sale/search/detail/?ITMCODE=g1a1r8n2i1s4h58188 HTTP/1.1" 200 9016 "-" "Mozilla/5.0 (Windows NT 10.0; Win64; x64) AppleWebKit/537.36 (KHTML, like Gecko) Chrome/145.0.0.0 Safari/537.36 (compatible; meta-externalagent/1.1 (+https://developers.facebook.com/docs/sharing/webmasters/crawler))"
52.167.144.176 - - [26/Sep/2026:04:39:07 +0300] "GET /?sale/search/detail/?ITMCODE=i2m1p4u0t2a7b5l4y346 HTTP/1.1" 200 9016 "-" "Mozilla/5.0 AppleWebKit/537.36 (KHTML, like Gecko; compatible; bingbot/2.0; +http://www.bing.com/bingbot.htm) Chrome/116.0.1938.76 Safari/537.36"
52.167.144.176 - - [26/Sep/2026:04:39:08 +0300] "GET /?sale/search/detail/?ITMCODE=a4r5m2i8g2e9r9o0u3s5 HTTP/1.1" 200 9016 "-" "Mozilla/5.0 AppleWebKit/537.36 (KHTML, like Gecko; compatible; bingbot/2.0; +http://www.bing.com/bingbot.htm) Chrome/116.0.1938.76 Safari/537.36"
52.167.144.176 - - [26/Sep/2026:04:39:08 +0300] "GET /?sale/search/detail/?ITMCODE=i8n2d4i9g6n1a1n8c7e04 HTTP/1.1" 200 9016 "-" "Mozilla/5.0 AppleWebKit/537.36 (KHTML, like Gecko; compatible; bingbot/2.0; +http://www.bing.com/bingbot.htm) Chrome/116.0.1938.76 Safari/537.36"
52.167.144.176 - - [26/Sep/2026:04:39:08 +0300] "GET /?sale/search/detail/?ITMCODE=e3u1d1e6m9o4n7i2s0t0i9cal HTTP/1.1" 200 9016 "-" "Mozilla/5.0 AppleWebKit/537.36 (KHTML, like Gecko; compatible; bingbot/2.0; +http://www.bing.com/bingbot.htm) Chrome/116.0.1938.76 Safari/537.36"
57.141.20.66 - - [26/Sep/2026:04:39:08 +0300] "GET /?sale/search/detail/?ITMCODE=e1l1e1u3s0i0n6i8a3n88 HTTP/1.1" 200 9016 "-" "Mozilla/5.0 (Macintosh; Intel Mac OS X 10_15_7) AppleWebKit/537.36 (KHTML, like Gecko) Chrome/145.0.0.0 Safari/537.36 (compatible; meta-externalagent/1.1 (+https://developers.facebook.com/docs/sharing/webmasters/crawler))"
40.77.167.14 - - [26/Sep/2026:04:39:13 +0300] "GET /wp-includes/js/jquery/jquery.min.js?ver=3.7.1 HTTP/1.1" 200 5155 "-" "Mozilla/5.0 AppleWebKit/537.36 (KHTML, like Gecko; compatible; bingbot/2.0; +http://www.bing.com/bingbot.htm) Chrome/116.0.1938.76 Safari/537.36"
40.77.167.14 - - [26/Sep/2026:04:39:13 +0300] "GET /wp-content/plugins/Ultimate_VC_Addons/assets/min-js/custom.min.js?ver=3.19.10 HTTP/1.1" 200 5185 "-" "Mozilla/5.0 AppleWebKit/537.36 (KHTML, like Gecko; compatible; bingbot/2.0; +http://www.bing.com/bingbot.htm) Chrome/116.0.1938.76 Safari/537.36"
40.77.167.14 - - [26/Sep/2026:04:39:13 +0300] "GET /wp-includes/js/dist/vendor/wp-polyfill.min.js?ver=3.15.0 HTTP/1.1" 200 5165 "-" "Mozilla/5.0 AppleWebKit/537.36 (KHTML, like Gecko; compatible; bingbot/2.0; +http://www.bing.com/bingbot.htm) Chrome/116.0.1938.76 Safari/537.36"
40.77.167.14 - - [26/Sep/2026:04:39:13 +0300] "GET /wp-content/plugins/dt-the7-core/assets/js/post-type.min.js?ver=2.5.7.1 HTTP/1.1" 200 5178 "-" "Mozilla/5.0 AppleWebKit/537.36 (KHTML, like Gecko; compatible; bingbot/2.0; +http://www.bing.com/bingbot.htm) Chrome/116.0.1938.76 Safari/537.36"
40.77.167.14 - - [26/Sep/2026:04:39:13 +0300] "GET /wp-content/plugins/Ultimate_VC_Addons/assets/min-js/ultimate_bg.min.js?ver=3.19.10 HTTP/1.1" 200 5190 "-" "Mozilla/5.0 AppleWebKit/537.36 (KHTML, like Gecko; compatible; bingbot/2.0; +http://www.bing.com/bingbot.htm) Chrome/116.0.1938.76 Safari/537.36"
66.249.66.75 - - [26/Sep/2026:04:39:15 +0300] "GET /?sale/search/detail/?ITMCODE=t2u4n0g9s0t6e7n8i5c83 HTTP/1.1" 200 9016 "-" "Mozilla/5.0 (Linux; Android 6.0.1; Nexus 5X Build/MMB29P) AppleWebKit/537.36 (KHTML, like Gecko) Chrome/153.0.8010.52 Mobile Safari/537.36 (compatible; Googlebot/2.1; +http://www.google.com/bot.html)"
52.167.144.176 - - [26/Sep/2026:04:39:18 +0300] "GET /wp-content/plugins/Ultimate_VC_Addons/assets/min-js/jquery-appear.min.js?ver=3.19.10 HTTP/1.1" 200 5192 "-" "Mozilla/5.0 AppleWebKit/537.36 (KHTML, like Gecko; compatible; bingbot/2.0; +http://www.bing.com/bingbot.htm) Chrome/116.0.1938.76 Safari/537.36"
52.167.144.176 - - [26/Sep/2026:04:39:18 +0300] "GET /wp-content/plugins/contact-form-7/includes/js/index.js?ver=5.4.1 HTTP/1.1" 200 5174 "-" "Mozilla/5.0 AppleWebKit/537.36 (KHTML, like Gecko; compatible; bingbot/2.0; +http://www.bing.com/bingbot.htm) Chrome/116.0.1938.76 Safari/537.36"
52.167.144.176 - - [26/Sep/2026:04:39:18 +0300] "GET /wp-content/plugins/revslider/public/assets/js/rbtools.min.js?ver=6.5.3 HTTP/1.1" 200 5180 "-" "Mozilla/5.0 AppleWebKit/537.36 (KHTML, like Gecko; compatible; bingbot/2.0; +http://www.bing.com/bingbot.htm) Chrome/116.0.1938.76 Safari/537.36"
52.167.144.176 - - [26/Sep/2026:04:39:18 +0300] "GET /wp-content/themes/dt-the7/js/above-the-fold.min.js?ver=9.14.1 HTTP/1.1" 200 5170 "-" "Mozilla/5.0 AppleWebKit/537.36 (KHTML, like Gecko; compatible; bingbot/2.0; +http://www.bing.com/bingbot.htm) Chrome/116.0.1938.76 Safari/537.36"
52.167.144.176 - - [26/Sep/2026:04:39:18 +0300] "GET /wp-content/plugins/revslider/public/assets/js/rs6.min.js?ver=6.5.3 HTTP/1.1" 200 5176 "-" "Mozilla/5.0 AppleWebKit/537.36 (KHTML, like Gecko; compatible; bingbot/2.0; +http://www.bing.com/bingbot.htm) Chrome/116.0.1938.76 Safari/537.36"
52.167.144.176 - - [26/Sep/2026:04:39:18 +0300] "GET /wp-content/themes/dt-the7/js/main.min.js?ver=9.14.1 HTTP/1.1" 200 5160 "-" "Mozilla/5.0 AppleWebKit/537.36 (KHTML, like Gecko; compatible; bingbot/2.0; +http://www.bing.com/bingbot.htm) Chrome/116.0.1938.76 Safari/537.36"
52.167.144.176 - - [26/Sep/2026:04:39:19 +0300] "GET /wp-content/plugins/Ultimate_VC_Addons/assets/min-js/ultimate-params.min.js?ver=3.19.10 HTTP/1.1" 200 5194 "-" "Mozilla/5.0 AppleWebKit/537.36 (KHTML, like Gecko; compatible; bingbot/2.0; +http://www.bing.com/bingbot.htm) Chrome/116.0.1938.76 Safari/537.36"
52.167.144.176 - - [26/Sep/2026:04:39:19 +0300] "GET /wp-content/themes/dt-the7/lib/jquery-mousewheel/jquery-mousewheel.min.js?ver=9.14.1 HTTP/1.1" 200 5192 "-" "Mozilla/5.0 AppleWebKit/537.36 (KHTML, like Gecko; compatible; bingbot/2.0; +http://www.bing.com/bingbot.htm) Chrome/116.0.1938.76 Safari/537.36"
57.141.20.56 - - [26/Sep/2026:04:39:20 +0300] "GET /?sale/search/detail/?ITMCODE=c1r3u5s8g6a5l4l2i225 HTTP/1.1" 200 9016 "-" "Mozilla/5.0 (X11; Linux x86_64) AppleWebKit/537.36 (KHTML, like Gecko) Chrome/145.0.0.0 Safari/537.36 (compatible; meta-externalagent/1.1 (+https://developers.facebook.com/docs/sharing/webmasters/crawler))"
52.167.144.176 - - [26/Sep/2026:04:39:26 +0300] "GET /?sale/search/detail/?ITMCODE=w4o2l9f5s7m9i9l7k112 HTTP/1.1" 200 9016 "-" "Mozilla/5.0 AppleWebKit/537.36 (KHTML, like Gecko; compatible; bingbot/2.0; +http://www.bing.com/bingbot.htm) Chrome/116.0.1938.76 Safari/537.36"
40.77.167.14 - - [26/Sep/2026:04:39:26 +0300] "GET /?sale/search/detail/?ITMCODE=d5o2w6i2t6c8h0e6r826 HTTP/1.1" 200 9016 "-" "Mozilla/5.0 AppleWebKit/537.36 (KHTML, like Gecko; compatible; bingbot/2.0; +http://www.bing.com/bingbot.htm) Chrome/116.0.1938.76 Safari/537.36"
40.77.167.14 - - [26/Sep/2026:04:39:26 +0300] "GET /?sale/search/detail/?ITMCODE=j4a1c1o6b4i4n3i6z5e29 HTTP/1.1" 200 9016 "-" "Mozilla/5.0 AppleWebKit/537.36 (KHTML, like Gecko; compatible; bingbot/2.0; +http://www.bing.com/bingbot.htm) Chrome/116.0.1938.76 Safari/537.36"
40.77.167.14 - - [26/Sep/2026:04:39:26 +0300] "GET /?sale/search/detail/?ITMCODE=h4o4r1s9e1j8o0c1k3e5y2 HTTP/1.1" 200 9016 "-" "Mozilla/5.0 AppleWebKit/537.36 (KHTML, like Gecko; compatible; bingbot/2.0; +http://www.bing.com/bingbot.htm) Chrome/116.0.1938.76 Safari/537.36"
40.77.167.14 - - [26/Sep/2026:04:39:26 +0300] "GET /?sale/search/detail/?ITMCODE=w9h1e7r4e0u2n9t8o542 HTTP/1.1" 200 9016 "-" "Mozilla/5.0 AppleWebKit/537.36 (KHTML, like Gecko; compatible; bingbot/2.0; +http://www.bing.com/bingbot.htm) Chrome/116.0.1938.76 Safari/537.36"
40.77.167.14 - - [26/Sep/2026:04:39:27 +0300] "GET /?sale/search/detail/?ITMCODE=t0w4i8n2l6i7n1g655 HTTP/1.1" 200 9016 "-" "Mozilla/5.0 AppleWebKit/537.36 (KHTML, like Gecko; compatible; bingbot/2.0; +http://www.bing.com/bingbot.htm) Chrome/116.0.1938.76 Safari/537.36"
40.77.167.14 - - [26/Sep/2026:04:39:27 +0300] "GET /?sale/search/detail/?ITMCODE=t8r3e7m6u3l4a4n6t087 HTTP/1.1" 200 9016 "-" "Mozilla/5.0 AppleWebKit/537.36 (KHTML, like Gecko; compatible; bingbot/2.0; +http://www.bing.com/bingbot.htm) Chrome/116.0.1938.76 Safari/537.36"
66.249.66.75 - - [26/Sep/2026:04:39:29 +0300] "GET /?sale/search/detail/?ITMCODE=f2i1l3l2i3p496349 HTTP/1.1" 200 9016 "-" "Mozilla/5.0 (Linux; Android 6.0.1; Nexus 5X Build/MMB29P) AppleWebKit/537.36 (KHTML, like Gecko) Chrome/153.0.8010.52 Mobile Safari/537.36 (compatible; Googlebot/2.1; +http://www.google.com/bot.html)"
52.167.144.176 - - [26/Sep/2026:04:39:31 +0300] "GET /?sale/search/detail/?ITMCODE=m1a6n0a4g6e6r1y519 HTTP/1.1" 200 9016 "-" "Mozilla/5.0 AppleWebKit/537.36 (KHTML, like Gecko; compatible; bingbot/2.0; +http://www.bing.com/bingbot.htm) Chrome/116.0.1938.76 Safari/537.36"
52.167.144.176 - - [26/Sep/2026:04:39:31 +0300] "GET /?sale/search/detail/?ITMCODE=c7h3i4l7i1a2r3c3h6y87 HTTP/1.1" 200 9016 "-" "Mozilla/5.0 AppleWebKit/537.36 (KHTML, like Gecko; compatible; bingbot/2.0; +http://www.bing.com/bingbot.htm) Chrome/116.0.1938.76 Safari/537.36"
52.167.144.176 - - [26/Sep/2026:04:39:31 +0300] "GET /?sale/search/detail/?ITMCODE=m1o3v2a9b0i5l9i6t7y20 HTTP/1.1" 200 9016 "-" "Mozilla/5.0 AppleWebKit/537.36 (KHTML, like Gecko; compatible; bingbot/2.0; +http://www.bing.com/bingbot.htm) Chrome/116.0.1938.76 Safari/537.36"
52.167.144.176 - - [26/Sep/2026:04:39:31 +0300] "GET /?sale/search/detail/?ITMCODE=i3m1p6o4u2n5d1e1r042 HTTP/1.1" 200 9016 "-" "Mozilla/5.0 AppleWebKit/537.36 (KHTML, like Gecko; compatible; bingbot/2.0; +http://www.bing.com/bingbot.htm) Chrome/116.0.1938.76 Safari/537.36"
57.141.20.8 - - [26/Sep/2026:04:39:32 +0300] "GET /?sale/search/detail/?ITMCODE=s2a2n2t7o4n8a0t0e756 HTTP/1.1" 200 9016 "-" "Mozilla/5.0 (Macintosh; Intel Mac OS X 10_15_7) AppleWebKit/537.36 (KHTML, like Gecko) Chrome/145.0.0.0 Safari/537.36 (compatible; meta-externalagent/1.1 (+https://developers.facebook.com/docs/sharing/webmasters/crawler))"
114.119.143.210 - - [26/Sep/2026:04:39:36 +0300] "GET /sitemap184.xml HTTP/1.1" 200 9016 "-" "Mozilla/5.0 (Linux; Android 7.0;) AppleWebKit/537.36 (KHTML, like Gecko) Mobile Safari/537.36 (compatible; PetalBot;+https://webmaster.petalsearch.com/site/petalbot)"
40.77.167.14 - - [26/Sep/2026:04:39:38 +0300] "GET /?sale/search/detail/?ITMCODE=i0m2p3r5o8p5e9r0t9y14 HTTP/1.1" 200 9016 "-" "Mozilla/5.0 AppleWebKit/537.36 (KHTML, like Gecko; compatible; bingbot/2.0; +http://www.bing.com/bingbot.htm) Chrome/116.0.1938.76 Safari/537.36"
40.77.167.14 - - [26/Sep/2026:04:39:38 +0300] "GET /?sale/search/detail/?ITMCODE=t5i1m9w9h4i4s6k1e4y HTTP/1.1" 200 9016 "-" "Mozilla/5.0 AppleWebKit/537.36 (KHTML, like Gecko; compatible; bingbot/2.0; +http://www.bing.com/bingbot.htm) Chrome/116.0.1938.76 Safari/537.36"
40.77.167.14 - - [26/Sep/2026:04:39:38 +0300] "GET /?sale/search/detail/?ITMCODE=g9e1n0e7r7a3l7i1z9a9b5le HTTP/1.1" 200 9016 "-" "Mozilla/5.0 AppleWebKit/537.36 (KHTML, like Gecko; compatible; bingbot/2.0; +http://www.bing.com/bingbot.htm) Chrome/116.0.1938.76 Safari/537.36"
40.77.167.14 - - [26/Sep/2026:04:39:38 +0300] "GET /?sale/search/detail/?ITMCODE=h3o3b0b5l2e8s5k6i1r6t1ed HTTP/1.1" 200 9016 "-" "Mozilla/5.0 AppleWebKit/537.36 (KHTML, like Gecko; compatible; bingbot/2.0; +http://www.bing.com/bingbot.htm) Chrome/116.0.1938.76 Safari/537.36"
40.77.167.14 - - [26/Sep/2026:04:39:39 +0300] "GET /?sale/search/detail/?ITMCODE=p2r2o8t4o0t0r8a5c6h7e5ata HTTP/1.1" 200 9016 "-" "Mozilla/5.0 AppleWebKit/537.36 (KHTML, like Gecko; compatible; bingbot/2.0; +http://www.bing.com/bingbot.htm) Chrome/116.0.1938.76 Safari/537.36"
52.167.144.221 - - [26/Sep/2026:04:39:43 +0300] "GET /wp-includes/js/jquery/jquery-migrate.min.js?ver=3.4.1 HTTP/1.1" 200 5163 "-" "Mozilla/5.0 AppleWebKit/537.36 (KHTML, like Gecko; compatible; bingbot/2.0; +http://www.bing.com/bingbot.htm) Chrome/116.0.1938.76 Safari/537.36"
52.167.144.221 - - [26/Sep/2026:04:39:43 +0300] "GET /?sale/search/detail/?ITMCODE=s1c2l5e0r9e5n4c9h2y8m3a HTTP/1.1" 200 9016 "-" "Mozilla/5.0 AppleWebKit/537.36 (KHTML, like Gecko; compatible; bingbot/2.0; +http://www.bing.com/bingbot.htm) Chrome/116.0.1938.76 Safari/537.36"
